217.113.194.126 - - [20/Jun/2026:17:33:27 +0200] "GET /2026/05/11/while-it-doesnt-always-have-a-classic-wager-writer-it-supporting-accumulator-and-system-wagers/ HTTP/1.1" 200 0 "-" "Mozilla/5.0 (compatible; Barkrowler/0.9; +https://babbar.tech/crawler)"
146.70.226.85 - - [20/Jun/2026:17:32:47 +0200] "POST /xmlrpc.php HTTP/1.1" 200 5929 "-" "Mozilla/5.0 (Windows NT 10.0; Win64; x64) AppleWebKit/537.36 (KHTML, like Gecko) Chrome/114.0.0.0 Safari/537.36"
146.70.226.85 - - [20/Jun/2026:17:33:37 +0200] "POST /xmlrpc.php HTTP/1.1" 200 5926 "-" "Mozilla/5.0 (Windows NT 10.0; Win64; x64) AppleWebKit/537.36 (KHTML, like Gecko) Chrome/114.0.0.0 Safari/537.36"
217.113.194.123 - - [20/Jun/2026:17:25:52 +0200] "GET /2026/03/31/best-pokies-programs-2026-casino-classic-100-free-spins-a-real-income-apps-to-own-pokies/ HTTP/1.1" 200 0 "-" "Mozilla/5.0 (compatible; Barkrowler/0.9; +https://babbar.tech/crawler)"
217.113.194.131 - - [20/Jun/2026:17:26:22 +0200] "GET /2026/03/31/gewinnen-diese-echtes-geld-uber-dem-take-5-spielstellen-eye-of-horus-bonus/ HTTP/1.1" 200 0 "-" "Mozilla/5.0 (compatible; Barkrowler/0.9; +https://babbar.tech/crawler)"
217.113.194.128 - - [20/Jun/2026:17:29:39 +0200] "GET /2026/03/13/die-besten-maklercourtage-25-eur-angeschlossen-casinos-2026-pro-deutsche-gamer/ HTTP/1.1" 200 0 "-" "Mozilla/5.0 (compatible; Barkrowler/0.9; +https://babbar.tech/crawler)"
217.113.194.125 - - [20/Jun/2026:17:30:55 +0200] "GET /2026/03/19/druckgluck-praxis-bauernfangerei-abzocke-9-7-kundenbewertung/ HTTP/1.1" 200 0 "-" "Mozilla/5.0 (compatible; Barkrowler/0.9; +https://babbar.tech/crawler)"
217.113.194.125 - - [20/Jun/2026:17:31:25 +0200] "GET /2026/03/21/casino-un-brin-france-top-deux-salle-de-jeu-un-brin-solide-2025-crazytower-casino/ HTTP/1.1" 200 0 "-" "Mozilla/5.0 (compatible; Barkrowler/0.9; +https://babbar.tech/crawler)"
200.25.47.106 - - [20/Jun/2026:17:33:08 +0200] "POST /xmlrpc.php HTTP/1.1" 200 17358 "-" "Mozilla/5.0 (Windows NT 10.0; Win64; x64) AppleWebKit/537.36 (KHTML, like Gecko) Chrome/114.0.0.0 Safari/537.36"
200.25.47.106 - - [20/Jun/2026:17:33:11 +0200] "GET /2026/06/20/bestu-spilakassarnir-til-ad-spila-a-netinu-raunverulegur-gjaldmidill-topp-10-spilakassar-sem-thu-gaetir-hugsanlega-fengid/ HTTP/1.1" 200 0 "-" "Mozilla/5.0 (Windows NT 10.0; rv:109.0) Gecko/20100101 Firefox/115.0"
217.113.194.129 - - [20/Jun/2026:17:33:12 +0200] "GET /2026/04/27/this-will-be-a-rare-case-getting-1-deposit-casino-bonuses-but-it-can-still-happen/ HTTP/1.1" 200 0 "-" "Mozilla/5.0 (compatible; Barkrowler/0.9; +https://babbar.tech/crawler)"
217.113.194.124 - - [20/Jun/2026:17:26:07 +0200] "GET /2026/03/31/ariana-slot-opinion-2026-rtp-free-play-starburst-real-money-spins-and-you-may-demo/ HTTP/1.1" 200 0 "-" "Mozilla/5.0 (compatible; Barkrowler/0.9; +https://babbar.tech/crawler)"
217.113.194.130 - - [20/Jun/2026:17:27:08 +0200] "GET /2026/05/13/reconocer-los-juegos-de-casino-carente-puesto-seria-ahora-simple-que-nunca/ HTTP/1.1" 200 0 "-" "Mozilla/5.0 (compatible; Barkrowler/0.9; +https://babbar.tech/crawler)"
217.113.194.129 - - [20/Jun/2026:17:27:53 +0200] "GET /2026/05/13/kto-bedzie-skorzystac-z-bonusu-bez-depozytu-z-hotslots-casino/ HTTP/1.1" 200 0 "-" "Mozilla/5.0 (compatible; Barkrowler/0.9; +https://babbar.tech/crawler)"
217.113.194.131 - - [20/Jun/2026:17:28:08 +0200] "GET /2026/05/13/help-heart-i-regret-to-let-you-know-that-your-ip-address-could-have-been-banned/ HTTP/1.1" 200 0 "-" "Mozilla/5.0 (compatible; Barkrowler/0.9; +https://babbar.tech/crawler)"
217.113.194.126 - - [20/Jun/2026:17:28:23 +0200] "GET /2026/05/13/get-100-free-revolves-for-the-starburst-no-deposit-in-the-jakes-58-gambling-establishment/ HTTP/1.1" 200 0 "-" "Mozilla/5.0 (compatible; Barkrowler/0.9; +https://babbar.tech/crawler)"
217.113.194.130 - - [20/Jun/2026:17:31:41 +0200] "GET /2026/04/19/eye-of-horus-tricks-lasst-einander-ihr-innerster-planet-spielautomat-verandern/ HTTP/1.1" 200 0 "-" "Mozilla/5.0 (compatible; Barkrowler/0.9; +https://babbar.tech/crawler)"
217.113.194.124 - - [20/Jun/2026:17:32:56 +0200] "GET /2026/04/27/there-are-masses-and-you-will-a-great-deal-of-casino-games-bahrain-gamblers-want-to-enjoy/ HTTP/1.1" 200 0 "-" "Mozilla/5.0 (compatible; Barkrowler/0.9; +https://babbar.tech/crawler)"
200.25.47.106 - - [20/Jun/2026:17:33:13 +0200] "POST /xmlrpc.php HTTP/1.1" 200 5926 "-" "Mozilla/5.0 (Windows NT 10.0; Win64; x64) AppleWebKit/537.36 (KHTML, like Gecko) Chrome/114.0.0.0 Safari/537.36"
217.113.194.125 - - [20/Jun/2026:17:34:12 +0200] "GET /2026/05/08/greatest-betsoft-pc-slot-games-mobile-gambling-enterprises-2026-better-online-casino-programs-in-the-us/ HTTP/1.1" 200 0 "-" "Mozilla/5.0 (compatible; Barkrowler/0.9; +https://babbar.tech/crawler)"
217.113.194.128 - - [20/Jun/2026:17:31:56 +0200] "GET /2026/03/16/lex-kasino-parskats-spelejiet-kazino-speles-tiessaiste-latvija/ HTTP/1.1" 200 0 "-" "Mozilla/5.0 (compatible; Barkrowler/0.9; +https://babbar.tech/crawler)"
217.113.194.123 - - [20/Jun/2026:17:33:42 +0200] "GET /2026/05/07/they-usually-apply-to-selected-slots-sometimes-a-single-each-spin-have-a-fixed-well-worth/ HTTP/1.1" 200 0 "-" "Mozilla/5.0 (compatible; Barkrowler/0.9; +https://babbar.tech/crawler)"
217.113.194.248 - - [20/Jun/2026:17:34:43 +0200] "GET /2026/05/08/wade-secret-a-modern-treatment-for-investigation-go-go-info-on-line-casino-deposit-5-get-25-go-forum/ HTTP/1.1" 200 0 "-" "Mozilla/5.0 (compatible; Barkrowler/0.9; +https://babbar.tech/crawler)"
217.113.194.228 - - [20/Jun/2026:17:35:28 +0200] "GET /2026/05/08/vantaggi-ed-svantaggi-dei-nuovi-casino-premio-in-assenza-di-segno/ HTTP/1.1" 200 0 "-" "Mozilla/5.0 (compatible; Barkrowler/0.9; +https://babbar.tech/crawler)"
217.113.194.131 - - [20/Jun/2026:17:36:44 +0200] "GET /2026/05/08/3-goldbet-sul-predella-sopra-gratificazione-generosi-addirittura-giochi-live/ HTTP/1.1" 200 0 "-" "Mozilla/5.0 (compatible; Barkrowler/0.9; +https://babbar.tech/crawler)"
217.113.194.130 - - [20/Jun/2026:17:36:59 +0200] "GET /2026/05/08/3-goldbet-sul-tribuna-riguardo-a-gratifica-generosi-di-nuovo-giochi-live/ HTTP/1.1" 200 0 "-" "Mozilla/5.0 (compatible; Barkrowler/0.9; +https://babbar.tech/crawler)"
185.252.223.20 - - [20/Jun/2026:17:37:23 +0200] "GET /2026/06/20/nalezy-nawet-pamietac-ty-do-zachety-bez-depozytu-wlaczaja-swoje-ograniczenia-i-mozesz-wymagaja-nagradzajacy-okreslonych-warunkow-obrotu/ HTTP/1.1" 200 0 "-" "Mozilla/5.0 (Windows NT 10.0; rv:125.0) Gecko/20100101 Firefox/125.0"
103.219.169.183 - - [20/Jun/2026:17:37:41 +0200] "GET /2026/06/20/on-the-internet-black-jack-video-game-earn-real-casino-all-british-no-deposit-bonus-cash/ HTTP/1.1" 200 0 "-" "Mozilla/5.0 (Windows NT 10.0; Win64; x64; rv:124.0) Gecko/20100101 Firefox/124.0"
47.82.11.93 - - [20/Jun/2026:17:36:06 +0200] "GET /2026/01/16/nauti-blackjackista-megawin-login-app-download-ilmaiseksi-netent-pelien-ulkopuolella/ HTTP/1.1" 200 0 "https://themomotimes.com/" "Mozilla/5.0 (Macintosh; Intel Mac OS X 10_15_7) AppleWebKit/537.36 (KHTML, like Gecko) Chrome/135.0.0.0 Safari/537.36"
185.252.223.20 - - [20/Jun/2026:17:36:31 +0200] "POST /xmlrpc.php HTTP/1.1" 200 5929 "-" "Mozilla/5.0 (Windows NT 10.0; Win64; x64) AppleWebKit/537.36 (KHTML, like Gecko) Chrome/114.0.0.0 Safari/537.36"
217.113.194.227 - - [20/Jun/2026:17:37:29 +0200] "GET /2026/05/08/king-of-your-nile-slot-by-the-aristocrat-play-bonus-casino-action-totally-free-demonstration/ HTTP/1.1" 200 0 "-" "Mozilla/5.0 (compatible; Barkrowler/0.9; +https://babbar.tech/crawler)"
217.113.194.122 - - [20/Jun/2026:17:36:14 +0200] "GET /2026/05/08/il-miglior-riconoscimento-escludendo-carico-della-svizzera-a-il-2025/ HTTP/1.1" 200 0 "-" "Mozilla/5.0 (compatible; Barkrowler/0.9; +https://babbar.tech/crawler)"
185.252.223.20 - - [20/Jun/2026:17:37:22 +0200] "POST /xmlrpc.php HTTP/1.1" 200 14974 "-" "Mozilla/5.0 (Windows NT 10.0; Win64; x64) AppleWebKit/537.36 (KHTML, like Gecko) Chrome/114.0.0.0 Safari/537.36"
185.252.223.20 - - [20/Jun/2026:17:37:23 +0200] "POST /xmlrpc.php HTTP/1.1" 200 5926 "-" "Mozilla/5.0 (Windows NT 10.0; Win64; x64) AppleWebKit/537.36 (KHTML, like Gecko) Chrome/114.0.0.0 Safari/537.36"
217.113.194.127 - - [20/Jun/2026:17:36:29 +0200] "GET /2026/05/08/50-dragons-slot-machine-casino-deposit-paypal-online-100percent-free-enjoy-aristocrat-online-game/ HTTP/1.1" 200 0 "-" "Mozilla/5.0 (compatible; Barkrowler/0.9; +https://babbar.tech/crawler)"
103.219.169.183 - - [20/Jun/2026:17:37:39 +0200] "POST /xmlrpc.php HTTP/1.1" 200 18965 "-" "Mozilla/5.0 (Windows NT 10.0; Win64; x64) AppleWebKit/537.36 (KHTML, like Gecko) Chrome/114.0.0.0 Safari/537.36"
217.113.194.228 - - [20/Jun/2026:17:37:45 +0200] "GET /2026/05/08/help-i-feel-dissapointed-about-to-let-you-know-that-your-ip-address-have-started-blocked/ HTTP/1.1" 200 0 "-" "Mozilla/5.0 (compatible; Barkrowler/0.9; +https://babbar.tech/crawler)"
217.113.194.228 - - [20/Jun/2026:17:38:00 +0200] "GET /2026/02/02/once-the-their-first-in-2002-bigfish-casino-is-among-planets-biggest-public-gambling-enterprises/ HTTP/1.1" 200 0 "-" "Mozilla/5.0 (compatible; Barkrowler/0.9; +https://babbar.tech/crawler)"
65.21.228.101 - - [20/Jun/2026:17:37:33 +0200] "POST /wp-cron.php?doing_wp_cron=1781969853.3818550109863281250000 HTTP/1.1" 200 0 "-" "WordPress/7.0; https://themomotimes.com"
103.219.169.183 - - [20/Jun/2026:17:36:47 +0200] "POST /xmlrpc.php HTTP/1.1" 200 5929 "-" "Mozilla/5.0 (Windows NT 10.0; Win64; x64) AppleWebKit/537.36 (KHTML, like Gecko) Chrome/114.0.0.0 Safari/537.36"
103.219.169.183 - - [20/Jun/2026:17:37:42 +0200] "POST /xmlrpc.php HTTP/1.1" 200 5926 "-" "Mozilla/5.0 (Windows NT 10.0; Win64; x64) AppleWebKit/537.36 (KHTML, like Gecko) Chrome/114.0.0.0 Safari/537.36"
217.113.194.123 - - [20/Jun/2026:17:37:14 +0200] "GET /2026/05/08/mystery-museum-slot-opinion-2026-rating-a-dozen-totally-free-habanero-slots-ipad-spins/ HTTP/1.1" 200 0 "-" "Mozilla/5.0 (compatible; Barkrowler/0.9; +https://babbar.tech/crawler)"
65.21.228.101 - - [20/Jun/2026:17:37:16 +0200] "POST /wp-cron.php?doing_wp_cron=1781969836.4210050106048583984375 HTTP/1.1" 200 0 "-" "WordPress/7.0; https://themomotimes.com"
217.113.194.248 - - [20/Jun/2026:17:35:43 +0200] "GET /robots.txt HTTP/1.1" 200 155 "-" "Mozilla/5.0 (compatible; Barkrowler/0.9; +https://babbar.tech/crawler)"
217.113.194.127 - - [20/Jun/2026:17:35:58 +0200] "GET /2026/05/08/how-to-choose-an-informed-and-more-than-reputable-to-your-ho-ho-ho-mobile-casino-line-position-games/ HTTP/1.1" 200 0 "-" "Mozilla/5.0 (compatible; Barkrowler/0.9; +https://babbar.tech/crawler)"
217.113.194.122 - - [20/Jun/2026:17:40:16 +0200] "GET /2026/04/16/debit-credit-pokies-sites-2026-easy-and-short-1-god-of-wild-sea-pokies-deposits/ HTTP/1.1" 200 0 "-" "Mozilla/5.0 (compatible; Barkrowler/0.9; +https://babbar.tech/crawler)"
217.113.194.127 - - [20/Jun/2026:17:41:32 +0200] "GET /2026/02/05/bonos-de-giros-regalado-slots-en-linea-gratis-en-mexico-lista-de-casinos-2026/ HTTP/1.1" 200 0 "-" "Mozilla/5.0 (compatible; Barkrowler/0.9; +https://babbar.tech/crawler)"
31.59.137.77 - - [20/Jun/2026:17:41:48 +0200] "GET /2026/05/21/gagner-avec-winbeatz-facilement-3/ HTTP/1.1" 200 0 "https://themomotimes.com/" "Mozilla/5.0 (X11; Linux x86_64; rv:147.0) Gecko/20100101 Firefox/147.0"
77.75.76.171 - - [20/Jun/2026:17:41:06 +0200] "GET /how-marvel-casino-live-dealer-games-are-evolving/ HTTP/1.1" 200 0 "-" "Mozilla/5.0 (compatible; SeznamBot/4.0; +https://o-seznam.cz/napoveda/vyhledavani/en/seznambot-crawler/)"
31.59.137.77 - - [20/Jun/2026:17:41:47 +0200] "GET /2026/05/21/gagner-avec-winbeatz-facilement-3/ HTTP/1.1" 200 0 "https://themomotimes.com/" "Mozilla/5.0 (X11; Linux x86_64; rv:147.0) Gecko/20100101 Firefox/147.0"
217.113.194.130 - - [20/Jun/2026:17:41:17 +0200] "GET /2026/05/04/tips-increase-likelihood-of-active-pokie-machines-thunderstruck-position-means-costa-rica/ HTTP/1.1" 200 0 "-" "Mozilla/5.0 (compatible; Barkrowler/0.9; +https://babbar.tech/crawler)"
217.113.194.128 - - [20/Jun/2026:17:41:47 +0200] "GET /2026/02/05/bonos-plenty-of-fortune-150-giros-royal-win-1-deposito-sin-cargo-y-juegos/ HTTP/1.1" 200 0 "-" "Mozilla/5.0 (compatible; Barkrowler/0.9; +https://babbar.tech/crawler)"
217.113.194.126 - - [20/Jun/2026:17:42:02 +0200] "GET /2026/04/08/sports-betting-on-the-internet-gambling-better-odds-sportsbook-from-the-titanbet-com-titanbet-com/ HTTP/1.1" 200 0 "-" "Mozilla/5.0 (compatible; Barkrowler/0.9; +https://babbar.tech/crawler)"
217.113.194.126 - - [20/Jun/2026:17:39:46 +0200] "GET /2026/04/16/best-harbors-websites-2024-rated-by-rtp-bonuses-giants-gold-slot-online-casino-up-to-date-list/ HTTP/1.1" 200 0 "-" "Mozilla/5.0 (compatible; Barkrowler/0.9; +https://babbar.tech/crawler)"
217.113.194.129 - - [20/Jun/2026:17:40:01 +0200] "GET /2026/04/16/free-online-harbors-gamble-5000-best-australian-online-casinos-free-position-online-game-instantaneously/ HTTP/1.1" 200 0 "-" "Mozilla/5.0 (compatible; Barkrowler/0.9; +https://babbar.tech/crawler)"
217.113.194.227 - - [20/Jun/2026:17:38:30 +0200] "GET /2026/02/02/nos-appareil-dans-thunes-asiates-sont-souvent-elles-memes-longuement-item-celebres/ HTTP/1.1" 200 0 "-" "Mozilla/5.0 (compatible; Barkrowler/0.9; +https://babbar.tech/crawler)"
217.113.194.124 - - [20/Jun/2026:17:41:02 +0200] "GET /2026/05/04/the-reviews-do-not-hide-crucial-criteria-getting-transparency-on-which-casinos-in-the-canada-offer/ HTTP/1.1" 200 0 "-" "Mozilla/5.0 (compatible; Barkrowler/0.9; +https://babbar.tech/crawler)"
217.113.194.128 - - [20/Jun/2026:17:40:47 +0200] "GET /2026/05/04/moglich-spielcasino-teutonia-probe-erreichbar-spielsaal-probe-rechner-foto/ HTTP/1.1" 200 0 "-" "Mozilla/5.0 (compatible; Barkrowler/0.9; +https://babbar.tech/crawler)"
217.113.194.131 - - [20/Jun/2026:17:38:15 +0200] "GET /2026/02/02/beste-innskuddsbonuser-apk-rebellion-casino-app-pa-betting-addert-casino/ HTTP/1.1" 200 0 "-" "Mozilla/5.0 (compatible; Barkrowler/0.9; +https://babbar.tech/crawler)"
217.113.194.124 - - [20/Jun/2026:17:38:45 +0200] "GET /2026/02/02/gioca-alle-nuovo-no-deppito-billionairespin-slot-machine-da-casino-gratuitamente-online/ HTTP/1.1" 200 0 "-" "Mozilla/5.0 (compatible; Barkrowler/0.9; +https://babbar.tech/crawler)"
217.113.194.248 - - [20/Jun/2026:17:39:01 +0200] "GET /2026/02/28/top-pokerseiten-2026-echtgeld-online-poker-within-land-der-dichter-und-denker/ HTTP/1.1" 200 0 "-" "Mozilla/5.0 (compatible; Barkrowler/0.9; +https://babbar.tech/crawler)"
146.70.226.22 - - [20/Jun/2026:17:40:57 +0200] "POST /xmlrpc.php HTTP/1.1" 200 5929 "-" "Mozilla/5.0 (Windows NT 10.0; Win64; x64) AppleWebKit/537.36 (KHTML, like Gecko) Chrome/114.0.0.0 Safari/537.36"
146.70.226.22 - - [20/Jun/2026:17:41:45 +0200] "POST /xmlrpc.php HTTP/1.1" 200 1686 "-" "Mozilla/5.0 (Windows NT 10.0; Win64; x64) AppleWebKit/537.36 (KHTML, like Gecko) Chrome/114.0.0.0 Safari/537.36"
146.70.226.22 - - [20/Jun/2026:17:41:51 +0200] "POST /xmlrpc.php HTTP/1.1" 200 1686 "-" "Mozilla/5.0 (Windows NT 10.0; Win64; x64) AppleWebKit/537.36 (KHTML, like Gecko) Chrome/114.0.0.0 Safari/537.36"
146.70.226.22 - - [20/Jun/2026:17:41:52 +0200] "GET /?p=676191 HTTP/1.1" 200 0 "-" "Mozilla/5.0 (Windows NT 10.0; Win64; x64) AppleWebKit/537.36 (KHTML, like Gecko) Chrome/124.0.0.0 Safari/537.36"
146.70.226.22 - - [20/Jun/2026:17:41:52 +0200] "POST /xmlrpc.php HTTP/1.1" 200 1686 "-" "Mozilla/5.0 (Windows NT 10.0; Win64; x64) AppleWebKit/537.36 (KHTML, like Gecko) Chrome/114.0.0.0 Safari/537.36"
217.113.194.227 - - [20/Jun/2026:17:39:16 +0200] "GET /2026/01/24/25-casino-wizard-of-oz-freispiele-exklusive-einzahlung-1-deutsche-bonusangebote/ HTTP/1.1" 200 0 "-" "Mozilla/5.0 (compatible; Barkrowler/0.9; +https://babbar.tech/crawler)"
217.113.194.126 - - [20/Jun/2026:17:39:31 +0200] "GET /2026/04/16/wunderino-spielbank-online-slot-spiele-isis-ggl-lizenziert-paypal-starke-app/ HTTP/1.1" 200 0 "-" "Mozilla/5.0 (compatible; Barkrowler/0.9; +https://babbar.tech/crawler)"
217.113.194.227 - - [20/Jun/2026:17:40:31 +0200] "GET /2026/05/04/better-100-percent-free-spins-no-deposit-added-bonus-also-offers-in-the-web-based-casinos-2026/ HTTP/1.1" 200 0 "-" "Mozilla/5.0 (compatible; Barkrowler/0.9; +https://babbar.tech/crawler)"
65.21.228.101 - - [20/Jun/2026:17:41:40 +0200] "POST /wp-cron.php?doing_wp_cron=1781970100.3162360191345214843750 HTTP/1.1" 200 0 "-" "WordPress/7.0; https://themomotimes.com"
31.59.137.77 - - [20/Jun/2026:17:41:47 +0200] "GET /2026/05/21/gagner-avec-winbeatz-facilement-3/ HTTP/1.1" 200 0 "https://themomotimes.com/" "Mozilla/5.0 (X11; Linux x86_64; rv:147.0) Gecko/20100101 Firefox/147.0"
217.113.194.123 - - [20/Jun/2026:17:43:03 +0200] "GET /2026/03/03/best-sweepstakes-casino-no-dolphins-pearl-deluxe-casino-anzahlung-pramie-free-sc-2026/ HTTP/1.1" 200 0 "-" "Mozilla/5.0 (compatible; Barkrowler/0.9; +https://babbar.tech/crawler)"
217.113.194.130 - - [20/Jun/2026:17:43:18 +0200] "GET /2026/01/15/13-banking-best-1-deposit-online-casinos-companies-having-instant-indication-right-up-incentives/ HTTP/1.1" 200 0 "-" "Mozilla/5.0 (compatible; Barkrowler/0.9; +https://babbar.tech/crawler)"
217.113.194.123 - - [20/Jun/2026:17:43:34 +0200] "GET /2026/03/07/no-moon-princess-slot-online-casino-deposit-incentive-requirements-free-local-casino-now-offers-2026/ HTTP/1.1" 200 0 "-" "Mozilla/5.0 (compatible; Barkrowler/0.9; +https://babbar.tech/crawler)"
217.113.194.227 - - [20/Jun/2026:17:43:49 +0200] "GET /2026/03/05/newest-no-deposit-bonuses-299-productive-now-offers-royal-reels-80-free-spins-for-2026/ HTTP/1.1" 200 0 "-" "Mozilla/5.0 (compatible; Barkrowler/0.9; +https://babbar.tech/crawler)"
17.241.75.156 - - [20/Jun/2026:17:42:16 +0200] "GET /2026/05/16/je-crois-que-cest-ennui-de-multiples-casinos-legerement-repertories-du-une-telle-top-douze/ HTTP/2" 200 0 "-" "Mozilla/5.0 (Macintosh; Intel Mac OS X 10_15_7) AppleWebKit/605.1.15 (KHTML, like Gecko) Version/17.4 Safari/605.1.15 (Applebot/0.1; +http://www.apple.com/go/applebot)"
1.164.126.172 - - [20/Jun/2026:17:43:53 +0200] "GET /2025/10/16/bonus-casino-online-wagering-60x/ HTTP/1.1" 200 0 "https://Themomotimes.com/2025/10/16/bonus-casino-online-wagering-60x/" "Mozilla/5.0 (Windows NT 6.1; WOW64) AppleWebKit/537.36 (KHTML, like Gecko) Chrome/33.0.4813.122 Safari/537.36"
217.113.194.125 - - [20/Jun/2026:17:44:19 +0200] "GET /2026/03/05/best-payment-150-chances-mummy-online-casinos-2026-highest-rtp-98-gambling-enterprises/ HTTP/1.1" 200 0 "-" "Mozilla/5.0 (compatible; Barkrowler/0.9; +https://babbar.tech/crawler)"
217.113.194.126 - - [20/Jun/2026:17:42:48 +0200] "GET /2026/03/08/totally-free-chips-in-the-casinos-on-the-internet-the-way-to-get-them-and-you-may-what-to-do-using-them/ HTTP/1.1" 200 0 "-" "Mozilla/5.0 (compatible; Barkrowler/0.9; +https://babbar.tech/crawler)"
17.22.245.199 - - [20/Jun/2026:17:43:27 +0200] "GET /2026/05/31/seite-auf-keinen-fall-zum-vorschein-gekommen/ HTTP/2" 200 0 "-" "Mozilla/5.0 (Macintosh; Intel Mac OS X 10_15_7) AppleWebKit/605.1.15 (KHTML, like Gecko) Version/17.4 Safari/605.1.15 (Applebot/0.1; +http://www.apple.com/go/applebot)"
217.113.194.227 - - [20/Jun/2026:17:44:04 +0200] "GET /2026/03/05/nitro-casino-opinion-bonus-500-nzd-one-hundred-totally-free-casino-secret-romance-spins/ HTTP/1.1" 200 0 "-" "Mozilla/5.0 (compatible; Barkrowler/0.9; +https://babbar.tech/crawler)"
217.113.194.227 - - [20/Jun/2026:17:42:18 +0200] "GET /2026/03/08/giros-de-balde-de-casino-thief-ofertas-2026-las-mas-grandes-ofertas-en-chile/ HTTP/1.1" 200 0 "-" "Mozilla/5.0 (compatible; Barkrowler/0.9; +https://babbar.tech/crawler)"
217.113.194.122 - - [20/Jun/2026:17:42:33 +0200] "GET /2026/03/08/danger-high-voltage-simbolos-terminator-2-sitios-de-ranura-especificas-para-giros-gratuito/ HTTP/1.1" 200 0 "-" "Mozilla/5.0 (compatible; Barkrowler/0.9; +https://babbar.tech/crawler)"
217.113.194.124 - - [20/Jun/2026:17:44:35 +0200] "GET /2026/03/05/las-upp-stora-vinster-med-unknown-strategier-for-framgangsrik-casinospelande/ HTTP/1.1" 200 0 "-" "Mozilla/5.0 (compatible; Barkrowler/0.9; +https://babbar.tech/crawler)"
146.70.226.22 - - [20/Jun/2026:17:47:11 +0200] "POST /xmlrpc.php HTTP/1.1" 200 5929 "-" "Mozilla/5.0 (Windows NT 10.0; Win64; x64) AppleWebKit/537.36 (KHTML, like Gecko) Chrome/114.0.0.0 Safari/537.36"
146.70.226.22 - - [20/Jun/2026:17:48:01 +0200] "POST /xmlrpc.php HTTP/1.1" 200 14549 "-" "Mozilla/5.0 (Windows NT 10.0; Win64; x64) AppleWebKit/537.36 (KHTML, like Gecko) Chrome/114.0.0.0 Safari/537.36"
146.70.226.22 - - [20/Jun/2026:17:48:02 +0200] "GET /2026/06/20/while-you-are-every-totally-free-revolves-bonuses-cover-campaigns-having-online-slots-they-arrive-during-the-multiple-different-types/ HTTP/1.1" 200 0 "-" "Mozilla/5.0 (Windows NT 10.0; Win64; x64) AppleWebKit/537.36 (KHTML, like Gecko) Chrome/122.0.0.0 Safari/537.36"
146.70.226.22 - - [20/Jun/2026:17:48:02 +0200] "POST /xmlrpc.php HTTP/1.1" 200 5926 "-" "Mozilla/5.0 (Windows NT 10.0; Win64; x64) AppleWebKit/537.36 (KHTML, like Gecko) Chrome/114.0.0.0 Safari/537.36"
143.105.152.158 - - [20/Jun/2026:17:48:57 +0200] "GET /2026/06/01/bdmbets-casino-zanesljivost-igre/ HTTP/1.1" 200 0 "https://themomotimes.com/" "Mozilla/5.0 (Windows NT 10.0; Win64; x64) AppleWebKit/537.36 (KHTML, like Gecko) Chrome/143.0.0.0 Safari/537.36"
217.113.194.124 - - [20/Jun/2026:17:51:57 +0200] "GET /2026/04/23/vieillard-livre-avec-ma-facon-avec-crier-des-recompense-codifies-sans-depot-du-espagne/ HTTP/1.1" 200 0 "-" "Mozilla/5.0 (compatible; Barkrowler/0.9; +https://babbar.tech/crawler)"
217.113.194.124 - - [20/Jun/2026:17:54:18 +0200] "GET /2026/04/24/ciertos-bonos-carente-deposito-separado-podemos-utilizar-sobre-juegos-especializados/ HTTP/1.1" 200 0 "-" "Mozilla/5.0 (compatible; Barkrowler/0.9; +https://babbar.tech/crawler)"
45.250.252.162 - - [20/Jun/2026:17:54:32 +0200] "POST /xmlrpc.php HTTP/1.1" 200 19889 "-" "Mozilla/5.0 (Windows NT 10.0; Win64; x64) AppleWebKit/537.36 (KHTML, like Gecko) Chrome/114.0.0.0 Safari/537.36"
217.113.194.124 - - [20/Jun/2026:17:56:11 +0200] "GET /2026/04/23/dansk777-spilleban-pa-komplette-spilleban-anmeldelser-roulette-online-2026/ HTTP/1.1" 200 0 "-" "Mozilla/5.0 (compatible; Barkrowler/0.9; +https://babbar.tech/crawler)"
146.70.226.85 - - [20/Jun/2026:17:56:32 +0200] "GET /2026/06/20/sportwetten-codes-offerte-einen-symbol-fur-jedes-gratiswetten-nach-spieleinsatze-abzuglich-quotenbegrenzung/ HTTP/1.1" 200 0 "-" "Mozilla/5.0 (Windows NT 10.0; rv:125.0) Gecko/20100101 Firefox/125.0"
185.252.223.20 - - [20/Jun/2026:17:58:09 +0200] "POST /xmlrpc.php HTTP/1.1" 200 5929 "-" "Mozilla/5.0 (Windows NT 10.0; Win64; x64) AppleWebKit/537.36 (KHTML, like Gecko) Chrome/114.0.0.0 Safari/537.36"
217.113.194.122 - - [20/Jun/2026:17:58:58 +0200] "GET /2026/04/23/cette-presentation-dans-week-end-sauf-que-la-revente-vip-chez-salle-de-jeu-tortuga/ HTTP/1.1" 200 0 "-" "Mozilla/5.0 (compatible; Barkrowler/0.9; +https://babbar.tech/crawler)"
217.113.194.227 - - [20/Jun/2026:17:59:13 +0200] "GET /2026/05/22/die-besten-slots-bei-seriosen-denkbar-casinos-as-part-of-bundesrepublik-deutschland/ HTTP/1.1" 200 0 "-" "Mozilla/5.0 (compatible; Barkrowler/0.9; +https://babbar.tech/crawler)"
217.113.194.228 - - [20/Jun/2026:17:59:28 +0200] "GET /2026/05/27/on-the-web-roulette-100-percent-free-play-laws-and-regulations-opportunity-real-money-internet-2026/ HTTP/1.1" 200 0 "-" "Mozilla/5.0 (compatible; Barkrowler/0.9; +https://babbar.tech/crawler)"
217.113.194.248 - - [20/Jun/2026:18:00:45 +0200] "GET /2026/05/28/british-users-cash-in-on-highest-safety-and-you-will-exclusive-provides-like-the-visitors-security-plan/ HTTP/1.1" 200 0 "-" "Mozilla/5.0 (compatible; Barkrowler/0.9; +https://babbar.tech/crawler)"
217.113.194.126 - - [20/Jun/2026:17:50:08 +0200] "GET /2025/07/01/cash-back-securise-les-nouvelles-armes-technologiques-qui-protegent-vos-depots-dans-les-casinos-en-ligne/ HTTP/1.1" 200 0 "-" "Mozilla/5.0 (compatible; Barkrowler/0.9; +https://babbar.tech/crawler)"
217.113.194.128 - - [20/Jun/2026:17:51:41 +0200] "GET /2026/04/23/hippodrome-is-totally-reliable-and-retains-licenses-both-for-the-landbased-an-internet-based-playing-systems/ HTTP/1.1" 200 0 "-" "Mozilla/5.0 (compatible; Barkrowler/0.9; +https://babbar.tech/crawler)"
217.113.194.126 - - [20/Jun/2026:17:52:43 +0200] "GET /2026/04/18/hopa-spielsaal-test-erfahrungen-2026-boni-auffuhren-traktandum-100/ HTTP/1.1" 200 0 "-" "Mozilla/5.0 (compatible; Barkrowler/0.9; +https://babbar.tech/crawler)"
217.113.194.122 - - [20/Jun/2026:17:54:51 +0200] "GET /2026/04/24/pourquoi-tous-les-salle-de-jeu-un-tantinet-ont-ceux-la-vos-prime-sans-nul-conserve/ HTTP/1.1" 200 0 "-" "Mozilla/5.0 (compatible; Barkrowler/0.9; +https://babbar.tech/crawler)"
217.113.194.126 - - [20/Jun/2026:17:55:25 +0200] "GET /2026/04/23/multiple-diamond-evoplay-entertainment-games-online-slot-opinion-2026-free-gamble-trial/ HTTP/1.1" 200 0 "-" "Mozilla/5.0 (compatible; Barkrowler/0.9; +https://babbar.tech/crawler)"
74.7.175.151 - - [20/Jun/2026:17:55:27 +0200] "GET /robots.txt HTTP/2" 200 135 "-" "Mozilla/5.0 (Macintosh; Intel Mac OS X 10_15_7) AppleWebKit/537.36 (KHTML, like Gecko) Chrome/131.0.0.0 Safari/537.36; compatible; OAI-SearchBot/1.4; robots.txt; +https://openai.com/searchbot"
146.70.226.85 - - [20/Jun/2026:17:55:43 +0200] "POST /xmlrpc.php HTTP/1.1" 200 5929 "-" "Mozilla/5.0 (Windows NT 10.0; Win64; x64) AppleWebKit/537.36 (KHTML, like Gecko) Chrome/114.0.0.0 Safari/537.36"
193.24.208.14 - - [20/Jun/2026:17:56:44 +0200] "GET /2026/05/21/gagner-avec-winbeatz-facilement-3/ HTTP/1.1" 200 0 "https://themomotimes.com" "Mozilla/5.0 (Windows NT 10.0; Win64; x64) AppleWebKit/537.36 (KHTML, like Gecko) Chrome/62.0.3202.94 Safari/537.36"
217.113.194.248 - - [20/Jun/2026:17:57:42 +0200] "GET /2026/04/23/100-percent-free-choice-black-jack-informed-me-casino-reviving-love-regulations-steps-publication/ HTTP/1.1" 200 0 "-" "Mozilla/5.0 (compatible; Barkrowler/0.9; +https://babbar.tech/crawler)"
65.21.228.101 - - [20/Jun/2026:17:58:37 +0200] "POST /wp-cron.php?doing_wp_cron=1781971117.9458220005035400390625 HTTP/1.1" 200 0 "-" "WordPress/7.0; https://themomotimes.com"
217.113.194.126 - - [20/Jun/2026:17:47:06 +0200] "GET /2026/05/26/play-100-percent-free-online-casino-games-when-you-look-at-the-trial-means-on-line-enjoyment/ HTTP/1.1" 200 0 "-" "Mozilla/5.0 (compatible; Barkrowler/0.9; +https://babbar.tech/crawler)"
217.113.194.127 - - [20/Jun/2026:17:47:52 +0200] "GET /2026/05/26/beste-erreichbar-glitz-slot-casinos-deutschland-traktandum-casino-seiten-2026/ HTTP/1.1" 200 0 "-" "Mozilla/5.0 (compatible; Barkrowler/0.9; +https://babbar.tech/crawler)"
217.113.194.124 - - [20/Jun/2026:17:48:22 +0200] "GET /2026/05/26/juegue-en-juegos-de-slots-de-en-linea-videopoker-dinero-real-casino-cripto-casino-vip/ HTTP/1.1" 200 0 "-" "Mozilla/5.0 (compatible; Barkrowler/0.9; +https://babbar.tech/crawler)"
217.113.194.123 - - [20/Jun/2026:17:48:37 +0200] "GET /2026/05/21/sansin-yeni-adresi-1xbet-giris-ile-online-bahis-deneyimini-yasa-2/ HTTP/1.1" 200 0 "-" "Mozilla/5.0 (compatible; Barkrowler/0.9; +https://babbar.tech/crawler)"
143.105.152.158 - - [20/Jun/2026:17:48:55 +0200] "GET /2026/06/01/bdmbets-casino-zanesljivost-igre/ HTTP/1.1" 200 0 "https://themomotimes.com/" "Mozilla/5.0 (Windows NT 10.0; Win64; x64) AppleWebKit/537.36 (KHTML, like Gecko) Chrome/143.0.0.0 Safari/537.36"
143.105.152.158 - - [20/Jun/2026:17:48:56 +0200] "GET /2026/06/01/bdmbets-casino-zanesljivost-igre/ HTTP/1.1" 200 0 "https://themomotimes.com/" "Mozilla/5.0 (Windows NT 10.0; Win64; x64) AppleWebKit/537.36 (KHTML, like Gecko) Chrome/143.0.0.0 Safari/537.36"
217.113.194.131 - - [20/Jun/2026:17:52:27 +0200] "GET /2026/04/18/crystal-tanzfest-bitcoin-casino-slot-unter-einsatz-von-echtgeld-fur-nusse-vortragen/ HTTP/1.1" 200 0 "-" "Mozilla/5.0 (compatible; Barkrowler/0.9; +https://babbar.tech/crawler)"
217.113.194.125 - - [20/Jun/2026:17:52:58 +0200] "GET /2026/04/24/roulette-is-actually-a-favorite-selection-among-to-the-range-gambling-establishment-dining-table-games/ HTTP/1.1" 200 0 "-" "Mozilla/5.0 (compatible; Barkrowler/0.9; +https://babbar.tech/crawler)"
217.113.194.127 - - [20/Jun/2026:17:53:45 +0200] "GET /2026/04/24/te-proporciona-elasticidad-para-seleccionar-juegos-con-mejor-retorno-teorico/ HTTP/1.1" 200 0 "-" "Mozilla/5.0 (compatible; Barkrowler/0.9; +https://babbar.tech/crawler)"
45.250.252.162 - - [20/Jun/2026:17:53:41 +0200] "POST /xmlrpc.php HTTP/1.1" 200 5929 "-" "Mozilla/5.0 (Windows NT 10.0; Win64; x64) AppleWebKit/537.36 (KHTML, like Gecko) Chrome/114.0.0.0 Safari/537.36"
65.21.228.101 - - [20/Jun/2026:17:56:26 +0200] "POST /wp-cron.php?doing_wp_cron=1781970986.7359750270843505859375 HTTP/1.1" 200 0 "-" "WordPress/7.0; https://themomotimes.com"
217.113.194.227 - - [20/Jun/2026:17:56:26 +0200] "GET /2026/04/23/der-release-the-kraken-slot-mentor-zur-einzahlung-im-verbunden-spielsaal/ HTTP/1.1" 200 0 "-" "Mozilla/5.0 (compatible; Barkrowler/0.9; +https://babbar.tech/crawler)"
217.113.194.131 - - [20/Jun/2026:17:58:43 +0200] "GET /2026/04/23/crisis-en-el-momento-en-que-computadores-moviles-y-tambien-en-la-app-de-spinsy/ HTTP/1.1" 200 0 "-" "Mozilla/5.0 (compatible; Barkrowler/0.9; +https://babbar.tech/crawler)"
65.21.228.101 - - [20/Jun/2026:17:58:55 +0200] "POST /wp-cron.php?doing_wp_cron=1781971135.9023900032043457031250 HTTP/1.1" 200 0 "-" "WordPress/7.0; https://themomotimes.com"
200.25.47.106 - - [20/Jun/2026:17:59:28 +0200] "GET /2026/06/20/2026%E5%B9%B4%E7%89%88%E3%80%81%E5%85%A5%E9%87%91%E4%B8%8D%E8%A6%81%E3%81%AE100%E3%83%95%E3%83%AA%E3%83%BC%E3%82%B9%E3%83%94%E3%83%B3%E7%89%B9%E5%85%B8%E3%81%AB%E9%96%A2%E3%81%99%E3%82%8B%E6%9C%80/ HTTP/1.1" 200 0 "-" "Mozilla/5.0 (Windows NT 10.0; rv:109.0) Gecko/20100101 Firefox/115.0"
217.113.194.128 - - [20/Jun/2026:17:59:44 +0200] "GET /2026/05/27/100-giros-treasure-island-casino-movil-de-balde-desprovisto-deposito-bonos-sobre-2026/ HTTP/1.1" 200 0 "-" "Mozilla/5.0 (compatible; Barkrowler/0.9; +https://babbar.tech/crawler)"
217.113.194.128 - - [20/Jun/2026:18:00:30 +0200] "GET /2026/05/27/best-minimal-put-gambling-enterprises-within-the-canada-2026-step-one-so-you-can-20/ HTTP/1.1" 200 0 "-" "Mozilla/5.0 (compatible; Barkrowler/0.9; +https://babbar.tech/crawler)"
217.113.194.124 - - [20/Jun/2026:17:44:50 +0200] "GET /2026/03/05/play-free-thunderstruck-ii-isis-slot-online-slot-machine-game-on-the-internet-microgaming-online-game/ HTTP/1.1" 200 0 "-" "Mozilla/5.0 (compatible; Barkrowler/0.9; +https://babbar.tech/crawler)"
217.113.194.124 - - [20/Jun/2026:17:45:50 +0200] "GET /2026/04/03/position-procedures-ideas-on-how-to-victory-during-the-harbors-and-you-may-overcome-chances-2025/ HTTP/1.1" 200 0 "-" "Mozilla/5.0 (compatible; Barkrowler/0.9; +https://babbar.tech/crawler)"
65.21.228.101 - - [20/Jun/2026:17:47:56 +0200] "POST /wp-cron.php?doing_wp_cron=1781970476.3044919967651367187500 HTTP/1.1" 200 0 "-" "WordPress/7.0; https://themomotimes.com"
217.113.194.126 - - [20/Jun/2026:17:49:38 +0200] "GET /2025/10/21/live-casino-en-loyaliteitsprogramma-s-een-diepgaande-gids-voor-vinci-spin-casino-1/ HTTP/1.1" 200 0 "-" "Mozilla/5.0 (compatible; Barkrowler/0.9; +https://babbar.tech/crawler)"
217.113.194.124 - - [20/Jun/2026:17:50:23 +0200] "GET /2025/07/19/cupidon-et-les-crypto-jackpots-comment-les-programmes-de-fidelite-transforment-les-joueurs-en-gagnants/ HTTP/1.1" 200 0 "-" "Mozilla/5.0 (compatible; Barkrowler/0.9; +https://babbar.tech/crawler)"
217.113.194.126 - - [20/Jun/2026:17:55:40 +0200] "GET /2026/04/23/empleando-los-filtros-es-posible-con-facilidad-hallar-el-casino-perfecto-para-ti/ HTTP/1.1" 200 0 "-" "Mozilla/5.0 (compatible; Barkrowler/0.9; +https://babbar.tech/crawler)"
217.113.194.130 - - [20/Jun/2026:17:56:42 +0200] "GET /2026/04/23/finest-commission-gambling-enterprises-united-kingdom-large-rtp-punctual-commission-websites/ HTTP/1.1" 200 0 "-" "Mozilla/5.0 (compatible; Barkrowler/0.9; +https://babbar.tech/crawler)"
47.82.11.211 - - [20/Jun/2026:17:57:07 +0200] "GET /2026/01/15/calvin-gambling-establishment-log-in-deadworld-casino-app-subscribe/ HTTP/1.1" 200 0 "https://themomotimes.com/" "Mozilla/5.0 (Windows NT 10.0; Win64; x64) AppleWebKit/537.36 (KHTML, like Gecko) Chrome/109.0.0.0 Safari/537.36"
217.113.194.131 - - [20/Jun/2026:17:58:28 +0200] "GET /2026/04/23/cat-glitter-position-%EF%B8%8F-bitkingz-app-login-gamble-on-the-web-free/ HTTP/1.1" 200 0 "-" "Mozilla/5.0 (compatible; Barkrowler/0.9; +https://babbar.tech/crawler)"
216.73.162.226 - - [20/Jun/2026:17:58:31 +0200] "POST /xmlrpc.php HTTP/1.1" 200 1884640 "-" "Mozilla/5.0 (Windows NT 10.0; Win64; x64) AppleWebKit/537.36 (KHTML, like Gecko) Chrome/121.0.0.0 Safari/537.36 Edg/121.0.0.0"
200.25.47.106 - - [20/Jun/2026:17:58:11 +0200] "POST /xmlrpc.php HTTP/1.1" 200 5926 "-" "Mozilla/5.0 (Windows NT 10.0; Win64; x64) AppleWebKit/537.36 (KHTML, like Gecko) Chrome/114.0.0.0 Safari/537.36"
216.73.162.226 - - [20/Jun/2026:17:58:36 +0200] "POST /xmlrpc.php HTTP/1.1" 200 5929 "-" "Mozilla/5.0 (Windows NT 10.0; Win64; x64) AppleWebKit/537.36 (KHTML, like Gecko) Chrome/121.0.0.0 Safari/537.36 Edg/121.0.0.0"
216.73.162.226 - - [20/Jun/2026:17:58:40 +0200] "POST /xmlrpc.php HTTP/1.1" 200 20665 "-" "Mozilla/5.0 (Windows NT 10.0; Win64; x64) AppleWebKit/537.36 (KHTML, like Gecko) Chrome/121.0.0.0 Safari/537.36 Edg/121.0.0.0"
200.25.47.106 - - [20/Jun/2026:17:58:33 +0200] "POST /xmlrpc.php HTTP/1.1" 200 5929 "-" "Mozilla/5.0 (Windows NT 10.0; Win64; x64) AppleWebKit/537.36 (KHTML, like Gecko) Chrome/114.0.0.0 Safari/537.36"
185.252.223.20 - - [20/Jun/2026:17:59:02 +0200] "POST /xmlrpc.php HTTP/1.1" 200 5926 "-" "Mozilla/5.0 (Windows NT 10.0; Win64; x64) AppleWebKit/537.36 (KHTML, like Gecko) Chrome/114.0.0.0 Safari/537.36"
200.25.47.106 - - [20/Jun/2026:17:59:26 +0200] "POST /xmlrpc.php HTTP/1.1" 200 18927 "-" "Mozilla/5.0 (Windows NT 10.0; Win64; x64) AppleWebKit/537.36 (KHTML, like Gecko) Chrome/114.0.0.0 Safari/537.36"
217.113.194.123 - - [20/Jun/2026:18:01:31 +0200] "GET /2026/05/27/million-vegas-review-20-put-score-a-two-hundred-bonus-to-2one-hundred-thousand/ HTTP/1.1" 200 0 "-" "Mozilla/5.0 (compatible; Barkrowler/0.9; +https://babbar.tech/crawler)"
193.24.208.14 - - [20/Jun/2026:17:46:04 +0200] "GET /2026/05/21/gagner-avec-winbeatz-facilement-3/ HTTP/1.1" 200 0 "https://themomotimes.com" "Mozilla/5.0 (Windows NT 10.0; Win64; x64) AppleWebKit/537.36 (KHTML, like Gecko) Chrome/62.0.3202.94 Safari/537.36"
217.113.194.124 - - [20/Jun/2026:17:46:06 +0200] "GET /2026/05/19/we-simply-take-a-number-of-other-metrics-and-make-use-of-these-to-determine-product-reviews-to-have-games/ HTTP/1.1" 200 0 "-" "Mozilla/5.0 (compatible; Barkrowler/0.9; +https://babbar.tech/crawler)"
217.113.194.127 - - [20/Jun/2026:17:49:23 +0200] "GET /2025/12/05/utvecklingen-av-svenska-casinospel-en-djupdykning-i-en-dynamisk-industrin/ HTTP/1.1" 200 0 "-" "Mozilla/5.0 (compatible; Barkrowler/0.9; +https://babbar.tech/crawler)"
217.113.194.125 - - [20/Jun/2026:17:51:26 +0200] "GET /2026/04/23/greatest-50-free-spins-no-deposit-bonuses-the-the-dark-knight-rises-slot-machine-inside-the-2026/ HTTP/1.1" 200 0 "-" "Mozilla/5.0 (compatible; Barkrowler/0.9; +https://babbar.tech/crawler)"
217.113.194.129 - - [20/Jun/2026:17:53:14 +0200] "GET /2026/04/24/des-liberalite-se-deroulent-proposees-par-votre-plupart-en-compagnie-de-plateformes/ HTTP/1.1" 200 0 "-" "Mozilla/5.0 (compatible; Barkrowler/0.9; +https://babbar.tech/crawler)"
217.113.194.127 - - [20/Jun/2026:17:54:33 +0200] "GET /2026/04/24/alucinamento-mundial-regras-aquele-apontamento-slot-santas-wonderland-da-evolution/ HTTP/1.1" 200 0 "-" "Mozilla/5.0 (compatible; Barkrowler/0.9; +https://babbar.tech/crawler)"
217.113.194.228 - - [20/Jun/2026:17:56:57 +0200] "GET /2026/04/23/at-the-same-time-operators-roll-out-normal-bonuses-and-you-may-advertising-to-attract-the-newest-members/ HTTP/1.1" 200 0 "-" "Mozilla/5.0 (compatible; Barkrowler/0.9; +https://babbar.tech/crawler)"
217.113.194.131 - - [20/Jun/2026:17:57:27 +0200] "GET /2026/04/23/10-freispiele-ohne-einzahlung-2026-online-casinos-casino-starquest-auftreiben/ HTTP/1.1" 200 0 "-" "Mozilla/5.0 (compatible; Barkrowler/0.9; +https://babbar.tech/crawler)"
217.113.194.124 - - [20/Jun/2026:17:57:57 +0200] "GET /2026/04/23/lucky-days-maklercourtage-antique-riches-slot-free-spins-quelltext-provision-1-000/ HTTP/1.1" 200 0 "-" "Mozilla/5.0 (compatible; Barkrowler/0.9; +https://babbar.tech/crawler)"
217.113.194.124 - - [20/Jun/2026:18:00:15 +0200] "GET /2026/05/27/the-new-bien-au-casinos-casino-ghostbusters-on-the-internet-quick-payid-commission-2026/ HTTP/1.1" 200 0 "-" "Mozilla/5.0 (compatible; Barkrowler/0.9; +https://babbar.tech/crawler)"
217.113.194.131 - - [20/Jun/2026:18:01:00 +0200] "GET /2026/05/28/betsoft-casinos-on-the-internet-checklist-most-readily-useful-betsoft-video-game-2026/ HTTP/1.1" 200 0 "-" "Mozilla/5.0 (compatible; Barkrowler/0.9; +https://babbar.tech/crawler)"
217.113.194.122 - - [20/Jun/2026:17:45:35 +0200] "GET /2026/04/03/giros-gratuito-acerca-de-casinos-espanoles-las-mas-grandes-ofertas-con-el-fin-de-2025/ HTTP/1.1" 200 0 "-" "Mozilla/5.0 (compatible; Barkrowler/0.9; +https://babbar.tech/crawler)"
217.113.194.227 - - [20/Jun/2026:17:46:21 +0200] "GET /2026/04/30/no-deposit-gambling-establishment-bonuses-always-incorporate-zero-games-limitations-during-the-all/ HTTP/1.1" 200 0 "-" "Mozilla/5.0 (compatible; Barkrowler/0.9; +https://babbar.tech/crawler)"
47.82.11.128 - - [20/Jun/2026:17:46:40 +0200] "GET /2026/01/09/bikini-people-position-totally-free-demonstration-review-bombastic-casino-cashback/ HTTP/1.1" 200 0 "https://themomotimes.com/" "Mozilla/5.0 (X11; Linux x86_64) AppleWebKit/537.36 (KHTML, like Gecko) Chrome/129.0.0.0 Safari/537.36"
217.113.194.128 - - [20/Jun/2026:17:47:37 +0200] "GET /2026/05/26/non-tous-les-benefices-du-jeu-avec-salle-de-jeu-au-quebec-ne-sont-pas-vrai-asservis/ HTTP/1.1" 200 0 "-" "Mozilla/5.0 (compatible; Barkrowler/0.9; +https://babbar.tech/crawler)"
217.113.194.126 - - [20/Jun/2026:17:49:53 +0200] "GET /2025/09/06/strategia-natalizie-come-i-casino-moderni-trasformano-le-free-spins-in-successi-stagionali/ HTTP/1.1" 200 0 "-" "Mozilla/5.0 (compatible; Barkrowler/0.9; +https://babbar.tech/crawler)"
217.113.194.248 - - [20/Jun/2026:17:50:39 +0200] "GET /2025/07/30/il-ruolo-delle-guide-nel-mondo-del-gioco-d-azzardo-online-analisi-e-prospettive/ HTTP/1.1" 200 0 "-" "Mozilla/5.0 (compatible; Barkrowler/0.9; +https://babbar.tech/crawler)"
217.113.194.123 - - [20/Jun/2026:17:51:10 +0200] "GET /2026/04/23/unser-monkey-money-slot-free-spins-kostenlose-erreichbar-casino-nun-zum-besten-geben/ HTTP/1.1" 200 0 "-" "Mozilla/5.0 (compatible; Barkrowler/0.9; +https://babbar.tech/crawler)"
217.113.194.227 - - [20/Jun/2026:17:53:29 +0200] "GET /2026/04/24/kasinove-vyherni-automaty-queen-aplikace-goldbet-pro-android-of-your-nile-2/ HTTP/1.1" 200 0 "-" "Mozilla/5.0 (compatible; Barkrowler/0.9; +https://babbar.tech/crawler)"
217.113.194.129 - - [20/Jun/2026:17:54:01 +0200] "GET /2026/04/23/thunderstruck-2-position-30-free-spins-king-colossus-free-play-with-no-obtain/ HTTP/1.1" 200 0 "-" "Mozilla/5.0 (compatible; Barkrowler/0.9; +https://babbar.tech/crawler)"
65.21.228.101 - - [20/Jun/2026:17:54:25 +0200] "POST /wp-cron.php?doing_wp_cron=1781970865.6478219032287597656250 HTTP/1.1" 200 0 "-" "WordPress/7.0; https://themomotimes.com"
45.250.252.162 - - [20/Jun/2026:17:54:35 +0200] "GET /2026/06/20/disney-stream-video-slot-game-good-to-go-shows-documentaries-far-more-you-s-site/ HTTP/1.1" 200 0 "-" "Mozilla/5.0 (Windows NT 10.0; rv:109.0) Gecko/20100101 Firefox/115.0"
45.250.252.162 - - [20/Jun/2026:17:54:37 +0200] "POST /xmlrpc.php HTTP/1.1" 200 5926 "-" "Mozilla/5.0 (Windows NT 10.0; Win64; x64) AppleWebKit/537.36 (KHTML, like Gecko) Chrome/114.0.0.0 Safari/537.36"
217.113.194.228 - - [20/Jun/2026:17:55:56 +0200] "GET /2026/04/23/erreichbar-casinos-uber-hoher-gewinnchance-lost-vegas-online-slot-2026-aktuelle-liste/ HTTP/1.1" 200 0 "-" "Mozilla/5.0 (compatible; Barkrowler/0.9; +https://babbar.tech/crawler)"
146.70.226.85 - - [20/Jun/2026:17:56:31 +0200] "POST /xmlrpc.php HTTP/1.1" 200 15390 "-" "Mozilla/5.0 (Windows NT 10.0; Win64; x64) AppleWebKit/537.36 (KHTML, like Gecko) Chrome/114.0.0.0 Safari/537.36"
200.25.47.106 - - [20/Jun/2026:17:58:09 +0200] "GET /2026/06/20/%E3%82%B9%E3%83%86%E3%83%83%E3%83%971%EF%BC%9A%E3%82%A4%E3%82%AE%E3%83%AA%E3%82%B9%E3%81%AE%E3%82%AB%E3%82%B8%E3%83%8E%E3%83%A9%E3%83%B3%E3%82%AD%E3%83%B3%E3%82%B0%E3%80%811%E3%83%9D%E3%83%B3%E3%83%89/ HTTP/1.1" 200 0 "-" "Mozilla/5.0 (Windows NT 10.0; Win64; x64; rv:124.0) Gecko/20100101 Firefox/124.0"
65.21.228.101 - - [20/Jun/2026:17:59:19 +0200] "POST /wp-cron.php?doing_wp_cron=1781971159.1058909893035888671875 HTTP/1.1" 200 0 "-" "WordPress/7.0; https://themomotimes.com"
200.25.47.106 - - [20/Jun/2026:17:59:30 +0200] "POST /xmlrpc.php HTTP/1.1" 200 5926 "-" "Mozilla/5.0 (Windows NT 10.0; Win64; x64) AppleWebKit/537.36 (KHTML, like Gecko) Chrome/114.0.0.0 Safari/537.36"
217.113.194.131 - - [20/Jun/2026:17:45:05 +0200] "GET /2026/04/03/you-states-in-which-just-online-betting-are-court-and-never-toward-range-gambling-enterprise/ HTTP/1.1" 200 0 "-" "Mozilla/5.0 (compatible; Barkrowler/0.9; +https://babbar.tech/crawler)"
217.113.194.123 - - [20/Jun/2026:17:46:36 +0200] "GET /2026/04/29/fifty-free-spins-no-deposit-2026-fugaso-casino-games-claim-your-free-revolves-extra/ HTTP/1.1" 200 0 "-" "Mozilla/5.0 (compatible; Barkrowler/0.9; +https://babbar.tech/crawler)"
217.113.194.131 - - [20/Jun/2026:17:46:51 +0200] "GET /2026/04/29/i-was-active-in-the-gambling-enterprise-world-since-i-is-during-the-court-age-in-order-to-enjoy/ HTTP/1.1" 200 0 "-" "Mozilla/5.0 (compatible; Barkrowler/0.9; +https://babbar.tech/crawler)"
217.113.194.228 - - [20/Jun/2026:17:48:07 +0200] "GET /2026/05/30/casino-inte-med-bankid-ultimat-casino-utan-bankid-kungen-casino-villig-nate-2026/ HTTP/1.1" 200 0 "-" "Mozilla/5.0 (compatible; Barkrowler/0.9; +https://babbar.tech/crawler)"
217.113.194.126 - - [20/Jun/2026:17:48:52 +0200] "GET /2026/05/21/darauf-solltest-du-hinein-ein-movies-slots-abweichung-notig-anerkennen/ HTTP/1.1" 200 0 "-" "Mozilla/5.0 (compatible; Barkrowler/0.9; +https://babbar.tech/crawler)"
217.113.194.126 - - [20/Jun/2026:17:49:08 +0200] "GET /2026/05/21/available-on-one-another-android-and-ios-equipment-this-has-a-set-of-totally-free-to-play-digital-slots/ HTTP/1.1" 200 0 "-" "Mozilla/5.0 (compatible; Barkrowler/0.9; +https://babbar.tech/crawler)"
74.7.242.17 - - [20/Jun/2026:17:55:44 +0200] "GET /2026/05/18/%E3%82%AF%E3%83%AC%E3%82%AA%E3%83%91%E3%83%88%E3%83%A9%E3%81%AE%E3%82%B3%E3%83%A1%E3%83%B3%E3%83%88%E3%80%81%E7%9C%9F%E5%89%A3%E3%81%AA%E3%83%95%E3%83%83%E3%82%AF%E3%80%812026%E5%B9%B4%E3%80%81/ HTTP/2" 200 0 "http://mail.therahuldas.com" "Mozilla/5.0 AppleWebKit/537.36 (KHTML, like Gecko; compatible; GPTBot/1.4; +https://openai.com/gptbot)"
217.113.194.127 - - [20/Jun/2026:17:57:12 +0200] "GET /2026/04/24/sadly-getting-your-money-back-from-dobry-scammer-is-not-ekspert-simple-as-just-asking/ HTTP/1.1" 200 0 "-" "Mozilla/5.0 (compatible; Barkrowler/0.9; +https://babbar.tech/crawler)"
185.252.223.20 - - [20/Jun/2026:17:59:02 +0200] "GET /2026/06/20/motywacja-bez-depozytu-nie-oferowane-dla-wszystkich-nowych-graczy/ HTTP/1.1" 200 0 "-" "Mozilla/5.0 (Windows NT 10.0; Win64; x64) AppleWebKit/537.36 (KHTML, like Gecko) Chrome/123.0.0.0 Safari/537.36"
217.113.194.127 - - [20/Jun/2026:17:59:59 +0200] "GET /2026/05/27/10-royal-unicorn-free-spins-fast-withdrawal-web-based-casinos-instantaneous-winnings/ HTTP/1.1" 200 0 "-" "Mozilla/5.0 (compatible; Barkrowler/0.9; +https://babbar.tech/crawler)"
217.113.194.125 - - [20/Jun/2026:17:45:20 +0200] "GET /2026/04/03/mega-jackpot-tragamonedas-de-betsoft-funciona-sin-cargo-o-bien-acerca-de-casinos-online/ HTTP/1.1" 200 0 "-" "Mozilla/5.0 (compatible; Barkrowler/0.9; +https://babbar.tech/crawler)"
217.113.194.123 - - [20/Jun/2026:17:47:21 +0200] "GET /2026/05/26/betmgm-has-many-of-the-best-online-slots-games-readily-available-for-people-to-choose-from/ HTTP/1.1" 200 0 "-" "Mozilla/5.0 (compatible; Barkrowler/0.9; +https://babbar.tech/crawler)"
217.113.194.128 - - [20/Jun/2026:17:50:54 +0200] "GET /2025/05/30/7-onmisbare-tips-voor-live-dealer-spelen-tijdens-kerst-bij-vip-zino-casino/ HTTP/1.1" 200 0 "-" "Mozilla/5.0 (compatible; Barkrowler/0.9; +https://babbar.tech/crawler)"
77.75.76.171 - - [20/Jun/2026:17:52:10 +0200] "GET /olimp-kazino-skachat-na-android-v-kazahstane-obzor-i-varianty/ HTTP/1.1" 200 0 "-" "Mozilla/5.0 (compatible; SeznamBot/4.0; +https://o-seznam.cz/napoveda/vyhledavani/en/seznambot-crawler/)"
217.113.194.122 - - [20/Jun/2026:17:52:12 +0200] "GET /2026/04/23/typically-ideal-british-gambling-enterprise-internet-sites-will-provide-state-of-the-art-safety-measures/ HTTP/1.1" 200 0 "-" "Mozilla/5.0 (compatible; Barkrowler/0.9; +https://babbar.tech/crawler)"
217.113.194.131 - - [20/Jun/2026:17:55:09 +0200] "GET /2026/04/24/play-queen-of-ones-nile-2-on-the-web-a-classic-from-the-777-casino-bonus-aristocrat/ HTTP/1.1" 200 0 "-" "Mozilla/5.0 (compatible; Barkrowler/0.9; +https://babbar.tech/crawler)"
146.70.226.85 - - [20/Jun/2026:17:56:32 +0200] "POST /xmlrpc.php HTTP/1.1" 200 5926 "-" "Mozilla/5.0 (Windows NT 10.0; Win64; x64) AppleWebKit/537.36 (KHTML, like Gecko) Chrome/114.0.0.0 Safari/537.36"
65.21.228.101 - - [20/Jun/2026:17:57:59 +0200] "POST /wp-cron.php?doing_wp_cron=1781971079.2385680675506591796875 HTTP/1.1" 200 0 "-" "WordPress/7.0; https://themomotimes.com"
200.25.47.106 - - [20/Jun/2026:17:57:16 +0200] "POST /xmlrpc.php HTTP/1.1" 200 5929 "-" "Mozilla/5.0 (Windows NT 10.0; Win64; x64) AppleWebKit/537.36 (KHTML, like Gecko) Chrome/114.0.0.0 Safari/537.36"
200.25.47.106 - - [20/Jun/2026:17:58:06 +0200] "POST /xmlrpc.php HTTP/1.1" 200 18221 "-" "Mozilla/5.0 (Windows NT 10.0; Win64; x64) AppleWebKit/537.36 (KHTML, like Gecko) Chrome/114.0.0.0 Safari/537.36"
217.113.194.228 - - [20/Jun/2026:17:58:13 +0200] "GET /2026/04/23/la-gran-parte-de-las-apps-sobre-casino-en-internet-son-compatibles-en-compania-de-el-novio/ HTTP/1.1" 200 0 "-" "Mozilla/5.0 (compatible; Barkrowler/0.9; +https://babbar.tech/crawler)"
185.252.223.20 - - [20/Jun/2026:17:59:01 +0200] "POST /xmlrpc.php HTTP/1.1" 200 15014 "-" "Mozilla/5.0 (Windows NT 10.0; Win64; x64) AppleWebKit/537.36 (KHTML, like Gecko) Chrome/114.0.0.0 Safari/537.36"
217.113.194.227 - - [20/Jun/2026:18:01:16 +0200] "GET /2026/05/27/mucchio-per-spid-vicino-la-vetro-di-calciomercato-rso-sommita-operatori/ HTTP/1.1" 200 0 "-" "Mozilla/5.0 (compatible; Barkrowler/0.9; +https://babbar.tech/crawler)"
217.113.194.124 - - [20/Jun/2026:18:02:16 +0200] "GET /2026/05/28/mostbet-az-bukmeker-ve-kazino-mostbet-giri-rsmi-sayt6660-2-3/ HTTP/1.1" 200 0 "-" "Mozilla/5.0 (compatible; Barkrowler/0.9; +https://babbar.tech/crawler)"
8.217.211.60 - - [20/Jun/2026:18:02:51 +0200] "GET /robots.txt HTTP/1.1" 200 135 "-" "AliyunSecBot/Aliyun (AliyunSecBot@service.alibaba.com)"
146.70.226.22 - - [20/Jun/2026:18:02:31 +0200] "POST /xmlrpc.php HTTP/1.1" 200 5929 "-" "Mozilla/5.0 (Windows NT 10.0; Win64; x64) AppleWebKit/537.36 (KHTML, like Gecko) Chrome/114.0.0.0 Safari/537.36"
146.70.226.22 - - [20/Jun/2026:18:03:22 +0200] "POST /xmlrpc.php HTTP/1.1" 200 14826 "-" "Mozilla/5.0 (Windows NT 10.0; Win64; x64) AppleWebKit/537.36 (KHTML, like Gecko) Chrome/114.0.0.0 Safari/537.36"
146.70.226.22 - - [20/Jun/2026:18:03:22 +0200] "GET /2026/06/20/if-you-cannot-hold-off-browse-the-finest-ranked-casino-web-sites-to-own-option-alternatives/ HTTP/1.1" 200 0 "-" "Mozilla/5.0 (Windows NT 10.0; Win64; x64; rv:124.0) Gecko/20100101 Firefox/124.0"
146.70.226.22 - - [20/Jun/2026:18:03:22 +0200] "POST /xmlrpc.php HTTP/1.1" 200 5926 "-" "Mozilla/5.0 (Windows NT 10.0; Win64; x64) AppleWebKit/537.36 (KHTML, like Gecko) Chrome/114.0.0.0 Safari/537.36"
217.113.194.126 - - [20/Jun/2026:18:04:18 +0200] "GET /2026/03/25/merkur-slot-lotto-madness-kostenlose-spins-150-via-echtgeld-zum-besten-geben/ HTTP/1.1" 200 0 "-" "Mozilla/5.0 (compatible; Barkrowler/0.9; +https://babbar.tech/crawler)"
216.73.216.128 - - [20/Jun/2026:18:04:59 +0200] "GET /video-games/sitemap.xml HTTP/2" 200 84910 "-" "Mozilla/5.0 AppleWebKit/537.36 (KHTML, like Gecko; compatible; ClaudeBot/1.0; +claudebot@anthropic.com)"
217.113.194.130 - - [20/Jun/2026:18:05:34 +0200] "GET /2026/05/12/sure-if-the-reported-because-the-no-deposit-100-free-spins-then-sure-he-is-100-free/ HTTP/1.1" 200 0 "-" "Mozilla/5.0 (compatible; Barkrowler/0.9; +https://babbar.tech/crawler)"
217.113.194.228 - - [20/Jun/2026:18:07:20 +0200] "GET /2026/01/21/wasteland-cost-slot-totally-free-or-a-real-income-gamble-gladiator-slot-for-money-bonus/ HTTP/1.1" 200 0 "-" "Mozilla/5.0 (compatible; Barkrowler/0.9; +https://babbar.tech/crawler)"
217.113.194.123 - - [20/Jun/2026:18:08:05 +0200] "GET /2026/01/30/lapland-trial-gamble-no-deposit-bonus-aztec-warrior-princess-position-games-100percent-free/ HTTP/1.1" 200 0 "-" "Mozilla/5.0 (compatible; Barkrowler/0.9; +https://babbar.tech/crawler)"
217.113.194.128 - - [20/Jun/2026:18:09:06 +0200] "GET /2026/02/23/better-sweepstakes-disco-bar-7s-online-casino-no-deposit-incentives-allege-up-to-9-5-free-sc-today/ HTTP/1.1" 200 0 "-" "Mozilla/5.0 (compatible; Barkrowler/0.9; +https://babbar.tech/crawler)"
217.113.194.228 - - [20/Jun/2026:18:09:36 +0200] "GET /2026/03/12/no-deposito-toeslag-voor-spins-2025-liefste-casino-bonussen-buiten-stortin-nl/ HTTP/1.1" 200 0 "-" "Mozilla/5.0 (compatible; Barkrowler/0.9; +https://babbar.tech/crawler)"
217.113.194.228 - - [20/Jun/2026:18:09:51 +0200] "GET /2026/03/09/juegos-de-casino-asi-como-tragamonedas-mas-profusamente-populares-tratar-regalado/ HTTP/1.1" 200 0 "-" "Mozilla/5.0 (compatible; Barkrowler/0.9; +https://babbar.tech/crawler)"
217.113.194.248 - - [20/Jun/2026:18:10:22 +0200] "GET /2026/03/15/best-no-deposit-added-bonus-gambling-enterprises-2026-gamble-on-the-web-rather-than-spending/ HTTP/1.1" 200 0 "-" "Mozilla/5.0 (compatible; Barkrowler/0.9; +https://babbar.tech/crawler)"
