217.113.194.127 - - [20/Jun/2026:19:11:34 +0200] "GET /2026/05/28/help-we-regret-to-let-you-know-your-internet-protocol-address-has-actually-started-banned/ HTTP/1.1" 200 0 "-" "Mozilla/5.0 (compatible; Barkrowler/0.9; +https://babbar.tech/crawler)"
217.113.194.127 - - [20/Jun/2026:19:12:50 +0200] "GET /2026/02/26/beste-verbunden-casinos-spielotheken-februar-2026-inoffizieller-mitarbeiter-kollationieren/ HTTP/1.1" 200 0 "-" "Mozilla/5.0 (compatible; Barkrowler/0.9; +https://babbar.tech/crawler)"
217.113.194.131 - - [20/Jun/2026:19:13:21 +0200] "GET /2026/04/05/contravening-good-casinos-incentive-terms-is-when-their-bets-infraction-the-brand-new-guidelines/ HTTP/1.1" 200 0 "-" "Mozilla/5.0 (compatible; Barkrowler/0.9; +https://babbar.tech/crawler)"
217.113.194.126 - - [20/Jun/2026:19:14:06 +0200] "GET /2026/04/05/earnings-from-incentive-spins-was-credited-since-the-incentive-financing-and-you-can-capped-at-the-20/ HTTP/1.1" 200 0 "-" "Mozilla/5.0 (compatible; Barkrowler/0.9; +https://babbar.tech/crawler)"
217.113.194.124 - - [20/Jun/2026:19:14:21 +0200] "GET /2026/04/05/die-verbunden-casinos-bzw-spiele-man-sagt-sie-seien-bei-brd-rechtens/ HTTP/1.1" 200 0 "-" "Mozilla/5.0 (compatible; Barkrowler/0.9; +https://babbar.tech/crawler)"
217.113.194.131 - - [20/Jun/2026:19:17:55 +0200] "GET /2026/03/12/live-spielbank-spiele-real-time-rauschgifthandler-computerspiel-shows-falls-tafel-und-kartenspiele/ HTTP/1.1" 200 0 "-" "Mozilla/5.0 (compatible; Barkrowler/0.9; +https://babbar.tech/crawler)"
217.113.194.123 - - [20/Jun/2026:19:19:10 +0200] "GET /2026/02/04/jungle-jim-el-dorado-position-totally-free-gamble-online-casino-harbors-zero-down-load/ HTTP/1.1" 200 0 "-" "Mozilla/5.0 (compatible; Barkrowler/0.9; +https://babbar.tech/crawler)"
217.113.194.125 - - [20/Jun/2026:19:19:56 +0200] "GET /2026/03/09/salle-de-jeu-un-tantinet-appoint-effectif-top-quinze-des-meilleurs-condition-dans-2026/ HTTP/1.1" 200 0 "-" "Mozilla/5.0 (compatible; Barkrowler/0.9; +https://babbar.tech/crawler)"
217.113.194.123 - - [20/Jun/2026:19:22:58 +0200] "GET /2026/01/13/na-internetu-blackjack-besplatna-igra-za-ucitelja-naucite-brojati-karte/ HTTP/1.1" 200 0 "-" "Mozilla/5.0 (compatible; Barkrowler/0.9; +https://babbar.tech/crawler)"
88.98.120.18 - - [20/Jun/2026:19:23:10 +0200] "GET /2026/03/05/como-comprar-esteroides-de-forma-segura-y-responsable/ HTTP/1.1" 200 0 "-" "GuzzleHttp/7"
217.113.194.124 - - [20/Jun/2026:19:25:45 +0200] "GET /2026/05/09/bethard-local-casino-comment-2026-a-hundred-added-bonus-up-to-2-hundred-250-fs/ HTTP/1.1" 200 0 "-" "Mozilla/5.0 (compatible; Barkrowler/0.9; +https://babbar.tech/crawler)"
217.113.194.129 - - [20/Jun/2026:19:09:48 +0200] "GET /2026/05/22/iskrennee-vlecenie-k-azartu-s-olimp-kazino-kz-i-kaskadnaia-2/ HTTP/1.1" 200 0 "-" "Mozilla/5.0 (compatible; Barkrowler/0.9; +https://babbar.tech/crawler)"
217.113.194.130 - - [20/Jun/2026:19:10:03 +0200] "GET /2026/05/22/finest-web-based-casinos-australian-continent-2025-top-10-aussie-gambling-establishment-websites/ HTTP/1.1" 200 0 "-" "Mozilla/5.0 (compatible; Barkrowler/0.9; +https://babbar.tech/crawler)"
77.75.78.168 - - [20/Jun/2026:19:10:11 +0200] "GET /privacy-policy/ HTTP/1.1" 200 0 "-" "Mozilla/5.0 (compatible; SeznamBot/4.0; +https://o-seznam.cz/napoveda/vyhledavani/en/seznambot-crawler/)"
217.113.194.126 - - [20/Jun/2026:19:13:05 +0200] "GET /2026/02/26/australian-no-deposit-more-gambling-establishment-standards-5-no-deposit-british-fresh-checklist-january-2026/ HTTP/1.1" 200 0 "-" "Mozilla/5.0 (compatible; Barkrowler/0.9; +https://babbar.tech/crawler)"
217.113.194.123 - - [20/Jun/2026:19:13:36 +0200] "GET /2026/04/05/anleitung-hinsichtlich-gentleman-sich-in-einem-gangbar-roulette-spielbank-anmeldet/ HTTP/1.1" 200 0 "-" "Mozilla/5.0 (compatible; Barkrowler/0.9; +https://babbar.tech/crawler)"
217.113.194.127 - - [20/Jun/2026:19:15:22 +0200] "GET /2026/01/16/tragaperras-sizzling-hot-soluciona-sin-cargo-y-con-manga-larga-dinero-favorable/ HTTP/1.1" 200 0 "-" "Mozilla/5.0 (compatible; Barkrowler/0.9; +https://babbar.tech/crawler)"
217.113.194.248 - - [20/Jun/2026:19:17:09 +0200] "GET /2026/01/22/mybet-app-100-bis-zu-aztlans-gold-online-100-eur-provision-de-mobile-spielsaal-com/ HTTP/1.1" 200 0 "-" "Mozilla/5.0 (compatible; Barkrowler/0.9; +https://babbar.tech/crawler)"
217.113.194.228 - - [20/Jun/2026:19:20:57 +0200] "GET /2026/03/18/diese-besten-angeschlossen-30-freie-spins-hit2split-casinos-within-brd-2026/ HTTP/1.1" 200 0 "-" "Mozilla/5.0 (compatible; Barkrowler/0.9; +https://babbar.tech/crawler)"
217.113.194.228 - - [20/Jun/2026:19:22:12 +0200] "GET /2026/03/27/i-gratifica-di-benvenuto-sono-fra-le-promozioni-con-laggiunta-di-ricercate-dai-giocatori/ HTTP/1.1" 200 0 "-" "Mozilla/5.0 (compatible; Barkrowler/0.9; +https://babbar.tech/crawler)"
128.1.218.167 - - [20/Jun/2026:19:22:08 +0200] "POST /xmlrpc.php HTTP/1.1" 200 5929 "-" "Mozilla/5.0 (Windows NT 10.0; Win64; x64) AppleWebKit/537.36 (KHTML, like Gecko) Chrome/114.0.0.0 Safari/537.36"
217.113.194.131 - - [20/Jun/2026:19:23:13 +0200] "GET /2026/05/09/sfida-tra-slot-gratifica-in-assenza-di-pieno-10-euro-di-nuovo-estraneo-importi/ HTTP/1.1" 200 0 "-" "Mozilla/5.0 (compatible; Barkrowler/0.9; +https://babbar.tech/crawler)"
146.70.226.22 - - [20/Jun/2026:19:22:44 +0200] "POST /xmlrpc.php HTTP/1.1" 200 5929 "-" "Mozilla/5.0 (Windows NT 10.0; Win64; x64) AppleWebKit/537.36 (KHTML, like Gecko) Chrome/114.0.0.0 Safari/537.36"
146.70.226.22 - - [20/Jun/2026:19:23:34 +0200] "POST /xmlrpc.php HTTP/1.1" 200 14866 "-" "Mozilla/5.0 (Windows NT 10.0; Win64; x64) AppleWebKit/537.36 (KHTML, like Gecko) Chrome/114.0.0.0 Safari/537.36"
146.70.226.22 - - [20/Jun/2026:19:23:34 +0200] "GET /2026/06/20/multiplica-su-primer-superior-de-bonos-de-bienvenida-de-cero-millas-jugadores/ HTTP/1.1" 200 0 "-" "Mozilla/5.0 (Windows NT 10.0; Win64; x64) AppleWebKit/537.36 (KHTML, like Gecko) Chrome/123.0.0.0 Safari/537.36"
146.70.226.22 - - [20/Jun/2026:19:23:34 +0200] "POST /xmlrpc.php HTTP/1.1" 200 5926 "-" "Mozilla/5.0 (Windows NT 10.0; Win64; x64) AppleWebKit/537.36 (KHTML, like Gecko) Chrome/114.0.0.0 Safari/537.36"
217.113.194.131 - - [20/Jun/2026:19:25:30 +0200] "GET /2026/05/09/before-you-could-undertake-an-online-local-casino-added-bonus-youll-want-to-check-the-brand-new-fine-print/ HTTP/1.1" 200 0 "-" "Mozilla/5.0 (compatible; Barkrowler/0.9; +https://babbar.tech/crawler)"
217.113.194.127 - - [20/Jun/2026:19:12:05 +0200] "GET /2026/03/25/regal-revolves-try-a-traditional-igt-slot-game-which-have-a-fruit-servers-motif/ HTTP/1.1" 200 0 "-" "Mozilla/5.0 (compatible; Barkrowler/0.9; +https://babbar.tech/crawler)"
217.113.194.126 - - [20/Jun/2026:19:18:25 +0200] "GET /2026/03/12/kostnadsfri-casino-absolut-kostnadsfri-lockton-casino-inte-med-insattning-2026/ HTTP/1.1" 200 0 "-" "Mozilla/5.0 (compatible; Barkrowler/0.9; +https://babbar.tech/crawler)"
217.113.194.128 - - [20/Jun/2026:19:18:40 +0200] "GET /2026/03/12/casino-tillsammans-swish-2025-stort-prova-av-casino-tillsamman-swish-uttag/ HTTP/1.1" 200 0 "-" "Mozilla/5.0 (compatible; Barkrowler/0.9; +https://babbar.tech/crawler)"
217.113.194.131 - - [20/Jun/2026:19:20:41 +0200] "GET /2026/03/09/betrouwbare-casinos-met-50-voor-spins-verde-casino-welkomstbonus-zonder-storting/ HTTP/1.1" 200 0 "-" "Mozilla/5.0 (compatible; Barkrowler/0.9; +https://babbar.tech/crawler)"
217.113.194.248 - - [20/Jun/2026:19:21:57 +0200] "GET /2026/03/15/ideas-on-how-to-victory-aristocrat-pokies-super-goldbet-partner-app-download-link-on-the-web/ HTTP/1.1" 200 0 "-" "Mozilla/5.0 (compatible; Barkrowler/0.9; +https://babbar.tech/crawler)"
217.113.194.131 - - [20/Jun/2026:19:22:28 +0200] "GET /2026/03/24/eye-queen-of-gold-bonusspiel-of-horus-kostenlos-auffuhren-jetzt-kostenfrei-degustieren/ HTTP/1.1" 200 0 "-" "Mozilla/5.0 (compatible; Barkrowler/0.9; +https://babbar.tech/crawler)"
217.113.194.123 - - [20/Jun/2026:19:23:44 +0200] "GET /2026/05/09/pinco-online-kazino-pinko-2026-qaydalar-v-rtlr-zr-bldi5997-5/ HTTP/1.1" 200 0 "-" "Mozilla/5.0 (compatible; Barkrowler/0.9; +https://babbar.tech/crawler)"
217.113.194.228 - - [20/Jun/2026:19:24:14 +0200] "GET /2026/05/09/take-a-look-at-our-very-own-no-put-extra-checklist-to-discover-the-incentive-requirements-you-want/ HTTP/1.1" 200 0 "-" "Mozilla/5.0 (compatible; Barkrowler/0.9; +https://babbar.tech/crawler)"
217.113.194.227 - - [20/Jun/2026:19:24:59 +0200] "GET /2026/05/09/remember-withdrawal-restrictions-and-you-will-limits-on-the-winnings-regarding-no-deposit-bonuses-pertain/ HTTP/1.1" 200 0 "-" "Mozilla/5.0 (compatible; Barkrowler/0.9; +https://babbar.tech/crawler)"
128.1.218.165 - - [20/Jun/2026:19:25:06 +0200] "GET /2026/06/20/spielsaal-freispiele-abzuglich-einzahlung-2024-inside-deutschland/ HTTP/1.1" 200 0 "-" "Mozilla/5.0 (Windows NT 10.0; Win64; x64) AppleWebKit/537.36 (KHTML, like Gecko) Chrome/109.0.0.0 Safari/537.36"
146.70.226.85 - - [20/Jun/2026:19:25:41 +0200] "POST /xmlrpc.php HTTP/1.1" 200 5926 "-" "Mozilla/5.0 (Windows NT 10.0; Win64; x64) AppleWebKit/537.36 (KHTML, like Gecko) Chrome/114.0.0.0 Safari/537.36"
8.217.184.77 - - [20/Jun/2026:19:09:41 +0200] "GET /2026/04/30/slots-uma-vez-que-arame-contemporaneo-as-slots-50-rodadas-gratis-sem-deposito-cleopatra-que-mais-pagam-rtp-97/ HTTP/1.1" 200 0 "-" "AliyunSecBot/Aliyun (AliyunSecBot@service.alibaba.com)"
217.113.194.131 - - [20/Jun/2026:19:10:49 +0200] "GET /2026/05/27/gambling-games-with-better-chances-bets-which-have-greatest-odds-inside-gambling-enterprise-2026/ HTTP/1.1" 200 0 "-" "Mozilla/5.0 (compatible; Barkrowler/0.9; +https://babbar.tech/crawler)"
217.113.194.131 - - [20/Jun/2026:19:12:35 +0200] "GET /2026/05/12/juguetear-an-una-ruleta-vano-falto-limites-desprovisto-lanzar-ni-registrarse/ HTTP/1.1" 200 0 "-" "Mozilla/5.0 (compatible; Barkrowler/0.9; +https://babbar.tech/crawler)"
217.113.194.129 - - [20/Jun/2026:19:13:51 +0200] "GET /2026/04/05/ignition-knows-the-importance-of-satisfying-commitment-and-you-may-reveals-it-during-the-its-incentives/ HTTP/1.1" 200 0 "-" "Mozilla/5.0 (compatible; Barkrowler/0.9; +https://babbar.tech/crawler)"
217.113.194.227 - - [20/Jun/2026:19:16:08 +0200] "GET /2026/01/22/wolf-work-on-real-american-gold-poker-online-gambling-harbors-host-free-download-2026-free-igt-harbors/ HTTP/1.1" 200 0 "-" "Mozilla/5.0 (compatible; Barkrowler/0.9; +https://babbar.tech/crawler)"
217.113.194.122 - - [20/Jun/2026:19:16:54 +0200] "GET /2026/01/22/top-10-australian-casino-yukon-gold-no-deposit-bonus-codes-web-based-casinos-for-real-currency-game-2025/ HTTP/1.1" 200 0 "-" "Mozilla/5.0 (compatible; Barkrowler/0.9; +https://babbar.tech/crawler)"
217.113.194.131 - - [20/Jun/2026:19:18:55 +0200] "GET /2026/03/12/totally-free-revolves-harbors-best-totally-free-slots-which-have-slot-euro-golden-cup-extra-rounds/ HTTP/1.1" 200 0 "-" "Mozilla/5.0 (compatible; Barkrowler/0.9; +https://babbar.tech/crawler)"
217.113.194.130 - - [20/Jun/2026:19:20:11 +0200] "GET /2026/03/09/giochi-gratis-di-casino-online-20-000-free-demo-slot-slot-bonus-oscar-spin-ancora-seguente/ HTTP/1.1" 200 0 "-" "Mozilla/5.0 (compatible; Barkrowler/0.9; +https://babbar.tech/crawler)"
128.1.218.167 - - [20/Jun/2026:19:23:06 +0200] "POST /xmlrpc.php HTTP/1.1" 200 5926 "-" "Mozilla/5.0 (Windows NT 10.0; Win64; x64) AppleWebKit/537.36 (KHTML, like Gecko) Chrome/114.0.0.0 Safari/537.36"
128.1.218.165 - - [20/Jun/2026:19:23:05 +0200] "POST /xmlrpc.php HTTP/1.1" 200 5929 "-" "Mozilla/5.0 (Windows NT 10.0; Win64; x64) AppleWebKit/537.36 (KHTML, like Gecko) Chrome/114.0.0.0 Safari/537.36"
217.113.194.131 - - [20/Jun/2026:19:23:59 +0200] "GET /2026/05/09/pour-quelles-raisons-est-mon-lequel-ny-a-aucun-prime-salle-de-jeu-dans-belgique-du-decembre-2025/ HTTP/1.1" 200 0 "-" "Mozilla/5.0 (compatible; Barkrowler/0.9; +https://babbar.tech/crawler)"
65.21.228.101 - - [20/Jun/2026:19:24:58 +0200] "POST /wp-cron.php?doing_wp_cron=1781976298.1429240703582763671875 HTTP/1.1" 200 0 "-" "WordPress/7.0; https://themomotimes.com"
128.1.218.165 - - [20/Jun/2026:19:25:04 +0200] "POST /xmlrpc.php HTTP/1.1" 200 17249 "-" "Mozilla/5.0 (Windows NT 10.0; Win64; x64) AppleWebKit/537.36 (KHTML, like Gecko) Chrome/114.0.0.0 Safari/537.36"
217.113.194.124 - - [20/Jun/2026:19:25:15 +0200] "GET /2026/05/09/then-you-should-be-in-a-position-to-select-the-right-gambling-establishment-for-you-without-difficulty/ HTTP/1.1" 200 0 "-" "Mozilla/5.0 (compatible; Barkrowler/0.9; +https://babbar.tech/crawler)"
146.70.226.22 - - [20/Jun/2026:19:09:33 +0200] "POST /xmlrpc.php HTTP/1.1" 200 14817 "-" "Mozilla/5.0 (Windows NT 10.0; Win64; x64) AppleWebKit/537.36 (KHTML, like Gecko) Chrome/114.0.0.0 Safari/537.36"
146.70.226.22 - - [20/Jun/2026:19:09:39 +0200] "GET /2026/06/20/no-es-la-opcion-mas-conveniente-en-bonos-falto-deposito-casino-puesto-que-las-esencia-resultan-un-poco-alarmantes/ HTTP/1.1" 200 0 "-" "Mozilla/5.0 (Windows NT 10.0; rv:109.0) Gecko/20100101 Firefox/115.0"
146.70.226.22 - - [20/Jun/2026:19:09:39 +0200] "POST /xmlrpc.php HTTP/1.1" 200 5926 "-" "Mozilla/5.0 (Windows NT 10.0; Win64; x64) AppleWebKit/537.36 (KHTML, like Gecko) Chrome/114.0.0.0 Safari/537.36"
217.113.194.123 - - [20/Jun/2026:19:17:24 +0200] "GET /2026/02/23/better-totally-free-spins-crazy-monkey-2-slot-machines-you-2026-put-no-deposit-incentives/ HTTP/1.1" 200 0 "-" "Mozilla/5.0 (compatible; Barkrowler/0.9; +https://babbar.tech/crawler)"
217.113.194.126 - - [20/Jun/2026:19:21:27 +0200] "GET /2026/03/18/no-deposit-uk-live-roulette-100-percent-free-spins-2026-ukgc-registered-web-sites-merely/ HTTP/1.1" 200 0 "-" "Mozilla/5.0 (compatible; Barkrowler/0.9; +https://babbar.tech/crawler)"
217.113.194.248 - - [20/Jun/2026:19:22:43 +0200] "GET /2026/01/27/better-online-casinos-australia-better-0-paylines-slot-game-machines-aussie-gaming-websites-2026/ HTTP/1.1" 200 0 "-" "Mozilla/5.0 (compatible; Barkrowler/0.9; +https://babbar.tech/crawler)"
128.1.218.167 - - [20/Jun/2026:19:22:57 +0200] "POST /xmlrpc.php HTTP/1.1" 200 21982 "-" "Mozilla/5.0 (Windows NT 10.0; Win64; x64) AppleWebKit/537.36 (KHTML, like Gecko) Chrome/114.0.0.0 Safari/537.36"
65.21.228.101 - - [20/Jun/2026:19:23:29 +0200] "POST /wp-cron.php?doing_wp_cron=1781976209.2120790481567382812500 HTTP/1.1" 200 0 "-" "WordPress/7.0; https://themomotimes.com"
128.1.218.165 - - [20/Jun/2026:19:23:55 +0200] "POST /xmlrpc.php HTTP/1.1" 200 17400 "-" "Mozilla/5.0 (Windows NT 10.0; Win64; x64) AppleWebKit/537.36 (KHTML, like Gecko) Chrome/114.0.0.0 Safari/537.36"
128.1.218.165 - - [20/Jun/2026:19:23:57 +0200] "GET /2026/06/20/6-beste-puertoricanische-dating/ HTTP/1.1" 200 0 "-" "Mozilla/5.0 (Windows NT 10.0; Win64; x64; rv:125.0) Gecko/20100101 Firefox/125.0"
146.70.226.85 - - [20/Jun/2026:19:25:41 +0200] "GET /2026/06/20/um-dasjenige-umsonst-startguthaben-zu-behuten-sollten-diese-etliche-wichtige-aktion-merken/ HTTP/1.1" 200 0 "-" "Mozilla/5.0 (Windows NT 10.0; Win64; x64) AppleWebKit/537.36 (KHTML, like Gecko) Chrome/124.0.0.0 Safari/537.36 Edg/124.0.0.0"
217.113.194.228 - - [20/Jun/2026:19:10:34 +0200] "GET /2026/05/27/on-x-casino-bonusy-i-akcii-dlia-novyx-i-postoiannyx-igrokov784-4/ HTTP/1.1" 200 0 "-" "Mozilla/5.0 (compatible; Barkrowler/0.9; +https://babbar.tech/crawler)"
217.113.194.128 - - [20/Jun/2026:19:11:50 +0200] "GET /2026/03/25/and-ethereum-is-one-of-the-leading-digital-currencies-switching-the-face-away-from-gambling-on-line/ HTTP/1.1" 200 0 "-" "Mozilla/5.0 (compatible; Barkrowler/0.9; +https://babbar.tech/crawler)"
217.113.194.126 - - [20/Jun/2026:19:14:36 +0200] "GET /2026/04/05/we-have-been-a-portal-based-by-the-participants-to-possess-people-in-which-faith-is-what-you/ HTTP/1.1" 200 0 "-" "Mozilla/5.0 (compatible; Barkrowler/0.9; +https://babbar.tech/crawler)"
217.113.194.122 - - [20/Jun/2026:19:15:38 +0200] "GET /2026/01/16/trendy-fruits-video-slot-to-play-free-casino-bingo-billions-within-the-playtechs-online-gambling-enterprises/ HTTP/1.1" 200 0 "-" "Mozilla/5.0 (compatible; Barkrowler/0.9; +https://babbar.tech/crawler)"
217.113.194.227 - - [20/Jun/2026:19:15:53 +0200] "GET /2026/01/21/arrivees-pour-affirmer-la-securite-vos-precisions-tous-les-champions-en-ce-qui-concerne-le-portail-en-france/ HTTP/1.1" 200 0 "-" "Mozilla/5.0 (compatible; Barkrowler/0.9; +https://babbar.tech/crawler)"
47.82.11.56 - - [20/Jun/2026:19:17:13 +0200] "GET /2026/02/27/beste-echtgeld-slot-pyramid-king-erreichbar-casinos-in-deutschland-2026/ HTTP/1.1" 200 0 "https://themomotimes.com/" "Mozilla/5.0 (Macintosh; Intel Mac OS X 10_15_7) AppleWebKit/605.1.15 (KHTML, like Gecko) Version/18.3.1 Safari/605.1.15"
217.113.194.227 - - [20/Jun/2026:19:21:42 +0200] "GET /2026/03/18/jack-birds-on-a-wire-slot-for-money-as-well-as-the-beanstalk-position-review-free-enjoy-trial-games/ HTTP/1.1" 200 0 "-" "Mozilla/5.0 (compatible; Barkrowler/0.9; +https://babbar.tech/crawler)"
217.113.194.126 - - [20/Jun/2026:19:23:28 +0200] "GET /2026/05/09/sfida-entro-slot-ricompensa-senza-contare-base-10-euro-anche-seguente-importi/ HTTP/1.1" 200 0 "-" "Mozilla/5.0 (compatible; Barkrowler/0.9; +https://babbar.tech/crawler)"
65.21.228.101 - - [20/Jun/2026:19:23:49 +0200] "POST /wp-cron.php?doing_wp_cron=1781976229.1705489158630371093750 HTTP/1.1" 200 0 "-" "WordPress/7.0; https://themomotimes.com"
217.113.194.125 - - [20/Jun/2026:19:24:44 +0200] "GET /2026/05/09/die-mythic-maiden-1-kaution-besten-freispiele-ohne-einzahlung-2026-aktualisiert/ HTTP/1.1" 200 0 "-" "Mozilla/5.0 (compatible; Barkrowler/0.9; +https://babbar.tech/crawler)"
217.113.194.127 - - [20/Jun/2026:19:26:15 +0200] "GET /2026/04/09/no-necesitara-liberar-las-superiores-juegos-sobre-casino-vano-para-gozar-de-los-caballeros/ HTTP/1.1" 200 0 "-" "Mozilla/5.0 (compatible; Barkrowler/0.9; +https://babbar.tech/crawler)"
17.22.253.227 - - [20/Jun/2026:19:26:18 +0200] "GET /robots.txt HTTP/2" 200 155 "-" "Mozilla/5.0 (Macintosh; Intel Mac OS X 10_15_7) AppleWebKit/605.1.15 (KHTML, like Gecko) Version/17.4 Safari/605.1.15 (Applebot/0.1; +http://www.apple.com/go/applebot)"
17.22.253.227 - - [20/Jun/2026:19:26:18 +0200] "GET /2026/05/07/was-auch-immer-einige-mit-legale-deutsche-verbunden-casinos-innehaben-unsereins-inoffizieller-mitarbeiter-nachfolgenden-artikel-fur-dich-vereint/ HTTP/2" 200 0 "-" "Mozilla/5.0 (Macintosh; Intel Mac OS X 10_15_7) AppleWebKit/605.1.15 (KHTML, like Gecko) Version/17.4 Safari/605.1.15 (Applebot/0.1; +http://www.apple.com/go/applebot)"
217.113.194.124 - - [20/Jun/2026:19:26:30 +0200] "GET /2026/04/09/casino-32red-no-deposit-bonus-codes-2023-totally-free-spins-to-own-us-participants-2026/ HTTP/1.1" 200 0 "-" "Mozilla/5.0 (compatible; Barkrowler/0.9; +https://babbar.tech/crawler)"
217.113.194.122 - - [20/Jun/2026:19:28:17 +0200] "GET /2026/04/10/bepalingen-5-b-vp-beroepsorganisatie-voordat-onderwijzers-wegens-bedrijfsoverdracht/ HTTP/1.1" 200 0 "-" "Mozilla/5.0 (compatible; Barkrowler/0.9; +https://babbar.tech/crawler)"
185.252.223.20 - - [20/Jun/2026:19:28:57 +0200] "POST /xmlrpc.php HTTP/1.1" 200 5926 "-" "Mozilla/5.0 (Windows NT 10.0; Win64; x64) AppleWebKit/537.36 (KHTML, like Gecko) Chrome/114.0.0.0 Safari/537.36"
217.113.194.130 - - [20/Jun/2026:19:31:03 +0200] "GET /2026/03/11/whore-pompsie-and-you-may-greta-sereni-girlfriend-web-really-influential-link-worth-ages/ HTTP/1.1" 200 0 "-" "Mozilla/5.0 (compatible; Barkrowler/0.9; +https://babbar.tech/crawler)"
217.113.194.123 - - [20/Jun/2026:19:31:34 +0200] "GET /2026/02/07/thunderstruck-slots-opinion-2026-which-have-a-good-tenone-hundred-thousand-money-jackpot/ HTTP/1.1" 200 0 "-" "Mozilla/5.0 (compatible; Barkrowler/0.9; +https://babbar.tech/crawler)"
217.113.194.124 - - [20/Jun/2026:19:35:06 +0200] "GET /2026/05/14/casino-inte-me-registrering-nya-and-ultimat-casinon-inte-med-konto-undersoka-platsen-2023/ HTTP/1.1" 200 0 "-" "Mozilla/5.0 (compatible; Barkrowler/0.9; +https://babbar.tech/crawler)"
65.21.228.101 - - [20/Jun/2026:19:35:48 +0200] "POST /wp-cron.php?doing_wp_cron=1781976948.1511518955230712890625 HTTP/1.1" 200 0 "-" "WordPress/7.0; https://themomotimes.com"
217.113.194.131 - - [20/Jun/2026:19:37:07 +0200] "GET /2026/01/20/online-slots-games-a-real-starlight-kiss-rtp-casino-income-no-deposit-a-hundred-no-deposit-bonus/ HTTP/1.1" 200 0 "-" "Mozilla/5.0 (compatible; Barkrowler/0.9; +https://babbar.tech/crawler)"
217.113.194.130 - - [20/Jun/2026:19:37:38 +0200] "GET /2026/01/20/twin-twist-slot-50-free-spins-no-deposit-machine-gamble-free-position-game-by-the-netent-zero-download/ HTTP/1.1" 200 0 "-" "Mozilla/5.0 (compatible; Barkrowler/0.9; +https://babbar.tech/crawler)"
57.128.22.95 - - [20/Jun/2026:19:40:43 +0200] "GET /2026/06/09/betalright-casino-einzahlungsoptionen-19/ HTTP/1.1" 200 0 "https://themomotimes.com/" "Mozilla/5.0 (X11; Ubuntu; Linux x86_64; rv:148.0) Gecko/20100101 Firefox/148.0"
217.113.194.128 - - [20/Jun/2026:19:26:46 +0200] "GET /2026/04/09/%D9%85%D9%84%D8%A7%D8%AD%D8%B8%D8%A9-%D9%85%D9%88%D9%82%D9%81-thunderstruck-ii/ HTTP/1.1" 200 0 "-" "Mozilla/5.0 (compatible; Barkrowler/0.9; +https://babbar.tech/crawler)"
217.113.194.130 - - [20/Jun/2026:19:27:46 +0200] "GET /2026/03/04/20-freispiele-exklusive-einzahlung-aktuelle-register-vulkanbet-affiliate-login-februar-2026/ HTTP/1.1" 200 0 "-" "Mozilla/5.0 (compatible; Barkrowler/0.9; +https://babbar.tech/crawler)"
217.113.194.126 - - [20/Jun/2026:19:31:49 +0200] "GET /2026/03/14/slots-tillsamman-hogst-rtp-uppdaterad-fortecknin-med-samtliga-slots/ HTTP/1.1" 200 0 "-" "Mozilla/5.0 (compatible; Barkrowler/0.9; +https://babbar.tech/crawler)"
200.25.47.134 - - [20/Jun/2026:19:34:00 +0200] "POST /xmlrpc.php HTTP/1.1" 200 5929 "-" "Mozilla/5.0 (Windows NT 10.0; Win64; x64) AppleWebKit/537.36 (KHTML, like Gecko) Chrome/114.0.0.0 Safari/537.36"
200.25.47.134 - - [20/Jun/2026:19:34:51 +0200] "POST /xmlrpc.php HTTP/1.1" 200 17582 "-" "Mozilla/5.0 (Windows NT 10.0; Win64; x64) AppleWebKit/537.36 (KHTML, like Gecko) Chrome/114.0.0.0 Safari/537.36"
217.113.194.125 - - [20/Jun/2026:19:38:38 +0200] "GET /2026/01/20/top-casino-exclusive-free-spins-ten-usa-web-based-casinos-for-real-currency-gambling-within-the-2026/ HTTP/1.1" 200 0 "-" "Mozilla/5.0 (compatible; Barkrowler/0.9; +https://babbar.tech/crawler)"
217.113.194.126 - - [20/Jun/2026:19:39:09 +0200] "GET /2026/03/20/eppure-avvenimento-significa-non-rispettare-le-tempistiche-di-principio-del-premio/ HTTP/1.1" 200 0 "-" "Mozilla/5.0 (compatible; Barkrowler/0.9; +https://babbar.tech/crawler)"
217.113.194.248 - - [20/Jun/2026:19:42:11 +0200] "GET /2026/04/04/pick-and-that-bonuses-can-be-found-in-2025-and-the-ways-to-do-their-gift-ideas-because-of-the-quinn/ HTTP/1.1" 200 0 "-" "Mozilla/5.0 (compatible; Barkrowler/0.9; +https://babbar.tech/crawler)"
217.113.194.228 - - [20/Jun/2026:19:42:41 +0200] "GET /2026/02/09/otchego-vnutrennie-vpechatlenija-intensifitsirujut-ljubopytstvo/ HTTP/1.1" 200 0 "-" "Mozilla/5.0 (compatible; Barkrowler/0.9; +https://babbar.tech/crawler)"
217.113.194.227 - - [20/Jun/2026:19:42:56 +0200] "GET /2026/02/08/best-100-percent-free-revolves-bonuses-no-deposit-at-the-you-s-gambling-enterprises-january-2026/ HTTP/1.1" 200 0 "-" "Mozilla/5.0 (compatible; Barkrowler/0.9; +https://babbar.tech/crawler)"
217.113.194.128 - - [20/Jun/2026:19:27:01 +0200] "GET /2026/04/09/online-casino-mr-green-80-freie-spins-blackjack-boni-strategien-ferner-vieles-weitere-2026/ HTTP/1.1" 200 0 "-" "Mozilla/5.0 (compatible; Barkrowler/0.9; +https://babbar.tech/crawler)"
47.82.11.2 - - [20/Jun/2026:19:28:10 +0200] "GET /2026/03/06/kasino-freispiele-heutig-casino-gewinnen-echtes-geld-and-ohne-einzahlung/ HTTP/1.1" 200 0 "https://themomotimes.com/" "Mozilla/5.0 (Macintosh; Intel Mac OS X 10_15_7) AppleWebKit/605.1.15 (KHTML, like Gecko) Version/18.3.1 Safari/605.1.15"
217.113.194.131 - - [20/Jun/2026:19:28:32 +0200] "GET /2026/04/12/the-utmost-limitations-can-go-up-to-around-50000-however-it-relies-on-the-fresh-new-user/ HTTP/1.1" 200 0 "-" "Mozilla/5.0 (compatible; Barkrowler/0.9; +https://babbar.tech/crawler)"
217.113.194.125 - - [20/Jun/2026:19:30:03 +0200] "GET /2026/01/29/sic-bo-online-rulla-tarningarna-och-vinn-stort-en-guide-for-er-som-alskar-spanning/ HTTP/1.1" 200 0 "-" "Mozilla/5.0 (compatible; Barkrowler/0.9; +https://babbar.tech/crawler)"
217.113.194.122 - - [20/Jun/2026:19:33:05 +0200] "GET /2026/03/28/rodadas-acostumado-uma-vez-que-os-melhores-atividade-de-portugal-acimade-2026/ HTTP/1.1" 200 0 "-" "Mozilla/5.0 (compatible; Barkrowler/0.9; +https://babbar.tech/crawler)"
65.21.228.101 - - [20/Jun/2026:19:34:44 +0200] "POST /wp-cron.php?doing_wp_cron=1781976884.8039240837097167968750 HTTP/1.1" 200 0 "-" "WordPress/7.0; https://themomotimes.com"
217.113.194.228 - - [20/Jun/2026:19:36:07 +0200] "GET /2026/03/30/kararli-kararlar-alin-basari-icin-kumar-stratejinizi-analiz-edin-2/ HTTP/1.1" 200 0 "-" "Mozilla/5.0 (compatible; Barkrowler/0.9; +https://babbar.tech/crawler)"
200.25.47.134 - - [20/Jun/2026:19:35:59 +0200] "POST /xmlrpc.php HTTP/1.1" 200 5926 "-" "Mozilla/5.0 (Windows NT 10.0; Win64; x64) AppleWebKit/537.36 (KHTML, like Gecko) Chrome/114.0.0.0 Safari/537.36"
65.21.110.111 - - [20/Jun/2026:19:36:29 +0200] "POST /xmlrpc.php HTTP/1.1" 200 1932 "-" "Mozilla/5.0 (Windows NT 10.0; Win64; x64) AppleWebKit/537.36 (KHTML, like Gecko) Chrome/108.0.0.0 Safari/537.36"
217.113.194.129 - - [20/Jun/2026:19:36:37 +0200] "GET /2026/03/30/transfer-to-the-new-a-full-world-of-possibility-and-you-may-excellent-profits-which-have-luck-88-slot/ HTTP/1.1" 200 0 "-" "Mozilla/5.0 (compatible; Barkrowler/0.9; +https://babbar.tech/crawler)"
217.113.194.124 - - [20/Jun/2026:19:36:52 +0200] "GET /2026/03/30/these-demonstration-products-are-like-good-for-experimenting-with-a-game-title-before-betting-cash-with-it/ HTTP/1.1" 200 0 "-" "Mozilla/5.0 (compatible; Barkrowler/0.9; +https://babbar.tech/crawler)"
217.113.194.131 - - [20/Jun/2026:19:38:54 +0200] "GET /2026/03/20/netbet-ofera-un-plus-popular-cu-noii-utilizatori-cu-250-din-tambur-gratuite/ HTTP/1.1" 200 0 "-" "Mozilla/5.0 (compatible; Barkrowler/0.9; +https://babbar.tech/crawler)"
217.113.194.131 - - [20/Jun/2026:19:39:39 +0200] "GET /2026/04/28/credit-card-casinos-dont-need-membership-confirmation-should-you-want-to-log-in-and-you-can-deposit-currency/ HTTP/1.1" 200 0 "-" "Mozilla/5.0 (compatible; Barkrowler/0.9; +https://babbar.tech/crawler)"
217.113.194.228 - - [20/Jun/2026:19:39:54 +0200] "GET /2026/04/28/on-the-internet-pokies-australian-continent-2026-gamble-real-cash-and-you-will-totally-free-pokies/ HTTP/1.1" 200 0 "-" "Mozilla/5.0 (compatible; Barkrowler/0.9; +https://babbar.tech/crawler)"
57.128.22.95 - - [20/Jun/2026:19:40:42 +0200] "GET /2026/06/09/betalright-casino-einzahlungsoptionen-19/ HTTP/1.1" 200 0 "https://themomotimes.com/" "Mozilla/5.0 (X11; Ubuntu; Linux x86_64; rv:148.0) Gecko/20100101 Firefox/148.0"
217.113.194.125 - - [20/Jun/2026:19:40:55 +0200] "GET /2026/03/26/lequel-sont-les-ecellents-jeu-en-leurs-casinos-quelque-peu-habitants-de-lhexagone/ HTTP/1.1" 200 0 "-" "Mozilla/5.0 (compatible; Barkrowler/0.9; +https://babbar.tech/crawler)"
217.113.194.123 - - [20/Jun/2026:19:41:56 +0200] "GET /2026/05/18/echtes-piepen-glucksspiel-unter-einer-vollwertig-sicheren-gangbar-seite/ HTTP/1.1" 200 0 "-" "Mozilla/5.0 (compatible; Barkrowler/0.9; +https://babbar.tech/crawler)"
185.252.223.20 - - [20/Jun/2026:19:28:56 +0200] "POST /xmlrpc.php HTTP/1.1" 200 16304 "-" "Mozilla/5.0 (Windows NT 10.0; Win64; x64) AppleWebKit/537.36 (KHTML, like Gecko) Chrome/114.0.0.0 Safari/537.36"
185.252.223.20 - - [20/Jun/2026:19:28:57 +0200] "GET /2026/06/20/przykladowo-hazardzisci-to-zrobi-zeby-l-darmowych-spinow-posiadania-dokonanie-wplaty-w-sprawie-punkty-widzenia-l-zlotych/ HTTP/1.1" 200 0 "-" "Mozilla/5.0 (Windows NT 10.0; Win64; x64) AppleWebKit/537.36 (KHTML, like Gecko) Chrome/123.0.0.0 Safari/537.36"
217.113.194.129 - - [20/Jun/2026:19:29:32 +0200] "GET /2026/04/07/discover-an-app-certain-put-alternatives-and-confirmation-isnt-as-challenging-because-the-somewhere-else/ HTTP/1.1" 200 0 "-" "Mozilla/5.0 (compatible; Barkrowler/0.9; +https://babbar.tech/crawler)"
217.113.194.131 - - [20/Jun/2026:19:30:48 +0200] "GET /2026/03/11/bucks-splash-pokie-review-in-which-and-the-ways-to-wager-habanero-gaming-software-genuine-money/ HTTP/1.1" 200 0 "-" "Mozilla/5.0 (compatible; Barkrowler/0.9; +https://babbar.tech/crawler)"
65.21.228.101 - - [20/Jun/2026:19:30:49 +0200] "POST /wp-cron.php?doing_wp_cron=1781976649.9819750785827636718750 HTTP/1.1" 200 0 "-" "WordPress/7.0; https://themomotimes.com"
103.219.169.183 - - [20/Jun/2026:19:30:59 +0200] "POST /xmlrpc.php HTTP/1.1" 200 5926 "-" "Mozilla/5.0 (Windows NT 10.0; Win64; x64) AppleWebKit/537.36 (KHTML, like Gecko) Chrome/114.0.0.0 Safari/537.36"
217.113.194.126 - - [20/Jun/2026:19:32:04 +0200] "GET /2026/05/17/20-kasino-freispiele-within-eintragung-%EF%B8%8F-mai-book-of-ra-gold-casino-2026/ HTTP/1.1" 200 0 "-" "Mozilla/5.0 (compatible; Barkrowler/0.9; +https://babbar.tech/crawler)"
217.113.194.125 - - [20/Jun/2026:19:33:20 +0200] "GET /2026/03/28/members-should-expect-to-acquire-numerous-templates-appearances-featuring-one-to-cater-to-diverse-choices/ HTTP/1.1" 200 0 "-" "Mozilla/5.0 (compatible; Barkrowler/0.9; +https://babbar.tech/crawler)"
217.113.194.128 - - [20/Jun/2026:19:33:35 +0200] "GET /2026/03/28/a-great-propos-de-la-license-ainsi-que-de-los-angeles-responsabilite-de-mr-james-gambling-enterprise/ HTTP/1.1" 200 0 "-" "Mozilla/5.0 (compatible; Barkrowler/0.9; +https://babbar.tech/crawler)"
217.113.194.227 - - [20/Jun/2026:19:35:52 +0200] "GET /2026/05/14/most-readily-useful-real-cash-casinos-in-the-united-kingdom-earn-currency-to-play-casino-games-on-the-web/ HTTP/1.1" 200 0 "-" "Mozilla/5.0 (compatible; Barkrowler/0.9; +https://babbar.tech/crawler)"
146.70.226.22 - - [20/Jun/2026:19:35:58 +0200] "POST /xmlrpc.php HTTP/1.1" 200 5929 "-" "Mozilla/5.0 (Windows NT 10.0; Win64; x64) AppleWebKit/537.36 (KHTML, like Gecko) Chrome/114.0.0.0 Safari/537.36"
146.70.226.22 - - [20/Jun/2026:19:36:50 +0200] "POST /xmlrpc.php HTTP/1.1" 200 16458 "-" "Mozilla/5.0 (Windows NT 10.0; Win64; x64) AppleWebKit/537.36 (KHTML, like Gecko) Chrome/114.0.0.0 Safari/537.36"
146.70.226.22 - - [20/Jun/2026:19:36:54 +0200] "GET /2026/06/20/las-estandares-son-treinta-lineas-sobre-pago-y-no-ha-transpirado-243-sistemas-sin-embargo-existen-muy-grandes-alternativas/ HTTP/1.1" 200 0 "-" "Mozilla/5.0 (Windows NT 10.0; Win64; x64) AppleWebKit/537.36 (KHTML, like Gecko) Chrome/123.0.0.0 Safari/537.36"
146.70.226.22 - - [20/Jun/2026:19:36:54 +0200] "POST /xmlrpc.php HTTP/1.1" 200 5926 "-" "Mozilla/5.0 (Windows NT 10.0; Win64; x64) AppleWebKit/537.36 (KHTML, like Gecko) Chrome/114.0.0.0 Safari/537.36"
217.113.194.228 - - [20/Jun/2026:19:41:25 +0200] "GET /2026/05/18/theyve-been-one-of-the-most-prominent-no-deposit-offers-and-usually-apply-to-selected-ports/ HTTP/1.1" 200 0 "-" "Mozilla/5.0 (compatible; Barkrowler/0.9; +https://babbar.tech/crawler)"
103.219.169.183 - - [20/Jun/2026:19:30:56 +0200] "POST /xmlrpc.php HTTP/1.1" 200 17596 "-" "Mozilla/5.0 (Windows NT 10.0; Win64; x64) AppleWebKit/537.36 (KHTML, like Gecko) Chrome/114.0.0.0 Safari/537.36"
217.113.194.126 - - [20/Jun/2026:19:31:19 +0200] "GET /2026/03/11/coping-with-entain-lovers-has-been-an-outright-fulfillment-for-our-associate-people-at-the-casino-aams/ HTTP/1.1" 200 0 "-" "Mozilla/5.0 (compatible; Barkrowler/0.9; +https://babbar.tech/crawler)"
217.113.194.126 - - [20/Jun/2026:19:33:50 +0200] "GET /2026/05/14/comme-tenter-bien-nos-code-promo-a-l%EF%BF%BDegard-de-recompense-a-l%EF%BF%BDexclusion-de-classe/ HTTP/1.1" 200 0 "-" "Mozilla/5.0 (compatible; Barkrowler/0.9; +https://babbar.tech/crawler)"
217.113.194.131 - - [20/Jun/2026:19:34:36 +0200] "GET /2026/05/14/fafafa-2-slot-big-panda-slot-free-spins-remark-a-1-reel-position-you-have-to-see/ HTTP/1.1" 200 0 "-" "Mozilla/5.0 (compatible; Barkrowler/0.9; +https://babbar.tech/crawler)"
200.25.47.134 - - [20/Jun/2026:19:34:54 +0200] "POST /xmlrpc.php HTTP/1.1" 200 5926 "-" "Mozilla/5.0 (Windows NT 10.0; Win64; x64) AppleWebKit/537.36 (KHTML, like Gecko) Chrome/114.0.0.0 Safari/537.36"
200.25.47.134 - - [20/Jun/2026:19:35:03 +0200] "POST /xmlrpc.php HTTP/1.1" 200 5929 "-" "Mozilla/5.0 (Windows NT 10.0; Win64; x64) AppleWebKit/537.36 (KHTML, like Gecko) Chrome/114.0.0.0 Safari/537.36"
217.113.194.124 - - [20/Jun/2026:19:36:22 +0200] "GET /2026/03/30/lucky-days-kasino-oesterreich-eye-of-horus-slot-jackpot-2026-provision-1000-100fs/ HTTP/1.1" 200 0 "-" "Mozilla/5.0 (compatible; Barkrowler/0.9; +https://babbar.tech/crawler)"
65.21.110.111 - - [20/Jun/2026:19:36:05 +0200] "POST /xmlrpc.php HTTP/1.1" 200 1937 "-" "Mozilla/5.0 (Windows NT 10.0; Win64; x64) AppleWebKit/537.36 (KHTML, like Gecko) Chrome/108.0.0.0 Safari/537.36"
217.113.194.129 - - [20/Jun/2026:19:37:23 +0200] "GET /2026/01/20/sporting-events-the-finer-reels-of-life-slot-bonus-treatments-ny-discomfort-professional-ny/ HTTP/1.1" 200 0 "-" "Mozilla/5.0 (compatible; Barkrowler/0.9; +https://babbar.tech/crawler)"
217.113.194.124 - - [20/Jun/2026:19:40:25 +0200] "GET /2026/03/26/samba-slots-e-con-rso-tumulto-non-aams-sicuri-sopra-concessione-curacao-gaming/ HTTP/1.1" 200 0 "-" "Mozilla/5.0 (compatible; Barkrowler/0.9; +https://babbar.tech/crawler)"
217.113.194.126 - - [20/Jun/2026:19:40:40 +0200] "GET /2026/03/26/exactly-how-volatility-impacts-appreciate-within-the-with-the-range-gambling-enterprise-las-vegas-ports/ HTTP/1.1" 200 0 "-" "Mozilla/5.0 (compatible; Barkrowler/0.9; +https://babbar.tech/crawler)"
217.113.194.124 - - [20/Jun/2026:19:42:26 +0200] "GET /2026/02/09/ultra-hot-deluxe-maquina-tragamonedas-regalado-online-funciona-para-divertirte-novomatic/ HTTP/1.1" 200 0 "-" "Mozilla/5.0 (compatible; Barkrowler/0.9; +https://babbar.tech/crawler)"
217.113.194.127 - - [20/Jun/2026:19:27:16 +0200] "GET /2026/05/05/massachusetts-gambling-enterprises-in-addition-to-biggest-local-casino-urban-area-when-you-look-at-the-massachusetts/ HTTP/1.1" 200 0 "-" "Mozilla/5.0 (compatible; Barkrowler/0.9; +https://babbar.tech/crawler)"
217.113.194.128 - - [20/Jun/2026:19:27:31 +0200] "GET /2026/03/04/150-spielsaal-pramie-quick-win-deutschland-app-jedweder-aktuellen-angebote-2026/ HTTP/1.1" 200 0 "-" "Mozilla/5.0 (compatible; Barkrowler/0.9; +https://babbar.tech/crawler)"
217.113.194.127 - - [20/Jun/2026:19:28:01 +0200] "GET /2026/04/10/leovegas-casino-com-anmelden-bonus-bericht-2026-up-to-100percent-welcome-maklercourtage/ HTTP/1.1" 200 0 "-" "Mozilla/5.0 (compatible; Barkrowler/0.9; +https://babbar.tech/crawler)"
103.219.169.183 - - [20/Jun/2026:19:30:04 +0200] "POST /xmlrpc.php HTTP/1.1" 200 5929 "-" "Mozilla/5.0 (Windows NT 10.0; Win64; x64) AppleWebKit/537.36 (KHTML, like Gecko) Chrome/114.0.0.0 Safari/537.36"
217.113.194.128 - - [20/Jun/2026:19:34:21 +0200] "GET /2026/05/14/playn-go-represente-une-autre-entreprise-suedoise-lan-nt-leurs-ordinaires-joue-position-de-canada/ HTTP/1.1" 200 0 "-" "Mozilla/5.0 (compatible; Barkrowler/0.9; +https://babbar.tech/crawler)"
217.113.194.131 - - [20/Jun/2026:19:35:36 +0200] "GET /2026/05/14/greatest-new-iphone-rich-80-free-spins-casino-no-deposit-4-local-casino-cellular-software-2026/ HTTP/1.1" 200 0 "-" "Mozilla/5.0 (compatible; Barkrowler/0.9; +https://babbar.tech/crawler)"
200.25.47.134 - - [20/Jun/2026:19:35:54 +0200] "POST /xmlrpc.php HTTP/1.1" 200 20982 "-" "Mozilla/5.0 (Windows NT 10.0; Win64; x64) AppleWebKit/537.36 (KHTML, like Gecko) Chrome/114.0.0.0 Safari/537.36"
65.21.228.101 - - [20/Jun/2026:19:36:44 +0200] "POST /wp-cron.php?doing_wp_cron=1781977004.0381689071655273437500 HTTP/1.1" 200 0 "-" "WordPress/7.0; https://themomotimes.com"
217.113.194.126 - - [20/Jun/2026:19:37:53 +0200] "GET /2026/01/20/log-on-invited-bonus-eight-hundred-as-much-as-800-gem-splash-rainbows-gift-casino-eur/ HTTP/1.1" 200 0 "-" "Mozilla/5.0 (compatible; Barkrowler/0.9; +https://babbar.tech/crawler)"
217.113.194.248 - - [20/Jun/2026:19:38:08 +0200] "GET /2026/01/20/10-pokies-tips-the-pupil-magic-stone-slot-rtp-should-become-aware-of-rtp-bonuses-and/ HTTP/1.1" 200 0 "-" "Mozilla/5.0 (compatible; Barkrowler/0.9; +https://babbar.tech/crawler)"
217.113.194.125 - - [20/Jun/2026:19:38:23 +0200] "GET /2026/01/20/100-casino-golden-lion-legit-deposit-added-bonus-uk-set-of-one-hundred-casino-incentives/ HTTP/1.1" 200 0 "-" "Mozilla/5.0 (compatible; Barkrowler/0.9; +https://babbar.tech/crawler)"
5.157.0.111 - - [20/Jun/2026:19:39:00 +0200] "GET /2026/05/20/sankra-casino-decouvrez-les-secrets-2/ HTTP/1.1" 200 0 "https://themomotimes.com/" "Mozilla/5.0 (Macintosh; Intel Mac OS X 10_15_7) AppleWebKit/605.1.15 (KHTML, like Gecko)"
217.113.194.126 - - [20/Jun/2026:19:39:24 +0200] "GET /2026/03/20/gratifica-escludendo-fondo-2026-trattato-completa-verso-i-giocatori-italiani/ HTTP/1.1" 200 0 "-" "Mozilla/5.0 (compatible; Barkrowler/0.9; +https://babbar.tech/crawler)"
217.113.194.122 - - [20/Jun/2026:19:40:09 +0200] "GET /2026/03/26/lelegezd-be-a-nyeres-izgalmat-es-lepj-be-a-kaszino-vilagaba/ HTTP/1.1" 200 0 "-" "Mozilla/5.0 (compatible; Barkrowler/0.9; +https://babbar.tech/crawler)"
217.113.194.126 - - [20/Jun/2026:19:43:11 +0200] "GET /2026/01/25/beste-verbunden-casinos-exklusive-bankkonto-casino-mit-google-play-2026-exklusive-registration/ HTTP/1.1" 200 0 "-" "Mozilla/5.0 (compatible; Barkrowler/0.9; +https://babbar.tech/crawler)"
65.21.228.101 - - [20/Jun/2026:19:28:51 +0200] "POST /wp-cron.php?doing_wp_cron=1781976531.4966139793395996093750 HTTP/1.1" 200 0 "-" "WordPress/7.0; https://themomotimes.com"
185.252.223.20 - - [20/Jun/2026:19:28:07 +0200] "POST /xmlrpc.php HTTP/1.1" 200 5929 "-" "Mozilla/5.0 (Windows NT 10.0; Win64; x64) AppleWebKit/537.36 (KHTML, like Gecko) Chrome/114.0.0.0 Safari/537.36"
217.113.194.128 - - [20/Jun/2026:19:29:02 +0200] "GET /2026/01/26/forest-jim-el-dorado-roulettino-registration-slot-remark-casinos-rigged-or-safer/ HTTP/1.1" 200 0 "-" "Mozilla/5.0 (compatible; Barkrowler/0.9; +https://babbar.tech/crawler)"
217.113.194.131 - - [20/Jun/2026:19:29:48 +0200] "GET /2026/01/29/casino-freispiele-lord-of-the-sun-slot-exklusive-einzahlung-free-spins-kostenfrei-2026/ HTTP/1.1" 200 0 "-" "Mozilla/5.0 (compatible; Barkrowler/0.9; +https://babbar.tech/crawler)"
217.113.194.129 - - [20/Jun/2026:19:30:18 +0200] "GET /2026/03/11/tragaperras-novedosas-2026-tragamonedas-regalado-mayormente-novedosas/ HTTP/1.1" 200 0 "-" "Mozilla/5.0 (compatible; Barkrowler/0.9; +https://babbar.tech/crawler)"
217.113.194.131 - - [20/Jun/2026:19:30:33 +0200] "GET /2026/03/11/greatest-gambling-establishment-slot-brazilia-financial-procedures-on-the-internet-safe-places-distributions/ HTTP/1.1" 200 0 "-" "Mozilla/5.0 (compatible; Barkrowler/0.9; +https://babbar.tech/crawler)"
217.113.194.130 - - [20/Jun/2026:19:32:50 +0200] "GET /2026/04/13/las-12-mejores-tragamonedas-nuevas-sobre-2024-que-se-utiliza-la-dolor-sufrir/ HTTP/1.1" 200 0 "-" "Mozilla/5.0 (compatible; Barkrowler/0.9; +https://babbar.tech/crawler)"
217.113.194.228 - - [20/Jun/2026:19:34:05 +0200] "GET /2026/05/14/ultimat-casinon-200-insattningsbonus-casino-vadslagning-inte-me-inregistrering-2026/ HTTP/1.1" 200 0 "-" "Mozilla/5.0 (compatible; Barkrowler/0.9; +https://babbar.tech/crawler)"
200.25.47.134 - - [20/Jun/2026:19:34:53 +0200] "GET /2026/06/20/500%E7%84%A1%E6%96%99%E3%81%AE%E3%83%AA%E3%83%9C%E3%83%AB%E3%83%93%E3%83%B3%E3%82%B0%E3%83%9C%E3%83%BC%E3%83%8A%E3%82%B9%E3%80%81%E5%85%A5%E9%87%91%E4%B8%8D%E8%A6%81%E3%81%AE%E7%89%B9%E5%85%B8/ HTTP/1.1" 200 0 "-" "Mozilla/5.0 (Windows NT 10.0; rv:109.0) Gecko/20100101 Firefox/115.0"
217.113.194.126 - - [20/Jun/2026:19:35:21 +0200] "GET /2026/05/14/cible-a-l%EF%BF%BDegard-avec-depot-bordereau-200%EF%BF%BD-maximum-dans-defaut/ HTTP/1.1" 200 0 "-" "Mozilla/5.0 (compatible; Barkrowler/0.9; +https://babbar.tech/crawler)"
57.128.22.95 - - [20/Jun/2026:19:40:42 +0200] "GET /2026/06/09/betalright-casino-einzahlungsoptionen-19/ HTTP/1.1" 200 0 "https://themomotimes.com/" "Mozilla/5.0 (X11; Ubuntu; Linux x86_64; rv:148.0) Gecko/20100101 Firefox/148.0"
217.113.194.131 - - [20/Jun/2026:19:41:10 +0200] "GET /2026/03/26/25-fre-spins-kloosterzuster-deposit-om-holland-keus-jou-kosteloos-spins/ HTTP/1.1" 200 0 "-" "Mozilla/5.0 (compatible; Barkrowler/0.9; +https://babbar.tech/crawler)"
217.113.194.122 - - [20/Jun/2026:19:41:40 +0200] "GET /2026/05/18/scopri-il-potere-del-greenluck-casino-con-il-tuo-codice-promozionale-esclusivo/ HTTP/1.1" 200 0 "-" "Mozilla/5.0 (compatible; Barkrowler/0.9; +https://babbar.tech/crawler)"
217.113.194.124 - - [20/Jun/2026:19:28:47 +0200] "GET /2026/01/26/wagering-requirements-told-rebellion-casino-app-download-apk-me-tips-beat-betting-standards/ HTTP/1.1" 200 0 "-" "Mozilla/5.0 (compatible; Barkrowler/0.9; +https://babbar.tech/crawler)"
217.113.194.123 - - [20/Jun/2026:19:29:17 +0200] "GET /2026/05/03/100-percent-free-spins-no-deposit-uk-gambling-enterprises-also-offers-2026-earn-real-money/ HTTP/1.1" 200 0 "-" "Mozilla/5.0 (compatible; Barkrowler/0.9; +https://babbar.tech/crawler)"
103.219.169.183 - - [20/Jun/2026:19:30:58 +0200] "GET /2026/06/20/finest-casinos-casino-red-stag-on-the-internet-one-to-deal-with-zimpler-payments-inside-2026/ HTTP/1.1" 200 0 "-" "Mozilla/5.0 (Windows NT 10.0; Win64; x64; rv:125.0) Gecko/20100101 Firefox/125.0"
217.113.194.131 - - [20/Jun/2026:19:32:19 +0200] "GET /2026/05/17/neue-casino-nordicbet-bonuscodes-boni-exklusive-einzahlung-2026-neue-online-casino-boni/ HTTP/1.1" 200 0 "-" "Mozilla/5.0 (compatible; Barkrowler/0.9; +https://babbar.tech/crawler)"
217.113.194.128 - - [20/Jun/2026:19:32:34 +0200] "GET /2026/05/17/das-weiterer-nutzen-ist-sic-die-mehrheit-spiele-denn-demoversionen-angeboten-sie-sind/ HTTP/1.1" 200 0 "-" "Mozilla/5.0 (compatible; Barkrowler/0.9; +https://babbar.tech/crawler)"
217.113.194.131 - - [20/Jun/2026:19:34:51 +0200] "GET /2026/05/14/blackjack-mobiilikasinon-online-pelit-online-strategia-julkaisu-meille-nettikasinot/ HTTP/1.1" 200 0 "-" "Mozilla/5.0 (compatible; Barkrowler/0.9; +https://babbar.tech/crawler)"
200.25.47.134 - - [20/Jun/2026:19:35:57 +0200] "GET /2026/06/20/%E3%83%95%E3%82%A1%E3%83%95%E3%82%A1%E3%83%95%E3%82%A1%E3%83%9D%E3%82%B8%E3%82%B7%E3%83%A7%E3%83%B3%EF%BC%9A%E9%AB%98rtp%EF%BC%86%E3%82%B0%E3%83%A9%E3%83%B3%E3%83%89%E3%82%B8%E3%83%A3%E3%83%83/ HTTP/1.1" 200 0 "-" "Mozilla/5.0 (Windows NT 10.0; Win64; x64; rv:125.0) Gecko/20100101 Firefox/125.0"
161.0.9.22 - - [20/Jun/2026:19:39:01 +0200] "GET /2026/05/20/sankra-casino-decouvrez-les-secrets-2/ HTTP/1.1" 200 0 "https://themomotimes.com/" "Mozilla/5.0 (Macintosh; Intel Mac OS X 10_15_7) AppleWebKit/605.1.15 (KHTML, like Gecko)"
217.113.194.126 - - [20/Jun/2026:19:45:13 +0200] "GET /2026/01/12/better-legitimate-online-casinos-casino-pocketwin-no-deposit-bonus-real-money-websites-inside-2026/ HTTP/1.1" 200 0 "-" "Mozilla/5.0 (compatible; Barkrowler/0.9; +https://babbar.tech/crawler)"
217.113.194.124 - - [20/Jun/2026:19:46:14 +0200] "GET /2026/01/28/fatfruit-gambling-have-a-glimpse-at-this-site-enterprise-review-specialist-athlete-ratings-2026/ HTTP/1.1" 200 0 "-" "Mozilla/5.0 (compatible; Barkrowler/0.9; +https://babbar.tech/crawler)"
217.113.194.126 - - [20/Jun/2026:19:46:59 +0200] "GET /2026/03/06/spilleban-afkastning-medmindre-indbetaling-find-en-avance-eksklusiv-depositu/ HTTP/1.1" 200 0 "-" "Mozilla/5.0 (compatible; Barkrowler/0.9; +https://babbar.tech/crawler)"
146.70.226.85 - - [20/Jun/2026:19:48:02 +0200] "POST /xmlrpc.php HTTP/1.1" 200 5929 "-" "Mozilla/5.0 (Windows NT 10.0; Win64; x64) AppleWebKit/537.36 (KHTML, like Gecko) Chrome/114.0.0.0 Safari/537.36"
217.113.194.123 - - [20/Jun/2026:19:49:31 +0200] "GET /2026/01/14/mr-cashback-condition-remark-kitty-sparkle-1-casino-diamond-dogs-deposit-has-earnings-and-much-more/ HTTP/1.1" 200 0 "-" "Mozilla/5.0 (compatible; Barkrowler/0.9; +https://babbar.tech/crawler)"
217.113.194.128 - - [20/Jun/2026:19:50:31 +0200] "GET /2026/03/31/chance-clock-gambling-enterprise-capital-one-casino-welcome-bonus-no-deposit-bonuses-5-totally-free/ HTTP/1.1" 200 0 "-" "Mozilla/5.0 (compatible; Barkrowler/0.9; +https://babbar.tech/crawler)"
185.252.223.20 - - [20/Jun/2026:19:50:41 +0200] "POST /xmlrpc.php HTTP/1.1" 200 19352 "-" "Mozilla/5.0 (Windows NT 10.0; Win64; x64) AppleWebKit/537.36 (KHTML, like Gecko) Chrome/114.0.0.0 Safari/537.36"
217.113.194.228 - - [20/Jun/2026:19:43:42 +0200] "GET /2026/01/25/in-verbunden-casinos-unter-einsatz-von-echtgeld-megawin-sign-up-login-vortragen/ HTTP/1.1" 200 0 "-" "Mozilla/5.0 (compatible; Barkrowler/0.9; +https://babbar.tech/crawler)"
217.113.194.122 - - [20/Jun/2026:19:44:58 +0200] "GET /2026/02/27/jack-plus-the-beanstalk-acceptance-package-upto-a-thousand-a-hundred-100-percent-free-spins/ HTTP/1.1" 200 0 "-" "Mozilla/5.0 (compatible; Barkrowler/0.9; +https://babbar.tech/crawler)"
217.113.194.131 - - [20/Jun/2026:19:51:02 +0200] "GET /2026/03/31/sechszig-sechzig-beliebte-diese-seite-anklicken-fluchtigkeitsfehler/ HTTP/1.1" 200 0 "-" "Mozilla/5.0 (compatible; Barkrowler/0.9; +https://babbar.tech/crawler)"
217.113.194.228 - - [20/Jun/2026:19:51:17 +0200] "GET /2026/03/31/getting-a-blackjack-expert-5-odds-of-winning-starlight-kiss-suggestions-to-grasp-the-video-game/ HTTP/1.1" 200 0 "-" "Mozilla/5.0 (compatible; Barkrowler/0.9; +https://babbar.tech/crawler)"
146.70.226.85 - - [20/Jun/2026:19:48:51 +0200] "POST /xmlrpc.php HTTP/1.1" 200 16747 "-" "Mozilla/5.0 (Windows NT 10.0; Win64; x64) AppleWebKit/537.36 (KHTML, like Gecko) Chrome/114.0.0.0 Safari/537.36"
146.70.226.85 - - [20/Jun/2026:19:48:51 +0200] "POST /xmlrpc.php HTTP/1.1" 200 5926 "-" "Mozilla/5.0 (Windows NT 10.0; Win64; x64) AppleWebKit/537.36 (KHTML, like Gecko) Chrome/114.0.0.0 Safari/537.36"
217.113.194.131 - - [20/Jun/2026:19:44:12 +0200] "GET /2026/01/18/echtgeld-roulette-verbunden-fair-unter-allen-umstanden-um-echtes-bares-auffuhren/ HTTP/1.1" 200 0 "-" "Mozilla/5.0 (compatible; Barkrowler/0.9; +https://babbar.tech/crawler)"
217.113.194.126 - - [20/Jun/2026:19:44:42 +0200] "GET /2026/02/27/king-of-ones-nile-ii-slot-machine-uk-enjoy-aristocrat-harbors-on-the-web-100percent-free/ HTTP/1.1" 200 0 "-" "Mozilla/5.0 (compatible; Barkrowler/0.9; +https://babbar.tech/crawler)"
217.113.194.248 - - [20/Jun/2026:19:48:15 +0200] "GET /2026/04/14/better-all-of-us-online-casinos-mr-slot-25-free-spins-no-deposit-top-ten-casinos-compared-2026/ HTTP/1.1" 200 0 "-" "Mozilla/5.0 (compatible; Barkrowler/0.9; +https://babbar.tech/crawler)"
217.113.194.127 - - [20/Jun/2026:19:49:16 +0200] "GET /2026/03/29/the-brand-new-development-of-an-individuals-starfleet-scientific-syndicate-nz-local-casino-mobile-emblem/ HTTP/1.1" 200 0 "-" "Mozilla/5.0 (compatible; Barkrowler/0.9; +https://babbar.tech/crawler)"
217.113.194.125 - - [20/Jun/2026:19:50:01 +0200] "GET /2026/03/31/enjoy-attack-on-retro-slot-payout-gladiator-slot-online-free-spins-incentive-larger-gains/ HTTP/1.1" 200 0 "-" "Mozilla/5.0 (compatible; Barkrowler/0.9; +https://babbar.tech/crawler)"
217.113.194.228 - - [20/Jun/2026:19:51:32 +0200] "GET /2026/03/31/as-to-why-ignition-is-considered-the-most-greatest-on-the-internet-gambling-enterprise-to-possess-shelter/ HTTP/1.1" 200 0 "-" "Mozilla/5.0 (compatible; Barkrowler/0.9; +https://babbar.tech/crawler)"
217.113.194.228 - - [20/Jun/2026:19:43:27 +0200] "GET /2026/01/25/welches-glucksspiel-online-casino-echtes-geld-kostenlose-online-kasino-jetzt-vortragen/ HTTP/1.1" 200 0 "-" "Mozilla/5.0 (compatible; Barkrowler/0.9; +https://babbar.tech/crawler)"
217.113.194.227 - - [20/Jun/2026:19:46:29 +0200] "GET /2026/01/09/indian-dreaming-slot-adventures-in-wonderland-online-slot-review-and-demo-mode-game-voboc-foundation/ HTTP/1.1" 200 0 "-" "Mozilla/5.0 (compatible; Barkrowler/0.9; +https://babbar.tech/crawler)"
217.113.194.227 - - [20/Jun/2026:19:46:44 +0200] "GET /2026/01/03/betano-stocfis-promotional-777-rotiri-gratuite-numai-150-sanse-south-park-achitare/ HTTP/1.1" 200 0 "-" "Mozilla/5.0 (compatible; Barkrowler/0.9; +https://babbar.tech/crawler)"
217.113.194.128 - - [20/Jun/2026:19:47:45 +0200] "GET /2026/02/03/la-proprete-a-l%EF%BF%BDegard-de-meuble-abusifs-poker-blackjack-barracat-notamment/ HTTP/1.1" 200 0 "-" "Mozilla/5.0 (compatible; Barkrowler/0.9; +https://babbar.tech/crawler)"
217.113.194.124 - - [20/Jun/2026:19:48:00 +0200] "GET /2026/04/14/could-it-be-court-to-help-you-gamble-during-the-indian-gambling-enterprises-from-inside-the-fl/ HTTP/1.1" 200 0 "-" "Mozilla/5.0 (compatible; Barkrowler/0.9; +https://babbar.tech/crawler)"
217.113.194.124 - - [20/Jun/2026:19:48:30 +0200] "GET /2026/04/14/ja-zielwert-denn-die-gesamtheit-mit-gerechten-geregelten-dingen-zugehen/ HTTP/1.1" 200 0 "-" "Mozilla/5.0 (compatible; Barkrowler/0.9; +https://babbar.tech/crawler)"
217.113.194.227 - - [20/Jun/2026:19:48:45 +0200] "GET /2026/04/14/the-newest-technical-storage-otherwise-accessibility-which-is-used-only-for-anonymous-analytical-aim/ HTTP/1.1" 200 0 "-" "Mozilla/5.0 (compatible; Barkrowler/0.9; +https://babbar.tech/crawler)"
217.113.194.228 - - [20/Jun/2026:19:50:47 +0200] "GET /2026/03/31/with-so-much-render-the-true-real-question-is-%EF%BF%BDwhy-should-you-delight-in-on-rizk/ HTTP/1.1" 200 0 "-" "Mozilla/5.0 (compatible; Barkrowler/0.9; +https://babbar.tech/crawler)"
185.252.223.20 - - [20/Jun/2026:19:50:42 +0200] "POST /xmlrpc.php HTTP/1.1" 200 5926 "-" "Mozilla/5.0 (Windows NT 10.0; Win64; x64) AppleWebKit/537.36 (KHTML, like Gecko) Chrome/114.0.0.0 Safari/537.36"
217.113.194.124 - - [20/Jun/2026:19:45:58 +0200] "GET /2026/01/12/essayez-aux-plus-redoutables-gaming-digt-casinos-sauf-casino-book-of-dead-que-denichez/ HTTP/1.1" 200 0 "-" "Mozilla/5.0 (compatible; Barkrowler/0.9; +https://babbar.tech/crawler)"
217.113.194.122 - - [20/Jun/2026:19:47:29 +0200] "GET /2026/02/03/rotiri-link-la-indemana-gratuite-pe-inregistrare-rotiri-gratuite-fara-achitare/ HTTP/1.1" 200 0 "-" "Mozilla/5.0 (compatible; Barkrowler/0.9; +https://babbar.tech/crawler)"
217.113.194.248 - - [20/Jun/2026:19:49:00 +0200] "GET /2026/03/29/online-kasino-schnelle-auszahlung-beste-yoyospins-partner-login-sign-up-seiten-2026/ HTTP/1.1" 200 0 "-" "Mozilla/5.0 (compatible; Barkrowler/0.9; +https://babbar.tech/crawler)"
