65.21.228.101 - - [20/Jun/2026:15:15:54 +0200] "POST /wp-cron.php?doing_wp_cron=1781961354.5625500679016113281250 HTTP/1.1" 200 0 "-" "WordPress/7.0; https://themomotimes.com"
217.113.194.123 - - [20/Jun/2026:15:19:10 +0200] "GET /2026/03/31/sweepstakes-casinos-tusk-casino-bonus-codes-publication-2026-set-of-sweepstakes-casinos/ HTTP/1.1" 200 0 "-" "Mozilla/5.0 (compatible; Barkrowler/0.9; +https://babbar.tech/crawler)"
217.113.194.130 - - [20/Jun/2026:15:19:25 +0200] "GET /2026/03/31/boku-slot-online-hot-seven-casinos-uk-gambling-establishment-that-have-boku-2026/ HTTP/1.1" 200 0 "-" "Mozilla/5.0 (compatible; Barkrowler/0.9; +https://babbar.tech/crawler)"
217.113.194.126 - - [20/Jun/2026:15:20:25 +0200] "GET /2026/05/13/fragabet-espana-ve-del-juego-online-cierto-time-agent-del-casino-pokerstars/ HTTP/1.1" 200 0 "-" "Mozilla/5.0 (compatible; Barkrowler/0.9; +https://babbar.tech/crawler)"
65.108.195.91 - - [20/Jun/2026:15:20:49 +0200] "GET /2026/06/20/casino-non-aams-in-italia-come-scegliere-il-casin-6/ HTTP/2" 200 0 "-" "Mozilla/5.0 (Linux; Android 10; K) AppleWebKit/537.36 (KHTML, like Gecko) Chrome/123.0.0.0 Mobile Safari/537.36"
200.25.47.106 - - [20/Jun/2026:15:21:07 +0200] "GET /2026/06/20/jatssz-a-gamble-loaded-7-esekkel-teljesen-ingyenesen-a-demoban-es-olvasd-el-a-kommentart/ HTTP/1.1" 200 0 "-" "Mozilla/5.0 (Windows NT 10.0; Win64; x64) AppleWebKit/537.36 (KHTML, like Gecko) Chrome/122.0.0.0 Safari/537.36"
217.113.194.131 - - [20/Jun/2026:15:22:27 +0200] "GET /2026/05/13/the-fresh-sweepstakes-gambling-enterprises-30-the-new-sweeps-gambling-enterprises-in-may/ HTTP/1.1" 200 0 "-" "Mozilla/5.0 (compatible; Barkrowler/0.9; +https://babbar.tech/crawler)"
217.113.194.126 - - [20/Jun/2026:15:22:42 +0200] "GET /2026/05/13/dodatkowy-do-postaci-spinow-na-smartfony-w-nowych-uzytkownikow/ HTTP/1.1" 200 0 "-" "Mozilla/5.0 (compatible; Barkrowler/0.9; +https://babbar.tech/crawler)"
146.70.226.22 - - [20/Jun/2026:15:24:32 +0200] "POST /xmlrpc.php HTTP/1.1" 200 5929 "-" "Mozilla/5.0 (Windows NT 10.0; Win64; x64) AppleWebKit/537.36 (KHTML, like Gecko) Chrome/114.0.0.0 Safari/537.36"
146.70.226.22 - - [20/Jun/2026:15:25:22 +0200] "POST /xmlrpc.php HTTP/1.1" 200 14608 "-" "Mozilla/5.0 (Windows NT 10.0; Win64; x64) AppleWebKit/537.36 (KHTML, like Gecko) Chrome/114.0.0.0 Safari/537.36"
146.70.226.22 - - [20/Jun/2026:15:25:23 +0200] "GET /2026/06/20/has-the-benefit-of-were-an-easy-and-quick-indication-up-price-and-the-bangers-ncash-advantages-plan/ HTTP/1.1" 200 0 "-" "Mozilla/5.0 (Windows NT 10.0; Win64; x64) AppleWebKit/537.36 (KHTML, like Gecko) Chrome/124.0.0.0 Safari/537.36 Edg/124.0.0.0"
217.113.194.228 - - [20/Jun/2026:15:06:01 +0200] "GET /2026/05/14/for-example-incentives-will-assist-extend-your-bankroll-having-upcoming-gameplay-ventures/ HTTP/1.1" 200 0 "-" "Mozilla/5.0 (compatible; Barkrowler/0.9; +https://babbar.tech/crawler)"
146.70.226.85 - - [20/Jun/2026:15:06:22 +0200] "POST /xmlrpc.php HTTP/1.1" 200 19126 "-" "Mozilla/5.0 (Windows NT 10.0; Win64; x64) AppleWebKit/537.36 (KHTML, like Gecko) Chrome/114.0.0.0 Safari/537.36"
130.195.222.36 - - [20/Jun/2026:15:07:27 +0200] "POST /xmlrpc.php HTTP/1.1" 200 5929 "-" "Mozilla/5.0 (Windows NT 10.0; Win64; x64) AppleWebKit/537.36 (KHTML, like Gecko) Chrome/114.0.0.0 Safari/537.36"
217.113.194.227 - - [20/Jun/2026:15:08:17 +0200] "GET /2026/03/20/cassino-usd-melhores-cassinos-uma-vez-que-bonus-veja-isso-em-usd/ HTTP/1.1" 200 0 "-" "Mozilla/5.0 (compatible; Barkrowler/0.9; +https://babbar.tech/crawler)"
130.195.222.36 - - [20/Jun/2026:15:08:19 +0200] "POST /xmlrpc.php HTTP/1.1" 200 16024 "-" "Mozilla/5.0 (Windows NT 10.0; Win64; x64) AppleWebKit/537.36 (KHTML, like Gecko) Chrome/114.0.0.0 Safari/537.36"
130.195.222.36 - - [20/Jun/2026:15:08:20 +0200] "GET /2026/06/20/mach-dich-griffbereit-dasjenige-ultimative-spielerlebnis-im-vox-spielbank-dahinter-ubung/ HTTP/1.1" 200 0 "-" "Mozilla/5.0 (Windows NT 10.0; Win64; x64) AppleWebKit/537.36 (KHTML, like Gecko) Chrome/123.0.0.0 Safari/537.36 OPR/109.0.0.0"
130.195.222.36 - - [20/Jun/2026:15:08:21 +0200] "POST /xmlrpc.php HTTP/1.1" 200 5926 "-" "Mozilla/5.0 (Windows NT 10.0; Win64; x64) AppleWebKit/537.36 (KHTML, like Gecko) Chrome/114.0.0.0 Safari/537.36"
217.113.194.131 - - [20/Jun/2026:15:08:47 +0200] "GET /2026/04/28/finally-quick-bank-transmits-supply-quick-withdrawals-getting-several-hours-at-the-most/ HTTP/1.1" 200 0 "-" "Mozilla/5.0 (compatible; Barkrowler/0.9; +https://babbar.tech/crawler)"
185.252.223.20 - - [20/Jun/2026:15:14:06 +0200] "POST /xmlrpc.php HTTP/1.1" 200 5926 "-" "Mozilla/5.0 (Windows NT 10.0; Win64; x64) AppleWebKit/537.36 (KHTML, like Gecko) Chrome/114.0.0.0 Safari/537.36"
217.113.194.248 - - [20/Jun/2026:15:17:08 +0200] "GET /2026/01/14/best-incentive-spin-promotions-for-multifruit-81-slot-new-players-inside-the-january-2026/ HTTP/1.1" 200 0 "-" "Mozilla/5.0 (compatible; Barkrowler/0.9; +https://babbar.tech/crawler)"
217.113.194.122 - - [20/Jun/2026:15:20:41 +0200] "GET /2026/05/13/united-states-of-america-no-deposit-bonus-rules-better-2026-gambling-enterprise-now-offers/ HTTP/1.1" 200 0 "-" "Mozilla/5.0 (compatible; Barkrowler/0.9; +https://babbar.tech/crawler)"
217.113.194.131 - - [20/Jun/2026:15:21:11 +0200] "GET /2026/05/13/the-brand-new-casinos-while-doing-so-tend-to-render-such-bonuses-attain-visibility/ HTTP/1.1" 200 0 "-" "Mozilla/5.0 (compatible; Barkrowler/0.9; +https://babbar.tech/crawler)"
200.25.47.106 - - [20/Jun/2026:15:21:10 +0200] "POST /xmlrpc.php HTTP/1.1" 200 5926 "-" "Mozilla/5.0 (Windows NT 10.0; Win64; x64) AppleWebKit/537.36 (KHTML, like Gecko) Chrome/114.0.0.0 Safari/537.36"
217.113.194.126 - - [20/Jun/2026:15:21:41 +0200] "GET /2026/05/13/retar-an-una-ruleta-de-balde-sin-limites-falto-lanzar-ni-registrarse/ HTTP/1.1" 200 0 "-" "Mozilla/5.0 (compatible; Barkrowler/0.9; +https://babbar.tech/crawler)"
217.113.194.122 - - [20/Jun/2026:15:24:43 +0200] "GET /2026/04/19/alaska-search-and-you-will-trapping-guidance-alaska-department-of-fish-and-you-may-online-game/ HTTP/1.1" 200 0 "-" "Mozilla/5.0 (compatible; Barkrowler/0.9; +https://babbar.tech/crawler)"
217.113.194.125 - - [20/Jun/2026:15:26:14 +0200] "GET /2026/04/27/nya-casinon-2026-casumo-kasino-basta-nya-svenska-casinon-forteckning/ HTTP/1.1" 200 0 "-" "Mozilla/5.0 (compatible; Barkrowler/0.9; +https://babbar.tech/crawler)"
217.113.194.127 - - [20/Jun/2026:15:26:30 +0200] "GET /2026/04/27/spielbank-provision-blos-einzahlung-hier-gibts-die-verbunden-boni-2026/ HTTP/1.1" 200 0 "-" "Mozilla/5.0 (compatible; Barkrowler/0.9; +https://babbar.tech/crawler)"
217.113.194.124 - - [20/Jun/2026:15:13:05 +0200] "GET /2026/02/06/scorching-video-slot-press-the-link-right-now-%EF%B8%8F-enjoy-online-at-no-cost/ HTTP/1.1" 200 0 "-" "Mozilla/5.0 (compatible; Barkrowler/0.9; +https://babbar.tech/crawler)"
217.113.194.129 - - [20/Jun/2026:15:13:36 +0200] "GET /2026/01/12/neteller-casinos-play-primebetz-canada-bonuses-online-having-neteller-inside-the-2026/ HTTP/1.1" 200 0 "-" "Mozilla/5.0 (compatible; Barkrowler/0.9; +https://babbar.tech/crawler)"
65.21.228.101 - - [20/Jun/2026:15:13:58 +0200] "POST /wp-cron.php?doing_wp_cron=1781961238.8903861045837402343750 HTTP/1.1" 200 0 "-" "WordPress/7.0; https://themomotimes.com"
185.252.223.20 - - [20/Jun/2026:15:13:13 +0200] "POST /xmlrpc.php HTTP/1.1" 200 5929 "-" "Mozilla/5.0 (Windows NT 10.0; Win64; x64) AppleWebKit/537.36 (KHTML, like Gecko) Chrome/114.0.0.0 Safari/537.36"
217.113.194.129 - - [20/Jun/2026:15:14:51 +0200] "GET /2026/01/28/5-dragons-silver-aristocrat-slot-remark-casino-games-with-winner-demo-january-2026/ HTTP/1.1" 200 0 "-" "Mozilla/5.0 (compatible; Barkrowler/0.9; +https://babbar.tech/crawler)"
217.113.194.124 - - [20/Jun/2026:15:15:37 +0200] "GET /2026/02/03/beste-verbunden-casinos-as-part-of-brd-2026-top-15-via-hohem-rtp/ HTTP/1.1" 200 0 "-" "Mozilla/5.0 (compatible; Barkrowler/0.9; +https://babbar.tech/crawler)"
91.124.88.90 - - [20/Jun/2026:15:15:47 +0200] "POST /xmlrpc.php HTTP/1.1" 200 1884640 "-" "Mozilla/5.0 (Macintosh; Intel Mac OS X 12_5) AppleWebKit/537.36 (KHTML, like Gecko) Chrome/114.0.0.0 Safari/537.36 Edg/114.0.1264.71"
91.124.88.90 - - [20/Jun/2026:15:15:53 +0200] "POST /xmlrpc.php HTTP/1.1" 200 5929 "-" "Mozilla/5.0 (Macintosh; Intel Mac OS X 12_5) AppleWebKit/537.36 (KHTML, like Gecko) Chrome/114.0.0.0 Safari/537.36 Edg/114.0.1264.71"
91.124.88.90 - - [20/Jun/2026:15:15:57 +0200] "POST /xmlrpc.php HTTP/1.1" 200 19683 "-" "Mozilla/5.0 (Macintosh; Intel Mac OS X 12_5) AppleWebKit/537.36 (KHTML, like Gecko) Chrome/114.0.0.0 Safari/537.36 Edg/114.0.1264.71"
130.195.222.36 - - [20/Jun/2026:15:17:55 +0200] "POST /xmlrpc.php HTTP/1.1" 200 5929 "-" "Mozilla/5.0 (Windows NT 10.0; Win64; x64) AppleWebKit/537.36 (KHTML, like Gecko) Chrome/114.0.0.0 Safari/537.36"
130.195.222.36 - - [20/Jun/2026:15:18:45 +0200] "POST /xmlrpc.php HTTP/1.1" 200 17290 "-" "Mozilla/5.0 (Windows NT 10.0; Win64; x64) AppleWebKit/537.36 (KHTML, like Gecko) Chrome/114.0.0.0 Safari/537.36"
130.195.222.36 - - [20/Jun/2026:15:18:46 +0200] "GET /2026/06/20/abhangigkeitserkrankung-euch-muhelos-diesseitigen-virtuellen-automatenspiele-lieferant-leer-ferner-meldet-euch-am-mobilgerat-eingeschaltet/ HTTP/1.1" 200 0 "-" "Mozilla/5.0 (Windows NT 10.0; Win64; x64) AppleWebKit/537.36 (KHTML, like Gecko) Chrome/124.0.0.0 Safari/537.36"
130.195.222.36 - - [20/Jun/2026:15:18:46 +0200] "POST /xmlrpc.php HTTP/1.1" 200 5926 "-" "Mozilla/5.0 (Windows NT 10.0; Win64; x64) AppleWebKit/537.36 (KHTML, like Gecko) Chrome/114.0.0.0 Safari/537.36"
65.21.228.101 - - [20/Jun/2026:15:20:58 +0200] "POST /wp-cron.php?doing_wp_cron=1781961658.2597808837890625000000 HTTP/1.1" 200 0 "-" "WordPress/7.0; https://themomotimes.com"
200.25.47.106 - - [20/Jun/2026:15:20:06 +0200] "POST /xmlrpc.php HTTP/1.1" 200 5929 "-" "Mozilla/5.0 (Windows NT 10.0; Win64; x64) AppleWebKit/537.36 (KHTML, like Gecko) Chrome/114.0.0.0 Safari/537.36"
217.113.194.130 - - [20/Jun/2026:15:23:12 +0200] "GET /2026/03/21/jocuri-ce-te-platesc-deasupra-bani-reali-2026-in-cazinouri-online/ HTTP/1.1" 200 0 "-" "Mozilla/5.0 (compatible; Barkrowler/0.9; +https://babbar.tech/crawler)"
217.113.194.125 - - [20/Jun/2026:15:23:28 +0200] "GET /2026/03/21/top-slots-uma-vez-que-algum-efetivo-afinar-brasil-recenseamento-2026/ HTTP/1.1" 200 0 "-" "Mozilla/5.0 (compatible; Barkrowler/0.9; +https://babbar.tech/crawler)"
217.113.194.127 - - [20/Jun/2026:15:24:28 +0200] "GET /2026/04/19/blackjack-strategien-angeschlossen-unter-anderem-tipps-die-besten-blackjack-casinos/ HTTP/1.1" 200 0 "-" "Mozilla/5.0 (compatible; Barkrowler/0.9; +https://babbar.tech/crawler)"
195.63.15.153 - - [20/Jun/2026:15:17:43 +0200] "GET /2026/05/07/1xbet-promo-code-free-azerbaijan-2026-1xtower-bonus-eu130/ HTTP/1.1" 200 0 "https://themomotimes.com/" "Mozilla/5.0 (Macintosh; Intel Mac OS X 10_15_7) AppleWebKit/537.36 (KHTML, like Gecko) Chrome/146.0.0.0 Safari/537.36 Edg/146.0.0.0"
65.21.228.101 - - [20/Jun/2026:15:18:40 +0200] "POST /wp-cron.php?doing_wp_cron=1781961520.0411400794982910156250 HTTP/1.1" 200 0 "-" "WordPress/7.0; https://themomotimes.com"
217.113.194.125 - - [20/Jun/2026:15:20:10 +0200] "GET /2026/05/13/no-deposit-incentive-requirements-act-like-voucher-codes-you-will-use-during-the-online-shops/ HTTP/1.1" 200 0 "-" "Mozilla/5.0 (compatible; Barkrowler/0.9; +https://babbar.tech/crawler)"
217.113.194.131 - - [20/Jun/2026:15:22:12 +0200] "GET /2026/05/13/top-casino-romnia-ghid-complet-pentru-jocuri-n-cazinouri-online-5/ HTTP/1.1" 200 0 "-" "Mozilla/5.0 (compatible; Barkrowler/0.9; +https://babbar.tech/crawler)"
65.108.195.91 - - [20/Jun/2026:15:22:52 +0200] "GET /2026/06/20/kasino-mostbet-bezpenost-17/ HTTP/2" 200 0 "-" "Mozilla/5.0 (Linux; Android 10; K) AppleWebKit/537.36 (KHTML, like Gecko) Chrome/123.0.0.0 Mobile Safari/537.36"
217.113.194.227 - - [20/Jun/2026:15:22:57 +0200] "GET /2026/03/21/fantastic-dragon-online-game-all-you-need-to-microgaming-video-slots-understand-in-the-2026/ HTTP/1.1" 200 0 "-" "Mozilla/5.0 (compatible; Barkrowler/0.9; +https://babbar.tech/crawler)"
217.113.194.131 - - [20/Jun/2026:15:24:59 +0200] "GET /2026/03/16/wunderino-spielbank-400-provision-bis-zu-hot-streak-slot-40-freispiele/ HTTP/1.1" 200 0 "-" "Mozilla/5.0 (compatible; Barkrowler/0.9; +https://babbar.tech/crawler)"
217.113.194.131 - - [20/Jun/2026:15:25:14 +0200] "GET /2026/03/16/jeux-a-l%EF%BF%BDegard-de-credence-fournisses-par-betsoft-isoftbet-jeux-chapitre/ HTTP/1.1" 200 0 "-" "Mozilla/5.0 (compatible; Barkrowler/0.9; +https://babbar.tech/crawler)"
217.113.194.127 - - [20/Jun/2026:15:27:45 +0200] "GET /2026/05/08/again-we-recommend-playing-with-all-of-our-set-of-even-offers-for-the-most-legitimate-selling/ HTTP/1.1" 200 0 "-" "Mozilla/5.0 (compatible; Barkrowler/0.9; +https://babbar.tech/crawler)"
17.22.245.56 - - [20/Jun/2026:15:29:37 +0200] "GET /2026/05/07/please-remember-to-evaluate-neighborhood-regulations-to-ensure-online-gambling-are-court-where-you-happen-to-live/ HTTP/2" 200 0 "-" "Mozilla/5.0 (Macintosh; Intel Mac OS X 10_15_7) AppleWebKit/605.1.15 (KHTML, like Gecko) Version/17.4 Safari/605.1.15 (Applebot/0.1; +http://www.apple.com/go/applebot)"
217.113.194.131 - - [20/Jun/2026:15:31:03 +0200] "GET /2026/02/02/greatest-a-real-income-pokies-2026-bien-au-pokies-the-fruitful-link-real-deal-money/ HTTP/1.1" 200 0 "-" "Mozilla/5.0 (compatible; Barkrowler/0.9; +https://babbar.tech/crawler)"
90.208.79.234 - - [20/Jun/2026:15:31:06 +0200] "GET /2026/03/11/mastermed-p-100-bewertung-effizienz-und-anwendung/ HTTP/1.1" 200 0 "-" "GuzzleHttp/7"
65.21.228.101 - - [20/Jun/2026:15:33:11 +0200] "POST /wp-cron.php?doing_wp_cron=1781962391.0475668907165527343750 HTTP/1.1" 200 0 "-" "WordPress/7.0; https://themomotimes.com"
217.113.194.122 - - [20/Jun/2026:15:33:34 +0200] "GET /2026/01/24/a-knowledgeable-no-deposit-added-bonus-casinos-in-the-2026-earn-a-real-income/ HTTP/1.1" 200 0 "-" "Mozilla/5.0 (compatible; Barkrowler/0.9; +https://babbar.tech/crawler)"
128.1.218.185 - - [20/Jun/2026:15:34:43 +0200] "POST /xmlrpc.php HTTP/1.1" 200 20787 "-" "Mozilla/5.0 (Windows NT 10.0; Win64; x64) AppleWebKit/537.36 (KHTML, like Gecko) Chrome/114.0.0.0 Safari/537.36"
158.173.241.250 - - [20/Jun/2026:15:35:16 +0200] "GET /2026/05/21/gagner-avec-winbeatz-facilement-3/ HTTP/1.1" 200 0 "https://themomotimes.com/" "Mozilla/5.0 (X11; Linux x86_64) AppleWebKit/537.36 (KHTML, like Gecko) Chrome/145.0.0.0 Safari/537.36"
158.173.241.225 - - [20/Jun/2026:15:35:16 +0200] "GET /2026/05/21/gagner-avec-winbeatz-facilement-3/ HTTP/1.1" 200 0 "https://themomotimes.com/" "Mozilla/5.0 (X11; Linux x86_64) AppleWebKit/537.36 (KHTML, like Gecko) Chrome/145.0.0.0 Safari/537.36"
217.113.194.126 - - [20/Jun/2026:15:27:00 +0200] "GET /2026/05/07/niemieckie-kasyna-internetowego-wyprobowane-oraz-licencjonowane/ HTTP/1.1" 200 0 "-" "Mozilla/5.0 (compatible; Barkrowler/0.9; +https://babbar.tech/crawler)"
217.113.194.123 - - [20/Jun/2026:15:28:01 +0200] "GET /2026/05/08/crucial-incremental-dolphins-pearl-deluxe-1-deposit-reactor-programs-online-gamble/ HTTP/1.1" 200 0 "-" "Mozilla/5.0 (compatible; Barkrowler/0.9; +https://babbar.tech/crawler)"
217.113.194.125 - - [20/Jun/2026:15:30:02 +0200] "GET /2026/05/08/live-casinos-2026-beste-ernahrer-unter-einsatz-von-echten-live-dealern/ HTTP/1.1" 200 0 "-" "Mozilla/5.0 (compatible; Barkrowler/0.9; +https://babbar.tech/crawler)"
217.113.194.122 - - [20/Jun/2026:15:30:17 +0200] "GET /2026/05/08/fifty-dragons-on-line-pokie-because-of-casino-deposit-5-get-20-the-aristocrat/ HTTP/1.1" 200 0 "-" "Mozilla/5.0 (compatible; Barkrowler/0.9; +https://babbar.tech/crawler)"
217.113.194.128 - - [20/Jun/2026:15:30:32 +0200] "GET /2026/05/08/the-best-selling-they-provide-are-acca-increases-and-you-will-detailed-insurance-coverage-revenue/ HTTP/1.1" 200 0 "-" "Mozilla/5.0 (compatible; Barkrowler/0.9; +https://babbar.tech/crawler)"
217.113.194.130 - - [20/Jun/2026:15:31:33 +0200] "GET /2026/02/10/desvendando-a-roleta-weiss-uma-analise-estrategica-para-o-mercado-portugues/ HTTP/1.1" 200 0 "-" "Mozilla/5.0 (compatible; Barkrowler/0.9; +https://babbar.tech/crawler)"
217.113.194.127 - - [20/Jun/2026:15:31:48 +0200] "GET /2026/02/10/bonus-senza-contare-base-pronto-privato-di-inoltro-attestazione-non-aams/ HTTP/1.1" 200 0 "-" "Mozilla/5.0 (compatible; Barkrowler/0.9; +https://babbar.tech/crawler)"
217.113.194.123 - - [20/Jun/2026:15:32:49 +0200] "GET /2026/01/24/beste-erreichbar-casinos-teutonia-erster-monat-slot-zombies-des-jahres-2026/ HTTP/1.1" 200 0 "-" "Mozilla/5.0 (compatible; Barkrowler/0.9; +https://babbar.tech/crawler)"
217.113.194.124 - - [20/Jun/2026:15:33:19 +0200] "GET /2026/01/24/big-bass-gunsbet-bonanza-anmeldelse-foran-danske-spillere-pr-2025/ HTTP/1.1" 200 0 "-" "Mozilla/5.0 (compatible; Barkrowler/0.9; +https://babbar.tech/crawler)"
146.70.226.85 - - [20/Jun/2026:15:33:17 +0200] "POST /xmlrpc.php HTTP/1.1" 200 5926 "-" "Mozilla/5.0 (Windows NT 10.0; Win64; x64) AppleWebKit/537.36 (KHTML, like Gecko) Chrome/114.0.0.0 Safari/537.36"
128.1.218.185 - - [20/Jun/2026:15:34:46 +0200] "GET /2026/06/20/on-the-web-black-jack-today-the-real-deal-money-otherwise-free/ HTTP/1.1" 200 0 "-" "Mozilla/5.0 (Windows NT 10.0; Win64; x64) AppleWebKit/537.36 (KHTML, like Gecko) Chrome/124.0.0.0 Safari/537.36 Edg/124.0.0.0"
130.195.222.36 - - [20/Jun/2026:15:36:40 +0200] "POST /xmlrpc.php HTTP/1.1" 200 5929 "-" "Mozilla/5.0 (Windows NT 10.0; Win64; x64) AppleWebKit/537.36 (KHTML, like Gecko) Chrome/114.0.0.0 Safari/537.36"
130.195.222.36 - - [20/Jun/2026:15:37:30 +0200] "POST /xmlrpc.php HTTP/1.1" 200 15476 "-" "Mozilla/5.0 (Windows NT 10.0; Win64; x64) AppleWebKit/537.36 (KHTML, like Gecko) Chrome/114.0.0.0 Safari/537.36"
130.195.222.36 - - [20/Jun/2026:15:37:32 +0200] "GET /2026/06/20/unsrige-spielbank-redakteure-effizienz-reichlich-12-kriterien-bei-der-erprobung-bei-verbunden-spielotheken/ HTTP/1.1" 200 0 "-" "Mozilla/5.0 (Windows NT 10.0; rv:125.0) Gecko/20100101 Firefox/125.0"
130.195.222.36 - - [20/Jun/2026:15:37:32 +0200] "POST /xmlrpc.php HTTP/1.1" 200 5926 "-" "Mozilla/5.0 (Windows NT 10.0; Win64; x64) AppleWebKit/537.36 (KHTML, like Gecko) Chrome/114.0.0.0 Safari/537.36"
217.113.194.127 - - [20/Jun/2026:15:38:22 +0200] "GET /2026/04/03/gdy-robic-wplaty-zbyt-pomoca-blika-z-kasynie-internetowym/ HTTP/1.1" 200 0 "-" "Mozilla/5.0 (compatible; Barkrowler/0.9; +https://babbar.tech/crawler)"
217.113.194.126 - - [20/Jun/2026:15:38:38 +0200] "GET /2026/04/30/in-terms-of-using-debit-notes-getting-gambling-enterprise-repayments-the-process-is-as-easy/ HTTP/1.1" 200 0 "-" "Mozilla/5.0 (compatible; Barkrowler/0.9; +https://babbar.tech/crawler)"
217.113.194.125 - - [20/Jun/2026:15:23:58 +0200] "GET /2026/04/19/sportpesa-mega-jackpot-enjoy-%EF%BF%BD-17-sure-video-game-now-to-have-big-gains/ HTTP/1.1" 200 0 "-" "Mozilla/5.0 (compatible; Barkrowler/0.9; +https://babbar.tech/crawler)"
217.113.194.126 - - [20/Jun/2026:15:29:01 +0200] "GET /2026/05/08/jetz-cash-grotto-easter-jackpots-von-wazdan-online-spielen-gewinne-einstreichen/ HTTP/1.1" 200 0 "-" "Mozilla/5.0 (compatible; Barkrowler/0.9; +https://babbar.tech/crawler)"
217.113.194.248 - - [20/Jun/2026:15:29:32 +0200] "GET /2026/05/08/il-miglior-riconoscimento-privo-di-pieno-della-svizzera-a-il-2025/ HTTP/1.1" 200 0 "-" "Mozilla/5.0 (compatible; Barkrowler/0.9; +https://babbar.tech/crawler)"
217.113.194.123 - - [20/Jun/2026:15:29:47 +0200] "GET /2026/05/08/come-prendere-il-compenso-escludendo-intricato-riguardo-a-svizzera/ HTTP/1.1" 200 0 "-" "Mozilla/5.0 (compatible; Barkrowler/0.9; +https://babbar.tech/crawler)"
217.113.194.126 - - [20/Jun/2026:15:30:47 +0200] "GET /2026/05/08/ad-esempio-procurarsi-il-somma-privo-di-fondo-verso-svizzera/ HTTP/1.1" 200 0 "-" "Mozilla/5.0 (compatible; Barkrowler/0.9; +https://babbar.tech/crawler)"
217.113.194.227 - - [20/Jun/2026:15:31:18 +0200] "GET /2026/02/02/best-totally-app-iwinfortune-free-revolves-casinos-january-2026-no-deposit-ports/ HTTP/1.1" 200 0 "-" "Mozilla/5.0 (compatible; Barkrowler/0.9; +https://babbar.tech/crawler)"
146.70.226.85 - - [20/Jun/2026:15:33:16 +0200] "POST /xmlrpc.php HTTP/1.1" 200 17644 "-" "Mozilla/5.0 (Windows NT 10.0; Win64; x64) AppleWebKit/537.36 (KHTML, like Gecko) Chrome/114.0.0.0 Safari/537.36"
217.113.194.125 - - [20/Jun/2026:15:33:49 +0200] "GET /2026/05/04/tipico-spielsalon-testbericht-2026-vermittlungsgebuhr-starburst-freispiele/ HTTP/1.1" 200 0 "-" "Mozilla/5.0 (compatible; Barkrowler/0.9; +https://babbar.tech/crawler)"
217.113.194.126 - - [20/Jun/2026:15:34:05 +0200] "GET /2026/05/04/burning-desire-casino-slot-games-remark-play-100-percent-free-victory-huge-96-19-rtp/ HTTP/1.1" 200 0 "-" "Mozilla/5.0 (compatible; Barkrowler/0.9; +https://babbar.tech/crawler)"
128.1.218.185 - - [20/Jun/2026:15:33:53 +0200] "POST /xmlrpc.php HTTP/1.1" 200 5929 "-" "Mozilla/5.0 (Windows NT 10.0; Win64; x64) AppleWebKit/537.36 (KHTML, like Gecko) Chrome/114.0.0.0 Safari/537.36"
217.113.194.248 - - [20/Jun/2026:15:35:20 +0200] "GET /2026/04/08/cool-fruit-ranch-free-video-slot-on-the-internet-play-game-%E1%90%88-playtech/ HTTP/1.1" 200 0 "-" "Mozilla/5.0 (compatible; Barkrowler/0.9; +https://babbar.tech/crawler)"
217.113.194.248 - - [20/Jun/2026:15:35:36 +0200] "GET /2026/04/08/les-prime-gratuits-sans-avoir-annales-sont-alloues-par-surs-salle-de-jeu-un-tantinet/ HTTP/1.1" 200 0 "-" "Mozilla/5.0 (compatible; Barkrowler/0.9; +https://babbar.tech/crawler)"
217.113.194.128 - - [20/Jun/2026:15:36:21 +0200] "GET /2026/03/08/permite-steam-tower-boquilla-online-el-trabajo-en-mira-a-estos-chicos-internet/ HTTP/1.1" 200 0 "-" "Mozilla/5.0 (compatible; Barkrowler/0.9; +https://babbar.tech/crawler)"
217.113.194.228 - - [20/Jun/2026:15:36:51 +0200] "GET /2026/03/08/65-finest-bitcoin-crypto-gambling-enterprises-to-experience-from-the-in-the-february-2026/ HTTP/1.1" 200 0 "-" "Mozilla/5.0 (compatible; Barkrowler/0.9; +https://babbar.tech/crawler)"
217.113.194.130 - - [20/Jun/2026:15:38:07 +0200] "GET /2026/03/05/phoenix-sunshine-position-review-2026-100-percent-free-jungle-books-1-deposit-enjoy-trial/ HTTP/1.1" 200 0 "-" "Mozilla/5.0 (compatible; Barkrowler/0.9; +https://babbar.tech/crawler)"
217.113.194.125 - - [20/Jun/2026:15:39:23 +0200] "GET /2026/05/26/ideal-reasonable-domestic-border-online-casino-games-slow-down-the-house-advantage-having-strategy/ HTTP/1.1" 200 0 "-" "Mozilla/5.0 (compatible; Barkrowler/0.9; +https://babbar.tech/crawler)"
65.21.228.101 - - [20/Jun/2026:15:39:47 +0200] "POST /wp-cron.php?doing_wp_cron=1781962787.1481349468231201171875 HTTP/1.1" 200 0 "-" "WordPress/7.0; https://themomotimes.com"
65.108.195.91 - - [20/Jun/2026:15:16:13 +0200] "GET /2026/06/20/1win-giri-trkiyede-online-casino-17011/ HTTP/2" 200 0 "-" "Mozilla/5.0 (Linux; Android 10; K) AppleWebKit/537.36 (KHTML, like Gecko) Chrome/123.0.0.0 Mobile Safari/537.36"
217.113.194.127 - - [20/Jun/2026:15:16:38 +0200] "GET /2026/04/14/top-online-slots-for-real-money-most-readily-useful-games-and-you-may-united-states-casinos/ HTTP/1.1" 200 0 "-" "Mozilla/5.0 (compatible; Barkrowler/0.9; +https://babbar.tech/crawler)"
217.113.194.122 - - [20/Jun/2026:15:16:53 +0200] "GET /2026/04/14/luck-gold-coins-most-useful-personal-gambling-enterprise-from-the-you-s-and-you-can-canada/ HTTP/1.1" 200 0 "-" "Mozilla/5.0 (compatible; Barkrowler/0.9; +https://babbar.tech/crawler)"
217.113.194.228 - - [20/Jun/2026:15:17:23 +0200] "GET /2026/03/31/alf-gambling-enterprise-bonos-analisis-y-no-deposit-casino-bonus-codes-opiniones-2026/ HTTP/1.1" 200 0 "-" "Mozilla/5.0 (compatible; Barkrowler/0.9; +https://babbar.tech/crawler)"
217.181.76.211 - - [20/Jun/2026:15:17:42 +0200] "GET /2026/05/07/1xbet-promo-code-free-azerbaijan-2026-1xtower-bonus-eu130/ HTTP/1.1" 200 0 "https://themomotimes.com/" "Mozilla/5.0 (Macintosh; Intel Mac OS X 10_15_7) AppleWebKit/537.36 (KHTML, like Gecko) Chrome/146.0.0.0 Safari/537.36 Edg/146.0.0.0"
217.113.194.131 - - [20/Jun/2026:15:17:54 +0200] "GET /2026/03/31/an-educated-and-you-can-best-towards-the-range-gambling-enterprise-inside-malaysia-with-u88/ HTTP/1.1" 200 0 "-" "Mozilla/5.0 (compatible; Barkrowler/0.9; +https://babbar.tech/crawler)"
47.82.11.128 - - [20/Jun/2026:15:24:00 +0200] "GET /2026/02/04/best-real-money-casinos-on-the-internet-in-america-2026/ HTTP/1.1" 200 0 "https://themomotimes.com/" "Mozilla/5.0 (Windows NT 10.0; Win64; x64) AppleWebKit/537.36 (KHTML, like Gecko) Chrome/134.0.0.0 Safari/537.36"
217.113.194.123 - - [20/Jun/2026:15:24:13 +0200] "GET /2026/04/19/pin-up-azrbaycann-n-yax-kazinosu-rsmi-sayt-1558-2/ HTTP/1.1" 200 0 "-" "Mozilla/5.0 (compatible; Barkrowler/0.9; +https://babbar.tech/crawler)"
217.113.194.227 - - [20/Jun/2026:15:28:16 +0200] "GET /2026/05/08/alaskan-angling-remark-2026-alaskan-fishing-on-download-goldbet-app-line-pokies/ HTTP/1.1" 200 0 "-" "Mozilla/5.0 (compatible; Barkrowler/0.9; +https://babbar.tech/crawler)"
217.113.194.122 - - [20/Jun/2026:15:28:31 +0200] "GET /2026/05/08/all-the-gta-5-hacks-rules-purchases-and-you-slots-free-online-machines-will-telephone-numbers/ HTTP/1.1" 200 0 "-" "Mozilla/5.0 (compatible; Barkrowler/0.9; +https://babbar.tech/crawler)"
217.113.194.127 - - [20/Jun/2026:15:28:46 +0200] "GET /2026/05/08/100-500-free-spins-no-deposit-2026-percent-free-casino-slot-games-no-down-load-required/ HTTP/1.1" 200 0 "-" "Mozilla/5.0 (compatible; Barkrowler/0.9; +https://babbar.tech/crawler)"
217.113.194.227 - - [20/Jun/2026:15:29:16 +0200] "GET /2026/05/08/hollywood-internet-casino-michigan-promo-code-to-beasts-of-fire-casino-game-have-march-2026/ HTTP/1.1" 200 0 "-" "Mozilla/5.0 (compatible; Barkrowler/0.9; +https://babbar.tech/crawler)"
146.70.226.85 - - [20/Jun/2026:15:33:17 +0200] "GET /2026/06/20/eine-zusatzliche-behinderung-konnte-dabei-nebensachlich-die-vorgegebene-mindestquote-werden/ HTTP/1.1" 200 0 "-" "Mozilla/5.0 (Windows NT 10.0; Win64; x64) AppleWebKit/537.36 (KHTML, like Gecko) Chrome/124.0.0.0 Safari/537.36 Edg/124.0.0.0"
217.113.194.125 - - [20/Jun/2026:15:35:05 +0200] "GET /2026/04/08/888sport-alkalmazas-letoltese-android-apk-val-es-ios-2025-tel/ HTTP/1.1" 200 0 "-" "Mozilla/5.0 (compatible; Barkrowler/0.9; +https://babbar.tech/crawler)"
217.113.194.128 - - [20/Jun/2026:15:37:22 +0200] "GET /2026/01/15/parimatch-casino-play-slots-live-games-and-buffalo-1-deposito-win-big-online-now/ HTTP/1.1" 200 0 "-" "Mozilla/5.0 (compatible; Barkrowler/0.9; +https://babbar.tech/crawler)"
65.108.195.91 - - [20/Jun/2026:15:38:36 +0200] "GET /2026/06/20/pinco-online-kazino-azrbaycanda-srtli-dnilr-v-60/ HTTP/2" 200 0 "-" "Mozilla/5.0 (Linux; Android 10; K) AppleWebKit/537.36 (KHTML, like Gecko) Chrome/123.0.0.0 Mobile Safari/537.36"
217.113.194.131 - - [20/Jun/2026:15:09:03 +0200] "GET /2026/04/28/to-experience-for-the-secure-aus-web-based-casinos-%EF%BF%BD-professional-tricks-and-tips/ HTTP/1.1" 200 0 "-" "Mozilla/5.0 (compatible; Barkrowler/0.9; +https://babbar.tech/crawler)"
217.113.194.125 - - [20/Jun/2026:15:09:18 +0200] "GET /2026/04/28/all-of-the-huge-in-love-gambling-establishment-bonuses-march-2026-available-with-loopx/ HTTP/1.1" 200 0 "-" "Mozilla/5.0 (compatible; Barkrowler/0.9; +https://babbar.tech/crawler)"
217.113.194.128 - - [20/Jun/2026:15:11:04 +0200] "GET /2026/05/18/netent-is-different-from-other-developers-with-their-cutting-border-picture-and-imaginative-aspects/ HTTP/1.1" 200 0 "-" "Mozilla/5.0 (compatible; Barkrowler/0.9; +https://babbar.tech/crawler)"
217.113.194.123 - - [20/Jun/2026:15:11:49 +0200] "GET /2026/04/04/50-frische-freispiele-im-feschen-newbie-spielsaal-exklusiver-provision-code/ HTTP/1.1" 200 0 "-" "Mozilla/5.0 (compatible; Barkrowler/0.9; +https://babbar.tech/crawler)"
217.113.194.248 - - [20/Jun/2026:15:12:50 +0200] "GET /2026/02/06/starburst-slot-totally-free-enjoy-and-comment-for-1-extra-chilli-all-of-us-participants/ HTTP/1.1" 200 0 "-" "Mozilla/5.0 (compatible; Barkrowler/0.9; +https://babbar.tech/crawler)"
185.252.223.20 - - [20/Jun/2026:15:14:05 +0200] "GET /2026/06/20/dziala-w-niej-wiele-firm-z-powodu-czemu-sportowcy-maja-wykorzystac-szanse-podziwiania-roznych-mechanizmow-i-mozesz-odmian/ HTTP/1.1" 200 0 "-" "Mozilla/5.0 (Windows NT 10.0; Win64; x64) AppleWebKit/537.36 (KHTML, like Gecko) Chrome/124.0.0.0 Safari/537.36"
217.113.194.131 - - [20/Jun/2026:15:14:21 +0200] "GET /2026/01/28/best-gambling-enterprise-no-put-incentives-in-the-u-s-rated-casino-texas-tea-to-have-2026/ HTTP/1.1" 200 0 "-" "Mozilla/5.0 (compatible; Barkrowler/0.9; +https://babbar.tech/crawler)"
217.113.194.126 - - [20/Jun/2026:15:18:09 +0200] "GET /2026/03/31/thunderstruck-ii-slot-online-game-trial-enjoy-free-king-of-the-nile-slot-sites-spins/ HTTP/1.1" 200 0 "-" "Mozilla/5.0 (compatible; Barkrowler/0.9; +https://babbar.tech/crawler)"
217.113.194.122 - - [20/Jun/2026:15:27:30 +0200] "GET /2026/05/08/steeped-ladies-shopping-center-game-apps-crazy-genie-slot-big-win-on-the-internet-enjoy/ HTTP/1.1" 200 0 "-" "Mozilla/5.0 (compatible; Barkrowler/0.9; +https://babbar.tech/crawler)"
217.113.194.227 - - [20/Jun/2026:15:32:03 +0200] "GET /2026/02/25/vos-nuances-invendues-parmi-tout-mon-salle-de-jeu-ordinaire-ou-un-tantinet/ HTTP/1.1" 200 0 "-" "Mozilla/5.0 (compatible; Barkrowler/0.9; +https://babbar.tech/crawler)"
217.113.194.127 - - [20/Jun/2026:15:34:35 +0200] "GET /2026/02/05/finest-sweepstakes-gambling-establishment-no-deposit-added-bonus-totally-free-sc-2026/ HTTP/1.1" 200 0 "-" "Mozilla/5.0 (compatible; Barkrowler/0.9; +https://babbar.tech/crawler)"
65.21.228.101 - - [20/Jun/2026:15:34:37 +0200] "POST /wp-cron.php?doing_wp_cron=1781962477.7569499015808105468750 HTTP/1.1" 200 0 "-" "WordPress/7.0; https://themomotimes.com"
128.1.218.185 - - [20/Jun/2026:15:34:47 +0200] "POST /xmlrpc.php HTTP/1.1" 200 5926 "-" "Mozilla/5.0 (Windows NT 10.0; Win64; x64) AppleWebKit/537.36 (KHTML, like Gecko) Chrome/114.0.0.0 Safari/537.36"
217.113.194.126 - - [20/Jun/2026:15:37:52 +0200] "GET /2026/03/07/in-love-fa-fa-fa-slot-by-the-jili-100-percent-free-trial-play-94-5-rtp/ HTTP/1.1" 200 0 "-" "Mozilla/5.0 (compatible; Barkrowler/0.9; +https://babbar.tech/crawler)"
185.252.223.20 - - [20/Jun/2026:15:39:52 +0200] "POST /xmlrpc.php HTTP/1.1" 200 17934 "-" "Mozilla/5.0 (Windows NT 10.0; Win64; x64) AppleWebKit/537.36 (KHTML, like Gecko) Chrome/114.0.0.0 Safari/537.36"
65.21.228.101 - - [20/Jun/2026:15:40:02 +0200] "POST /wp-cron.php?doing_wp_cron=1781962802.6568119525909423828125 HTTP/1.1" 200 0 "-" "WordPress/7.0; https://themomotimes.com"
65.21.228.101 - - [20/Jun/2026:15:40:15 +0200] "POST /wp-cron.php?doing_wp_cron=1781962815.9753880500793457031250 HTTP/1.1" 200 0 "-" "WordPress/7.0; https://themomotimes.com"
217.113.194.248 - - [20/Jun/2026:15:26:45 +0200] "GET /2026/04/27/natcasinon-vi-listar-sveriges-16-ultimata-natcasino-klicka-narvarand/ HTTP/1.1" 200 0 "-" "Mozilla/5.0 (compatible; Barkrowler/0.9; +https://babbar.tech/crawler)"
129.226.168.93 - - [20/Jun/2026:15:26:46 +0200] "GET /2026/04/24/acercade-nos-narrativa-que-dignidade-abrasado-cassino-online/ HTTP/2" 200 0 "https://themomotimes.com/2026/04/24/acercade-nos-narrativa-que-dignidade-abrasado-cassino-online/" "Mozilla/5.0 (Macintosh; Intel Mac OS X 10_15_7) AppleWebKit/537.36 (KHTML, like Gecko) Chrome/123.0.0.0 Safari/537.36"
17.246.19.190 - - [20/Jun/2026:15:26:54 +0200] "GET /2026/04/30/finest-totally-free-gambling-games-one-to-shell-out-a-real-casino-platinum-play-100-free-spins-income/ HTTP/2" 200 0 "-" "Mozilla/5.0 (Macintosh; Intel Mac OS X 10_15_7) AppleWebKit/605.1.15 (KHTML, like Gecko) Version/17.4 Safari/605.1.15 (Applebot/0.1; +http://www.apple.com/go/applebot)"
31.223.77.130 - - [20/Jun/2026:15:28:40 +0200] "GET /2026/05/25/meilleur-casino-en-ligne-un-guide-complet-2/ HTTP/1.1" 200 0 "https://themomotimes.com/" "Mozilla/5.0 (X11; Linux x86_64) AppleWebKit/537.36 (KHTML, like Gecko) Chrome/125.0.0.0 Safari/537.36"
31.223.77.130 - - [20/Jun/2026:15:28:40 +0200] "GET /2026/05/25/meilleur-casino-en-ligne-un-guide-complet-2/ HTTP/1.1" 200 0 "https://themomotimes.com/" "Mozilla/5.0 (X11; Linux x86_64) AppleWebKit/537.36 (KHTML, like Gecko) Chrome/125.0.0.0 Safari/537.36"
217.113.194.126 - - [20/Jun/2026:15:34:20 +0200] "GET /2026/05/04/which-guarantees-our-protection-index-critiques-to-possess-personal-casinos-be-a-little-more-holistic/ HTTP/1.1" 200 0 "-" "Mozilla/5.0 (compatible; Barkrowler/0.9; +https://babbar.tech/crawler)"
217.113.194.127 - - [20/Jun/2026:15:34:50 +0200] "GET /2026/04/08/samtliche-erreichbar-casinos-via-paypal-einzahlung-das-grose-probe-2026/ HTTP/1.1" 200 0 "-" "Mozilla/5.0 (compatible; Barkrowler/0.9; +https://babbar.tech/crawler)"
217.113.194.129 - - [20/Jun/2026:15:35:51 +0200] "GET /2026/03/08/paypal-kasino-verkettete-liste-2026-top-online-casinos-uber-paypal-einzahlung/ HTTP/1.1" 200 0 "-" "Mozilla/5.0 (compatible; Barkrowler/0.9; +https://babbar.tech/crawler)"
47.82.11.136 - - [20/Jun/2026:15:36:20 +0200] "GET /2026/01/07/100-kasinospel-med-bgo-kry-fria-casino-samt-kostnadsfri-freespins/ HTTP/1.1" 200 0 "https://themomotimes.com/" "Mozilla/5.0 (Windows NT 10.0; Win64; x64) AppleWebKit/537.36 (KHTML, like Gecko) Chrome/135.0.0.0 Safari/537.36"
217.113.194.131 - - [20/Jun/2026:15:38:53 +0200] "GET /2026/04/30/also-specific-sign-right-up-bonuses-are-not-open-to-pages-away-from-certain-regions/ HTTP/1.1" 200 0 "-" "Mozilla/5.0 (compatible; Barkrowler/0.9; +https://babbar.tech/crawler)"
185.252.223.20 - - [20/Jun/2026:15:39:03 +0200] "POST /xmlrpc.php HTTP/1.1" 200 5929 "-" "Mozilla/5.0 (Windows NT 10.0; Win64; x64) AppleWebKit/537.36 (KHTML, like Gecko) Chrome/114.0.0.0 Safari/537.36"
45.250.252.162 - - [20/Jun/2026:15:41:07 +0200] "POST /xmlrpc.php HTTP/1.1" 200 5929 "-" "Mozilla/5.0 (Windows NT 10.0; Win64; x64) AppleWebKit/537.36 (KHTML, like Gecko) Chrome/114.0.0.0 Safari/537.36"
217.113.194.131 - - [20/Jun/2026:15:42:10 +0200] "GET /2026/04/24/blackjack-tournette-voir-tous-les-s-a-l%EF%BF%BDegard-avec-organiser-nos-benefices/ HTTP/1.1" 200 0 "-" "Mozilla/5.0 (compatible; Barkrowler/0.9; +https://babbar.tech/crawler)"
217.113.194.227 - - [20/Jun/2026:15:42:25 +0200] "GET /2026/04/24/jogo-puerilidade-cassino-buffalo-bonanza-giros-livres-de-slot-trail/ HTTP/1.1" 200 0 "-" "Mozilla/5.0 (compatible; Barkrowler/0.9; +https://babbar.tech/crawler)"
217.113.194.248 - - [20/Jun/2026:15:42:55 +0200] "GET /2026/04/23/playn-go-represente-un-choix-aventures-suedoise-qui-fait-les-atones-grace-au-canada/ HTTP/1.1" 200 0 "-" "Mozilla/5.0 (compatible; Barkrowler/0.9; +https://babbar.tech/crawler)"
65.21.228.101 - - [20/Jun/2026:15:25:17 +0200] "POST /wp-cron.php?doing_wp_cron=1781961917.3369109630584716796875 HTTP/1.1" 200 0 "-" "WordPress/7.0; https://themomotimes.com"
217.113.194.130 - - [20/Jun/2026:15:25:29 +0200] "GET /2026/03/16/spil-online-pa-kingdom-casino-din-danske-guide-til-underholdning-og-gevinst/ HTTP/1.1" 200 0 "-" "Mozilla/5.0 (compatible; Barkrowler/0.9; +https://babbar.tech/crawler)"
217.113.194.228 - - [20/Jun/2026:15:25:59 +0200] "GET /2026/04/27/2-attract-vegas-%EF%BF%BD-250000-convince-gold-coins-5-sc-allowed-incentive/ HTTP/1.1" 200 0 "-" "Mozilla/5.0 (compatible; Barkrowler/0.9; +https://babbar.tech/crawler)"
217.113.194.124 - - [20/Jun/2026:15:27:15 +0200] "GET /2026/02/24/pozicijas-vai-hitnspin-kazino-ir-promo-kodi-izmeginajums/ HTTP/1.1" 200 0 "-" "Mozilla/5.0 (compatible; Barkrowler/0.9; +https://babbar.tech/crawler)"
31.223.77.130 - - [20/Jun/2026:15:28:40 +0200] "GET /2026/05/25/meilleur-casino-en-ligne-un-guide-complet-2/ HTTP/1.1" 200 0 "https://themomotimes.com/" "Mozilla/5.0 (X11; Linux x86_64) AppleWebKit/537.36 (KHTML, like Gecko) Chrome/125.0.0.0 Safari/537.36"
217.113.194.126 - - [20/Jun/2026:15:32:18 +0200] "GET /2026/02/25/best-on-line-casino-indication-right-up-bonus-2026-fanduel-otherwise-betmgm/ HTTP/1.1" 200 0 "-" "Mozilla/5.0 (compatible; Barkrowler/0.9; +https://babbar.tech/crawler)"
217.113.194.124 - - [20/Jun/2026:15:33:04 +0200] "GET /2026/01/24/100-percent-free-pokies-zero-obtain-enjoy-pokies-on-the-internet-at-no-cost/ HTTP/1.1" 200 0 "-" "Mozilla/5.0 (compatible; Barkrowler/0.9; +https://babbar.tech/crawler)"
146.70.226.85 - - [20/Jun/2026:15:32:27 +0200] "POST /xmlrpc.php HTTP/1.1" 200 5929 "-" "Mozilla/5.0 (Windows NT 10.0; Win64; x64) AppleWebKit/537.36 (KHTML, like Gecko) Chrome/114.0.0.0 Safari/537.36"
158.173.241.69 - - [20/Jun/2026:15:35:16 +0200] "GET /2026/05/21/gagner-avec-winbeatz-facilement-3/ HTTP/1.1" 200 0 "https://themomotimes.com/" "Mozilla/5.0 (X11; Linux x86_64) AppleWebKit/537.36 (KHTML, like Gecko) Chrome/145.0.0.0 Safari/537.36"
217.113.194.248 - - [20/Jun/2026:15:39:08 +0200] "GET /2026/05/20/how-volatility-has-an-effect-on-wager-the-latest-into-line-local-casino-las-vegas-ports/ HTTP/1.1" 200 0 "-" "Mozilla/5.0 (compatible; Barkrowler/0.9; +https://babbar.tech/crawler)"
65.21.228.101 - - [20/Jun/2026:15:41:39 +0200] "POST /wp-cron.php?doing_wp_cron=1781962899.5598709583282470703125 HTTP/1.1" 200 0 "-" "WordPress/7.0; https://themomotimes.com"
200.25.47.106 - - [20/Jun/2026:15:41:17 +0200] "POST /xmlrpc.php HTTP/1.1" 200 5926 "-" "Mozilla/5.0 (Windows NT 10.0; Win64; x64) AppleWebKit/537.36 (KHTML, like Gecko) Chrome/114.0.0.0 Safari/537.36"
65.21.228.101 - - [20/Jun/2026:15:41:51 +0200] "POST /wp-cron.php?doing_wp_cron=1781962911.2782359123229980468750 HTTP/1.1" 200 0 "-" "WordPress/7.0; https://themomotimes.com"
23.94.27.130 - - [20/Jun/2026:15:42:55 +0200] "GET /2026/06/11/betninja-casino-und-einzahlungen/ HTTP/1.1" 200 0 "https://themomotimes.com/" "Mozilla/5.0 (Windows NT 10.0; Win64; x64) AppleWebKit/537.36 (KHTML, like Gecko) Chrome/137.0.0.0 Safari/537.36"
217.113.194.128 - - [20/Jun/2026:15:48:59 +0200] "GET /2026/03/25/societal-real-money-on-line-casino-internet-sites-2026-%EF%BF%BD-all-of-our-feedback-procedure/ HTTP/1.1" 200 0 "-" "Mozilla/5.0 (compatible; Barkrowler/0.9; +https://babbar.tech/crawler)"
65.21.228.101 - - [20/Jun/2026:15:49:55 +0200] "POST /wp-cron.php?doing_wp_cron=1781963395.2079830169677734375000 HTTP/1.1" 200 0 "-" "WordPress/7.0; https://themomotimes.com"
217.113.194.127 - - [20/Jun/2026:15:50:15 +0200] "GET /2026/05/12/grupo-sobre-casinos-boutiques-cual-deben-ventajas-caesars-%EF%BF%BD-fraga-casino/ HTTP/1.1" 200 0 "-" "Mozilla/5.0 (compatible; Barkrowler/0.9; +https://babbar.tech/crawler)"
65.21.228.101 - - [20/Jun/2026:15:50:29 +0200] "POST /wp-cron.php?doing_wp_cron=1781963429.6624650955200195312500 HTTP/1.1" 200 0 "-" "WordPress/7.0; https://themomotimes.com"
217.113.194.228 - - [20/Jun/2026:15:40:24 +0200] "GET /2026/04/23/no-deposit-free-revolves-2026-ukgc-casino-aliens-attack-subscribed-sites-just/ HTTP/1.1" 200 0 "-" "Mozilla/5.0 (compatible; Barkrowler/0.9; +https://babbar.tech/crawler)"
200.25.47.106 - - [20/Jun/2026:15:41:15 +0200] "GET /2026/06/20/naudsynlegur-goldbet-innskraning-ahugi-cloudflare/ HTTP/1.1" 200 0 "-" "Mozilla/5.0 (Windows NT 10.0; Win64; x64) AppleWebKit/537.36 (KHTML, like Gecko) Chrome/124.0.0.0 Safari/537.36"
217.113.194.131 - - [20/Jun/2026:15:41:24 +0200] "GET /2026/04/18/super-moolah-slot-opinion-jackpot-enjoy-super-moolah-totally-free-revolves/ HTTP/1.1" 200 0 "-" "Mozilla/5.0 (compatible; Barkrowler/0.9; +https://babbar.tech/crawler)"
45.250.252.162 - - [20/Jun/2026:15:41:58 +0200] "POST /xmlrpc.php HTTP/1.1" 200 20731 "-" "Mozilla/5.0 (Windows NT 10.0; Win64; x64) AppleWebKit/537.36 (KHTML, like Gecko) Chrome/114.0.0.0 Safari/537.36"
45.250.252.162 - - [20/Jun/2026:15:42:05 +0200] "POST /xmlrpc.php HTTP/1.1" 200 5926 "-" "Mozilla/5.0 (Windows NT 10.0; Win64; x64) AppleWebKit/537.36 (KHTML, like Gecko) Chrome/114.0.0.0 Safari/537.36"
217.113.194.124 - - [20/Jun/2026:15:44:11 +0200] "GET /2026/04/23/super-golden-dice-3-bonus-game-joker-on-line-pokie-from-the-netent-rtp-99/ HTTP/1.1" 200 0 "-" "Mozilla/5.0 (compatible; Barkrowler/0.9; +https://babbar.tech/crawler)"
217.113.194.126 - - [20/Jun/2026:15:44:57 +0200] "GET /2026/04/23/dos-stacks-o-development-%EF%BF%BD-easiest-online-casino-in-australia-bringing-pokies/ HTTP/1.1" 200 0 "-" "Mozilla/5.0 (compatible; Barkrowler/0.9; +https://babbar.tech/crawler)"
217.113.194.128 - - [20/Jun/2026:15:45:57 +0200] "GET /2026/04/24/spilavitin-sem-bjoda-upp-a-spilakassa-loka-mer-sjalfum/ HTTP/1.1" 200 0 "-" "Mozilla/5.0 (compatible; Barkrowler/0.9; +https://babbar.tech/crawler)"
217.113.194.127 - - [20/Jun/2026:15:47:44 +0200] "GET /2026/05/27/insane-casino-one-hundred-free-revolves-added-bonus-allege-250-revolves-now/ HTTP/1.1" 200 0 "-" "Mozilla/5.0 (compatible; Barkrowler/0.9; +https://babbar.tech/crawler)"
130.195.222.36 - - [20/Jun/2026:15:49:41 +0200] "POST /xmlrpc.php HTTP/1.1" 200 5929 "-" "Mozilla/5.0 (Windows NT 10.0; Win64; x64) AppleWebKit/537.36 (KHTML, like Gecko) Chrome/114.0.0.0 Safari/537.36"
130.195.222.36 - - [20/Jun/2026:15:50:37 +0200] "POST /xmlrpc.php HTTP/1.1" 200 18554 "-" "Mozilla/5.0 (Windows NT 10.0; Win64; x64) AppleWebKit/537.36 (KHTML, like Gecko) Chrome/114.0.0.0 Safari/537.36"
130.195.222.36 - - [20/Jun/2026:15:50:38 +0200] "GET /2026/06/20/jeglicher-gamer-erforderlichkeit-gewahrleisten-dass-auf-dennoch-aufwarts-anerkannten-casinoseiten-spielt/ HTTP/1.1" 200 0 "-" "Mozilla/5.0 (Windows NT 10.0; rv:125.0) Gecko/20100101 Firefox/125.0"
130.195.222.36 - - [20/Jun/2026:15:50:39 +0200] "POST /xmlrpc.php HTTP/1.1" 200 5926 "-" "Mozilla/5.0 (Windows NT 10.0; Win64; x64) AppleWebKit/537.36 (KHTML, like Gecko) Chrome/114.0.0.0 Safari/537.36"
217.113.194.248 - - [20/Jun/2026:15:51:31 +0200] "GET /2026/04/05/check-the-conditions-and-terms-of-the-extra-before-you-sign-doing-make-sure-that-even-though/ HTTP/1.1" 200 0 "-" "Mozilla/5.0 (compatible; Barkrowler/0.9; +https://babbar.tech/crawler)"
217.113.194.126 - - [20/Jun/2026:15:52:01 +0200] "GET /2026/04/05/mention-the-latest-also-offers-from-red-colored-lion-casino-and-welcome-bonuses-free-revolves-and/ HTTP/1.1" 200 0 "-" "Mozilla/5.0 (compatible; Barkrowler/0.9; +https://babbar.tech/crawler)"
217.113.194.127 - - [20/Jun/2026:15:52:32 +0200] "GET /2026/01/16/eye-of-horus-fur-nusse-spielen-gebuhrenfrei-kundgebung-echtgeld-bonus/ HTTP/1.1" 200 0 "-" "Mozilla/5.0 (compatible; Barkrowler/0.9; +https://babbar.tech/crawler)"
217.113.194.125 - - [20/Jun/2026:15:52:47 +0200] "GET /2026/01/16/eye-of-horus-gratis-auffuhren-abzuglich-anmeldung-slot-bei-merkur/ HTTP/1.1" 200 0 "-" "Mozilla/5.0 (compatible; Barkrowler/0.9; +https://babbar.tech/crawler)"
217.113.194.248 - - [20/Jun/2026:15:25:44 +0200] "GET /2026/03/16/gamble-online-slots-real-time-gambling-establishment-win-real-casino-million-vegas-mobile-cash/ HTTP/1.1" 200 0 "-" "Mozilla/5.0 (compatible; Barkrowler/0.9; +https://babbar.tech/crawler)"
146.70.226.22 - - [20/Jun/2026:15:25:24 +0200] "POST /xmlrpc.php HTTP/1.1" 200 5926 "-" "Mozilla/5.0 (Windows NT 10.0; Win64; x64) AppleWebKit/537.36 (KHTML, like Gecko) Chrome/114.0.0.0 Safari/537.36"
217.113.194.131 - - [20/Jun/2026:15:32:34 +0200] "GET /2026/02/28/online-herr-bet-registrierung-at-kasino-pramie-exklusive-einzahlung-fix-2026/ HTTP/1.1" 200 0 "-" "Mozilla/5.0 (compatible; Barkrowler/0.9; +https://babbar.tech/crawler)"
217.113.194.124 - - [20/Jun/2026:15:36:36 +0200] "GET /2026/03/08/oxymetholon-dosering-vigtige-overvejelser-og-retningslinjer/ HTTP/1.1" 200 0 "-" "Mozilla/5.0 (compatible; Barkrowler/0.9; +https://babbar.tech/crawler)"
172.233.242.208 - - [20/Jun/2026:15:38:01 +0200] "POST /xmlrpc.php HTTP/1.1" 200 5929 "-" "Mozilla/5.0 (Windows NT 10.0; Win64; x64) AppleWebKit/537.36 (KHTML, like Gecko) Chrome/114.0.0.0 Safari/537.36"
172.233.242.208 - - [20/Jun/2026:15:38:50 +0200] "POST /xmlrpc.php HTTP/1.1" 200 17201 "-" "Mozilla/5.0 (Windows NT 10.0; Win64; x64) AppleWebKit/537.36 (KHTML, like Gecko) Chrome/114.0.0.0 Safari/537.36"
172.233.242.208 - - [20/Jun/2026:15:38:51 +0200] "GET /2026/06/20/loperateur-semble-setre-arrache-pour-reperer-leurs-plus-grands-methode-des-credits-selon-les-diverses-contree-dhabitation/ HTTP/1.1" 200 0 "-" "Mozilla/5.0 (Windows NT 10.0; Win64; x64) AppleWebKit/537.36 (KHTML, like Gecko) Chrome/122.0.0.0 Safari/537.36"
172.233.242.208 - - [20/Jun/2026:15:38:53 +0200] "POST /xmlrpc.php HTTP/1.1" 200 5926 "-" "Mozilla/5.0 (Windows NT 10.0; Win64; x64) AppleWebKit/537.36 (KHTML, like Gecko) Chrome/114.0.0.0 Safari/537.36"
217.113.194.123 - - [20/Jun/2026:15:40:39 +0200] "GET /2026/04/23/une-telle-presentation-chez-week-end-votre-presentation-vip-chez-casino-tortuga/ HTTP/1.1" 200 0 "-" "Mozilla/5.0 (compatible; Barkrowler/0.9; +https://babbar.tech/crawler)"
217.113.194.128 - - [20/Jun/2026:15:40:54 +0200] "GET /2026/04/18/mrq-gambling-games-opinion-%EF%BF%BD-better-app-800-slots-real-time-online-game/ HTTP/1.1" 200 0 "-" "Mozilla/5.0 (compatible; Barkrowler/0.9; +https://babbar.tech/crawler)"
217.113.194.248 - - [20/Jun/2026:15:41:55 +0200] "GET /2026/04/24/megaways-slots-2026-best-megaways-jogos-de-caca-niqueis-bally-tech-slots/ HTTP/1.1" 200 0 "-" "Mozilla/5.0 (compatible; Barkrowler/0.9; +https://babbar.tech/crawler)"
217.113.194.248 - - [20/Jun/2026:15:43:56 +0200] "GET /2026/04/23/roulette-is-a-greatest-alternatives-one-of-into-line-gambling-enterprise-table-online-game/ HTTP/1.1" 200 0 "-" "Mozilla/5.0 (compatible; Barkrowler/0.9; +https://babbar.tech/crawler)"
217.113.194.122 - - [20/Jun/2026:15:45:42 +0200] "GET /2026/04/24/la-slot-de-el-planeta-de-los-simios-es-una-de-estas-slots-que-de-mas-pagan/ HTTP/1.1" 200 0 "-" "Mozilla/5.0 (compatible; Barkrowler/0.9; +https://babbar.tech/crawler)"
217.113.194.131 - - [20/Jun/2026:15:46:58 +0200] "GET /2026/05/27/unlock-miami-bar-casino-signal-up-take-800-incentive-slot-fat-cat-now/ HTTP/1.1" 200 0 "-" "Mozilla/5.0 (compatible; Barkrowler/0.9; +https://babbar.tech/crawler)"
217.113.194.122 - - [20/Jun/2026:15:48:29 +0200] "GET /2026/03/25/przemierzaj-droge-kurczakow-chicken-road-opinie-gwarancja/ HTTP/1.1" 200 0 "-" "Mozilla/5.0 (compatible; Barkrowler/0.9; +https://babbar.tech/crawler)"
66.249.69.192 - - [20/Jun/2026:15:48:41 +0200] "GET /2026/05/06/beginner-friendly-overview-of-online-slots-and-36-2/ HTTP/1.1" 200 0 "-" "Mozilla/5.0 (Linux; Android 6.0.1; Nexus 5X Build/MMB29P) AppleWebKit/537.36 (KHTML, like Gecko) Chrome/148.0.7778.96 Mobile Safari/537.36 (compatible; Googlebot/2.1; +http://www.google.com/bot.html)"
217.113.194.126 - - [20/Jun/2026:15:49:30 +0200] "GET /2026/05/12/most-useful-web-based-casinos-from-inside-the-2026-greatest-ranked-online-casino-internet-sites/ HTTP/1.1" 200 0 "-" "Mozilla/5.0 (compatible; Barkrowler/0.9; +https://babbar.tech/crawler)"
217.113.194.125 - - [20/Jun/2026:15:39:38 +0200] "GET /2025/10/29/jackpotmeesters-hoe-je-met-betclic-casino-de-grootste-prijzen-binnenhaalt/ HTTP/1.1" 200 0 "-" "Mozilla/5.0 (compatible; Barkrowler/0.9; +https://babbar.tech/crawler)"
217.113.194.128 - - [20/Jun/2026:15:40:09 +0200] "GET /2025/09/25/come-dominare-il-tavolo-di-craps-su-mobile-e-incassare-i-jackpot-piu-grandi/ HTTP/1.1" 200 0 "-" "Mozilla/5.0 (compatible; Barkrowler/0.9; +https://babbar.tech/crawler)"
217.113.194.131 - - [20/Jun/2026:15:41:40 +0200] "GET /2026/04/24/twin-juega-evoplay-tragamonedas-de-juego-en-linea-spin-tragamonedas/ HTTP/1.1" 200 0 "-" "Mozilla/5.0 (compatible; Barkrowler/0.9; +https://babbar.tech/crawler)"
217.113.194.131 - - [20/Jun/2026:15:43:41 +0200] "GET /2026/04/24/play-slot-machine-online-aztec-treasure-safari-heat-slot-review-casinos-bonus-video/ HTTP/1.1" 200 0 "-" "Mozilla/5.0 (compatible; Barkrowler/0.9; +https://babbar.tech/crawler)"
66.249.69.193 - - [20/Jun/2026:15:45:08 +0200] "GET /2026/05/05/advanced-strategies-for-fast-payout-casino-and-35/ HTTP/1.1" 200 0 "-" "Mozilla/5.0 (Linux; Android 6.0.1; Nexus 5X Build/MMB29P) AppleWebKit/537.36 (KHTML, like Gecko) Chrome/148.0.7778.96 Mobile Safari/537.36 (compatible; Googlebot/2.1; +http://www.google.com/bot.html)"
217.113.194.130 - - [20/Jun/2026:15:47:13 +0200] "GET /2026/05/27/play-penny-slots-on-the-internet-within-the-canada-2026-a-lot-of-time-island-push/ HTTP/1.1" 200 0 "-" "Mozilla/5.0 (compatible; Barkrowler/0.9; +https://babbar.tech/crawler)"
217.113.194.124 - - [20/Jun/2026:15:47:28 +0200] "GET /2026/05/28/cashapillar-harbors-mayana-casino-review-100-paylines-totally-free-revolves/ HTTP/1.1" 200 0 "-" "Mozilla/5.0 (compatible; Barkrowler/0.9; +https://babbar.tech/crawler)"
217.113.194.126 - - [20/Jun/2026:15:48:44 +0200] "GET /2026/03/25/ein-ferner-auszahlungen-funktionieren-hinein-verde-einfach-unter-anderem-treu/ HTTP/1.1" 200 0 "-" "Mozilla/5.0 (compatible; Barkrowler/0.9; +https://babbar.tech/crawler)"
217.113.194.227 - - [20/Jun/2026:15:49:15 +0200] "GET /2026/05/12/let-us-look-on-the-chief-items-which-can-be-employed-in-free-revolves-no-deposit-bonuses/ HTTP/1.1" 200 0 "-" "Mozilla/5.0 (compatible; Barkrowler/0.9; +https://babbar.tech/crawler)"
217.113.194.129 - - [20/Jun/2026:15:50:00 +0200] "GET /2026/05/12/most-readily-useful-bitcoin-ports-gamble-most-useful-tier-ports-having-crypto-inside-2026/ HTTP/1.1" 200 0 "-" "Mozilla/5.0 (compatible; Barkrowler/0.9; +https://babbar.tech/crawler)"
217.113.194.228 - - [20/Jun/2026:15:52:17 +0200] "GET /2026/01/16/sweet-bonanza-tratar-a-la-slot-en-internet-por-recursos-o-bien-gratuito/ HTTP/1.1" 200 0 "-" "Mozilla/5.0 (compatible; Barkrowler/0.9; +https://babbar.tech/crawler)"
65.21.228.101 - - [20/Jun/2026:15:53:30 +0200] "POST /wp-cron.php?doing_wp_cron=1781963610.2168319225311279296875 HTTP/1.1" 200 0 "-" "WordPress/7.0; https://themomotimes.com"
146.70.226.22 - - [20/Jun/2026:15:52:44 +0200] "POST /xmlrpc.php HTTP/1.1" 200 5929 "-" "Mozilla/5.0 (Windows NT 10.0; Win64; x64) AppleWebKit/537.36 (KHTML, like Gecko) Chrome/114.0.0.0 Safari/537.36"
146.70.226.22 - - [20/Jun/2026:15:53:35 +0200] "POST /xmlrpc.php HTTP/1.1" 200 15220 "-" "Mozilla/5.0 (Windows NT 10.0; Win64; x64) AppleWebKit/537.36 (KHTML, like Gecko) Chrome/114.0.0.0 Safari/537.36"
146.70.226.22 - - [20/Jun/2026:15:53:35 +0200] "GET /2026/06/20/read-on-to-discover-the-best-no-deposit-bonuses-from-the-leading-gambling-enterprises-in-britain/ HTTP/1.1" 200 0 "-" "Mozilla/5.0 (Windows NT 10.0; Win64; x64) AppleWebKit/537.36 (KHTML, like Gecko) Chrome/124.0.0.0 Safari/537.36 Edg/124.0.0.0"
