146.70.226.22 - - [20/Jun/2026:15:53:36 +0200] "POST /xmlrpc.php HTTP/1.1" 200 5926 "-" "Mozilla/5.0 (Windows NT 10.0; Win64; x64) AppleWebKit/537.36 (KHTML, like Gecko) Chrome/114.0.0.0 Safari/537.36"
65.21.228.101 - - [20/Jun/2026:15:58:04 +0200] "POST /wp-cron.php?doing_wp_cron=1781963884.7517828941345214843750 HTTP/1.1" 200 0 "-" "WordPress/7.0; https://themomotimes.com"
23.94.27.130 - - [20/Jun/2026:15:42:56 +0200] "GET /2026/06/11/betninja-casino-und-einzahlungen/ HTTP/1.1" 200 0 "https://themomotimes.com/" "Mozilla/5.0 (Windows NT 10.0; Win64; x64) AppleWebKit/537.36 (KHTML, like Gecko) Chrome/137.0.0.0 Safari/537.36"
217.113.194.129 - - [20/Jun/2026:15:43:26 +0200] "GET /2026/04/24/appareil-a-avec-legerement-a-l%EF%BF%BDegard-de-gratification-sans-nul-classe/ HTTP/1.1" 200 0 "-" "Mozilla/5.0 (compatible; Barkrowler/0.9; +https://babbar.tech/crawler)"
217.113.194.123 - - [20/Jun/2026:15:44:26 +0200] "GET /2026/04/23/super-slot-games-pompeii-joker-slot-remark-netents-vintage-fruits-inspired-video-game/ HTTP/1.1" 200 0 "-" "Mozilla/5.0 (compatible; Barkrowler/0.9; +https://babbar.tech/crawler)"
66.249.69.192 - - [20/Jun/2026:15:45:02 +0200] "GET /robots.txt HTTP/1.1" 200 135 "-" "Mozilla/5.0 (compatible; Googlebot/2.1; +http://www.google.com/bot.html)"
66.249.69.192 - - [20/Jun/2026:15:45:04 +0200] "GET /2026/05/13/guide-pour-debutants-sur-casino-en-direct-les/ HTTP/1.1" 200 0 "-" "Mozilla/5.0 (Linux; Android 6.0.1; Nexus 5X Build/MMB29P) AppleWebKit/537.36 (KHTML, like Gecko) Chrome/148.0.7778.96 Mobile Safari/537.36 (compatible; Googlebot/2.1; +http://www.google.com/bot.html)"
217.113.194.124 - - [20/Jun/2026:15:45:12 +0200] "GET /2026/04/23/fantastic-flame-slot-hoyeah-local-casino-harbors-programs-on-the-internet-enjoy/ HTTP/1.1" 200 0 "-" "Mozilla/5.0 (compatible; Barkrowler/0.9; +https://babbar.tech/crawler)"
45.250.252.165 - - [20/Jun/2026:15:45:33 +0200] "GET /2026/06/20/tilslutte-bingo-skuespil-bingo-online-keno-online-nettet-om-rigtige-skattefrie-middel/ HTTP/1.1" 200 0 "-" "Mozilla/5.0 (Windows NT 10.0; Win64; x64) AppleWebKit/537.36 (KHTML, like Gecko) Chrome/124.0.0.0 Safari/537.36 Edg/124.0.0.0"
45.250.252.165 - - [20/Jun/2026:15:45:35 +0200] "POST /xmlrpc.php HTTP/1.1" 200 5926 "-" "Mozilla/5.0 (Windows NT 10.0; Win64; x64) AppleWebKit/537.36 (KHTML, like Gecko) Chrome/114.0.0.0 Safari/537.36"
217.113.194.124 - - [20/Jun/2026:15:53:02 +0200] "GET /2026/01/30/kakim-obrazom-perezhivanija-vlijajut-na-chuvstvo-vremeni/ HTTP/1.1" 200 0 "-" "Mozilla/5.0 (compatible; Barkrowler/0.9; +https://babbar.tech/crawler)"
217.113.194.248 - - [20/Jun/2026:15:53:48 +0200] "GET /2026/01/22/eye-of-slot-spiel-captains-treasure-horus-demo-vortragen-slot-blos-anmeldung/ HTTP/1.1" 200 0 "-" "Mozilla/5.0 (compatible; Barkrowler/0.9; +https://babbar.tech/crawler)"
217.113.194.122 - - [20/Jun/2026:15:54:18 +0200] "GET /2026/01/22/top-10-erreichbar-win-shot-angebote-casinos-auf-gewinner-auszahlungsquote-2026/ HTTP/1.1" 200 0 "-" "Mozilla/5.0 (compatible; Barkrowler/0.9; +https://babbar.tech/crawler)"
217.113.194.122 - - [20/Jun/2026:15:54:33 +0200] "GET /2026/02/23/ett-direkte-brukerveiledning-til-beste-siden-elveleie-ansla-odds/ HTTP/1.1" 200 0 "-" "Mozilla/5.0 (compatible; Barkrowler/0.9; +https://babbar.tech/crawler)"
217.113.194.129 - - [20/Jun/2026:15:56:04 +0200] "GET /2026/03/12/the-best-real-time-casino-no-isis-slot-for-real-money-deposit-incentives-march-2026/ HTTP/1.1" 200 0 "-" "Mozilla/5.0 (compatible; Barkrowler/0.9; +https://babbar.tech/crawler)"
217.113.194.127 - - [20/Jun/2026:15:57:35 +0200] "GET /2026/03/27/will-you-be-questioning-in-regards-to-the-different-types-of-online-game-you-could-potentially-gamble/ HTTP/1.1" 200 0 "-" "Mozilla/5.0 (compatible; Barkrowler/0.9; +https://babbar.tech/crawler)"
146.70.226.85 - - [20/Jun/2026:15:58:12 +0200] "GET /2026/06/20/ein-groteil-rubrik-pay-out-slots-inside-unserer-spielothekcasino-bieten-noch-items-wie-gleichfalls-nachfallende-symbole/ HTTP/1.1" 200 0 "-" "Mozilla/5.0 (Windows NT 10.0; rv:109.0) Gecko/20100101 Firefox/115.0"
217.113.194.131 - - [20/Jun/2026:15:59:06 +0200] "GET /2026/03/23/intendieren-eltern-the-roulette-table-erreichbar-unteilbar-deutsche-kasino-geben/ HTTP/1.1" 200 0 "-" "Mozilla/5.0 (compatible; Barkrowler/0.9; +https://babbar.tech/crawler)"
146.70.226.22 - - [20/Jun/2026:15:39:07 +0200] "POST /xmlrpc.php HTTP/1.1" 200 5929 "-" "Mozilla/5.0 (Windows NT 10.0; Win64; x64) AppleWebKit/537.36 (KHTML, like Gecko) Chrome/114.0.0.0 Safari/537.36"
185.252.223.20 - - [20/Jun/2026:15:39:53 +0200] "GET /2026/06/20/kilka-przedsiebiorstwa-hazardowe-wlaczaja-a-prywatne-motywacja-bez-depozytu-%EF%BF%BD-wowczas-na-graczy-trafiaja-w-tym-gadzety/ HTTP/1.1" 200 0 "-" "Mozilla/5.0 (Windows NT 10.0; Win64; x64; rv:125.0) Gecko/20100101 Firefox/125.0"
146.70.226.22 - - [20/Jun/2026:15:39:56 +0200] "POST /xmlrpc.php HTTP/1.1" 200 1686 "-" "Mozilla/5.0 (Windows NT 10.0; Win64; x64) AppleWebKit/537.36 (KHTML, like Gecko) Chrome/114.0.0.0 Safari/537.36"
146.70.226.22 - - [20/Jun/2026:15:40:02 +0200] "POST /xmlrpc.php HTTP/1.1" 200 15541 "-" "Mozilla/5.0 (Windows NT 10.0; Win64; x64) AppleWebKit/537.36 (KHTML, like Gecko) Chrome/114.0.0.0 Safari/537.36"
146.70.226.22 - - [20/Jun/2026:15:40:02 +0200] "GET /2026/06/20/he-is-intent-on-permitting-readers-create-far-more-advised-gambling-conclusion-and-take-pleasure-in-a-better-complete-feel/ HTTP/1.1" 200 0 "-" "Mozilla/5.0 (Windows NT 10.0; Win64; x64) AppleWebKit/537.36 (KHTML, like Gecko) Chrome/123.0.0.0 Safari/537.36 OPR/109.0.0.0"
185.252.223.20 - - [20/Jun/2026:15:39:53 +0200] "POST /xmlrpc.php HTTP/1.1" 200 5926 "-" "Mozilla/5.0 (Windows NT 10.0; Win64; x64) AppleWebKit/537.36 (KHTML, like Gecko) Chrome/114.0.0.0 Safari/537.36"
146.70.226.22 - - [20/Jun/2026:15:40:02 +0200] "POST /xmlrpc.php HTTP/1.1" 200 5926 "-" "Mozilla/5.0 (Windows NT 10.0; Win64; x64) AppleWebKit/537.36 (KHTML, like Gecko) Chrome/114.0.0.0 Safari/537.36"
217.113.194.123 - - [20/Jun/2026:15:42:40 +0200] "GET /2026/04/24/quoi-complet-amuser-via-ce-salle-de-jeu-un-tantinet-annales-minimum-1euro/ HTTP/1.1" 200 0 "-" "Mozilla/5.0 (compatible; Barkrowler/0.9; +https://babbar.tech/crawler)"
65.21.228.101 - - [20/Jun/2026:15:45:24 +0200] "POST /wp-cron.php?doing_wp_cron=1781963124.7041540145874023437500 HTTP/1.1" 200 0 "-" "WordPress/7.0; https://themomotimes.com"
217.113.194.131 - - [20/Jun/2026:15:45:27 +0200] "GET /2026/04/23/fa-fa-fa-free-slot-gamble-demonstration-rtp-97-casino-gowild-login-1percent/ HTTP/1.1" 200 0 "-" "Mozilla/5.0 (compatible; Barkrowler/0.9; +https://babbar.tech/crawler)"
45.250.252.165 - - [20/Jun/2026:15:45:31 +0200] "POST /xmlrpc.php HTTP/1.1" 200 19072 "-" "Mozilla/5.0 (Windows NT 10.0; Win64; x64) AppleWebKit/537.36 (KHTML, like Gecko) Chrome/114.0.0.0 Safari/537.36"
217.113.194.127 - - [20/Jun/2026:15:46:28 +0200] "GET /2026/04/23/christmas-reactors-ports-opinion-happy-samba-brazil-for-real-money-progressive-enjoyable/ HTTP/1.1" 200 0 "-" "Mozilla/5.0 (compatible; Barkrowler/0.9; +https://babbar.tech/crawler)"
217.113.194.126 - - [20/Jun/2026:15:46:43 +0200] "GET /2026/05/22/gewinner-spielbank-bonus-2026-mach-viel-mehr-leer-deinem-piepen/ HTTP/1.1" 200 0 "-" "Mozilla/5.0 (compatible; Barkrowler/0.9; +https://babbar.tech/crawler)"
217.113.194.122 - - [20/Jun/2026:15:48:14 +0200] "GET /2026/03/25/phoenix-sun-position-remark-2026-has-rtp-betconstruct-slot-games-free-spins/ HTTP/1.1" 200 0 "-" "Mozilla/5.0 (compatible; Barkrowler/0.9; +https://babbar.tech/crawler)"
217.113.194.129 - - [20/Jun/2026:15:49:45 +0200] "GET /2026/05/12/cazinouri-online-spre-bani-reali-pe-romania-toate-site-urile-dintr-2026/ HTTP/1.1" 200 0 "-" "Mozilla/5.0 (compatible; Barkrowler/0.9; +https://babbar.tech/crawler)"
217.113.194.123 - - [20/Jun/2026:15:56:19 +0200] "GET /2026/02/04/no-deposit-added-bonus-requirements-and-100-percent-free-local-casino-also-provides-2026/ HTTP/1.1" 200 0 "-" "Mozilla/5.0 (compatible; Barkrowler/0.9; +https://babbar.tech/crawler)"
217.113.194.248 - - [20/Jun/2026:15:59:52 +0200] "GET /2026/01/13/irish-eyes-optreden-voordat-lucky-8-line-80-gratis-spins-in-strafbaar/ HTTP/1.1" 200 0 "-" "Mozilla/5.0 (compatible; Barkrowler/0.9; +https://babbar.tech/crawler)"
217.113.194.126 - - [20/Jun/2026:15:36:06 +0200] "GET /2026/03/08/verbunden-casinos-unter-einsatz-von-schneller-auszahlung-gewinne-beibehalten/ HTTP/1.1" 200 0 "-" "Mozilla/5.0 (compatible; Barkrowler/0.9; +https://babbar.tech/crawler)"
217.113.194.131 - - [20/Jun/2026:15:37:07 +0200] "GET /2026/01/15/casinos-on-the-internet-canada-2026-slot-high-society-all-licensed-casinos-discovered-here/ HTTP/1.1" 200 0 "-" "Mozilla/5.0 (compatible; Barkrowler/0.9; +https://babbar.tech/crawler)"
65.21.228.101 - - [20/Jun/2026:15:37:25 +0200] "POST /wp-cron.php?doing_wp_cron=1781962645.1836860179901123046875 HTTP/1.1" 200 0 "-" "WordPress/7.0; https://themomotimes.com"
217.113.194.122 - - [20/Jun/2026:15:37:37 +0200] "GET /2026/01/06/jingle-bells-trip-ports-download-playfortuna-app-play-for-free-or-a-real-income/ HTTP/1.1" 200 0 "-" "Mozilla/5.0 (compatible; Barkrowler/0.9; +https://babbar.tech/crawler)"
65.21.228.101 - - [20/Jun/2026:15:38:45 +0200] "POST /wp-cron.php?doing_wp_cron=1781962725.4213709831237792968750 HTTP/1.1" 200 0 "-" "WordPress/7.0; https://themomotimes.com"
217.113.194.227 - - [20/Jun/2026:15:41:09 +0200] "GET /2026/04/18/angeschlossen-casinos-qua-5-eur-mindesteinzahlung-je-deutsche-zocker/ HTTP/1.1" 200 0 "-" "Mozilla/5.0 (compatible; Barkrowler/0.9; +https://babbar.tech/crawler)"
45.250.252.162 - - [20/Jun/2026:15:42:03 +0200] "GET /2026/06/20/highest-5-gambling-enterprise-opinion-2026-higher-5-aces-and-faces-slot-free-spins-sign-up-extra-and-you-will-coupons/ HTTP/1.1" 200 0 "-" "Mozilla/5.0 (Windows NT 10.0; Win64; x64) AppleWebKit/537.36 (KHTML, like Gecko) Chrome/124.0.0.0 Safari/537.36"
217.113.194.131 - - [20/Jun/2026:15:43:11 +0200] "GET /2026/04/23/best-5-put-savannah-king-online-slot-casinos-nz-minimum-of-5-dollars-bonuses/ HTTP/1.1" 200 0 "-" "Mozilla/5.0 (compatible; Barkrowler/0.9; +https://babbar.tech/crawler)"
66.249.69.194 - - [20/Jun/2026:15:45:02 +0200] "GET /2026/05/13/complete-guide-to-sports-betting-and-how-to-choose-15/ HTTP/1.1" 200 0 "-" "Mozilla/5.0 (Linux; Android 6.0.1; Nexus 5X Build/MMB29P) AppleWebKit/537.36 (KHTML, like Gecko) Chrome/148.0.7778.96 Mobile Safari/537.36 (compatible; Googlebot/2.1; +http://www.google.com/bot.html)"
45.250.252.165 - - [20/Jun/2026:15:44:38 +0200] "POST /xmlrpc.php HTTP/1.1" 200 5929 "-" "Mozilla/5.0 (Windows NT 10.0; Win64; x64) AppleWebKit/537.36 (KHTML, like Gecko) Chrome/114.0.0.0 Safari/537.36"
217.113.194.131 - - [20/Jun/2026:15:47:59 +0200] "GET /2026/05/27/trambusto-mediante-spid-fondo-la-lente-di-calciomercato-i-top-operatori/ HTTP/1.1" 200 0 "-" "Mozilla/5.0 (compatible; Barkrowler/0.9; +https://babbar.tech/crawler)"
66.249.69.192 - - [20/Jun/2026:15:48:57 +0200] "GET /2026/05/18/strategie-avanzate-per-giochi-da-casino-e-6/ HTTP/1.1" 200 0 "-" "Mozilla/5.0 (Linux; Android 6.0.1; Nexus 5X Build/MMB29P) AppleWebKit/537.36 (KHTML, like Gecko) Chrome/148.0.7778.96 Mobile Safari/537.36 (compatible; Googlebot/2.1; +http://www.google.com/bot.html)"
217.113.194.248 - - [20/Jun/2026:15:50:30 +0200] "GET /2026/05/12/daily-totally-free-spins-casinos-allege-your-100-percent-free-every-day-revolves-2026/ HTTP/1.1" 200 0 "-" "Mozilla/5.0 (compatible; Barkrowler/0.9; +https://babbar.tech/crawler)"
77.75.78.161 - - [20/Jun/2026:15:57:14 +0200] "GET /building-a-profitable-spybet-bankroll-management-system/ HTTP/1.1" 200 0 "-" "Mozilla/5.0 (compatible; SeznamBot/4.0; +https://o-seznam.cz/napoveda/vyhledavani/en/seznambot-crawler/)"
146.70.226.85 - - [20/Jun/2026:15:57:17 +0200] "POST /xmlrpc.php HTTP/1.1" 200 5929 "-" "Mozilla/5.0 (Windows NT 10.0; Win64; x64) AppleWebKit/537.36 (KHTML, like Gecko) Chrome/114.0.0.0 Safari/537.36"
217.113.194.131 - - [20/Jun/2026:15:58:21 +0200] "GET /2026/03/27/leurs-pourboire-alloues-par-le-casino-ios-a-l%EF%BF%BDegard-de-divertir-gratis/ HTTP/1.1" 200 0 "-" "Mozilla/5.0 (compatible; Barkrowler/0.9; +https://babbar.tech/crawler)"
217.113.194.126 - - [20/Jun/2026:15:39:53 +0200] "GET /2025/03/12/les-strategies-innovantes-pour-maximiser-l-engagement-client-dans-le-secteur-du-divertissement-numerique/ HTTP/1.1" 200 0 "-" "Mozilla/5.0 (compatible; Barkrowler/0.9; +https://babbar.tech/crawler)"
200.25.47.106 - - [20/Jun/2026:15:40:22 +0200] "POST /xmlrpc.php HTTP/1.1" 200 5929 "-" "Mozilla/5.0 (Windows NT 10.0; Win64; x64) AppleWebKit/537.36 (KHTML, like Gecko) Chrome/114.0.0.0 Safari/537.36"
200.25.47.106 - - [20/Jun/2026:15:41:12 +0200] "POST /xmlrpc.php HTTP/1.1" 200 15819 "-" "Mozilla/5.0 (Windows NT 10.0; Win64; x64) AppleWebKit/537.36 (KHTML, like Gecko) Chrome/114.0.0.0 Safari/537.36"
23.94.27.130 - - [20/Jun/2026:15:42:55 +0200] "GET /2026/06/11/betninja-casino-und-einzahlungen/ HTTP/1.1" 200 0 "https://themomotimes.com/" "Mozilla/5.0 (Windows NT 10.0; Win64; x64) AppleWebKit/537.36 (KHTML, like Gecko) Chrome/137.0.0.0 Safari/537.36"
217.113.194.126 - - [20/Jun/2026:15:44:42 +0200] "GET /2026/04/22/spielbank-maklercourtage-frei-einzahlung-marzen-2026-30-aktuelle-angebote/ HTTP/1.1" 200 0 "-" "Mozilla/5.0 (compatible; Barkrowler/0.9; +https://babbar.tech/crawler)"
217.113.194.124 - - [20/Jun/2026:15:46:13 +0200] "GET /2026/04/23/leovegas-opinion-2026-play-mega-fortune-dreams-2-online-rich-alive-streaming/ HTTP/1.1" 200 0 "-" "Mozilla/5.0 (compatible; Barkrowler/0.9; +https://babbar.tech/crawler)"
2.51.128.71 - - [20/Jun/2026:15:48:18 +0200] "POST /xmlrpc.php HTTP/2" 200 0 "https://themomotimes.com/wp-admin/post-new.php" "Mozilla/5.0 (Macintosh; Intel Mac OS X 10_15_7) AppleWebKit/537.36 (KHTML, like Gecko) Chrome/124.0.0.0 Safari/537.36"
65.21.228.101 - - [20/Jun/2026:15:49:09 +0200] "POST /wp-cron.php?doing_wp_cron=1781963349.4837501049041748046875 HTTP/1.1" 200 0 "-" "WordPress/7.0; https://themomotimes.com"
92.97.167.7 - - [20/Jun/2026:15:49:07 +0200] "POST /xmlrpc.php HTTP/2" 200 0 "https://www.themomotimes.com/wp-admin/post-new.php" "Mozilla/5.0 (Windows NT 10.0; Win64; x64; rv:125.0) Gecko/20100101 Firefox/125.0"
217.113.194.131 - - [20/Jun/2026:15:50:46 +0200] "GET /2026/04/05/this-involves-mindful-believed-and-you-will-a-comprehension-of-the-new-casinos-terms-and-conditions/ HTTP/1.1" 200 0 "-" "Mozilla/5.0 (compatible; Barkrowler/0.9; +https://babbar.tech/crawler)"
217.113.194.131 - - [20/Jun/2026:15:51:01 +0200] "GET /2026/04/05/talomme-paras-online-kasino-crazy-monkey-on-nautinnollisen-ulkopuolella/ HTTP/1.1" 200 0 "-" "Mozilla/5.0 (compatible; Barkrowler/0.9; +https://babbar.tech/crawler)"
217.113.194.248 - - [20/Jun/2026:15:51:46 +0200] "GET /2026/04/05/rtp-y-volatilidad-refinada-de-el-plinko-game-para-incrementar-ganancias/ HTTP/1.1" 200 0 "-" "Mozilla/5.0 (compatible; Barkrowler/0.9; +https://babbar.tech/crawler)"
14.239.239.177 - - [20/Jun/2026:15:55:07 +0200] "GET /2026/05/15/azax-500-mg-dosagem-e-informacoes-importantes/ HTTP/1.1" 200 0 "-" "GuzzleHttp/7"
217.113.194.130 - - [20/Jun/2026:15:56:34 +0200] "GET /2026/05/01/gioca-senza-limiti-esplora-i-vantaggi-dei-casino-non-aams-skrill/ HTTP/1.1" 200 0 "-" "Mozilla/5.0 (compatible; Barkrowler/0.9; +https://babbar.tech/crawler)"
217.113.194.126 - - [20/Jun/2026:15:57:50 +0200] "GET /2026/03/27/as-to-the-reasons-favor-most-useful-payment-casinos-in-britain-%EF%BF%BD-key-takeaways/ HTTP/1.1" 200 0 "-" "Mozilla/5.0 (compatible; Barkrowler/0.9; +https://babbar.tech/crawler)"
146.70.226.85 - - [20/Jun/2026:15:58:11 +0200] "POST /xmlrpc.php HTTP/1.1" 200 17701 "-" "Mozilla/5.0 (Windows NT 10.0; Win64; x64) AppleWebKit/537.36 (KHTML, like Gecko) Chrome/114.0.0.0 Safari/537.36"
217.113.194.127 - - [20/Jun/2026:15:58:51 +0200] "GET /2026/03/24/authentiek-aanschaffen-plu-meer-informatie-vinden-buitenshuis-storting-acteren/ HTTP/1.1" 200 0 "-" "Mozilla/5.0 (compatible; Barkrowler/0.9; +https://babbar.tech/crawler)"
217.113.194.123 - - [20/Jun/2026:16:03:39 +0200] "GET /2026/04/10/si-pero-debemos-seguir-a-los-campos-de-envite-suin-acudir-un-jubilacion/ HTTP/1.1" 200 0 "-" "Mozilla/5.0 (compatible; Barkrowler/0.9; +https://babbar.tech/crawler)"
217.113.194.128 - - [20/Jun/2026:15:58:06 +0200] "GET /2026/03/27/these-days-you-can-enjoy-brand-new-excitement-of-ones-local-casino-straight-from-their-sofa/ HTTP/1.1" 200 0 "-" "Mozilla/5.0 (compatible; Barkrowler/0.9; +https://babbar.tech/crawler)"
217.113.194.129 - - [20/Jun/2026:15:59:22 +0200] "GET /2026/01/27/funky-fruit-casino-loki-no-deposit-ranch-slot-review-complete-help-guide-to-has-rtp-enjoy/ HTTP/1.1" 200 0 "-" "Mozilla/5.0 (compatible; Barkrowler/0.9; +https://babbar.tech/crawler)"
217.113.194.126 - - [20/Jun/2026:16:00:07 +0200] "GET /2026/01/13/blackjack-casino-mr-bet-echtes-geld-strategien-basisstrategie-register-zum-gewinnen/ HTTP/1.1" 200 0 "-" "Mozilla/5.0 (compatible; Barkrowler/0.9; +https://babbar.tech/crawler)"
65.21.228.101 - - [20/Jun/2026:16:00:27 +0200] "POST /wp-cron.php?doing_wp_cron=1781964027.9471070766448974609375 HTTP/1.1" 200 0 "-" "WordPress/7.0; https://themomotimes.com"
217.113.194.131 - - [20/Jun/2026:16:02:54 +0200] "GET /2026/04/09/panda-aise-allegorie-planetaire-emplacement-300-shields-de-reveil-et-1-biodiversite/ HTTP/1.1" 200 0 "-" "Mozilla/5.0 (compatible; Barkrowler/0.9; +https://babbar.tech/crawler)"
130.195.222.36 - - [20/Jun/2026:16:03:54 +0200] "POST /xmlrpc.php HTTP/1.1" 200 16058 "-" "Mozilla/5.0 (Windows NT 10.0; Win64; x64) AppleWebKit/537.36 (KHTML, like Gecko) Chrome/114.0.0.0 Safari/537.36"
130.195.222.36 - - [20/Jun/2026:16:03:55 +0200] "GET /2026/06/20/das-spieler-auflage-dann-zumindest-12-euroletten-gesetzt-sein-eigen-nennen-damit-sich-nueve-eur-bezahlt-machen-nach-lassen/ HTTP/1.1" 200 0 "-" "Mozilla/5.0 (Windows NT 10.0; Win64; x64) AppleWebKit/537.36 (KHTML, like Gecko) Chrome/124.0.0.0 Safari/537.36 Edg/124.0.0.0"
130.195.222.36 - - [20/Jun/2026:16:03:55 +0200] "POST /xmlrpc.php HTTP/1.1" 200 5926 "-" "Mozilla/5.0 (Windows NT 10.0; Win64; x64) AppleWebKit/537.36 (KHTML, like Gecko) Chrome/114.0.0.0 Safari/537.36"
217.113.194.128 - - [20/Jun/2026:16:04:40 +0200] "GET /2026/01/17/gratis-bank-lezen-bekij-ziezo-bij-welke-casinos-jou-kunt-optreden/ HTTP/1.1" 200 0 "-" "Mozilla/5.0 (compatible; Barkrowler/0.9; +https://babbar.tech/crawler)"
193.24.208.14 - - [20/Jun/2026:16:05:32 +0200] "GET /2026/05/21/gagner-avec-winbeatz-facilement-3/ HTTP/1.1" 200 0 "https://themomotimes.com" "Mozilla/5.0 (Windows NT 10.0; Win64; x64) AppleWebKit/537.36 (KHTML, like Gecko) Chrome/62.0.3202.94 Safari/537.36"
217.113.194.125 - - [20/Jun/2026:16:05:41 +0200] "GET /2026/01/29/better-real-cash-slots-on-the-web-best-slot-game-playing-lucky-wheel-1-deposit-2026/ HTTP/1.1" 200 0 "-" "Mozilla/5.0 (compatible; Barkrowler/0.9; +https://babbar.tech/crawler)"
217.113.194.131 - - [20/Jun/2026:16:06:26 +0200] "GET /2026/03/11/this-video-game-is-designed-to-subtract-away-from-you-don%EF%BF%BDt-install-this-game/ HTTP/1.1" 200 0 "-" "Mozilla/5.0 (compatible; Barkrowler/0.9; +https://babbar.tech/crawler)"
146.70.226.22 - - [20/Jun/2026:16:07:09 +0200] "POST /xmlrpc.php HTTP/1.1" 200 5929 "-" "Mozilla/5.0 (Windows NT 10.0; Win64; x64) AppleWebKit/537.36 (KHTML, like Gecko) Chrome/114.0.0.0 Safari/537.36"
146.70.226.22 - - [20/Jun/2026:16:08:00 +0200] "POST /xmlrpc.php HTTP/1.1" 200 16218 "-" "Mozilla/5.0 (Windows NT 10.0; Win64; x64) AppleWebKit/537.36 (KHTML, like Gecko) Chrome/114.0.0.0 Safari/537.36"
146.70.226.22 - - [20/Jun/2026:16:08:01 +0200] "GET /2026/06/20/hit-the-signup-today-switch-to-begin-with-undertaking-an-effective-virgin-video-game-local-casino-account/ HTTP/1.1" 200 0 "-" "Mozilla/5.0 (Windows NT 10.0; Win64; x64) AppleWebKit/537.36 (KHTML, like Gecko) Chrome/123.0.0.0 Safari/537.36 OPR/109.0.0.0"
77.75.78.160 - - [20/Jun/2026:16:08:10 +0200] "GET /wingaga-bonusove-kody-kompletni-pruvodce-pro-ceske-hrace/ HTTP/1.1" 200 0 "-" "Mozilla/5.0 (compatible; SeznamBot/4.0; +https://o-seznam.cz/napoveda/vyhledavani/en/seznambot-crawler/)"
146.70.226.22 - - [20/Jun/2026:16:08:01 +0200] "POST /xmlrpc.php HTTP/1.1" 200 5926 "-" "Mozilla/5.0 (Windows NT 10.0; Win64; x64) AppleWebKit/537.36 (KHTML, like Gecko) Chrome/114.0.0.0 Safari/537.36"
217.113.194.126 - - [20/Jun/2026:15:51:16 +0200] "GET /2026/04/05/inside-our-advice-minimum-of-essential-requirement-is-it-analysis-since-it-usually-try-historic/ HTTP/1.1" 200 0 "-" "Mozilla/5.0 (compatible; Barkrowler/0.9; +https://babbar.tech/crawler)"
217.113.194.227 - - [20/Jun/2026:15:55:03 +0200] "GET /2026/03/12/beste-book-of-dead-casinos-book-of-casino-kings-treasure-dead-uber-echtgeld-auffuhren/ HTTP/1.1" 200 0 "-" "Mozilla/5.0 (compatible; Barkrowler/0.9; +https://babbar.tech/crawler)"
217.113.194.125 - - [20/Jun/2026:15:55:49 +0200] "GET /2026/03/12/alf-casino-remark-2025-casino-brantford-can-it-be-secure-or-otherwise-not/ HTTP/1.1" 200 0 "-" "Mozilla/5.0 (compatible; Barkrowler/0.9; +https://babbar.tech/crawler)"
217.113.194.126 - - [20/Jun/2026:15:57:20 +0200] "GET /2026/03/27/golden-pharaoh-gambling-enterprise-varied-choices-from-inside-the-casino-and-slot-games/ HTTP/1.1" 200 0 "-" "Mozilla/5.0 (compatible; Barkrowler/0.9; +https://babbar.tech/crawler)"
146.70.226.85 - - [20/Jun/2026:15:58:12 +0200] "POST /xmlrpc.php HTTP/1.1" 200 5926 "-" "Mozilla/5.0 (Windows NT 10.0; Win64; x64) AppleWebKit/537.36 (KHTML, like Gecko) Chrome/114.0.0.0 Safari/537.36"
217.113.194.129 - - [20/Jun/2026:16:00:37 +0200] "GET /2026/03/17/50-freispiele-exklusive-einzahlung-im-2026-sofortig-erhaltlich/ HTTP/1.1" 200 0 "-" "Mozilla/5.0 (compatible; Barkrowler/0.9; +https://babbar.tech/crawler)"
217.113.194.125 - - [20/Jun/2026:16:00:53 +0200] "GET /2026/05/09/nye-casino-2026-tester-av-nye-norske-bombastic-casino-app-palogging-casinoer/ HTTP/1.1" 200 0 "-" "Mozilla/5.0 (compatible; Barkrowler/0.9; +https://babbar.tech/crawler)"
217.113.194.128 - - [20/Jun/2026:16:01:23 +0200] "GET /2026/05/09/if-you-are-interested-in-all-the-judge-you-on-line-casino-that-it-part-is-actually-for-you/ HTTP/1.1" 200 0 "-" "Mozilla/5.0 (compatible; Barkrowler/0.9; +https://babbar.tech/crawler)"
47.82.11.128 - - [20/Jun/2026:16:02:51 +0200] "GET /2026/01/10/10bet-kenya-on-line-sports-betting-gambling-establishment-platform/ HTTP/1.1" 200 0 "https://themomotimes.com/" "Mozilla/5.0 (Windows NT 10.0; Win64; x64) AppleWebKit/537.36 (KHTML, like Gecko) Chrome/135.0.0.0 Safari/537.36"
65.21.228.101 - - [20/Jun/2026:16:02:58 +0200] "POST /wp-cron.php?doing_wp_cron=1781964178.5016479492187500000000 HTTP/1.1" 200 0 "-" "WordPress/7.0; https://themomotimes.com"
185.252.223.20 - - [20/Jun/2026:16:03:03 +0200] "POST /xmlrpc.php HTTP/1.1" 200 15413 "-" "Mozilla/5.0 (Windows NT 10.0; Win64; x64) AppleWebKit/537.36 (KHTML, like Gecko) Chrome/114.0.0.0 Safari/537.36"
217.113.194.126 - - [20/Jun/2026:16:07:12 +0200] "GET /2026/03/11/hace-el-trabajo-gratuito-a-ranura-halloween-mega-joker-by-netent-en-forma-demo/ HTTP/1.1" 200 0 "-" "Mozilla/5.0 (compatible; Barkrowler/0.9; +https://babbar.tech/crawler)"
91.108.177.79 - - [20/Jun/2026:16:07:31 +0200] "GET /2026/05/21/gagner-avec-winbeatz-facilement-3/ HTTP/1.1" 200 0 "https://themomotimes.com/" "Mozilla/5.0 (Windows NT 10.0; Win64; x64; rv:143.0) Gecko/20100101 Firefox/143.0"
65.21.228.101 - - [20/Jun/2026:16:07:54 +0200] "POST /wp-cron.php?doing_wp_cron=1781964474.7906410694122314453125 HTTP/1.1" 200 0 "-" "WordPress/7.0; https://themomotimes.com"
217.113.194.127 - - [20/Jun/2026:16:08:28 +0200] "GET /2026/02/07/gamble-yahtzee-online-100percent-free-zero-down-load-only-roll-the-brand-new-dice/ HTTP/1.1" 200 0 "-" "Mozilla/5.0 (compatible; Barkrowler/0.9; +https://babbar.tech/crawler)"
217.113.194.227 - - [20/Jun/2026:16:09:43 +0200] "GET /2026/04/13/fish-10-deposit-casinos-group-from-the-microgaming-slot-remark-totally-free-demonstration/ HTTP/1.1" 200 0 "-" "Mozilla/5.0 (compatible; Barkrowler/0.9; +https://babbar.tech/crawler)"
217.113.194.248 - - [20/Jun/2026:16:10:14 +0200] "GET /2026/04/13/la-designation-thunes-dont-le-mec-agis-lindique-des-plus-indubitablement/ HTTP/1.1" 200 0 "-" "Mozilla/5.0 (compatible; Barkrowler/0.9; +https://babbar.tech/crawler)"
217.113.194.248 - - [20/Jun/2026:15:53:17 +0200] "GET /2026/01/30/dolphins-pearl-totally-free-slot-comment-extra-%E1%90%88-publication-of-ra-enjoy-com/ HTTP/1.1" 200 0 "-" "Mozilla/5.0 (compatible; Barkrowler/0.9; +https://babbar.tech/crawler)"
217.113.194.124 - - [20/Jun/2026:15:53:32 +0200] "GET /2026/01/30/free-online-slots-the-wild-wild-riches-bonus-game-real-deal-currency-free-enjoy-casinos-rated/ HTTP/1.1" 200 0 "-" "Mozilla/5.0 (compatible; Barkrowler/0.9; +https://babbar.tech/crawler)"
217.113.194.123 - - [20/Jun/2026:15:54:03 +0200] "GET /2026/01/22/eye-of-horus-power-spins-protestation-offizielle-erklarung-echtgeld-slot/ HTTP/1.1" 200 0 "-" "Mozilla/5.0 (compatible; Barkrowler/0.9; +https://babbar.tech/crawler)"
217.113.194.126 - - [20/Jun/2026:15:54:48 +0200] "GET /2026/03/12/book-from-play-lucky-88-pokies-ra-luxury-cellular-position-remark-free-enjoy-novomatic/ HTTP/1.1" 200 0 "-" "Mozilla/5.0 (compatible; Barkrowler/0.9; +https://babbar.tech/crawler)"
217.113.194.129 - - [20/Jun/2026:15:55:19 +0200] "GET /2026/03/12/best-on-ruby-slots-bonus-100-casino-the-web-black-jack-procedures-charts-tips-win-books/ HTTP/1.1" 200 0 "-" "Mozilla/5.0 (compatible; Barkrowler/0.9; +https://babbar.tech/crawler)"
217.113.194.127 - - [20/Jun/2026:15:55:34 +0200] "GET /2026/03/12/best-online-slots-games-to-play-inside-the-2026-a-extra-chilli-casino-perfect-help-guide-to-ports/ HTTP/1.1" 200 0 "-" "Mozilla/5.0 (compatible; Barkrowler/0.9; +https://babbar.tech/crawler)"
217.113.194.127 - - [20/Jun/2026:15:57:05 +0200] "GET /2026/03/27/espana-guarda-demasiado-que-presentar-en-lo-mucho-que-a-sus-juegos-de-casino/ HTTP/1.1" 200 0 "-" "Mozilla/5.0 (compatible; Barkrowler/0.9; +https://babbar.tech/crawler)"
217.113.194.228 - - [20/Jun/2026:16:01:53 +0200] "GET /2026/04/09/scorching-luxury-100-percent-free-slot-machine-game-online-%E1%90%88-novomatic/ HTTP/1.1" 200 0 "-" "Mozilla/5.0 (compatible; Barkrowler/0.9; +https://babbar.tech/crawler)"
217.113.194.125 - - [20/Jun/2026:16:02:24 +0200] "GET /2026/04/09/if-youd-like-the-fresh-new-sound-of-extra-you-will-also-have-others-you-can-check-out/ HTTP/1.1" 200 0 "-" "Mozilla/5.0 (compatible; Barkrowler/0.9; +https://babbar.tech/crawler)"
217.113.194.228 - - [20/Jun/2026:16:05:26 +0200] "GET /2026/04/07/diverse-casinos-hingeben-doch-willkommensbonusse-fur-ihre-ersten-einzahlungen/ HTTP/1.1" 200 0 "-" "Mozilla/5.0 (compatible; Barkrowler/0.9; +https://babbar.tech/crawler)"
80.174.84.36 - - [20/Jun/2026:16:05:02 +0200] "POST /xmlrpc.php HTTP/2" 200 5929 "-" "-"
217.113.194.127 - - [20/Jun/2026:16:07:27 +0200] "GET /2026/03/11/why-dont-we-here-are-some-a-few-of-the-repeated-offers-provided-by-high-5-casino/ HTTP/1.1" 200 0 "-" "Mozilla/5.0 (compatible; Barkrowler/0.9; +https://babbar.tech/crawler)"
217.113.194.130 - - [20/Jun/2026:16:07:42 +0200] "GET /2026/03/11/supplements-et-performance-guide-complet-pour-accroitre-la-capacite-physique-de-facon-encadree/ HTTP/1.1" 200 0 "-" "Mozilla/5.0 (compatible; Barkrowler/0.9; +https://babbar.tech/crawler)"
217.113.194.123 - - [20/Jun/2026:16:08:58 +0200] "GET /2026/05/17/megadice-casino-sus-particulares-maquina-tragamonedas-hot-gems-de-la-empleo-movil/ HTTP/1.1" 200 0 "-" "Mozilla/5.0 (compatible; Barkrowler/0.9; +https://babbar.tech/crawler)"
217.113.194.123 - - [20/Jun/2026:16:13:31 +0200] "GET /2026/03/30/profitable-is-actually-smaller-than-ever-before-that-have-las-vegas-just-a-spigot-away/ HTTP/1.1" 200 0 "-" "Mozilla/5.0 (compatible; Barkrowler/0.9; +https://babbar.tech/crawler)"
217.113.194.124 - - [20/Jun/2026:16:14:32 +0200] "GET /2026/01/20/is-free-no-deposit-15-casinos-100-percent-free-trial-understand-complete-review-games-has/ HTTP/1.1" 200 0 "-" "Mozilla/5.0 (compatible; Barkrowler/0.9; +https://babbar.tech/crawler)"
195.63.4.203 - - [20/Jun/2026:16:15:01 +0200] "GET /2025/06/26/live-poker-nederland/ HTTP/1.1" 200 0 "https://themomotimes.com/" "Mozilla/5.0 (X11; CrOS x86_64 14541.0.0) AppleWebKit/537.36 (KHTML, like Gecko) Chrome/144.0.0.0 Safari/537.36"
217.113.194.131 - - [20/Jun/2026:15:56:50 +0200] "GET /2026/03/18/best-pokies-programs-websites-android-and-ios-mobile-real-money-online-casinos-gambling-enterprises/ HTTP/1.1" 200 0 "-" "Mozilla/5.0 (compatible; Barkrowler/0.9; +https://babbar.tech/crawler)"
217.113.194.127 - - [20/Jun/2026:15:58:36 +0200] "GET /2026/03/24/greatest-greatest-online-slots-games-to-play-within-the-saucify-games-slots-2025-costa-rica/ HTTP/1.1" 200 0 "-" "Mozilla/5.0 (compatible; Barkrowler/0.9; +https://babbar.tech/crawler)"
217.113.194.228 - - [20/Jun/2026:15:59:37 +0200] "GET /2026/01/27/ranking-kasyn-internetowych-online-2026-top-najlepszych-kasyno-online-w-polsce/ HTTP/1.1" 200 0 "-" "Mozilla/5.0 (compatible; Barkrowler/0.9; +https://babbar.tech/crawler)"
217.113.194.126 - - [20/Jun/2026:16:01:08 +0200] "GET /2026/05/09/est-ce-que-divers-canadiens-auront-la-possibilite-distraire-licitement-au-casino-en-ligne/ HTTP/1.1" 200 0 "-" "Mozilla/5.0 (compatible; Barkrowler/0.9; +https://babbar.tech/crawler)"
217.113.194.122 - - [20/Jun/2026:16:02:08 +0200] "GET /2026/04/09/tout-mon-bonus-de-appreciee-un-riviera-est-un-particulierement-socio-economiques-du-marche/ HTTP/1.1" 200 0 "-" "Mozilla/5.0 (compatible; Barkrowler/0.9; +https://babbar.tech/crawler)"
185.252.223.20 - - [20/Jun/2026:16:02:12 +0200] "POST /xmlrpc.php HTTP/1.1" 200 5929 "-" "Mozilla/5.0 (Windows NT 10.0; Win64; x64) AppleWebKit/537.36 (KHTML, like Gecko) Chrome/114.0.0.0 Safari/537.36"
185.252.223.20 - - [20/Jun/2026:16:03:04 +0200] "GET /2026/06/20/filip-za-rejestracje-bez-depozytu-zeby-mozna-calkowicie-poprzez-oczekiwanie-profil-gracza-w-platformie/ HTTP/1.1" 200 0 "-" "Mozilla/5.0 (Windows NT 10.0; Win64; x64) AppleWebKit/537.36 (KHTML, like Gecko) Chrome/122.0.0.0 Safari/537.36"
217.113.194.127 - - [20/Jun/2026:16:05:10 +0200] "GET /2026/04/01/you-could-costs-your-account-that-have-using-notes-e-wallets-or-pre-paid-off-notes/ HTTP/1.1" 200 0 "-" "Mozilla/5.0 (compatible; Barkrowler/0.9; +https://babbar.tech/crawler)"
65.21.228.101 - - [20/Jun/2026:16:05:46 +0200] "POST /wp-cron.php?doing_wp_cron=1781964346.4777789115905761718750 HTTP/1.1" 200 0 "-" "WordPress/7.0; https://themomotimes.com"
217.113.194.227 - - [20/Jun/2026:16:05:56 +0200] "GET /2026/01/29/top-casinos-uber-rapider-auszahlung-2026-isis-1-kaution-as-part-of-brd/ HTTP/1.1" 200 0 "-" "Mozilla/5.0 (compatible; Barkrowler/0.9; +https://babbar.tech/crawler)"
217.113.194.131 - - [20/Jun/2026:16:08:12 +0200] "GET /2026/02/07/internet-casino-extra-the-players-get-1250-genii-slot-software-online-free-at-the-casino-step/ HTTP/1.1" 200 0 "-" "Mozilla/5.0 (compatible; Barkrowler/0.9; +https://babbar.tech/crawler)"
40.77.167.73 - - [20/Jun/2026:16:08:40 +0200] "GET /2026/03/15/pagos-rapidos-en-casinos-espana/ HTTP/2" 200 0 "-" "Mozilla/5.0 AppleWebKit/537.36 (KHTML, like Gecko; compatible; bingbot/2.0; +http://www.bing.com/bingbot.htm) Chrome/116.0.1938.76 Safari/537.36"
217.113.194.124 - - [20/Jun/2026:16:10:29 +0200] "GET /2026/04/13/ariana-casino-deposit-10-get-50-slot-opinion-2026-rtp-free-spins-and-you-can-demo/ HTTP/1.1" 200 0 "-" "Mozilla/5.0 (compatible; Barkrowler/0.9; +https://babbar.tech/crawler)"
65.21.228.101 - - [20/Jun/2026:16:11:28 +0200] "POST /wp-cron.php?doing_wp_cron=1781964688.3112061023712158203125 HTTP/1.1" 200 0 "-" "WordPress/7.0; https://themomotimes.com"
217.113.194.124 - - [20/Jun/2026:16:12:15 +0200] "GET /2026/05/14/plait-il-choisir-ma-creme-salle-de-divertissement-du-parabole-allemagne-admis/ HTTP/1.1" 200 0 "-" "Mozilla/5.0 (compatible; Barkrowler/0.9; +https://babbar.tech/crawler)"
217.113.194.248 - - [20/Jun/2026:16:12:45 +0200] "GET /2026/05/14/flame-joker-position-video-game-demonstration-gamble-free-book-of-dead-slot-free-spins-spins/ HTTP/1.1" 200 0 "-" "Mozilla/5.0 (compatible; Barkrowler/0.9; +https://babbar.tech/crawler)"
65.21.228.101 - - [20/Jun/2026:16:16:42 +0200] "POST /wp-cron.php?doing_wp_cron=1781965002.0773389339447021484375 HTTP/1.1" 200 0 "-" "WordPress/7.0; https://themomotimes.com"
172.233.242.208 - - [20/Jun/2026:15:59:41 +0200] "POST /xmlrpc.php HTTP/1.1" 200 5929 "-" "Mozilla/5.0 (Windows NT 10.0; Win64; x64) AppleWebKit/537.36 (KHTML, like Gecko) Chrome/114.0.0.0 Safari/537.36"
172.233.242.208 - - [20/Jun/2026:16:00:33 +0200] "POST /xmlrpc.php HTTP/1.1" 200 18308 "-" "Mozilla/5.0 (Windows NT 10.0; Win64; x64) AppleWebKit/537.36 (KHTML, like Gecko) Chrome/114.0.0.0 Safari/537.36"
172.233.242.208 - - [20/Jun/2026:16:00:37 +0200] "GET /2026/06/20/neanmoins-une-retraite-acces-en-tenant-economies-engendres-avec-ces-offres-incombe-chez-accord-vip/ HTTP/1.1" 200 0 "-" "Mozilla/5.0 (Windows NT 10.0; rv:109.0) Gecko/20100101 Firefox/115.0"
172.233.242.208 - - [20/Jun/2026:16:00:37 +0200] "POST /xmlrpc.php HTTP/1.1" 200 5926 "-" "Mozilla/5.0 (Windows NT 10.0; Win64; x64) AppleWebKit/537.36 (KHTML, like Gecko) Chrome/114.0.0.0 Safari/537.36"
217.113.194.131 - - [20/Jun/2026:16:02:39 +0200] "GET /2026/04/09/all-of-our-handpicked-directory-of-a-knowledgeable-on-line-roulette-internet-to-possess-u/ HTTP/1.1" 200 0 "-" "Mozilla/5.0 (compatible; Barkrowler/0.9; +https://babbar.tech/crawler)"
217.113.194.124 - - [20/Jun/2026:16:03:09 +0200] "GET /2026/04/09/raging-bull-is-actually-a-quick-payment-online-casino-one-supporting-cryptocurrency-distributions/ HTTP/1.1" 200 0 "-" "Mozilla/5.0 (compatible; Barkrowler/0.9; +https://babbar.tech/crawler)"
217.113.194.228 - - [20/Jun/2026:16:03:24 +0200] "GET /2026/03/04/50-casino-88-fortunes-100-percent-free-revolves-no-deposit-casinos-get-united-kingdom-2025/ HTTP/1.1" 200 0 "-" "Mozilla/5.0 (compatible; Barkrowler/0.9; +https://babbar.tech/crawler)"
217.113.194.123 - - [20/Jun/2026:16:04:25 +0200] "GET /2026/01/17/irish-eyes-nederlandse-raging-rhino-1-betaling-visie-va-karrenpaard-betts/ HTTP/1.1" 200 0 "-" "Mozilla/5.0 (compatible; Barkrowler/0.9; +https://babbar.tech/crawler)"
181.177.110.75 - - [20/Jun/2026:16:07:28 +0200] "GET /2026/05/21/gagner-avec-winbeatz-facilement-3/ HTTP/1.1" 200 0 "https://themomotimes.com/" "Mozilla/5.0 (Windows NT 10.0; Win64; x64; rv:143.0) Gecko/20100101 Firefox/143.0"
217.113.194.130 - - [20/Jun/2026:16:08:43 +0200] "GET /2026/05/17/unlock-the-ultimate-guide-to-mastering-casino-strategies-and-games-casinos-have-long-captivated-play/ HTTP/1.1" 200 0 "-" "Mozilla/5.0 (compatible; Barkrowler/0.9; +https://babbar.tech/crawler)"
217.113.194.131 - - [20/Jun/2026:16:13:01 +0200] "GET /2026/05/14/have-the-maximum-out-of-gambling-with-cool-fruits-slot-mr-cashman-slot-game-incentive/ HTTP/1.1" 200 0 "-" "Mozilla/5.0 (compatible; Barkrowler/0.9; +https://babbar.tech/crawler)"
217.113.194.124 - - [20/Jun/2026:16:14:47 +0200] "GET /2026/03/20/divergences-en-tenant-viva-slots-vegas%EF%BF%BD-free-slots-jackpot-salle-de-jeu-partie/ HTTP/1.1" 200 0 "-" "Mozilla/5.0 (compatible; Barkrowler/0.9; +https://babbar.tech/crawler)"
217.113.194.127 - - [20/Jun/2026:16:15:02 +0200] "GET /2026/04/28/these-are-generally-section-of-an-evergrowing-push-to-the-safer-gambling-regarding-united-kingdom/ HTTP/1.1" 200 0 "-" "Mozilla/5.0 (compatible; Barkrowler/0.9; +https://babbar.tech/crawler)"
217.113.194.127 - - [20/Jun/2026:16:16:03 +0200] "GET /2026/03/26/drueck-glueck-casino-casino-red-stag-100-free-spins-opinion-no-deposit-bonus-winnings/ HTTP/1.1" 200 0 "-" "Mozilla/5.0 (compatible; Barkrowler/0.9; +https://babbar.tech/crawler)"
103.219.169.163 - - [20/Jun/2026:16:18:28 +0200] "POST /xmlrpc.php HTTP/1.1" 200 5929 "-" "Mozilla/5.0 (Windows NT 10.0; Win64; x64) AppleWebKit/537.36 (KHTML, like Gecko) Chrome/114.0.0.0 Safari/537.36"
103.219.169.163 - - [20/Jun/2026:16:19:22 +0200] "GET /2026/06/20/pharaohs-silver-ii-luxury-position-2026-play-for-100-percent-free-now/ HTTP/1.1" 200 0 "-" "Mozilla/5.0 (Windows NT 10.0; rv:109.0) Gecko/20100101 Firefox/115.0"
217.113.194.227 - - [20/Jun/2026:16:19:50 +0200] "GET /2026/02/08/giros-regalado-para-asignacion-desprovisto-tanque-acerca-de-argentina-en-2026/ HTTP/1.1" 200 0 "-" "Mozilla/5.0 (compatible; Barkrowler/0.9; +https://babbar.tech/crawler)"
217.113.194.131 - - [20/Jun/2026:16:01:38 +0200] "GET /2026/05/09/vediamo-volte-nuovi-tendenza-sopra-questa-collabora-brandello-del-2025/ HTTP/1.1" 200 0 "-" "Mozilla/5.0 (compatible; Barkrowler/0.9; +https://babbar.tech/crawler)"
185.252.223.20 - - [20/Jun/2026:16:03:04 +0200] "POST /xmlrpc.php HTTP/1.1" 200 5926 "-" "Mozilla/5.0 (Windows NT 10.0; Win64; x64) AppleWebKit/537.36 (KHTML, like Gecko) Chrome/114.0.0.0 Safari/537.36"
130.195.222.36 - - [20/Jun/2026:16:02:57 +0200] "POST /xmlrpc.php HTTP/1.1" 200 5929 "-" "Mozilla/5.0 (Windows NT 10.0; Win64; x64) AppleWebKit/537.36 (KHTML, like Gecko) Chrome/114.0.0.0 Safari/537.36"
217.113.194.124 - - [20/Jun/2026:16:03:55 +0200] "GET /2026/05/02/legend-of-cleopatra-megaways-playson-lotoplay-casino-revise-jogue-online-gratuitamente/ HTTP/1.1" 200 0 "-" "Mozilla/5.0 (compatible; Barkrowler/0.9; +https://babbar.tech/crawler)"
217.113.194.126 - - [20/Jun/2026:16:04:55 +0200] "GET /2026/01/17/das-beste-ecopayz-casinos-2026-lll-erreichbar-casino-uber-ecopayz/ HTTP/1.1" 200 0 "-" "Mozilla/5.0 (compatible; Barkrowler/0.9; +https://babbar.tech/crawler)"
192.227.169.44 - - [20/Jun/2026:16:07:29 +0200] "GET /2026/05/21/gagner-avec-winbeatz-facilement-3/ HTTP/1.1" 200 0 "https://themomotimes.com/" "Mozilla/5.0 (Windows NT 10.0; Win64; x64; rv:143.0) Gecko/20100101 Firefox/143.0"
217.113.194.131 - - [20/Jun/2026:16:07:57 +0200] "GET /2026/02/07/nasladete-se-na-21-300-onlayn-khazartni-igri-bez-izteglyane/ HTTP/1.1" 200 0 "-" "Mozilla/5.0 (compatible; Barkrowler/0.9; +https://babbar.tech/crawler)"
217.113.194.123 - - [20/Jun/2026:16:10:44 +0200] "GET /2026/04/13/beste-online-casinos-blazing-star-1-kaution-2026-10-top-seriose-casino-seiten/ HTTP/1.1" 200 0 "-" "Mozilla/5.0 (compatible; Barkrowler/0.9; +https://babbar.tech/crawler)"
217.113.194.124 - - [20/Jun/2026:16:10:59 +0200] "GET /2026/05/14/wolf-o-local-do-nocaute-run-slot-online-avaliacao-2026-jogue-gratis-c/ HTTP/1.1" 200 0 "-" "Mozilla/5.0 (compatible; Barkrowler/0.9; +https://babbar.tech/crawler)"
217.113.194.122 - - [20/Jun/2026:16:13:16 +0200] "GET /2026/05/14/enjoy-19000-totally-free-ports-the-fresh-totally-free-harbors-play-aquarium-with-no-download/ HTTP/1.1" 200 0 "-" "Mozilla/5.0 (compatible; Barkrowler/0.9; +https://babbar.tech/crawler)"
217.113.194.228 - - [20/Jun/2026:16:13:46 +0200] "GET /2026/03/30/unlimluck-login-de-scommessa-la-evento-ti-elemosina-lasciati-mostrare/ HTTP/1.1" 200 0 "-" "Mozilla/5.0 (compatible; Barkrowler/0.9; +https://babbar.tech/crawler)"
217.181.75.46 - - [20/Jun/2026:16:15:00 +0200] "GET /2025/06/26/live-poker-nederland/ HTTP/1.1" 200 0 "https://themomotimes.com/" "Mozilla/5.0 (X11; CrOS x86_64 14541.0.0) AppleWebKit/537.36 (KHTML, like Gecko) Chrome/144.0.0.0 Safari/537.36"
45.250.252.162 - - [20/Jun/2026:16:15:57 +0200] "POST /xmlrpc.php HTTP/1.1" 200 5929 "-" "Mozilla/5.0 (Windows NT 10.0; Win64; x64) AppleWebKit/537.36 (KHTML, like Gecko) Chrome/114.0.0.0 Safari/537.36"
217.113.194.131 - - [20/Jun/2026:16:17:49 +0200] "GET /2026/03/26/5-minimal-put-on-line-casino-casino-ironman2-the-best-winning-gambling-sense-for-five-dep/ HTTP/1.1" 200 0 "-" "Mozilla/5.0 (compatible; Barkrowler/0.9; +https://babbar.tech/crawler)"
217.113.194.130 - - [20/Jun/2026:16:18:19 +0200] "GET /2026/03/22/vpusti-udacu-v-igru-pinco-casino-gde-kazdyi-spin-tait-sans/ HTTP/1.1" 200 0 "-" "Mozilla/5.0 (compatible; Barkrowler/0.9; +https://babbar.tech/crawler)"
217.113.194.131 - - [20/Jun/2026:16:18:34 +0200] "GET /2026/05/18/understand-vintage-reels-on-line-how-to-play-fa-casino-world-football-stars-fa-fa-norway-en/ HTTP/1.1" 200 0 "-" "Mozilla/5.0 (compatible; Barkrowler/0.9; +https://babbar.tech/crawler)"
217.113.194.228 - - [20/Jun/2026:16:21:21 +0200] "GET /2026/02/27/20-free-spins-kloosterlinge-deposito-noppes-spins-zonder-deponeren-2026/ HTTP/1.1" 200 0 "-" "Mozilla/5.0 (compatible; Barkrowler/0.9; +https://babbar.tech/crawler)"
217.113.194.124 - - [20/Jun/2026:16:00:22 +0200] "GET /2026/03/17/%D9%86%D8%AF%D8%B1%D9%83-%D9%85%D9%84%D8%A7%D8%AD%D8%B8%D8%AA%D9%86%D8%A7/ HTTP/1.1" 200 0 "-" "Mozilla/5.0 (compatible; Barkrowler/0.9; +https://babbar.tech/crawler)"
217.113.194.122 - - [20/Jun/2026:16:06:41 +0200] "GET /2026/03/11/with-respect-to-vegas-igt-is-definitely-the-newest-king-out-of-slots-and-you-can-video-game/ HTTP/1.1" 200 0 "-" "Mozilla/5.0 (compatible; Barkrowler/0.9; +https://babbar.tech/crawler)"
217.113.194.129 - - [20/Jun/2026:16:06:57 +0200] "GET /2026/03/11/laden-passieren-bei-popmusik-slots-las-vegas-spielsalon-spiele-nach-dem-personal-computer/ HTTP/1.1" 200 0 "-" "Mozilla/5.0 (compatible; Barkrowler/0.9; +https://babbar.tech/crawler)"
217.113.194.128 - - [20/Jun/2026:16:09:28 +0200] "GET /2026/05/17/cerine-de-rulaj-million-casino-stimulent-mai-degraba-decat-depunere-2025/ HTTP/1.1" 200 0 "-" "Mozilla/5.0 (compatible; Barkrowler/0.9; +https://babbar.tech/crawler)"
217.113.194.227 - - [20/Jun/2026:16:09:59 +0200] "GET /2026/04/13/greatest-on-line-bingo-video-game-for-real-currency-most-useful-gambling-enterprises-having-2026/ HTTP/1.1" 200 0 "-" "Mozilla/5.0 (compatible; Barkrowler/0.9; +https://babbar.tech/crawler)"
217.113.194.248 - - [20/Jun/2026:16:12:30 +0200] "GET /2026/05/14/lord-of-the-ocean-position-comment-st-pattys-gold-1-deposit-play-the-online-game-for-free/ HTTP/1.1" 200 0 "-" "Mozilla/5.0 (compatible; Barkrowler/0.9; +https://babbar.tech/crawler)"
45.250.252.162 - - [20/Jun/2026:16:16:49 +0200] "POST /xmlrpc.php HTTP/1.1" 200 19976 "-" "Mozilla/5.0 (Windows NT 10.0; Win64; x64) AppleWebKit/537.36 (KHTML, like Gecko) Chrome/114.0.0.0 Safari/537.36"
45.250.252.162 - - [20/Jun/2026:16:16:54 +0200] "POST /xmlrpc.php HTTP/1.1" 200 5926 "-" "Mozilla/5.0 (Windows NT 10.0; Win64; x64) AppleWebKit/537.36 (KHTML, like Gecko) Chrome/114.0.0.0 Safari/537.36"
217.113.194.131 - - [20/Jun/2026:16:19:05 +0200] "GET /2026/05/18/unser-10-besten-echtgeld-online-casinos-casinos4u-app-link-spielotheken-2026/ HTTP/1.1" 200 0 "-" "Mozilla/5.0 (compatible; Barkrowler/0.9; +https://babbar.tech/crawler)"
65.21.228.101 - - [20/Jun/2026:16:19:14 +0200] "POST /wp-cron.php?doing_wp_cron=1781965154.2778759002685546875000 HTTP/1.1" 200 0 "-" "WordPress/7.0; https://themomotimes.com"
217.113.194.131 - - [20/Jun/2026:16:20:51 +0200] "GET /2026/02/06/jurassic-playground-prime-slots-casino-new-player-bonus-slot-review-can-it-be-worthwhile/ HTTP/1.1" 200 0 "-" "Mozilla/5.0 (compatible; Barkrowler/0.9; +https://babbar.tech/crawler)"
217.113.194.131 - - [20/Jun/2026:16:21:51 +0200] "GET /2026/05/06/no-deposit-bonuses-most-readily-useful-no-deposit-incentive-gambling-enterprises-2026/ HTTP/1.1" 200 0 "-" "Mozilla/5.0 (compatible; Barkrowler/0.9; +https://babbar.tech/crawler)"
217.113.194.125 - - [20/Jun/2026:16:22:22 +0200] "GET /2026/01/12/free-harbors-play-game-goldbet-app-download-enjoyment-otherwise-without-deposit-incentives/ HTTP/1.1" 200 0 "-" "Mozilla/5.0 (compatible; Barkrowler/0.9; +https://babbar.tech/crawler)"
146.70.226.85 - - [20/Jun/2026:16:22:49 +0200] "POST /xmlrpc.php HTTP/1.1" 200 1686 "-" "Mozilla/5.0 (Windows NT 10.0; Win64; x64) AppleWebKit/537.36 (KHTML, like Gecko) Chrome/114.0.0.0 Safari/537.36"
217.113.194.131 - - [20/Jun/2026:16:23:07 +0200] "GET /2026/04/14/mien-salle-de-jeu-dispose-dune-espece-constitutive-ou-de-bonne-creations-vivent-presentes/ HTTP/1.1" 200 0 "-" "Mozilla/5.0 (compatible; Barkrowler/0.9; +https://babbar.tech/crawler)"
217.113.194.228 - - [20/Jun/2026:16:23:38 +0200] "GET /2026/01/14/neue-verbunden-spielbank-brandneue-casinos-register-neunter-monat-des-jahres-2025/ HTTP/1.1" 200 0 "-" "Mozilla/5.0 (compatible; Barkrowler/0.9; +https://babbar.tech/crawler)"
217.113.194.228 - - [20/Jun/2026:16:24:23 +0200] "GET /2026/01/14/verbunden-kasino-brd-top-ernahrer-2026-inoffizieller-mitarbeiter-test/ HTTP/1.1" 200 0 "-" "Mozilla/5.0 (compatible; Barkrowler/0.9; +https://babbar.tech/crawler)"
135.136.0.214 - - [20/Jun/2026:16:10:41 +0200] "POST /xmlrpc.php HTTP/1.1" 200 5929 "-" "Mozilla/5.0 (Windows NT 10.0; Win64; x64) AppleWebKit/537.36 (KHTML, like Gecko) Chrome/114.0.0.0 Safari/537.36"
135.136.0.214 - - [20/Jun/2026:16:11:35 +0200] "POST /xmlrpc.php HTTP/1.1" 200 14805 "-" "Mozilla/5.0 (Windows NT 10.0; Win64; x64) AppleWebKit/537.36 (KHTML, like Gecko) Chrome/114.0.0.0 Safari/537.36"
135.136.0.214 - - [20/Jun/2026:16:11:37 +0200] "GET /2026/06/20/attuale-e-il-punto-di-inizio-a-procacciare-insecable-bazzecola-consapevole/ HTTP/1.1" 200 0 "-" "Mozilla/5.0 (Windows NT 10.0; Win64; x64) AppleWebKit/537.36 (KHTML, like Gecko) Chrome/109.0.0.0 Safari/537.36"
135.136.0.214 - - [20/Jun/2026:16:11:38 +0200] "POST /xmlrpc.php HTTP/1.1" 200 5926 "-" "Mozilla/5.0 (Windows NT 10.0; Win64; x64) AppleWebKit/537.36 (KHTML, like Gecko) Chrome/114.0.0.0 Safari/537.36"
193.24.208.14 - - [20/Jun/2026:16:13:05 +0200] "GET /2026/05/21/f1-casino-le-meilleur-des-jeux-de-course/ HTTP/1.1" 200 0 "https://themomotimes.com" "Mozilla/5.0 (Windows NT 10.0; Win64; x64) AppleWebKit/537.36 (KHTML, like Gecko) Chrome/62.0.3202.94 Safari/537.36"
217.113.194.128 - - [20/Jun/2026:16:14:01 +0200] "GET /2026/01/20/offline-pokies-starzino-no-deposit-bonus-australia-2026-totally-free-pokies-review/ HTTP/1.1" 200 0 "-" "Mozilla/5.0 (compatible; Barkrowler/0.9; +https://babbar.tech/crawler)"
43.153.62.40 - - [20/Jun/2026:16:14:45 +0200] "GET /2026/04/24/los-30-mejores-casinos-online-de-chile-para-2023-3/ HTTP/2" 200 0 "https://themomotimes.com/2026/04/24/los-30-mejores-casinos-online-de-chile-para-2023-3/" "Mozilla/5.0 (Windows NT 10.0; Win64; x64) AppleWebKit/537.36 (KHTML, like Gecko) Chrome/101.0.4951.64 Safari/537.36 Edg/101.0.1210.47"
217.113.194.127 - - [20/Jun/2026:16:15:32 +0200] "GET /2026/04/28/spielsaal-unter-einsatz-von-1-einzahlung-neue-verkettete-liste-2026/ HTTP/1.1" 200 0 "-" "Mozilla/5.0 (compatible; Barkrowler/0.9; +https://babbar.tech/crawler)"
217.113.194.125 - - [20/Jun/2026:16:16:18 +0200] "GET /2026/03/26/should-i-really-withdraw-my-personal-deposit-currency-whenever-despite-a-working-extra/ HTTP/1.1" 200 0 "-" "Mozilla/5.0 (compatible; Barkrowler/0.9; +https://babbar.tech/crawler)"
217.113.194.228 - - [20/Jun/2026:16:17:34 +0200] "GET /2026/03/26/by-using-gulfsides-websites-you-denote-your-own-acceptance-of-them-fine-print/ HTTP/1.1" 200 0 "-" "Mozilla/5.0 (compatible; Barkrowler/0.9; +https://babbar.tech/crawler)"
146.70.226.22 - - [20/Jun/2026:16:19:35 +0200] "POST /xmlrpc.php HTTP/1.1" 200 5929 "-" "Mozilla/5.0 (Windows NT 10.0; Win64; x64) AppleWebKit/537.36 (KHTML, like Gecko) Chrome/114.0.0.0 Safari/537.36"
146.70.226.22 - - [20/Jun/2026:16:20:25 +0200] "POST /xmlrpc.php HTTP/1.1" 200 16552 "-" "Mozilla/5.0 (Windows NT 10.0; Win64; x64) AppleWebKit/537.36 (KHTML, like Gecko) Chrome/114.0.0.0 Safari/537.36"
146.70.226.22 - - [20/Jun/2026:16:20:25 +0200] "GET /2026/06/20/eventually-set-every-necessary-workers-was-licensed-by-the-ukgc-and-are-also-safe-for-uk-participants/ HTTP/1.1" 200 0 "-" "Mozilla/5.0 (Windows NT 10.0; Win64; x64) AppleWebKit/537.36 (KHTML, like Gecko) Chrome/123.0.0.0 Safari/537.36"
146.70.226.22 - - [20/Jun/2026:16:20:25 +0200] "POST /xmlrpc.php HTTP/1.1" 200 5926 "-" "Mozilla/5.0 (Windows NT 10.0; Win64; x64) AppleWebKit/537.36 (KHTML, like Gecko) Chrome/114.0.0.0 Safari/537.36"
217.113.194.126 - - [20/Jun/2026:16:23:23 +0200] "GET /2026/04/14/top-10-offlin-casino-nederland-lieve-50-gratis-spins-zonder-storting-casinos-2026/ HTTP/1.1" 200 0 "-" "Mozilla/5.0 (compatible; Barkrowler/0.9; +https://babbar.tech/crawler)"
185.252.223.20 - - [20/Jun/2026:16:26:29 +0200] "POST /xmlrpc.php HTTP/1.1" 200 5926 "-" "Mozilla/5.0 (Windows NT 10.0; Win64; x64) AppleWebKit/537.36 (KHTML, like Gecko) Chrome/114.0.0.0 Safari/537.36"
217.113.194.123 - - [20/Jun/2026:16:27:40 +0200] "GET /2026/03/19/always-use-personal-systems-and-safer-internet-explorer-to-safeguard-your-own-log-on-pointers/ HTTP/1.1" 200 0 "-" "Mozilla/5.0 (compatible; Barkrowler/0.9; +https://babbar.tech/crawler)"
65.21.228.101 - - [20/Jun/2026:16:03:41 +0200] "POST /wp-cron.php?doing_wp_cron=1781964221.3564460277557373046875 HTTP/1.1" 200 0 "-" "WordPress/7.0; https://themomotimes.com"
217.113.194.123 - - [20/Jun/2026:16:04:10 +0200] "GET /2026/05/02/an-armazem-dos-jogos-criancice-slot-bonanza-revisao-do-slot-online-online/ HTTP/1.1" 200 0 "-" "Mozilla/5.0 (compatible; Barkrowler/0.9; +https://babbar.tech/crawler)"
217.113.194.122 - - [20/Jun/2026:16:06:11 +0200] "GET /2026/03/11/safe-web-based-casinos-%EF%BF%BD-their-self-help-guide-to-looking-for-a-safe-internet-casino/ HTTP/1.1" 200 0 "-" "Mozilla/5.0 (compatible; Barkrowler/0.9; +https://babbar.tech/crawler)"
193.24.208.14 - - [20/Jun/2026:16:10:12 +0200] "GET /2026/05/21/f1-casino-le-meilleur-des-jeux-de-course/ HTTP/1.1" 200 0 "https://themomotimes.com" "Mozilla/5.0 (Windows NT 10.0; Win64; x64) AppleWebKit/537.36 (KHTML, like Gecko) Chrome/62.0.3202.94 Safari/537.36"
217.113.194.248 - - [20/Jun/2026:16:11:14 +0200] "GET /2026/05/14/lower-than-there-are-the-strongest-highest-regularity-no-deposit-even-offers-available-today/ HTTP/1.1" 200 0 "-" "Mozilla/5.0 (compatible; Barkrowler/0.9; +https://babbar.tech/crawler)"
217.113.194.227 - - [20/Jun/2026:16:12:00 +0200] "GET /2026/05/14/tous-les-vip-sont-leurs-amas-jalouses-qui-beneficient-davantages-dissemblables/ HTTP/1.1" 200 0 "-" "Mozilla/5.0 (compatible; Barkrowler/0.9; +https://babbar.tech/crawler)"
217.113.194.130 - - [20/Jun/2026:16:16:33 +0200] "GET /robots.txt HTTP/1.1" 200 155 "-" "Mozilla/5.0 (compatible; Barkrowler/0.9; +https://babbar.tech/crawler)"
217.113.194.124 - - [20/Jun/2026:16:19:20 +0200] "GET /2026/05/18/on-the-internet-playing-admirers-inside-the-west-virginia-liked-a-few-high-betting-age/ HTTP/1.1" 200 0 "-" "Mozilla/5.0 (compatible; Barkrowler/0.9; +https://babbar.tech/crawler)"
