217.113.194.125 - - [20/Jun/2026:17:04:36 +0200] "GET /2026/05/05/beachten-eltern-unter-die-eine-faktoren-je-unser-zielfuhrende-ausgangsbasis/ HTTP/1.1" 200 0 "-" "Mozilla/5.0 (compatible; Barkrowler/0.9; +https://babbar.tech/crawler)"
217.113.194.124 - - [20/Jun/2026:17:06:07 +0200] "GET /2026/04/10/nachfolgende-besten-brandneuen-verbunden-casinos-spielotheken-within-teutonia/ HTTP/1.1" 200 0 "-" "Mozilla/5.0 (compatible; Barkrowler/0.9; +https://babbar.tech/crawler)"
217.113.194.123 - - [20/Jun/2026:16:47:40 +0200] "GET /2026/05/22/no-deposit-incentive-gambling-enterprises-canada-free-processor-chip-and-free-spins-2026/ HTTP/1.1" 200 0 "-" "Mozilla/5.0 (compatible; Barkrowler/0.9; +https://babbar.tech/crawler)"
77.75.78.160 - - [20/Jun/2026:16:48:18 +0200] "GET /leveraging-milkyway-casino-bonuses-and-promotions/ HTTP/1.1" 200 0 "-" "Mozilla/5.0 (compatible; SeznamBot/4.0; +https://o-seznam.cz/napoveda/vyhledavani/en/seznambot-crawler/)"
217.113.194.124 - - [20/Jun/2026:16:49:11 +0200] "GET /2026/05/27/che-tipo-di-anteporre-i-citta-da-bazzecola-online-svizzera-sicuri/ HTTP/1.1" 200 0 "-" "Mozilla/5.0 (compatible; Barkrowler/0.9; +https://babbar.tech/crawler)"
217.113.194.130 - - [20/Jun/2026:16:49:26 +0200] "GET /2026/05/27/siberian-violent-storm-100-percent-free-harbors-gamble-on-the-internet-slot-machine-games/ HTTP/1.1" 200 0 "-" "Mozilla/5.0 (compatible; Barkrowler/0.9; +https://babbar.tech/crawler)"
213.209.159.254 - - [20/Jun/2026:16:49:59 +0200] "GET /wp-login.php HTTP/2" 200 974 "-" "Mozilla/5.0 (Windows NT 10.0; Win64; x64) AppleWebKit/537.36 (KHTML, like Gecko) Chrome/124.0.0.0 Safari/537.36"
217.113.194.228 - - [20/Jun/2026:16:52:28 +0200] "GET /2026/01/23/casino-vulkan-spiele-bonus-utan-registrering-utprova-inte-med-konto-2025-topplista/ HTTP/1.1" 200 0 "-" "Mozilla/5.0 (compatible; Barkrowler/0.9; +https://babbar.tech/crawler)"
217.113.194.227 - - [20/Jun/2026:16:52:58 +0200] "GET /2026/01/21/trendy-fruits-madness-dragon-gaming-where-you-can-play-95-mate-casino-play-fiftypercent-rtp/ HTTP/1.1" 200 0 "-" "Mozilla/5.0 (compatible; Barkrowler/0.9; +https://babbar.tech/crawler)"
46.222.190.92 - - [20/Jun/2026:16:53:03 +0200] "GET /2026/05/27/role-des-adaptogenes-en-pharmacologie-sportive/ HTTP/1.1" 200 0 "-" "GuzzleHttp/7"
203.175.125.116 - - [20/Jun/2026:16:54:19 +0200] "GET /2026/05/21/gagner-avec-winbeatz-facilement-3/ HTTP/1.1" 200 0 "https://themomotimes.com/" "Mozilla/5.0 (Windows NT 10.0; Win64; x64) AppleWebKit/537.36 (KHTML, like Gecko) Chrome/143.0.0.0 Safari/537.36 OPR/127.0.0.0"
217.113.194.129 - - [20/Jun/2026:16:55:00 +0200] "GET /2026/03/12/fre-spins-wind-gij-leukste-voor-spins-va-2026-gedurende-online-casinos/ HTTP/1.1" 200 0 "-" "Mozilla/5.0 (compatible; Barkrowler/0.9; +https://babbar.tech/crawler)"
217.113.194.131 - - [20/Jun/2026:16:55:15 +0200] "GET /2026/02/04/kakim-sposobom-psihicheskoe-polozhenie-vlijaet-na-vybor-reshenij/ HTTP/1.1" 200 0 "-" "Mozilla/5.0 (compatible; Barkrowler/0.9; +https://babbar.tech/crawler)"
217.113.194.122 - - [20/Jun/2026:16:56:31 +0200] "GET /2026/01/19/los-prerrogativas-asi%EF%BF%BD-como-perjuicios-para-nuevos-casinos-en-internet/ HTTP/1.1" 200 0 "-" "Mozilla/5.0 (compatible; Barkrowler/0.9; +https://babbar.tech/crawler)"
217.113.194.126 - - [20/Jun/2026:16:59:18 +0200] "GET /2026/03/24/greatest-totally-free-spins-gambling-enterprises-february-2026-no-deposit-doubles-slot-ports/ HTTP/1.1" 200 0 "-" "Mozilla/5.0 (compatible; Barkrowler/0.9; +https://babbar.tech/crawler)"
217.113.194.228 - - [20/Jun/2026:16:59:33 +0200] "GET /2026/03/24/voor-gokkasten-online-bonusslot-dolphin-cash-vinnig-recht-behalve-aanmelding/ HTTP/1.1" 200 0 "-" "Mozilla/5.0 (compatible; Barkrowler/0.9; +https://babbar.tech/crawler)"
217.113.194.125 - - [20/Jun/2026:17:04:51 +0200] "GET /2026/05/05/confronto-fra-slot-compenso-privato-di-questione-10-euro-di-nuovo-estranei-importi/ HTTP/1.1" 200 0 "-" "Mozilla/5.0 (compatible; Barkrowler/0.9; +https://babbar.tech/crawler)"
217.113.194.126 - - [20/Jun/2026:17:05:22 +0200] "GET /2026/03/04/mayan-disco-fever-slot-free-spins-princess-slot-comment-info-and-gambling-establishment-bonus/ HTTP/1.1" 200 0 "-" "Mozilla/5.0 (compatible; Barkrowler/0.9; +https://babbar.tech/crawler)"
217.113.194.122 - - [20/Jun/2026:17:07:08 +0200] "GET /2026/05/03/holly-jolly-bonanza-slot-opinion-2026-totally-free-play-96-6percent-rtp/ HTTP/1.1" 200 0 "-" "Mozilla/5.0 (compatible; Barkrowler/0.9; +https://babbar.tech/crawler)"
185.252.223.20 - - [20/Jun/2026:16:45:57 +0200] "GET /2026/06/20/nieustannie-i-regularnie-poszerzamy-nasza-moge-zapewniac-w-sprawie-biezacy-serwery-slotowe-ktore-sie-pojawiaja-w-branzy-hazardowym/ HTTP/1.1" 200 0 "-" "Mozilla/5.0 (Windows NT 10.0; rv:109.0) Gecko/20100101 Firefox/115.0"
217.113.194.248 - - [20/Jun/2026:16:46:09 +0200] "GET /2026/04/23/freispiele-katmandu-gold-slot-blos-einzahlung-2026-40-beste-angebote/ HTTP/1.1" 200 0 "-" "Mozilla/5.0 (compatible; Barkrowler/0.9; +https://babbar.tech/crawler)"
45.250.252.162 - - [20/Jun/2026:16:46:54 +0200] "POST /xmlrpc.php HTTP/1.1" 200 5926 "-" "Mozilla/5.0 (Windows NT 10.0; Win64; x64) AppleWebKit/537.36 (KHTML, like Gecko) Chrome/114.0.0.0 Safari/537.36"
213.209.159.254 - - [20/Jun/2026:16:50:03 +0200] "POST /xmlrpc.php HTTP/2" 200 2125 "-" "Mozilla/5.0 (Windows NT 10.0; Win64; x64) AppleWebKit/537.36 (KHTML, like Gecko) Chrome/124.0.0.0 Safari/537.36"
213.209.159.254 - - [20/Jun/2026:16:51:50 +0200] "GET /wp-login.php HTTP/2" 200 974 "-" "Mozilla/5.0 (Windows NT 10.0; Win64; x64; rv:133.0) Gecko/20100101 Firefox/133.0"
217.113.194.131 - - [20/Jun/2026:16:53:13 +0200] "GET /2026/01/30/the-newest-ten-better-totally-free-position-programs-greatest-picks-to-own-ios-and-android/ HTTP/1.1" 200 0 "-" "Mozilla/5.0 (compatible; Barkrowler/0.9; +https://babbar.tech/crawler)"
217.113.194.131 - - [20/Jun/2026:16:55:45 +0200] "GET /2026/02/04/57-the-brand-new-no-deposit-bonus-requirements-to-possess-jan-2026-upgraded-everyday/ HTTP/1.1" 200 0 "-" "Mozilla/5.0 (compatible; Barkrowler/0.9; +https://babbar.tech/crawler)"
217.113.194.126 - - [20/Jun/2026:16:56:46 +0200] "GET /2026/01/19/playlive-gambling-establishment-incentives-%EF%BF%BD-higher-meets-percentages-in-the-pa/ HTTP/1.1" 200 0 "-" "Mozilla/5.0 (compatible; Barkrowler/0.9; +https://babbar.tech/crawler)"
217.113.194.124 - - [20/Jun/2026:16:58:47 +0200] "GET /2026/03/18/real-cash-ports-in-the-sorcery-loot-a-fruit-1-deposit-reels-casino-play-190-video-game/ HTTP/1.1" 200 0 "-" "Mozilla/5.0 (compatible; Barkrowler/0.9; +https://babbar.tech/crawler)"
146.70.226.22 - - [20/Jun/2026:16:59:46 +0200] "POST /xmlrpc.php HTTP/1.1" 200 5929 "-" "Mozilla/5.0 (Windows NT 10.0; Win64; x64) AppleWebKit/537.36 (KHTML, like Gecko) Chrome/114.0.0.0 Safari/537.36"
146.70.226.22 - - [20/Jun/2026:17:00:38 +0200] "POST /xmlrpc.php HTTP/1.1" 200 17171 "-" "Mozilla/5.0 (Windows NT 10.0; Win64; x64) AppleWebKit/537.36 (KHTML, like Gecko) Chrome/114.0.0.0 Safari/537.36"
146.70.226.22 - - [20/Jun/2026:17:00:39 +0200] "GET /2026/06/20/next-i-falter-the-top-sweepstakes-gambling-enterprises-one-deal-with-handmade-cards-getting-coin-bundle-sales/ HTTP/1.1" 200 0 "-" "Mozilla/5.0 (Windows NT 10.0; Win64; x64) AppleWebKit/537.36 (KHTML, like Gecko) Chrome/109.0.0.0 Safari/537.36"
146.70.226.22 - - [20/Jun/2026:17:00:39 +0200] "POST /xmlrpc.php HTTP/1.1" 200 5926 "-" "Mozilla/5.0 (Windows NT 10.0; Win64; x64) AppleWebKit/537.36 (KHTML, like Gecko) Chrome/114.0.0.0 Safari/537.36"
217.113.194.227 - - [20/Jun/2026:17:01:04 +0200] "GET /2026/05/09/magic-fruits-jak-i-rowniez-magic-fruits-deluxe-demo-sportuna-sloty-darmowo/ HTTP/1.1" 200 0 "-" "Mozilla/5.0 (compatible; Barkrowler/0.9; +https://babbar.tech/crawler)"
217.113.194.248 - - [20/Jun/2026:17:04:21 +0200] "GET /2026/04/09/the-brand-new-promotion-becomes-triggered-as-soon-as-you-log-on-to-the-newest-cellular-app/ HTTP/1.1" 200 0 "-" "Mozilla/5.0 (compatible; Barkrowler/0.9; +https://babbar.tech/crawler)"
217.113.194.124 - - [20/Jun/2026:17:05:37 +0200] "GET /2026/04/10/casino-mr-bet-deutschland-registrierung-mrbet-spielbank-erreichbar-willkommensbonus/ HTTP/1.1" 200 0 "-" "Mozilla/5.0 (compatible; Barkrowler/0.9; +https://babbar.tech/crawler)"
217.113.194.131 - - [20/Jun/2026:17:11:41 +0200] "GET /2026/03/14/beste-online-spielothek-75-freispiele-erst-als-1-einzahlung-100-zugelassen/ HTTP/1.1" 200 0 "-" "Mozilla/5.0 (compatible; Barkrowler/0.9; +https://babbar.tech/crawler)"
217.113.194.123 - - [20/Jun/2026:16:39:03 +0200] "GET /2026/05/21/better-5-put-gambling-enterprises-uk-score-2-hundred-500-incentives-in-the-2026/ HTTP/1.1" 200 0 "-" "Mozilla/5.0 (compatible; Barkrowler/0.9; +https://babbar.tech/crawler)"
217.113.194.248 - - [20/Jun/2026:16:39:18 +0200] "GET /2025/10/05/consejos-para-administrar-tu-presupuesto-al-seguir-pronosticos-en-apuestas-de-tenis/ HTTP/1.1" 200 0 "-" "Mozilla/5.0 (compatible; Barkrowler/0.9; +https://babbar.tech/crawler)"
217.113.194.126 - - [20/Jun/2026:16:41:35 +0200] "GET /2026/04/23/nuts-local-casino-is-the-better-webpages-if-you-value-fighting-for-the-gambling-establishment-tournaments/ HTTP/1.1" 200 0 "-" "Mozilla/5.0 (compatible; Barkrowler/0.9; +https://babbar.tech/crawler)"
217.113.194.123 - - [20/Jun/2026:16:45:08 +0200] "GET /2026/04/23/se-fabriquer-evoquer-des-administrees-cashback-a-l%EF%BF%BDrejet-pour-wager/ HTTP/1.1" 200 0 "-" "Mozilla/5.0 (compatible; Barkrowler/0.9; +https://babbar.tech/crawler)"
217.113.194.128 - - [20/Jun/2026:16:47:25 +0200] "GET /2026/05/22/better-ports-sites-on-the-internet-within-the-2025-where-you-should-play-higher-rtp-slots/ HTTP/1.1" 200 0 "-" "Mozilla/5.0 (compatible; Barkrowler/0.9; +https://babbar.tech/crawler)"
217.113.194.227 - - [20/Jun/2026:16:51:27 +0200] "GET /2026/04/05/no-deposit-incentives-youll-have-been-in-differing-types-each-ones-has-its-own-rewards/ HTTP/1.1" 200 0 "-" "Mozilla/5.0 (compatible; Barkrowler/0.9; +https://babbar.tech/crawler)"
213.209.159.254 - - [20/Jun/2026:16:51:41 +0200] "GET /wp-login.php HTTP/2" 200 974 "-" "Mozilla/5.0 (Windows NT 10.0; Win64; x64; rv:133.0) Gecko/20100101 Firefox/133.0"
213.209.159.254 - - [20/Jun/2026:16:51:41 +0200] "GET /wp-login.php HTTP/2" 200 974 "-" "Mozilla/5.0 (Windows NT 10.0; Win64; x64; rv:133.0) Gecko/20100101 Firefox/133.0"
57.128.22.95 - - [20/Jun/2026:16:53:00 +0200] "GET /2026/06/09/betalright-casino-einzahlungsoptionen-19/ HTTP/1.1" 200 0 "https://themomotimes.com/" "Mozilla/5.0 (X11; Linux aarch64) AppleWebKit/537.36 (KHTML, like Gecko) Chrome/139.0.0.0 Safari/537.36"
57.128.22.95 - - [20/Jun/2026:16:53:00 +0200] "GET /2026/06/09/betalright-casino-einzahlungsoptionen-19/ HTTP/1.1" 200 0 "https://themomotimes.com/" "Mozilla/5.0 (X11; Linux aarch64) AppleWebKit/537.36 (KHTML, like Gecko) Chrome/139.0.0.0 Safari/537.36"
17.22.245.56 - - [20/Jun/2026:16:57:40 +0200] "GET /2026/05/13/beste-spielbank-vermittlungsprovision-codes-2026-as-part-of-teutonia/ HTTP/2" 200 0 "-" "Mozilla/5.0 (Macintosh; Intel Mac OS X 10_15_7) AppleWebKit/605.1.15 (KHTML, like Gecko) Version/17.4 Safari/605.1.15 (Applebot/0.1; +http://www.apple.com/go/applebot)"
217.113.194.124 - - [20/Jun/2026:16:58:02 +0200] "GET /2026/03/18/eye-of-horus-kostenlose-protestation-qua-echtgeld-ihre-erklarung-zum-besten-geben/ HTTP/1.1" 200 0 "-" "Mozilla/5.0 (compatible; Barkrowler/0.9; +https://babbar.tech/crawler)"
217.113.194.131 - - [20/Jun/2026:17:03:05 +0200] "GET /2026/05/09/a-professional-option-for-users-who-require-a-no-mess-around-real-cash-gambling-establishment-application/ HTTP/1.1" 200 0 "-" "Mozilla/5.0 (compatible; Barkrowler/0.9; +https://babbar.tech/crawler)"
217.113.194.129 - - [20/Jun/2026:17:09:39 +0200] "GET /2026/01/29/pengespill-disposisjon-avslutning-beste-pengespill-pa-nett-inni-norge/ HTTP/1.1" 200 0 "-" "Mozilla/5.0 (compatible; Barkrowler/0.9; +https://babbar.tech/crawler)"
185.252.223.20 - - [20/Jun/2026:17:10:26 +0200] "POST /xmlrpc.php HTTP/1.1" 200 16730 "-" "Mozilla/5.0 (Windows NT 10.0; Win64; x64) AppleWebKit/537.36 (KHTML, like Gecko) Chrome/114.0.0.0 Safari/537.36"
217.113.194.125 - - [20/Jun/2026:17:14:44 +0200] "GET /2026/05/14/spolehlive-herni-moznosti-a-thorfortune-login-pro-nove-hrace-3/ HTTP/1.1" 200 0 "-" "Mozilla/5.0 (compatible; Barkrowler/0.9; +https://babbar.tech/crawler)"
217.113.194.124 - - [20/Jun/2026:17:15:29 +0200] "GET /2026/03/30/casino-coin-master-free-spins-app-tillag-inte-me-insattning-100-insattningsfria/ HTTP/1.1" 200 0 "-" "Mozilla/5.0 (compatible; Barkrowler/0.9; +https://babbar.tech/crawler)"
217.113.194.123 - - [20/Jun/2026:16:59:48 +0200] "GET /2026/03/23/duck-kurzschluss-gratis-qua-echtgeld-spielen-tipps-diesen-link-drucken-tricks/ HTTP/1.1" 200 0 "-" "Mozilla/5.0 (compatible; Barkrowler/0.9; +https://babbar.tech/crawler)"
217.113.194.228 - - [20/Jun/2026:17:01:49 +0200] "GET /2026/05/09/ogni-emolumento-ha-basamento-2-giorni-ancora-prevede-un-turnover-di-1/ HTTP/1.1" 200 0 "-" "Mozilla/5.0 (compatible; Barkrowler/0.9; +https://babbar.tech/crawler)"
43.173.109.70 - - [20/Jun/2026:17:03:01 +0200] "GET /2026/05/24/rso-giocatori-possono-emettere-sperma-di-evidenti-vantaggi-tuttavia-e-altolocato-notare-anche-le-eventuali-limitazioni/ HTTP/2" 200 0 "https://themomotimes.com/2026/05/24/rso-giocatori-possono-emettere-sperma-di-evidenti-vantaggi-tuttavia-e-altolocato-notare-anche-le-eventuali-limitazioni/" "Mozilla/5.0 (Macintosh; Intel Mac OS X 10_15_7) AppleWebKit/537.36 (KHTML, like Gecko) Chrome/120.0.0.0 Safari/537.36"
217.113.194.129 - - [20/Jun/2026:17:04:06 +0200] "GET /2026/04/09/die-bananas-go-bahamas-online-slot-besten-erreichbar-casinos-as-part-of-brd-2026/ HTTP/1.1" 200 0 "-" "Mozilla/5.0 (compatible; Barkrowler/0.9; +https://babbar.tech/crawler)"
217.113.194.228 - - [20/Jun/2026:17:05:06 +0200] "GET /2026/05/05/ad-esempio-ottenere-il-gratifica-escludendo-paese-mediante-svizzera/ HTTP/1.1" 200 0 "-" "Mozilla/5.0 (compatible; Barkrowler/0.9; +https://babbar.tech/crawler)"
217.113.194.127 - - [20/Jun/2026:17:08:54 +0200] "GET /2026/01/29/greatest-alive-agent-slot-horror-castle-hd-online-gambling-enterprises-2026-alive-on-line-casino-websites/ HTTP/1.1" 200 0 "-" "Mozilla/5.0 (compatible; Barkrowler/0.9; +https://babbar.tech/crawler)"
217.113.194.228 - - [20/Jun/2026:17:10:25 +0200] "GET /2026/03/11/to-step-1five-hundred-one-hundred-added-bonus-revolves-king-out-of-cellular-local-casino/ HTTP/1.1" 200 0 "-" "Mozilla/5.0 (compatible; Barkrowler/0.9; +https://babbar.tech/crawler)"
217.113.194.124 - - [20/Jun/2026:17:10:40 +0200] "GET /2026/03/11/sverige-the-thief-paypal-casino-jamfor-alla-casinon-tillsamman-svensk-spellicens/ HTTP/1.1" 200 0 "-" "Mozilla/5.0 (compatible; Barkrowler/0.9; +https://babbar.tech/crawler)"
217.113.194.227 - - [20/Jun/2026:17:11:56 +0200] "GET /2026/05/17/casinos-via-freispielen-ohne-einzahlung-im-wonnemonat-casino-mighty-kraken-2026/ HTTP/1.1" 200 0 "-" "Mozilla/5.0 (compatible; Barkrowler/0.9; +https://babbar.tech/crawler)"
146.70.226.22 - - [20/Jun/2026:17:12:47 +0200] "POST /xmlrpc.php HTTP/1.1" 200 5929 "-" "Mozilla/5.0 (Windows NT 10.0; Win64; x64) AppleWebKit/537.36 (KHTML, like Gecko) Chrome/114.0.0.0 Safari/537.36"
146.70.226.22 - - [20/Jun/2026:17:13:39 +0200] "POST /xmlrpc.php HTTP/1.1" 200 15919 "-" "Mozilla/5.0 (Windows NT 10.0; Win64; x64) AppleWebKit/537.36 (KHTML, like Gecko) Chrome/114.0.0.0 Safari/537.36"
146.70.226.22 - - [20/Jun/2026:17:13:40 +0200] "GET /2026/06/20/furthermore-your-loans-is-actually-kept-in-independent-accounts-to-be-sure-they-have-been-constantly-safe/ HTTP/1.1" 200 0 "-" "Mozilla/5.0 (Windows NT 10.0; Win64; x64; rv:125.0) Gecko/20100101 Firefox/125.0"
217.113.194.129 - - [20/Jun/2026:17:13:43 +0200] "GET /2026/03/28/dive-with-the-a-good-market-more-than-five-hundred-handpicked-games-from-the-golden-pharaoh/ HTTP/1.1" 200 0 "-" "Mozilla/5.0 (compatible; Barkrowler/0.9; +https://babbar.tech/crawler)"
146.70.226.22 - - [20/Jun/2026:17:13:40 +0200] "POST /xmlrpc.php HTTP/1.1" 200 5926 "-" "Mozilla/5.0 (Windows NT 10.0; Win64; x64) AppleWebKit/537.36 (KHTML, like Gecko) Chrome/114.0.0.0 Safari/537.36"
217.113.194.227 - - [20/Jun/2026:17:15:14 +0200] "GET /2026/03/30/unique-article-most-best-that-have-otherwise-in-place-of-the-english-language-learners-heap-replace/ HTTP/1.1" 200 0 "-" "Mozilla/5.0 (compatible; Barkrowler/0.9; +https://babbar.tech/crawler)"
217.113.194.228 - - [20/Jun/2026:17:16:45 +0200] "GET /2026/01/20/all-finest-on-the-internet-pokies-no-deposit-casino-bonus-400-bonuses-in-australia-january-2025/ HTTP/1.1" 200 0 "-" "Mozilla/5.0 (compatible; Barkrowler/0.9; +https://babbar.tech/crawler)"
217.113.194.131 - - [20/Jun/2026:16:50:57 +0200] "GET /2026/02/26/udenlandske-casinoer-find-ma-bedste-bonusser-ming-dynasty-casino-pr-2026/ HTTP/1.1" 200 0 "-" "Mozilla/5.0 (compatible; Barkrowler/0.9; +https://babbar.tech/crawler)"
217.113.194.124 - - [20/Jun/2026:16:52:43 +0200] "GET /2026/01/23/pragmatic-play-samuser-a-une-instrument-habanero-jeux-de-machines-a-sous-pc-a-thunes/ HTTP/1.1" 200 0 "-" "Mozilla/5.0 (compatible; Barkrowler/0.9; +https://babbar.tech/crawler)"
217.113.194.228 - - [20/Jun/2026:16:54:44 +0200] "GET /2026/03/12/as-much-as-270-high-roller-added-bonus-for-the-four-places-doing-36k-altogether/ HTTP/1.1" 200 0 "-" "Mozilla/5.0 (compatible; Barkrowler/0.9; +https://babbar.tech/crawler)"
217.113.194.123 - - [20/Jun/2026:16:56:15 +0200] "GET /2026/01/19/sportszino-signup-bonus-is-designed-to-offer-an-interesting-gaming-experience-towards-the-new-users/ HTTP/1.1" 200 0 "-" "Mozilla/5.0 (compatible; Barkrowler/0.9; +https://babbar.tech/crawler)"
217.113.194.131 - - [20/Jun/2026:16:58:32 +0200] "GET /2026/03/18/on-line-excalibur-slot-free-spins-blackjack-play-black-jack-the-real-deal-currency-during-the-777/ HTTP/1.1" 200 0 "-" "Mozilla/5.0 (compatible; Barkrowler/0.9; +https://babbar.tech/crawler)"
217.113.194.126 - - [20/Jun/2026:17:00:33 +0200] "GET /2026/03/17/blackjack-gewinnchancen-inoffizieller-mitarbeiter-online-spielbank-und-live-spielbank/ HTTP/1.1" 200 0 "-" "Mozilla/5.0 (compatible; Barkrowler/0.9; +https://babbar.tech/crawler)"
217.113.194.248 - - [20/Jun/2026:17:00:49 +0200] "GET /2026/05/09/70-freispiele-ohne-ice-hockey-120-freie-spins-einzahlung-neue-2026-angebote/ HTTP/1.1" 200 0 "-" "Mozilla/5.0 (compatible; Barkrowler/0.9; +https://babbar.tech/crawler)"
217.113.194.126 - - [20/Jun/2026:17:03:35 +0200] "GET /2026/04/09/a-knowledgeable-100-percent-free-spins-gambling-establishment-incentives-in-the-usa-2026/ HTTP/1.1" 200 0 "-" "Mozilla/5.0 (compatible; Barkrowler/0.9; +https://babbar.tech/crawler)"
217.113.194.124 - - [20/Jun/2026:17:03:51 +0200] "GET /2026/04/09/bitcoin-kasino-vergleich-2026-beste-silver-fox-1-kaution-btc-erreichbar-casinos/ HTTP/1.1" 200 0 "-" "Mozilla/5.0 (compatible; Barkrowler/0.9; +https://babbar.tech/crawler)"
217.113.194.126 - - [20/Jun/2026:17:05:52 +0200] "GET /2026/04/10/lista-actualizada-sobre-anuncios-sobre-bonos-carente-deposito-de-casinos-online-sobre-2026/ HTTP/1.1" 200 0 "-" "Mozilla/5.0 (compatible; Barkrowler/0.9; +https://babbar.tech/crawler)"
217.113.194.126 - - [20/Jun/2026:17:07:38 +0200] "GET /2026/04/01/103-the-newest-no-deposit-incentive-rules-for-feb-casinoeuro-2026-up-to-date-daily/ HTTP/1.1" 200 0 "-" "Mozilla/5.0 (compatible; Barkrowler/0.9; +https://babbar.tech/crawler)"
217.113.194.126 - - [20/Jun/2026:17:10:10 +0200] "GET /2026/03/11/top-ten-internet-casino-real-money-internet-sites-bonus-slot-ming-dynasty-in-the-usa-to-own-2026/ HTTP/1.1" 200 0 "-" "Mozilla/5.0 (compatible; Barkrowler/0.9; +https://babbar.tech/crawler)"
146.70.226.85 - - [20/Jun/2026:17:10:19 +0200] "POST /xmlrpc.php HTTP/1.1" 200 1686 "-" "Mozilla/5.0 (Windows NT 10.0; Win64; x64) AppleWebKit/537.36 (KHTML, like Gecko) Chrome/114.0.0.0 Safari/537.36"
185.252.223.20 - - [20/Jun/2026:17:10:27 +0200] "POST /xmlrpc.php HTTP/1.1" 200 5926 "-" "Mozilla/5.0 (Windows NT 10.0; Win64; x64) AppleWebKit/537.36 (KHTML, like Gecko) Chrome/114.0.0.0 Safari/537.36"
217.113.194.130 - - [20/Jun/2026:17:11:26 +0200] "GET /2026/03/14/con-i-tanti-bisca-verso-intricato-minimo-di-10-possiamo-scoperchiare/ HTTP/1.1" 200 0 "-" "Mozilla/5.0 (compatible; Barkrowler/0.9; +https://babbar.tech/crawler)"
217.113.194.129 - - [20/Jun/2026:17:13:28 +0200] "GET /2026/04/13/best-progressive-jackpot-slots-jackpot-tracker-march-4096-paylines-for-slot-machines-2026/ HTTP/1.1" 200 0 "-" "Mozilla/5.0 (compatible; Barkrowler/0.9; +https://babbar.tech/crawler)"
213.209.159.254 - - [20/Jun/2026:16:49:59 +0200] "GET /wp-login.php HTTP/2" 200 974 "-" "Mozilla/5.0 (Windows NT 10.0; Win64; x64; rv:133.0) Gecko/20100101 Firefox/133.0"
213.209.159.254 - - [20/Jun/2026:16:50:03 +0200] "POST /xmlrpc.php HTTP/2" 200 2125 "-" "Mozilla/5.0 (Windows NT 10.0; Win64; x64; rv:133.0) Gecko/20100101 Firefox/133.0"
217.113.194.228 - - [20/Jun/2026:16:50:42 +0200] "GET /2026/05/12/sieger-moglich-spielsalon-vermittlungsgebuhr-in-brd-geprufte-faire-boni/ HTTP/1.1" 200 0 "-" "Mozilla/5.0 (compatible; Barkrowler/0.9; +https://babbar.tech/crawler)"
217.113.194.248 - - [20/Jun/2026:16:51:12 +0200] "GET /2026/02/26/50-freispiele-abzuglich-einzahlung-auf-anhieb-verfugbar-2026/ HTTP/1.1" 200 0 "-" "Mozilla/5.0 (compatible; Barkrowler/0.9; +https://babbar.tech/crawler)"
217.113.194.130 - - [20/Jun/2026:16:54:14 +0200] "GET /2026/03/12/mybet-slots-erfahrungen-flowers-1-kaution-kompletter-spielbank-check-durch-experten/ HTTP/1.1" 200 0 "-" "Mozilla/5.0 (compatible; Barkrowler/0.9; +https://babbar.tech/crawler)"
203.175.125.116 - - [20/Jun/2026:16:54:18 +0200] "GET /2026/05/21/gagner-avec-winbeatz-facilement-3/ HTTP/1.1" 200 0 "https://themomotimes.com/" "Mozilla/5.0 (Windows NT 10.0; Win64; x64) AppleWebKit/537.36 (KHTML, like Gecko) Chrome/143.0.0.0 Safari/537.36 OPR/127.0.0.0"
217.113.194.228 - - [20/Jun/2026:16:57:31 +0200] "GET /2026/05/01/play-trolls-gold-online-that-have-wild-notes-complete-thunderstruck-slot-bonus-slot-comment/ HTTP/1.1" 200 0 "-" "Mozilla/5.0 (compatible; Barkrowler/0.9; +https://babbar.tech/crawler)"
217.113.194.126 - - [20/Jun/2026:17:00:18 +0200] "GET /2026/03/17/storspelare-casino-offert-logga-in-inte-med-konto-reactoonz-kasino-tillag/ HTTP/1.1" 200 0 "-" "Mozilla/5.0 (compatible; Barkrowler/0.9; +https://babbar.tech/crawler)"
65.21.228.101 - - [20/Jun/2026:17:00:32 +0200] "POST /wp-cron.php?doing_wp_cron=1781967632.5096139907836914062500 HTTP/1.1" 200 0 "-" "WordPress/7.0; https://themomotimes.com"
217.113.194.131 - - [20/Jun/2026:17:03:20 +0200] "GET /2026/04/09/this-process-assists-users-discover-just-what-to-expect-when-being-able-to-access-their-bonus-loans/ HTTP/1.1" 200 0 "-" "Mozilla/5.0 (compatible; Barkrowler/0.9; +https://babbar.tech/crawler)"
217.113.194.126 - - [20/Jun/2026:17:07:23 +0200] "GET /2026/05/03/deine-online-vulkan-vegas-kontakt-in-schweiz-spielhalle-inside-land-der-dichter-und-denker/ HTTP/1.1" 200 0 "-" "Mozilla/5.0 (compatible; Barkrowler/0.9; +https://babbar.tech/crawler)"
217.113.194.122 - - [20/Jun/2026:17:08:08 +0200] "GET /2026/01/29/book-of-lifeless-slot-review-scientific-games-mobile-slots-2024-rating-a-bonus-to-experience/ HTTP/1.1" 200 0 "-" "Mozilla/5.0 (compatible; Barkrowler/0.9; +https://babbar.tech/crawler)"
217.113.194.127 - - [20/Jun/2026:17:08:39 +0200] "GET /2026/01/29/get-a-good-zeus-system-free-trial-without-having-indian-dreaming-slot-to-be-charged-2026-publication/ HTTP/1.1" 200 0 "-" "Mozilla/5.0 (compatible; Barkrowler/0.9; +https://babbar.tech/crawler)"
185.252.223.20 - - [20/Jun/2026:17:10:27 +0200] "GET /2026/06/20/nizej-niz-sa-zlokalizowane-motywacja-oferowane-przez-kasyno-hazardowe-w-nowych-graczy/ HTTP/1.1" 200 0 "-" "Mozilla/5.0 (Windows NT 10.0; rv:109.0) Gecko/20100101 Firefox/115.0"
217.113.194.227 - - [20/Jun/2026:17:13:58 +0200] "GET /2026/05/14/raging-rhino-demonstration-slot-real-enjoy-otherwise-100-slot-rock-climber-percent-free/ HTTP/1.1" 200 0 "-" "Mozilla/5.0 (compatible; Barkrowler/0.9; +https://babbar.tech/crawler)"
217.113.194.129 - - [20/Jun/2026:17:16:30 +0200] "GET /2026/01/20/thunderstruck-slot-machine-game-opinion-totally-free-no-down-load-casino-bonanza-game/ HTTP/1.1" 200 0 "-" "Mozilla/5.0 (compatible; Barkrowler/0.9; +https://babbar.tech/crawler)"
217.113.194.131 - - [20/Jun/2026:17:18:16 +0200] "GET /2026/03/26/how-to-come-up-with-50-free-spins-7-sins-links-within-the-html-class-which-have-advice/ HTTP/1.1" 200 0 "-" "Mozilla/5.0 (compatible; Barkrowler/0.9; +https://babbar.tech/crawler)"
217.113.194.126 - - [20/Jun/2026:17:06:22 +0200] "GET /2026/05/02/victorian-betting-and-you-can-local-casino-handle-fee-play-elementals-vgccc-vic-gov-au/ HTTP/1.1" 200 0 "-" "Mozilla/5.0 (compatible; Barkrowler/0.9; +https://babbar.tech/crawler)"
217.113.194.227 - - [20/Jun/2026:17:06:37 +0200] "GET /2026/01/17/888-bank-echt-strafbaar-gokken-buigzaam-gemaakt-voor-nederlands-spelers/ HTTP/1.1" 200 0 "-" "Mozilla/5.0 (compatible; Barkrowler/0.9; +https://babbar.tech/crawler)"
217.113.194.122 - - [20/Jun/2026:17:06:53 +0200] "GET /2026/05/03/unser-quelle-des-artikels-besten-blackjack-strategien-sic-vortragen-diese-triumphierend/ HTTP/1.1" 200 0 "-" "Mozilla/5.0 (compatible; Barkrowler/0.9; +https://babbar.tech/crawler)"
217.113.194.123 - - [20/Jun/2026:17:09:55 +0200] "GET /2026/01/29/300-casino-pramie-300-wichtige-seite-prozentrang-einzahlungsboni-bewachen/ HTTP/1.1" 200 0 "-" "Mozilla/5.0 (compatible; Barkrowler/0.9; +https://babbar.tech/crawler)"
185.252.223.20 - - [20/Jun/2026:17:09:37 +0200] "POST /xmlrpc.php HTTP/1.1" 200 5929 "-" "Mozilla/5.0 (Windows NT 10.0; Win64; x64) AppleWebKit/537.36 (KHTML, like Gecko) Chrome/114.0.0.0 Safari/537.36"
217.113.194.123 - - [20/Jun/2026:17:11:11 +0200] "GET /2026/03/11/pa-web-based-casinos-2026-better-pennsylvania-100-super-hot-real-money-online-casino-software/ HTTP/1.1" 200 0 "-" "Mozilla/5.0 (compatible; Barkrowler/0.9; +https://babbar.tech/crawler)"
217.113.194.126 - - [20/Jun/2026:17:12:11 +0200] "GET /2026/05/17/beste-bitcoin-casinos-land-der-casino-magic-love-dichter-und-denker-mai-2026-btc-bonus/ HTTP/1.1" 200 0 "-" "Mozilla/5.0 (compatible; Barkrowler/0.9; +https://babbar.tech/crawler)"
217.113.194.130 - - [20/Jun/2026:17:12:57 +0200] "GET /2026/04/13/bet365-casino-jerarca-acerca-de-casino-sobre-presto-y-no-ha-transpirado-streaming/ HTTP/1.1" 200 0 "-" "Mozilla/5.0 (compatible; Barkrowler/0.9; +https://babbar.tech/crawler)"
217.113.194.127 - - [20/Jun/2026:17:13:12 +0200] "GET /2026/04/13/local-casino-internet-sites-uk-most-readily-useful-this-new-web-based-casinos-april-2026/ HTTP/1.1" 200 0 "-" "Mozilla/5.0 (compatible; Barkrowler/0.9; +https://babbar.tech/crawler)"
217.113.194.227 - - [20/Jun/2026:17:14:14 +0200] "GET /2026/05/14/raging-rhino-casino-wonder-woman-rtp-harbors-play-raging-rhino-free-real-cash-harbors/ HTTP/1.1" 200 0 "-" "Mozilla/5.0 (compatible; Barkrowler/0.9; +https://babbar.tech/crawler)"
217.113.194.123 - - [20/Jun/2026:17:14:29 +0200] "GET /2026/05/14/leprechaun-goes-egypt-slot-review-2026-cherry-casino-cash-transfer-free-enjoy-demo/ HTTP/1.1" 200 0 "-" "Mozilla/5.0 (compatible; Barkrowler/0.9; +https://babbar.tech/crawler)"
217.113.194.124 - - [20/Jun/2026:17:16:15 +0200] "GET /2026/03/30/i-criteri-fondamentali-verso-vagliare-excretion-mucchio-non-aams/ HTTP/1.1" 200 0 "-" "Mozilla/5.0 (compatible; Barkrowler/0.9; +https://babbar.tech/crawler)"
217.113.194.129 - - [20/Jun/2026:17:17:00 +0200] "GET /2026/01/20/leprechaun-goes-egypt-playn-vulkan-vegas-login-go-position-from-the-casinos-2025/ HTTP/1.1" 200 0 "-" "Mozilla/5.0 (compatible; Barkrowler/0.9; +https://babbar.tech/crawler)"
77.75.76.171 - - [20/Jun/2026:17:17:11 +0200] "GET /ako-viagra-generic-posobi-v-tele/ HTTP/1.1" 200 0 "-" "Mozilla/5.0 (compatible; SeznamBot/4.0; +https://o-seznam.cz/napoveda/vyhledavani/en/seznambot-crawler/)"
217.113.194.126 - - [20/Jun/2026:17:20:18 +0200] "GET /2026/04/11/del-ingenuo-circolo-monogamia-di-888-in-realta-ne-parleremo-piu-fondo/ HTTP/1.1" 200 0 "-" "Mozilla/5.0 (compatible; Barkrowler/0.9; +https://babbar.tech/crawler)"
217.113.194.123 - - [20/Jun/2026:17:22:19 +0200] "GET /2026/05/06/prize-twister-distribues-un-tarif-complexe-de-tunes-ou-en-compagnie-de-espaces-gratis/ HTTP/1.1" 200 0 "-" "Mozilla/5.0 (compatible; Barkrowler/0.9; +https://babbar.tech/crawler)"
200.25.47.106 - - [20/Jun/2026:17:23:01 +0200] "POST /xmlrpc.php HTTP/1.1" 200 17477 "-" "Mozilla/5.0 (Windows NT 10.0; Win64; x64) AppleWebKit/537.36 (KHTML, like Gecko) Chrome/114.0.0.0 Safari/537.36"
217.113.194.227 - - [20/Jun/2026:17:25:06 +0200] "GET /2026/04/14/agioter-en-tenant-la-maille-reel-pour-tout-dont-depend-ce-salle-de-jeu-un-tantinet/ HTTP/1.1" 200 0 "-" "Mozilla/5.0 (compatible; Barkrowler/0.9; +https://babbar.tech/crawler)"
47.82.11.2 - - [20/Jun/2026:17:07:39 +0200] "GET /2026/02/04/indian-thinking-pokie-review-wager-fun-otherwise-a-real-income/ HTTP/1.1" 200 0 "https://themomotimes.com/" "Mozilla/5.0 (Windows NT 10.0; Win64; x64) AppleWebKit/537.36 (KHTML, like Gecko) Chrome/135.0.0.0 Safari/537.36"
217.113.194.127 - - [20/Jun/2026:17:07:53 +0200] "GET /2026/04/07/wager-100-percent-free-score-5-deposit-casino-bananas-bahamas-15-totally-free-spins/ HTTP/1.1" 200 0 "-" "Mozilla/5.0 (compatible; Barkrowler/0.9; +https://babbar.tech/crawler)"
217.113.194.127 - - [20/Jun/2026:17:09:24 +0200] "GET /2026/01/29/nye-casino-2026-danselat-iblant-en-nytt-norsk-nettcasino-inni-dogn/ HTTP/1.1" 200 0 "-" "Mozilla/5.0 (compatible; Barkrowler/0.9; +https://babbar.tech/crawler)"
146.70.226.85 - - [20/Jun/2026:17:10:20 +0200] "POST /xmlrpc.php HTTP/1.1" 200 1686 "-" "Mozilla/5.0 (Windows NT 10.0; Win64; x64) AppleWebKit/537.36 (KHTML, like Gecko) Chrome/114.0.0.0 Safari/537.36"
217.113.194.125 - - [20/Jun/2026:17:15:45 +0200] "GET /2026/03/30/con-i-migliori-casino-sopra-italia-recensioni-dei-giocatori-dazzardo-italiani/ HTTP/1.1" 200 0 "-" "Mozilla/5.0 (compatible; Barkrowler/0.9; +https://babbar.tech/crawler)"
217.113.194.124 - - [20/Jun/2026:17:16:00 +0200] "GET /2026/03/30/verso-maggiori-informazioni-raduno-la-giustificazione-del-conteggio-usabilita-qui/ HTTP/1.1" 200 0 "-" "Mozilla/5.0 (compatible; Barkrowler/0.9; +https://babbar.tech/crawler)"
57.128.22.95 - - [20/Jun/2026:17:20:55 +0200] "GET /2026/06/09/betalright-casino-einzahlungsoptionen-19/ HTTP/1.1" 200 0 "https://themomotimes.com/" "Mozilla/5.0 (Macintosh; Intel Mac OS X 10_15_7) AppleWebKit/605.1.15 (KHTML, like Gecko) Version/26.1 Safari/605.1.15"
217.113.194.126 - - [20/Jun/2026:17:21:03 +0200] "GET /2026/01/25/beste-erreichbar-casinos-deutschland-casino-x-kein-einzahlungsbonus-januar-2026/ HTTP/1.1" 200 0 "-" "Mozilla/5.0 (compatible; Barkrowler/0.9; +https://babbar.tech/crawler)"
98.98.9.42 - - [20/Jun/2026:17:21:21 +0200] "GET /2026/06/20/taev-pa-top-3-online-casino-spil-banko-tilslutte-se-danske-bingosider-pandamania-kasino-2026/ HTTP/1.1" 200 0 "-" "Mozilla/5.0 (Windows NT 10.0; Win64; x64) AppleWebKit/537.36 (KHTML, like Gecko) Chrome/123.0.0.0 Safari/537.36"
98.98.9.42 - - [20/Jun/2026:17:21:22 +0200] "POST /xmlrpc.php HTTP/1.1" 200 5926 "-" "Mozilla/5.0 (Windows NT 10.0; Win64; x64) AppleWebKit/537.36 (KHTML, like Gecko) Chrome/114.0.0.0 Safari/537.36"
200.25.47.106 - - [20/Jun/2026:17:23:03 +0200] "GET /2026/06/20/horfa-a-fyrsta-lifandi-frammistada-golden-goldbet-bonus-fyrir-fyrstu-innborgun-of-kpop-demon-hunters/ HTTP/1.1" 200 0 "-" "Mozilla/5.0 (Windows NT 10.0; Win64; x64) AppleWebKit/537.36 (KHTML, like Gecko) Chrome/124.0.0.0 Safari/537.36"
217.113.194.124 - - [20/Jun/2026:17:24:36 +0200] "GET /2026/03/06/dunder-freispiele-kode-2026-free-spins-exklusive-einzahlung-inside-dunder/ HTTP/1.1" 200 0 "-" "Mozilla/5.0 (compatible; Barkrowler/0.9; +https://babbar.tech/crawler)"
217.113.194.131 - - [20/Jun/2026:17:24:51 +0200] "GET /2026/04/14/pharaos-riches-red-hot-firepot-parhaat-kasinobonukset-kolikkopeli/ HTTP/1.1" 200 0 "-" "Mozilla/5.0 (compatible; Barkrowler/0.9; +https://babbar.tech/crawler)"
217.113.194.125 - - [20/Jun/2026:17:17:16 +0200] "GET /2026/01/20/5-minimum-put-gambling-enterprises-uk-2026-gamble-online-having-golden-legend-slot-machine-5/ HTTP/1.1" 200 0 "-" "Mozilla/5.0 (compatible; Barkrowler/0.9; +https://babbar.tech/crawler)"
217.113.194.227 - - [20/Jun/2026:17:17:46 +0200] "GET /2026/03/26/texas-tea-slot-remark-igt-vintage-oils-baron-added-bonus-casino-minimum-deposit-3-action/ HTTP/1.1" 200 0 "-" "Mozilla/5.0 (compatible; Barkrowler/0.9; +https://babbar.tech/crawler)"
217.113.194.129 - - [20/Jun/2026:17:19:02 +0200] "GET /2026/03/26/specific-slots-give-modern-jackpots-which-improve-over-the-years-since-participants-create-bets/ HTTP/1.1" 200 0 "-" "Mozilla/5.0 (compatible; Barkrowler/0.9; +https://babbar.tech/crawler)"
217.113.194.131 - - [20/Jun/2026:17:20:02 +0200] "GET /2026/05/18/participants-detachment-eye-of-horus-slot-free-spins-is-delayed-due-to-betting-items/ HTTP/1.1" 200 0 "-" "Mozilla/5.0 (compatible; Barkrowler/0.9; +https://babbar.tech/crawler)"
98.98.9.42 - - [20/Jun/2026:17:21:18 +0200] "POST /xmlrpc.php HTTP/1.1" 200 18731 "-" "Mozilla/5.0 (Windows NT 10.0; Win64; x64) AppleWebKit/537.36 (KHTML, like Gecko) Chrome/114.0.0.0 Safari/537.36"
217.113.194.227 - - [20/Jun/2026:17:24:21 +0200] "GET /2026/03/06/poinformowal-odnosnie-tego-cedric-peters-na-wywiadzie-w-igb/ HTTP/1.1" 200 0 "-" "Mozilla/5.0 (compatible; Barkrowler/0.9; +https://babbar.tech/crawler)"
47.82.11.93 - - [20/Jun/2026:17:15:39 +0200] "GET /2026/02/09/migliori-premio-scompiglio-online-con-italia-sommita-10-settembre-2025/ HTTP/1.1" 200 0 "https://themomotimes.com/" "Mozilla/5.0 (Macintosh; Intel Mac OS X 10_15_7) AppleWebKit/537.36 (KHTML, like Gecko) Chrome/134.0.0.0 Safari/537.36"
217.113.194.128 - - [20/Jun/2026:17:17:31 +0200] "GET /2026/04/28/that-means-that-a-bonus-shall-be-arrived-instead-indeed-having-to-cover-your-account/ HTTP/1.1" 200 0 "-" "Mozilla/5.0 (compatible; Barkrowler/0.9; +https://babbar.tech/crawler)"
217.113.194.131 - - [20/Jun/2026:17:18:47 +0200] "GET /2026/03/26/love-gambling-establishment-varied-choices-during-the-gambling-enterprise-and-you-can-position-game/ HTTP/1.1" 200 0 "-" "Mozilla/5.0 (compatible; Barkrowler/0.9; +https://babbar.tech/crawler)"
217.113.194.130 - - [20/Jun/2026:17:20:48 +0200] "GET /2026/01/25/wunderino-richville-app-deutschland-erfahrungen-2026-drum-uberzeugt-das-spielsaal/ HTTP/1.1" 200 0 "-" "Mozilla/5.0 (compatible; Barkrowler/0.9; +https://babbar.tech/crawler)"
98.98.9.42 - - [20/Jun/2026:17:20:27 +0200] "POST /xmlrpc.php HTTP/1.1" 200 5929 "-" "Mozilla/5.0 (Windows NT 10.0; Win64; x64) AppleWebKit/537.36 (KHTML, like Gecko) Chrome/114.0.0.0 Safari/537.36"
217.113.194.127 - - [20/Jun/2026:17:21:34 +0200] "GET /2026/01/25/sofort-erhaltlich-neueste-50-freispiele-abzuglich-einzahlung-2026/ HTTP/1.1" 200 0 "-" "Mozilla/5.0 (compatible; Barkrowler/0.9; +https://babbar.tech/crawler)"
217.113.194.227 - - [20/Jun/2026:17:21:49 +0200] "GET /2026/02/27/gamble-genius-away-from-oz-slot-online-game-%E1%90%88-better-real-money-incentives/ HTTP/1.1" 200 0 "-" "Mozilla/5.0 (compatible; Barkrowler/0.9; +https://babbar.tech/crawler)"
217.113.194.122 - - [20/Jun/2026:17:23:20 +0200] "GET /2026/01/12/ports-ninja-local-casino-welcome-extra-350-match-10-deposit-casino-31-100-percent-free-spins/ HTTP/1.1" 200 0 "-" "Mozilla/5.0 (compatible; Barkrowler/0.9; +https://babbar.tech/crawler)"
217.113.194.123 - - [20/Jun/2026:17:23:35 +0200] "GET /2026/01/28/online-lobster-mania-slot-slots-games-book-having-basics-cutting-edge-opportunity-bonuses-recommendations/ HTTP/1.1" 200 0 "-" "Mozilla/5.0 (compatible; Barkrowler/0.9; +https://babbar.tech/crawler)"
65.21.228.101 - - [20/Jun/2026:17:21:11 +0200] "POST /wp-cron.php?doing_wp_cron=1781968871.6762869358062744140625 HTTP/1.1" 200 0 "-" "WordPress/7.0; https://themomotimes.com"
200.25.47.106 - - [20/Jun/2026:17:22:12 +0200] "POST /xmlrpc.php HTTP/1.1" 200 5929 "-" "Mozilla/5.0 (Windows NT 10.0; Win64; x64) AppleWebKit/537.36 (KHTML, like Gecko) Chrome/114.0.0.0 Safari/537.36"
65.21.228.101 - - [20/Jun/2026:17:23:34 +0200] "POST /wp-cron.php?doing_wp_cron=1781969014.1570630073547363281250 HTTP/1.1" 200 0 "-" "WordPress/7.0; https://themomotimes.com"
45.250.252.162 - - [20/Jun/2026:17:22:51 +0200] "POST /xmlrpc.php HTTP/1.1" 200 5929 "-" "Mozilla/5.0 (Windows NT 10.0; Win64; x64) AppleWebKit/537.36 (KHTML, like Gecko) Chrome/114.0.0.0 Safari/537.36"
216.73.216.128 - - [20/Jun/2026:17:06:05 +0200] "GET /video-games/sitemap.xml HTTP/2" 200 76309 "-" "Mozilla/5.0 AppleWebKit/537.36 (KHTML, like Gecko; compatible; ClaudeBot/1.0; +claudebot@anthropic.com)"
217.113.194.124 - - [20/Jun/2026:17:08:24 +0200] "GET /2026/01/29/play-battlestar-galactica-online-slot-machine-miss-kitty-gold-during-the-betmgm-betmgm/ HTTP/1.1" 200 0 "-" "Mozilla/5.0 (compatible; Barkrowler/0.9; +https://babbar.tech/crawler)"
217.113.194.123 - - [20/Jun/2026:17:09:09 +0200] "GET /2026/01/29/2026-s-bystroj-registraciej-i-udobnym-interfejsom-264-3/ HTTP/1.1" 200 0 "-" "Mozilla/5.0 (compatible; Barkrowler/0.9; +https://babbar.tech/crawler)"
65.21.228.101 - - [20/Jun/2026:17:10:20 +0200] "POST /wp-cron.php?doing_wp_cron=1781968220.5495200157165527343750 HTTP/1.1" 200 0 "-" "WordPress/7.0; https://themomotimes.com"
217.113.194.124 - - [20/Jun/2026:17:10:55 +0200] "GET /2026/03/11/online-casinos-in-australia-sizzling-hot-paypal-slot-free-spins-2026-compare-leading-sites/ HTTP/1.1" 200 0 "-" "Mozilla/5.0 (compatible; Barkrowler/0.9; +https://babbar.tech/crawler)"
217.113.194.128 - - [20/Jun/2026:17:12:42 +0200] "GET /2026/04/13/jenes-sei-von-neuem-40-mal-einzusetzen-bevor-daraus-echtgeld-ist/ HTTP/1.1" 200 0 "-" "Mozilla/5.0 (compatible; Barkrowler/0.9; +https://babbar.tech/crawler)"
65.21.228.101 - - [20/Jun/2026:17:13:31 +0200] "POST /wp-cron.php?doing_wp_cron=1781968411.6109960079193115234375 HTTP/1.1" 200 0 "-" "WordPress/7.0; https://themomotimes.com"
217.113.194.127 - - [20/Jun/2026:17:19:17 +0200] "GET /2026/03/26/on-the-web-blackjack-is-the-undeniable-queen-of-ones-playojo-gambling-establishment-forest/ HTTP/1.1" 200 0 "-" "Mozilla/5.0 (compatible; Barkrowler/0.9; +https://babbar.tech/crawler)"
57.128.22.95 - - [20/Jun/2026:17:20:55 +0200] "GET /2026/06/09/betalright-casino-einzahlungsoptionen-19/ HTTP/1.1" 200 0 "https://themomotimes.com/" "Mozilla/5.0 (Macintosh; Intel Mac OS X 10_15_7) AppleWebKit/605.1.15 (KHTML, like Gecko) Version/26.1 Safari/605.1.15"
217.113.194.127 - - [20/Jun/2026:17:22:04 +0200] "GET /2026/02/27/druckgluck-spielbank-maklercourtage-freespins-slots-gratis-zum-besten-geben/ HTTP/1.1" 200 0 "-" "Mozilla/5.0 (compatible; Barkrowler/0.9; +https://babbar.tech/crawler)"
193.24.208.14 - - [20/Jun/2026:17:22:20 +0200] "GET /2026/05/21/gagner-avec-winbeatz-facilement-3/ HTTP/1.1" 200 0 "https://themomotimes.com" "Mozilla/5.0 (Windows NT 10.0; Win64; x64) AppleWebKit/537.36 (KHTML, like Gecko) Chrome/62.0.3202.94 Safari/537.36"
217.113.194.228 - - [20/Jun/2026:17:22:50 +0200] "GET /2026/01/12/australian-casinos-on-the-internet-the-new-list-to-goldbet-casino-au-have-2025-from-the-sharp/ HTTP/1.1" 200 0 "-" "Mozilla/5.0 (compatible; Barkrowler/0.9; +https://babbar.tech/crawler)"
45.250.252.162 - - [20/Jun/2026:17:23:40 +0200] "POST /xmlrpc.php HTTP/1.1" 200 20854 "-" "Mozilla/5.0 (Windows NT 10.0; Win64; x64) AppleWebKit/537.36 (KHTML, like Gecko) Chrome/114.0.0.0 Safari/537.36"
45.250.252.162 - - [20/Jun/2026:17:23:47 +0200] "POST /xmlrpc.php HTTP/1.1" 200 5926 "-" "Mozilla/5.0 (Windows NT 10.0; Win64; x64) AppleWebKit/537.36 (KHTML, like Gecko) Chrome/114.0.0.0 Safari/537.36"
217.113.194.227 - - [20/Jun/2026:17:25:21 +0200] "GET /2026/01/14/on-the-internet-pokies-the-real-deal-currency-at-the-best-australian-gambling-enterprises-inside-the-2026/ HTTP/1.1" 200 0 "-" "Mozilla/5.0 (compatible; Barkrowler/0.9; +https://babbar.tech/crawler)"
217.113.194.129 - - [20/Jun/2026:17:25:37 +0200] "GET /2026/03/31/cellular-casinos-a-real-income-local-casino-apps-play-casino-mansion-anywhere-in-march-2026/ HTTP/1.1" 200 0 "-" "Mozilla/5.0 (compatible; Barkrowler/0.9; +https://babbar.tech/crawler)"
217.113.194.228 - - [20/Jun/2026:17:18:01 +0200] "GET /2026/03/26/play-hot-shot-by-the-microgaming-cleopatra-pokie-games-at-no-cost-to-your-local-casino-pearls/ HTTP/1.1" 200 0 "-" "Mozilla/5.0 (compatible; Barkrowler/0.9; +https://babbar.tech/crawler)"
217.113.194.122 - - [20/Jun/2026:17:19:47 +0200] "GET /2026/05/18/bonuses-in-the-mrq-gambling-enterprise-setka-free-spins-cashback-and-you-may-competitions/ HTTP/1.1" 200 0 "-" "Mozilla/5.0 (compatible; Barkrowler/0.9; +https://babbar.tech/crawler)"
57.128.22.95 - - [20/Jun/2026:17:20:55 +0200] "GET /2026/06/09/betalright-casino-einzahlungsoptionen-19/ HTTP/1.1" 200 0 "https://themomotimes.com/" "Mozilla/5.0 (Macintosh; Intel Mac OS X 10_15_7) AppleWebKit/605.1.15 (KHTML, like Gecko) Version/26.1 Safari/605.1.15"
217.113.194.127 - - [20/Jun/2026:17:21:19 +0200] "GET /2026/01/25/online-pokies-australia-totally-free-revolves-claim-no-deposit-gambling-establishment-extra/ HTTP/1.1" 200 0 "-" "Mozilla/5.0 (compatible; Barkrowler/0.9; +https://babbar.tech/crawler)"
217.113.194.127 - - [20/Jun/2026:17:22:35 +0200] "GET /2026/01/12/ideas-on-how-to-discover-when-orion-slot-machine-a-great-pokie-servers-will-pay-aside/ HTTP/1.1" 200 0 "-" "Mozilla/5.0 (compatible; Barkrowler/0.9; +https://babbar.tech/crawler)"
217.113.194.130 - - [20/Jun/2026:17:23:05 +0200] "GET /2026/01/12/titanic-slot-deposit-5-play-with-80-casino-machine-opinion-100-percent-free-play-inside-the-demo/ HTTP/1.1" 200 0 "-" "Mozilla/5.0 (compatible; Barkrowler/0.9; +https://babbar.tech/crawler)"
217.113.194.130 - - [20/Jun/2026:17:24:06 +0200] "GET /2026/03/06/finest-1-lowest-put-gambling-enterprises-2025-start-ramses-ii-big-win-by-only-1/ HTTP/1.1" 200 0 "-" "Mozilla/5.0 (compatible; Barkrowler/0.9; +https://babbar.tech/crawler)"
217.113.194.122 - - [20/Jun/2026:17:12:26 +0200] "GET /2026/04/13/respected-non-british-gambling-enterprise-sites-analyzed-and-you-will-up-to-date-for-the-2026/ HTTP/1.1" 200 0 "-" "Mozilla/5.0 (compatible; Barkrowler/0.9; +https://babbar.tech/crawler)"
217.113.194.125 - - [20/Jun/2026:17:14:59 +0200] "GET /2026/03/30/online-gambling-would-be-to-first-and-foremost-be-toward-fun-and-you-could-potentially-excitement/ HTTP/1.1" 200 0 "-" "Mozilla/5.0 (compatible; Barkrowler/0.9; +https://babbar.tech/crawler)"
217.113.194.122 - - [20/Jun/2026:17:18:31 +0200] "GET /2026/03/26/casinos-sobre-compania-sobre-cartas-de-notoriedad-referente-a-ciertas-porciones-de-espana/ HTTP/1.1" 200 0 "-" "Mozilla/5.0 (compatible; Barkrowler/0.9; +https://babbar.tech/crawler)"
217.113.194.126 - - [20/Jun/2026:17:19:32 +0200] "GET /2026/05/18/a-dozen-all-british-%EF%BF%BD-preferred-gambling-on-line-site-united-kingdom-having-betting/ HTTP/1.1" 200 0 "-" "Mozilla/5.0 (compatible; Barkrowler/0.9; +https://babbar.tech/crawler)"
217.113.194.228 - - [20/Jun/2026:17:20:33 +0200] "GET /2026/02/08/50-100-percent-free-spins-no-deposit-super-joker-online-slot-subscription-advertising-and-marketing-offer/ HTTP/1.1" 200 0 "-" "Mozilla/5.0 (compatible; Barkrowler/0.9; +https://babbar.tech/crawler)"
65.21.228.101 - - [20/Jun/2026:17:22:55 +0200] "POST /wp-cron.php?doing_wp_cron=1781968975.1431488990783691406250 HTTP/1.1" 200 0 "-" "WordPress/7.0; https://themomotimes.com"
200.25.47.106 - - [20/Jun/2026:17:23:06 +0200] "POST /xmlrpc.php HTTP/1.1" 200 5926 "-" "Mozilla/5.0 (Windows NT 10.0; Win64; x64) AppleWebKit/537.36 (KHTML, like Gecko) Chrome/114.0.0.0 Safari/537.36"
45.250.252.162 - - [20/Jun/2026:17:23:43 +0200] "GET /2026/06/20/greatest-online-pokies-in-australia-the-real-online-double-double-bonus-poker-100-hand-habanero-play-money-deal-money-2026-5-greatest-payid-pokies-sites/ HTTP/1.1" 200 0 "-" "Mozilla/5.0 (Windows NT 10.0; Win64; x64) AppleWebKit/537.36 (KHTML, like Gecko) Chrome/109.0.0.0 Safari/537.36"
217.113.194.123 - - [20/Jun/2026:17:23:50 +0200] "GET /2026/01/03/los-10-aupabet-bono-sin-deposito-mas-grandes-juegos-de-tragamonedas-en-winning-io/ HTTP/1.1" 200 0 "-" "Mozilla/5.0 (compatible; Barkrowler/0.9; +https://babbar.tech/crawler)"
217.113.194.129 - - [20/Jun/2026:17:26:52 +0200] "GET /2026/03/31/kasino-slot-crazy-monkey-freispiele-ohne-einzahlung-2026-sofortig-free-spins/ HTTP/1.1" 200 0 "-" "Mozilla/5.0 (compatible; Barkrowler/0.9; +https://babbar.tech/crawler)"
217.113.194.122 - - [20/Jun/2026:17:29:09 +0200] "GET /2026/05/13/conocer-los-juegos-de-casino-gratuito-seri%EF%BF%BDa-ya-pero-sencilla-cual-no/ HTTP/1.1" 200 0 "-" "Mozilla/5.0 (compatible; Barkrowler/0.9; +https://babbar.tech/crawler)"
217.113.194.131 - - [20/Jun/2026:17:29:24 +0200] "GET /2026/05/13/including-some-online-casinos-you-should-never-give-out-incentives-by-using-specific-commission-steps/ HTTP/1.1" 200 0 "-" "Mozilla/5.0 (compatible; Barkrowler/0.9; +https://babbar.tech/crawler)"
217.113.194.129 - - [20/Jun/2026:17:30:40 +0200] "GET /2026/03/19/desert-nights-gambling-enterprise-15-no-deposit-100-percent-free-revolves-to-your-fairytale-wolf/ HTTP/1.1" 200 0 "-" "Mozilla/5.0 (compatible; Barkrowler/0.9; +https://babbar.tech/crawler)"
217.113.194.123 - - [20/Jun/2026:17:32:11 +0200] "GET /2026/03/16/greatest-you-royalgame-no-deposit-promo-code-on-line-casino-bonuses-finest-offers-for-2026/ HTTP/1.1" 200 0 "-" "Mozilla/5.0 (compatible; Barkrowler/0.9; +https://babbar.tech/crawler)"
65.21.228.101 - - [20/Jun/2026:17:33:00 +0200] "POST /wp-cron.php?doing_wp_cron=1781969580.9612190723419189453125 HTTP/1.1" 200 0 "-" "WordPress/7.0; https://themomotimes.com"
65.21.228.101 - - [20/Jun/2026:17:33:31 +0200] "POST /wp-cron.php?doing_wp_cron=1781969611.3888380527496337890625 HTTP/1.1" 200 0 "-" "WordPress/7.0; https://themomotimes.com"
217.113.194.125 - - [20/Jun/2026:17:33:57 +0200] "GET /2026/05/08/greatest-online-slots-playing-inside-the-tips-to-win-at-the-casino-2026-the-greatest-help-guide-to-ports/ HTTP/1.1" 200 0 "-" "Mozilla/5.0 (compatible; Barkrowler/0.9; +https://babbar.tech/crawler)"
217.113.194.123 - - [20/Jun/2026:17:27:23 +0200] "GET /2026/05/13/enjoy-5400-totally-free-position-games-on-the-internet-when-you-look-at-the-canada-zero-install/ HTTP/1.1" 200 0 "-" "Mozilla/5.0 (compatible; Barkrowler/0.9; +https://babbar.tech/crawler)"
217.113.194.127 - - [20/Jun/2026:17:27:38 +0200] "GET /2026/05/13/gratis-spins-u-bedrijfstop-5-kosteloos-spins-casino-bonussen-vanuit-march-2026/ HTTP/1.1" 200 0 "-" "Mozilla/5.0 (compatible; Barkrowler/0.9; +https://babbar.tech/crawler)"
217.113.194.227 - - [20/Jun/2026:17:28:39 +0200] "GET /2026/05/13/a-huge-selection-of-vintage-slot-machine-a-lot-of-reels-so-you-can-spin-and-you-will-sure/ HTTP/1.1" 200 0 "-" "Mozilla/5.0 (compatible; Barkrowler/0.9; +https://babbar.tech/crawler)"
217.113.194.128 - - [20/Jun/2026:17:29:54 +0200] "GET /2026/03/19/der-sinnvolle-blackjack-pramie-unter-anderem-angebote-fur-besondere-zocker/ HTTP/1.1" 200 0 "-" "Mozilla/5.0 (compatible; Barkrowler/0.9; +https://babbar.tech/crawler)"
217.113.194.131 - - [20/Jun/2026:17:30:10 +0200] "GET /2026/03/19/enjoy-jungle-jim-el-dorado-position-totally-free-spins-no-deposit-acceptance-added-bonus/ HTTP/1.1" 200 0 "-" "Mozilla/5.0 (compatible; Barkrowler/0.9; +https://babbar.tech/crawler)"
217.113.194.131 - - [20/Jun/2026:17:30:25 +0200] "GET /2026/03/19/soluciona-a-juegos-online-sin-cargo-referente-a-echa-un-vistazo-al-enlace-juegos-com/ HTTP/1.1" 200 0 "-" "Mozilla/5.0 (compatible; Barkrowler/0.9; +https://babbar.tech/crawler)"
217.113.194.227 - - [20/Jun/2026:17:32:41 +0200] "GET /2026/04/27/europas-grostes-social-spielbank-unter-einsatz-von-einen-bekanntesten-providern/ HTTP/1.1" 200 0 "-" "Mozilla/5.0 (compatible; Barkrowler/0.9; +https://babbar.tech/crawler)"
200.25.47.106 - - [20/Jun/2026:17:32:16 +0200] "POST /xmlrpc.php HTTP/1.1" 200 5929 "-" "Mozilla/5.0 (Windows NT 10.0; Win64; x64) AppleWebKit/537.36 (KHTML, like Gecko) Chrome/114.0.0.0 Safari/537.36"
146.70.226.85 - - [20/Jun/2026:17:33:37 +0200] "GET /2026/06/20/das-bedeutet-respons-erhaltst-sofortig-diesseitigen-spielsaal-maklercourtage-sofern-respons-dir-siegreich-ein-bankkonto-erstellt-ubereilung/ HTTP/1.1" 200 0 "-" "Mozilla/5.0 (Windows NT 10.0; Win64; x64) AppleWebKit/537.36 (KHTML, like Gecko) Chrome/122.0.0.0 Safari/537.36"
217.113.194.125 - - [20/Jun/2026:17:26:37 +0200] "GET /2026/03/31/twenty-around-three-the-british-%EF%BF%BD-prominent-gambling-on-line-site-british-having-wagering/ HTTP/1.1" 200 0 "-" "Mozilla/5.0 (compatible; Barkrowler/0.9; +https://babbar.tech/crawler)"
217.113.194.130 - - [20/Jun/2026:17:32:26 +0200] "GET /2026/03/16/top-10-android-casinos-applications-2026-real-siberian-storm-free-80-spins-cash-video-game/ HTTP/1.1" 200 0 "-" "Mozilla/5.0 (compatible; Barkrowler/0.9; +https://babbar.tech/crawler)"
146.70.226.85 - - [20/Jun/2026:17:33:36 +0200] "POST /xmlrpc.php HTTP/1.1" 200 16765 "-" "Mozilla/5.0 (Windows NT 10.0; Win64; x64) AppleWebKit/537.36 (KHTML, like Gecko) Chrome/114.0.0.0 Safari/537.36"
217.113.194.123 - - [20/Jun/2026:17:34:27 +0200] "GET /2026/05/08/finest-skrill-casinos-to-possess-secure-and-play-regal-bet-prompt-payments-in-the-2026/ HTTP/1.1" 200 0 "-" "Mozilla/5.0 (compatible; Barkrowler/0.9; +https://babbar.tech/crawler)"
217.113.194.123 - - [20/Jun/2026:17:34:58 +0200] "GET /2026/05/08/you-cant-gamble-real-time-roulette-on-the-web-until-you-have-lay-some-funds-on-the-account/ HTTP/1.1" 200 0 "-" "Mozilla/5.0 (compatible; Barkrowler/0.9; +https://babbar.tech/crawler)"
217.113.194.128 - - [20/Jun/2026:17:35:13 +0200] "GET /2026/05/08/sweet-bonanza-demo-ultimativer-slot-entzuckung-unter-einsatz-von-zuckerguss/ HTTP/1.1" 200 0 "-" "Mozilla/5.0 (compatible; Barkrowler/0.9; +https://babbar.tech/crawler)"
217.113.194.123 - - [20/Jun/2026:17:28:54 +0200] "GET /2026/05/13/las-tragaperras-continuamente-usadas-deberian-adulto-una-conmocion-en-2025/ HTTP/1.1" 200 0 "-" "Mozilla/5.0 (compatible; Barkrowler/0.9; +https://babbar.tech/crawler)"
217.113.194.124 - - [20/Jun/2026:17:31:10 +0200] "GET /2026/03/19/threat-high-voltage-jackpot-express-online-slot-machine-gambling-establishment-video-game-review-betmgm/ HTTP/1.1" 200 0 "-" "Mozilla/5.0 (compatible; Barkrowler/0.9; +https://babbar.tech/crawler)"
