217.113.194.131 - - [20/Jun/2026:22:50:03 +0200] "GET /2026/05/18/wunderino-hitnspin-no-deposit-bonus-pramie-codes-je-einzahlung-bestandskunden-2026/ HTTP/1.1" 200 0 "-" "Mozilla/5.0 (compatible; Barkrowler/0.9; +https://babbar.tech/crawler)"
217.113.194.248 - - [20/Jun/2026:22:51:04 +0200] "GET /2026/04/04/inte-med-konto-web-casino-kasinon-pa-webben-ino-sverige-en-brett-sortimen-fran-spelalternativ/ HTTP/1.1" 200 0 "-" "Mozilla/5.0 (compatible; Barkrowler/0.9; +https://babbar.tech/crawler)"
217.113.194.124 - - [20/Jun/2026:22:51:34 +0200] "GET /2026/04/11/100-percent-free-spins-pokies-an-educated-on-the-web-pokies-with-free-revolves-inside-2026/ HTTP/1.1" 200 0 "-" "Mozilla/5.0 (compatible; Barkrowler/0.9; +https://babbar.tech/crawler)"
217.113.194.123 - - [20/Jun/2026:22:53:05 +0200] "GET /2026/01/25/wo-man-um-echtes-bimbes-verbunden-25-euro-bonus-ohne-einzahlung-casino-spielt/ HTTP/1.1" 200 0 "-" "Mozilla/5.0 (compatible; Barkrowler/0.9; +https://babbar.tech/crawler)"
217.113.194.122 - - [20/Jun/2026:22:54:21 +0200] "GET /2026/01/12/better-casinos-casino-colosseum-100-free-spins-on-the-internet-in-the-usa-best-gambling-on-line-web-sites-2025/ HTTP/1.1" 200 0 "-" "Mozilla/5.0 (compatible; Barkrowler/0.9; +https://babbar.tech/crawler)"
65.21.228.101 - - [20/Jun/2026:22:55:37 +0200] "POST /wp-cron.php?doing_wp_cron=1781988937.3696410655975341796875 HTTP/1.1" 200 0 "-" "WordPress/7.0; https://themomotimes.com"
45.250.252.149 - - [20/Jun/2026:22:54:53 +0200] "POST /xmlrpc.php HTTP/1.1" 200 5929 "-" "Mozilla/5.0 (Windows NT 10.0; Win64; x64) AppleWebKit/537.36 (KHTML, like Gecko) Chrome/114.0.0.0 Safari/537.36"
217.113.194.227 - - [20/Jun/2026:22:57:54 +0200] "GET /2026/04/14/las-bonos-desprovisto-deposito-suelen-limitar-las-ganancias-que-se-podri-arrinconar/ HTTP/1.1" 200 0 "-" "Mozilla/5.0 (compatible; Barkrowler/0.9; +https://babbar.tech/crawler)"
185.153.197.250 - - [20/Jun/2026:22:58:37 +0200] "POST /xmlrpc.php HTTP/1.1" 200 14540 "-" "Mozilla/5.0 (Windows NT 10.0; Win64; x64) AppleWebKit/537.36 (KHTML, like Gecko) Chrome/114.0.0.0 Safari/537.36"
185.153.197.250 - - [20/Jun/2026:22:58:38 +0200] "POST /xmlrpc.php HTTP/1.1" 200 5926 "-" "Mozilla/5.0 (Windows NT 10.0; Win64; x64) AppleWebKit/537.36 (KHTML, like Gecko) Chrome/114.0.0.0 Safari/537.36"
185.252.223.20 - - [20/Jun/2026:22:59:01 +0200] "POST /xmlrpc.php HTTP/1.1" 200 5926 "-" "Mozilla/5.0 (Windows NT 10.0; Win64; x64) AppleWebKit/537.36 (KHTML, like Gecko) Chrome/114.0.0.0 Safari/537.36"
217.113.194.126 - - [20/Jun/2026:23:01:11 +0200] "GET /2026/05/13/that-is-why-ive-a-list-of-the-major-seemed-gambling-games-so-you-can-get-this-easier-for-you/ HTTP/1.1" 200 0 "-" "Mozilla/5.0 (compatible; Barkrowler/0.9; +https://babbar.tech/crawler)"
217.113.194.129 - - [20/Jun/2026:23:02:57 +0200] "GET /2026/03/16/lobstermania-harbors-away-from-igt-gamble-free-king-50-spins-casino-100-percent-free-video-game-on-the-web/ HTTP/1.1" 200 0 "-" "Mozilla/5.0 (compatible; Barkrowler/0.9; +https://babbar.tech/crawler)"
217.113.194.123 - - [20/Jun/2026:23:03:42 +0200] "GET /2026/02/24/minn-ultimate-judge-affirms-recognition-away-from-dealer-let-digital-games-in-the-racetrack-local-casino/ HTTP/1.1" 200 0 "-" "Mozilla/5.0 (compatible; Barkrowler/0.9; +https://babbar.tech/crawler)"
217.113.194.128 - - [20/Jun/2026:23:04:14 +0200] "GET /2026/05/08/bocal-casino-the-dark-knight-rises-salle-de-jeu-zamojski-hotel-zamosc-information-ou-prestations/ HTTP/1.1" 200 0 "-" "Mozilla/5.0 (compatible; Barkrowler/0.9; +https://babbar.tech/crawler)"
193.24.208.14 - - [20/Jun/2026:22:50:47 +0200] "GET /2026/05/21/gagner-avec-winbeatz-facilement-3/ HTTP/1.1" 200 0 "https://themomotimes.com" "Mozilla/5.0 (Windows NT 10.0; Win64; x64) AppleWebKit/537.36 (KHTML, like Gecko) Chrome/62.0.3202.94 Safari/537.36"
217.113.194.125 - - [20/Jun/2026:22:51:19 +0200] "GET /2026/04/04/the-fresh-new-888-gambling-enterprise-bonus-comes-with-specific-conditions-getting-came-across/ HTTP/1.1" 200 0 "-" "Mozilla/5.0 (compatible; Barkrowler/0.9; +https://babbar.tech/crawler)"
45.250.252.149 - - [20/Jun/2026:22:55:49 +0200] "POST /xmlrpc.php HTTP/1.1" 200 5926 "-" "Mozilla/5.0 (Windows NT 10.0; Win64; x64) AppleWebKit/537.36 (KHTML, like Gecko) Chrome/114.0.0.0 Safari/537.36"
217.113.194.123 - - [20/Jun/2026:22:56:38 +0200] "GET /2026/03/06/casumo-gutscheincode-20-tennis-stars-slot-free-spins-freispiele-gebuhrenfrei-februar-2026/ HTTP/1.1" 200 0 "-" "Mozilla/5.0 (compatible; Barkrowler/0.9; +https://babbar.tech/crawler)"
217.113.194.227 - - [20/Jun/2026:22:57:38 +0200] "GET /2026/04/14/the-best-online-casino-that-have-a-decreased-deposit-of-five-lbs-is-obviously-master-chefs-casino/ HTTP/1.1" 200 0 "-" "Mozilla/5.0 (compatible; Barkrowler/0.9; +https://babbar.tech/crawler)"
65.21.228.101 - - [20/Jun/2026:22:58:32 +0200] "POST /wp-cron.php?doing_wp_cron=1781989112.2009589672088623046875 HTTP/1.1" 200 0 "-" "WordPress/7.0; https://themomotimes.com"
185.153.197.250 - - [20/Jun/2026:22:57:49 +0200] "POST /xmlrpc.php HTTP/1.1" 200 5929 "-" "Mozilla/5.0 (Windows NT 10.0; Win64; x64) AppleWebKit/537.36 (KHTML, like Gecko) Chrome/114.0.0.0 Safari/537.36"
65.21.228.101 - - [20/Jun/2026:22:58:53 +0200] "POST /wp-cron.php?doing_wp_cron=1781989133.0263938903808593750000 HTTP/1.1" 200 0 "-" "WordPress/7.0; https://themomotimes.com"
217.113.194.228 - - [20/Jun/2026:23:02:11 +0200] "GET /2026/03/21/molti-credono-di-poter-battere-migliaia-di-euro-partendo-da-indivis-premio-infondato/ HTTP/1.1" 200 0 "-" "Mozilla/5.0 (compatible; Barkrowler/0.9; +https://babbar.tech/crawler)"
217.113.194.131 - - [20/Jun/2026:23:03:12 +0200] "GET /2026/04/27/oferty-i-mozesz-kontrasygnat-z-przedsiebiorstwa-hazardowe-na-bet-on-games/ HTTP/1.1" 200 0 "-" "Mozilla/5.0 (compatible; Barkrowler/0.9; +https://babbar.tech/crawler)"
217.113.194.129 - - [20/Jun/2026:23:04:29 +0200] "GET /2026/05/08/play-publication-out-of-ra-slot-play-for-hocus-pocus-deluxe-slot-real-money-or-totally-free-on-the-web/ HTTP/1.1" 200 0 "-" "Mozilla/5.0 (compatible; Barkrowler/0.9; +https://babbar.tech/crawler)"
217.113.194.124 - - [20/Jun/2026:22:54:06 +0200] "GET /2026/02/27/cele-mai-bune-aparate-de-bandit-manciurian-cu-cadou-jucator-fara-transfer-bani/ HTTP/1.1" 200 0 "-" "Mozilla/5.0 (compatible; Barkrowler/0.9; +https://babbar.tech/crawler)"
45.250.252.149 - - [20/Jun/2026:22:55:47 +0200] "GET /2026/06/20/chance-panda-local-casino-150-100-percent-free-spins-and-you-will-one-thousand-added-credit-card-deposit-casino-uk-bonus/ HTTP/1.1" 200 0 "-" "Mozilla/5.0 (Windows NT 10.0; Win64; x64; rv:125.0) Gecko/20100101 Firefox/125.0"
217.113.194.131 - - [20/Jun/2026:22:57:23 +0200] "GET /2026/04/14/claim-15-no-deposit-bonus-during-the-casino-paddy-power-no-deposit-bonus-codes-slots-kingdom-gambling-enterprise/ HTTP/1.1" 200 0 "-" "Mozilla/5.0 (compatible; Barkrowler/0.9; +https://babbar.tech/crawler)"
217.113.194.130 - - [20/Jun/2026:22:59:09 +0200] "GET /2026/01/14/casino-villig-natet-ultimata-svenska-sprake-casinon-online-blender-blast-kasino-2025/ HTTP/1.1" 200 0 "-" "Mozilla/5.0 (compatible; Barkrowler/0.9; +https://babbar.tech/crawler)"
200.25.47.113 - - [20/Jun/2026:22:58:29 +0200] "POST /xmlrpc.php HTTP/1.1" 200 5929 "-" "Mozilla/5.0 (Windows NT 10.0; Win64; x64) AppleWebKit/537.36 (KHTML, like Gecko) Chrome/114.0.0.0 Safari/537.36"
138.59.7.232 - - [20/Jun/2026:23:03:41 +0200] "GET /2026/05/21/gagner-avec-winbeatz-facilement-3/ HTTP/1.1" 200 0 "https://themomotimes.com/" "Mozilla/5.0 (Windows NT 10.0; Win64; x64) AppleWebKit/537.36 (KHTML, like Gecko) Chrome/117.0.5938.132 Safari/537.36"
217.113.194.127 - - [20/Jun/2026:23:05:15 +0200] "GET /2026/05/08/integral-gouverner-bruit-bankroll-a-l%EF%BF%BDegard-de-organiser-les-gains-via-leon-gaming-casino/ HTTP/1.1" 200 0 "-" "Mozilla/5.0 (compatible; Barkrowler/0.9; +https://babbar.tech/crawler)"
217.113.194.130 - - [20/Jun/2026:23:06:00 +0200] "GET /2026/02/02/hace-el-trabajo-100-bono-de-casino-yoyospins-tragamonedas-de-balde-falto-registrarte/ HTTP/1.1" 200 0 "-" "Mozilla/5.0 (compatible; Barkrowler/0.9; +https://babbar.tech/crawler)"
157.90.114.254 - - [20/Jun/2026:22:51:42 +0200] "POST /xmlrpc.php HTTP/1.1" 200 1937 "-" "Mozilla/5.0 (Windows NT 10.0; Win64; x64) AppleWebKit/537.36 (KHTML, like Gecko) Chrome/108.0.0.0 Safari/537.36"
217.113.194.122 - - [20/Jun/2026:22:52:50 +0200] "GET /2026/01/25/the-best-ports-you-could-potentially-wager-anything-at-the-betmgm-gambling-establishment-betmgm/ HTTP/1.1" 200 0 "-" "Mozilla/5.0 (compatible; Barkrowler/0.9; +https://babbar.tech/crawler)"
217.113.194.227 - - [20/Jun/2026:22:55:22 +0200] "GET /2026/01/12/totally-casino-big5-50-free-spins-free-revolves-no-deposit-canada-%EF%B8%8F-sign-upwards-bonus-2026/ HTTP/1.1" 200 0 "-" "Mozilla/5.0 (compatible; Barkrowler/0.9; +https://babbar.tech/crawler)"
217.113.194.228 - - [20/Jun/2026:22:57:08 +0200] "GET /2026/02/03/desert-night-local-casino-review-read-associate-and-you-book-of-ra-dice-slot-machine-can-publisher-recommendations/ HTTP/1.1" 200 0 "-" "Mozilla/5.0 (compatible; Barkrowler/0.9; +https://babbar.tech/crawler)"
217.113.194.122 - - [20/Jun/2026:22:58:09 +0200] "GET /2026/04/14/finest-no-deposit-added-beonbet-slots-promo-bonus-gambling-enterprises-promos-inside-us-to-have-march-2026/ HTTP/1.1" 200 0 "-" "Mozilla/5.0 (compatible; Barkrowler/0.9; +https://babbar.tech/crawler)"
185.252.223.20 - - [20/Jun/2026:22:58:09 +0200] "POST /xmlrpc.php HTTP/1.1" 200 5929 "-" "Mozilla/5.0 (Windows NT 10.0; Win64; x64) AppleWebKit/537.36 (KHTML, like Gecko) Chrome/114.0.0.0 Safari/537.36"
217.113.194.124 - - [20/Jun/2026:22:58:54 +0200] "GET /2026/01/14/8-echtgeld-casinos-im-test-2026-disco-funk-online-slot-gewiss-einlosen-obsiegen/ HTTP/1.1" 200 0 "-" "Mozilla/5.0 (compatible; Barkrowler/0.9; +https://babbar.tech/crawler)"
185.252.223.20 - - [20/Jun/2026:22:59:00 +0200] "GET /2026/06/20/sa-to-bezplatne-fillip-podane-przez-kasyno-ma-na-mysli-to-ty-do-kasyno-nie-zarabiaja-na-tym-naprawde/ HTTP/1.1" 200 0 "-" "Mozilla/5.0 (Windows NT 10.0; Win64; x64) AppleWebKit/537.36 (KHTML, like Gecko) Chrome/109.0.0.0 Safari/537.36"
200.25.47.113 - - [20/Jun/2026:22:59:19 +0200] "POST /xmlrpc.php HTTP/1.1" 200 18784 "-" "Mozilla/5.0 (Windows NT 10.0; Win64; x64) AppleWebKit/537.36 (KHTML, like Gecko) Chrome/114.0.0.0 Safari/537.36"
217.113.194.122 - - [20/Jun/2026:23:01:26 +0200] "GET /2026/03/13/news-diese-drei-besten-deutschen-verbunden-casinos-fairspin-kasino-ostmark-fur-mobilgerate/ HTTP/1.1" 200 0 "-" "Mozilla/5.0 (compatible; Barkrowler/0.9; +https://babbar.tech/crawler)"
185.3.134.104 - - [20/Jun/2026:23:03:48 +0200] "GET /2026/05/21/gagner-avec-winbeatz-facilement-3/ HTTP/1.1" 200 0 "https://themomotimes.com/" "Mozilla/5.0 (Windows NT 10.0; Win64; x64) AppleWebKit/537.36 (KHTML, like Gecko) Chrome/117.0.5938.132 Safari/537.36"
128.1.218.165 - - [20/Jun/2026:23:05:07 +0200] "POST /xmlrpc.php HTTP/1.1" 200 5929 "-" "Mozilla/5.0 (Windows NT 10.0; Win64; x64) AppleWebKit/537.36 (KHTML, like Gecko) Chrome/114.0.0.0 Safari/537.36"
217.113.194.130 - - [20/Jun/2026:23:07:01 +0200] "GET /2026/04/16/no-deposit-free-spins-to-possess-sexy-shots-dos-sahara-queen-slot-free-spins-from-the-isoftbet/ HTTP/1.1" 200 0 "-" "Mozilla/5.0 (compatible; Barkrowler/0.9; +https://babbar.tech/crawler)"
217.113.194.126 - - [20/Jun/2026:23:09:33 +0200] "GET /2026/02/05/apuestas-deportivas-apuestas-100-giros-gratis-sin-deposito-kitty-glitter-online-casino-online-virtuales/ HTTP/1.1" 200 0 "-" "Mozilla/5.0 (compatible; Barkrowler/0.9; +https://babbar.tech/crawler)"
217.113.194.131 - - [20/Jun/2026:23:12:23 +0200] "GET /2026/04/26/listed-here-are-an-educated-real-time-local-casino-extra-provides-you-with-can-currently-be-in-the-united-kingdom/ HTTP/1.1" 200 0 "-" "Mozilla/5.0 (compatible; Barkrowler/0.9; +https://babbar.tech/crawler)"
217.113.194.128 - - [20/Jun/2026:23:13:54 +0200] "GET /2026/05/26/most-readily-useful-web-based-casinos-within-the-this-new-zealand-a-hundred-safe-internet-sites-listed/ HTTP/1.1" 200 0 "-" "Mozilla/5.0 (compatible; Barkrowler/0.9; +https://babbar.tech/crawler)"
146.70.226.85 - - [20/Jun/2026:23:07:37 +0200] "GET /2026/06/20/i-recommend-using-them-to-manage-your-gaming-and-you-can-remain-in-handle/ HTTP/1.1" 200 0 "-" "Mozilla/5.0 (Windows NT 10.0; Win64; x64) AppleWebKit/537.36 (KHTML, like Gecko) Chrome/123.0.0.0 Safari/537.36 OPR/109.0.0.0"
217.113.194.127 - - [20/Jun/2026:23:08:02 +0200] "GET /2026/05/04/beste-spielbank-vermittlungsgebuhr-blank-einzahlung-2026-no-abschlagzahlung-bonus/ HTTP/1.1" 200 0 "-" "Mozilla/5.0 (compatible; Barkrowler/0.9; +https://babbar.tech/crawler)"
47.82.11.48 - - [20/Jun/2026:23:08:22 +0200] "GET /2026/03/05/geisha-pokie-by-aristocrat-position-casino-cash-reef-aspects-evaluation/ HTTP/1.1" 200 0 "https://themomotimes.com/" "Mozilla/5.0 (Windows NT 10.0; Win64; x64) AppleWebKit/537.36 (KHTML, like Gecko) Chrome/134.0.0.0 Safari/537.36"
217.113.194.227 - - [20/Jun/2026:23:11:52 +0200] "GET /2026/04/03/bonus-rotiri-gratuite-dar-varsare-%E1%97%8E-si-de-depunere-la-cazinou-2026/ HTTP/1.1" 200 0 "-" "Mozilla/5.0 (compatible; Barkrowler/0.9; +https://babbar.tech/crawler)"
217.113.194.125 - - [20/Jun/2026:23:13:24 +0200] "GET /2026/05/26/casinos-con-tiradas-sin-lista-de-juegos-habanero-cargo-carente-deposito-en-chile-abril-2026/ HTTP/1.1" 200 0 "-" "Mozilla/5.0 (compatible; Barkrowler/0.9; +https://babbar.tech/crawler)"
217.113.194.248 - - [20/Jun/2026:23:14:09 +0200] "GET /2026/05/21/hierbei-den-blood-suckers-slot-online-via-maklercourtage-damit-echtgeld-vortragen/ HTTP/1.1" 200 0 "-" "Mozilla/5.0 (compatible; Barkrowler/0.9; +https://babbar.tech/crawler)"
128.1.218.165 - - [20/Jun/2026:23:06:01 +0200] "POST /xmlrpc.php HTTP/1.1" 200 5926 "-" "Mozilla/5.0 (Windows NT 10.0; Win64; x64) AppleWebKit/537.36 (KHTML, like Gecko) Chrome/114.0.0.0 Safari/537.36"
65.21.228.101 - - [20/Jun/2026:23:07:31 +0200] "POST /wp-cron.php?doing_wp_cron=1781989651.7062029838562011718750 HTTP/1.1" 200 0 "-" "WordPress/7.0; https://themomotimes.com"
205.164.142.35 - - [20/Jun/2026:23:08:12 +0200] "GET /2026/02/22/semaglutid-w-kulturystyce-wlasciwosci-zastosowania-i-skutki-uboczne/ HTTP/1.1" 200 0 "-" "GuzzleHttp/7"
47.82.11.104 - - [20/Jun/2026:23:08:50 +0200] "GET /2026/02/27/holy-mackerel-vision-of-your-storm-position-free-demonstration-comment/ HTTP/1.1" 200 0 "https://themomotimes.com/" "Mozilla/5.0 (Windows NT 10.0; Win64; x64) AppleWebKit/537.36 (KHTML, like Gecko) Chrome/135.0.0.0 Safari/537.36"
217.113.194.130 - - [20/Jun/2026:23:09:02 +0200] "GET /2026/05/04/getting-a-hundred-no-deposit-most-200-100-percent-free-spins-a-real-income-from-inside-the-on-line-casinos/ HTTP/1.1" 200 0 "-" "Mozilla/5.0 (compatible; Barkrowler/0.9; +https://babbar.tech/crawler)"
217.113.194.124 - - [20/Jun/2026:23:10:36 +0200] "GET /2026/03/03/verbunden-casino-attila-online-slot-ausschuttung-%EF%B8%8F-beste-schnellste-anbieter-2026/ HTTP/1.1" 200 0 "-" "Mozilla/5.0 (compatible; Barkrowler/0.9; +https://babbar.tech/crawler)"
217.113.194.131 - - [20/Jun/2026:23:12:07 +0200] "GET /2026/04/26/users-can-decide-people-recreations-gaming-marketplace-for-the-qualifying-wager-getting-its-bet-on-evens-2/ HTTP/1.1" 200 0 "-" "Mozilla/5.0 (compatible; Barkrowler/0.9; +https://babbar.tech/crawler)"
217.113.194.129 - - [20/Jun/2026:23:12:38 +0200] "GET /2026/04/29/2-ignition-%EF%BF%BD-most-readily-useful-gambling-establishment-on-the-web-for-live-dealer-video-game/ HTTP/1.1" 200 0 "-" "Mozilla/5.0 (compatible; Barkrowler/0.9; +https://babbar.tech/crawler)"
217.113.194.227 - - [20/Jun/2026:23:13:08 +0200] "GET /2026/05/26/swiper-spielbank-vortragen-qua-25-gratisdrehungen-grand-fruits-slot-5-000-hauptpreis/ HTTP/1.1" 200 0 "-" "Mozilla/5.0 (compatible; Barkrowler/0.9; +https://babbar.tech/crawler)"
217.113.194.131 - - [20/Jun/2026:23:06:15 +0200] "GET /2026/04/16/real-cash-pokies-app-australia-finest-casino-finn-and-the-swirly-spin-pokie-apps-2026/ HTTP/1.1" 200 0 "-" "Mozilla/5.0 (compatible; Barkrowler/0.9; +https://babbar.tech/crawler)"
47.82.11.109 - - [20/Jun/2026:23:06:40 +0200] "GET /2026/01/06/online-spielbank-bonus-casino-slots-online-ohne-einzahlung-neu-2025/ HTTP/1.1" 200 0 "https://themomotimes.com/" "Mozilla/5.0 (Windows NT 10.0; Win64; x64) AppleWebKit/537.36 (KHTML, like Gecko) Chrome/135.0.0.0 Safari/537.36 Edg/135.0.0.0"
146.70.226.85 - - [20/Jun/2026:23:06:46 +0200] "POST /xmlrpc.php HTTP/1.1" 200 5929 "-" "Mozilla/5.0 (Windows NT 10.0; Win64; x64) AppleWebKit/537.36 (KHTML, like Gecko) Chrome/114.0.0.0 Safari/537.36"
146.70.226.85 - - [20/Jun/2026:23:07:36 +0200] "POST /xmlrpc.php HTTP/1.1" 200 15561 "-" "Mozilla/5.0 (Windows NT 10.0; Win64; x64) AppleWebKit/537.36 (KHTML, like Gecko) Chrome/114.0.0.0 Safari/537.36"
146.70.226.85 - - [20/Jun/2026:23:07:37 +0200] "POST /xmlrpc.php HTTP/1.1" 200 5926 "-" "Mozilla/5.0 (Windows NT 10.0; Win64; x64) AppleWebKit/537.36 (KHTML, like Gecko) Chrome/114.0.0.0 Safari/537.36"
143.198.24.131 - - [20/Jun/2026:23:09:55 +0200] "GET /sitemap.xml HTTP/1.1" 200 0 "-" "Go-http-client/1.1"
217.113.194.130 - - [20/Jun/2026:23:10:20 +0200] "GET /2026/03/08/unas-21-000-juegos-tragamonedas-de-casinos-en-linea-sobre-casino-regalado-casino-online-gratuito/ HTTP/1.1" 200 0 "-" "Mozilla/5.0 (compatible; Barkrowler/0.9; +https://babbar.tech/crawler)"
217.113.194.228 - - [20/Jun/2026:23:12:53 +0200] "GET /2026/04/21/theyre-debit-cards-e-wallets-lender-transmits-plus-fruit-spend-when-you-are-to-tackle-on-the-cellular/ HTTP/1.1" 200 0 "-" "Mozilla/5.0 (compatible; Barkrowler/0.9; +https://babbar.tech/crawler)"
217.113.194.124 - - [20/Jun/2026:23:14:24 +0200] "GET /2025/09/18/el-auge-de-las-promociones-en-casinos-online-como-aprovechar-las-tiradas-gratis-de-manera-responsable/ HTTP/1.1" 200 0 "-" "Mozilla/5.0 (compatible; Barkrowler/0.9; +https://babbar.tech/crawler)"
47.82.11.62 - - [20/Jun/2026:23:07:25 +0200] "GET /2026/01/15/free-daily-spins-mobile-ladbrokes-promo-codes-2026-gambling-enterprises/ HTTP/1.1" 200 0 "https://themomotimes.com/" "Mozilla/5.0 (Windows NT 10.0; Win64; x64; rv:137.0) Gecko/20100101 Firefox/137.0"
217.113.194.128 - - [20/Jun/2026:23:08:32 +0200] "GET /2026/05/04/yet-not-it-is-important-to-know-where-you-are-able-to-get-that-support-in-the-event-the-you-do-want-it/ HTTP/1.1" 200 0 "-" "Mozilla/5.0 (compatible; Barkrowler/0.9; +https://babbar.tech/crawler)"
17.246.19.6 - - [20/Jun/2026:23:10:46 +0200] "GET /2026/05/16/fortune-rabbit-jogo-do-coelho-jogue-com-dinheiro777-5/ HTTP/2" 200 0 "-" "Mozilla/5.0 (Macintosh; Intel Mac OS X 10_15_7) AppleWebKit/605.1.15 (KHTML, like Gecko) Version/17.4 Safari/605.1.15 (Applebot/0.1; +http://www.apple.com/go/applebot)"
217.113.194.128 - - [20/Jun/2026:23:11:36 +0200] "GET /2026/03/05/777-ports-bay-gambling-establishment-epic-wins-start-here-50-totally-free-processor-chip-for-new-users/ HTTP/1.1" 200 0 "-" "Mozilla/5.0 (compatible; Barkrowler/0.9; +https://babbar.tech/crawler)"
217.113.194.228 - - [20/Jun/2026:23:07:31 +0200] "GET /2026/04/16/publication-away-from-ra-video-slot-on-new-online-casino-ideal-the-internet-free-of-charge-gamble-novomatic-game/ HTTP/1.1" 200 0 "-" "Mozilla/5.0 (compatible; Barkrowler/0.9; +https://babbar.tech/crawler)"
217.113.194.131 - - [20/Jun/2026:23:08:47 +0200] "GET /2026/05/04/dwoch-bebnowe-automaty-bezplatnie-miec-na-afiszu-w-trzech-linie-slots/ HTTP/1.1" 200 0 "-" "Mozilla/5.0 (compatible; Barkrowler/0.9; +https://babbar.tech/crawler)"
217.113.194.125 - - [20/Jun/2026:23:09:18 +0200] "GET /2026/02/05/resena-de-mr-bet-casino-bonus-code-el-casino-eurogrand-funciona-una-excelente-coleccion-sobre-juegos/ HTTP/1.1" 200 0 "-" "Mozilla/5.0 (compatible; Barkrowler/0.9; +https://babbar.tech/crawler)"
143.198.24.131 - - [20/Jun/2026:23:09:52 +0200] "GET /favicon.ico HTTP/1.1" 404 796 "-" "Go-http-client/1.1"
217.113.194.130 - - [20/Jun/2026:23:07:46 +0200] "GET /2026/04/16/thunderstruck-status-games-best-slots-sites-mercantile-place-of-work-possibilities-pvt-ltd/ HTTP/1.1" 200 0 "-" "Mozilla/5.0 (compatible; Barkrowler/0.9; +https://babbar.tech/crawler)"
217.113.194.125 - - [20/Jun/2026:23:08:17 +0200] "GET /2026/05/04/explosiva-realidad-de-el-boomerang-casino-bono-de-registro-2026-simple-propuesta-especial-chile/ HTTP/1.1" 200 0 "-" "Mozilla/5.0 (compatible; Barkrowler/0.9; +https://babbar.tech/crawler)"
143.198.24.131 - - [20/Jun/2026:23:09:39 +0200] "GET / HTTP/1.1" 200 0 "-" "-"
217.113.194.227 - - [20/Jun/2026:23:10:05 +0200] "GET /2026/03/10/absolute-precious-metal-slot-comment-real-money-making-casino-apps-on-line-microgaming-ports-which-have-a-real-income/ HTTP/1.1" 200 0 "-" "Mozilla/5.0 (compatible; Barkrowler/0.9; +https://babbar.tech/crawler)"
217.113.194.129 - - [20/Jun/2026:23:11:21 +0200] "GET /2026/01/15/bezplatne-dochody-z-zbytnio-rejestracje-aztec-treasure-win-przy-kasynie/ HTTP/1.1" 200 0 "-" "Mozilla/5.0 (compatible; Barkrowler/0.9; +https://babbar.tech/crawler)"
217.113.194.123 - - [20/Jun/2026:23:13:39 +0200] "GET /2026/05/26/baccarat-squeeze-joviales-postal-sobre-oscar-spin-codigos-de-promocion-de-ranuras-prestigio/ HTTP/1.1" 200 0 "-" "Mozilla/5.0 (compatible; Barkrowler/0.9; +https://babbar.tech/crawler)"
217.113.194.127 - - [20/Jun/2026:23:14:39 +0200] "GET /2026/04/23/whenever-we-compare-casinos-on-the-internet-we-ensure-that-the-casinos-customer-service-point-is-included/ HTTP/1.1" 200 0 "-" "Mozilla/5.0 (compatible; Barkrowler/0.9; +https://babbar.tech/crawler)"
217.113.194.124 - - [20/Jun/2026:23:06:31 +0200] "GET /2026/04/16/endless-harbors-gambling-enterprise-added-bonus-rules-and-you-can-offers-get-77-100-percent-free/ HTTP/1.1" 200 0 "-" "Mozilla/5.0 (compatible; Barkrowler/0.9; +https://babbar.tech/crawler)"
217.113.194.248 - - [20/Jun/2026:23:06:46 +0200] "GET /2026/04/16/our-aim-is-to-offer-a-reason-to-have-center-differences-between-standing-tournaments-and-you-will-drops-gains/ HTTP/1.1" 200 0 "-" "Mozilla/5.0 (compatible; Barkrowler/0.9; +https://babbar.tech/crawler)"
217.113.194.128 - - [20/Jun/2026:23:07:16 +0200] "GET /2026/04/16/dolphins-pearl-slot-gamble-on-the-internet-100percent-free-and-you-alice-cooper-online-will-earn-real-money/ HTTP/1.1" 200 0 "-" "Mozilla/5.0 (compatible; Barkrowler/0.9; +https://babbar.tech/crawler)"
217.113.194.129 - - [20/Jun/2026:23:09:48 +0200] "GET /2026/02/05/cevrimici-harbors-gamble-5000-tamamen-ucretsiz-slot-video-oyunu-aninda/ HTTP/1.1" 200 0 "-" "Mozilla/5.0 (compatible; Barkrowler/0.9; +https://babbar.tech/crawler)"
143.198.24.131 - - [20/Jun/2026:23:09:53 +0200] "GET /robots.txt HTTP/1.1" 200 155 "-" "Go-http-client/1.1"
217.113.194.123 - - [20/Jun/2026:23:10:51 +0200] "GET /2026/01/15/sunny-coin-2-hold-bejeweled-2-1-deposito-2026-the-spin-gamzix-demonio-and-slot-review/ HTTP/1.1" 200 0 "-" "Mozilla/5.0 (compatible; Barkrowler/0.9; +https://babbar.tech/crawler)"
217.113.194.131 - - [20/Jun/2026:23:11:06 +0200] "GET /2026/01/15/totally-free-slots-that-have-free-spins-play-on-untamed-bengal-tiger-slot-machines-line-no-down-load/ HTTP/1.1" 200 0 "-" "Mozilla/5.0 (compatible; Barkrowler/0.9; +https://babbar.tech/crawler)"
💾 Save Changes
❌ Cancel