217.113.194.126 - - [20/Jun/2026:14:45:47 +0200] "GET /2026/04/02/punteras-casinos-de-competir-con-manga-larga-recursos-conveniente-por-estado/ HTTP/1.1" 200 0 "-" "Mozilla/5.0 (compatible; Barkrowler/0.9; +https://babbar.tech/crawler)"
217.113.194.129 - - [20/Jun/2026:14:46:02 +0200] "GET /2026/04/02/top-coins-totally-free-spins-ideas-on-how-to-claim-totally-free-twist-incentives/ HTTP/1.1" 200 0 "-" "Mozilla/5.0 (compatible; Barkrowler/0.9; +https://babbar.tech/crawler)"
146.70.226.22 - - [20/Jun/2026:14:45:40 +0200] "POST /xmlrpc.php HTTP/1.1" 200 5926 "-" "Mozilla/5.0 (Windows NT 10.0; Win64; x64) AppleWebKit/537.36 (KHTML, like Gecko) Chrome/114.0.0.0 Safari/537.36"
37.192.14.50 - - [20/Jun/2026:14:49:55 +0200] "GET /2026/06/20/pinco-online-kazino-azrbaycanda-srtli-dnilr-v-60/ HTTP/2" 200 0 "-" "Mozilla/5.0 (Linux; Android 10; K) AppleWebKit/537.36 (KHTML, like Gecko) Chrome/123.0.0.0 Mobile Safari/537.36"
217.113.194.129 - - [20/Jun/2026:14:29:21 +0200] "GET /2026/04/26/you-can-also-find-novel-and-you-will-ine-shows-if-you-dont-alive-position-online-game/ HTTP/1.1" 200 0 "-" "Mozilla/5.0 (compatible; Barkrowler/0.9; +https://babbar.tech/crawler)"
179.191.44.220 - - [20/Jun/2026:14:33:49 +0200] "GET /2026/06/20/legalne-kasyna-online-w-polsce-bezpieczestwo-163/ HTTP/2" 200 0 "-" "Mozilla/5.0 (Linux; Android 10; K) AppleWebKit/537.36 (KHTML, like Gecko) Chrome/123.0.0.0 Mobile Safari/537.36"
170.82.154.191 - - [20/Jun/2026:14:35:45 +0200] "GET /2026/06/19/boostwin-kazino-kak-nachat-igrat-bez-vlozhenij-3/ HTTP/2" 200 0 "-" "Mozilla/5.0 (Linux; Android 10; K) AppleWebKit/537.36 (KHTML, like Gecko) Chrome/123.0.0.0 Mobile Safari/537.36"
136.243.228.177 - - [20/Jun/2026:14:36:26 +0200] "GET /2026/06/05/wettbonus-kollation-erstplatzierter-sportwetten-provision-bitcoin-casino-ohne-einzahlungsbonus-wonnemond-2026/ HTTP/1.1" 200 0 "-" "Mozilla/5.0 (compatible; DataForSeoBot/1.0; +https://dataforseo.com/dataforseo-bot)"
217.113.194.127 - - [20/Jun/2026:14:37:11 +0200] "GET /2026/04/24/play-560-totally-free-position-video-game-online-zero-signal-right-up-otherwise-download/ HTTP/1.1" 200 0 "-" "Mozilla/5.0 (compatible; Barkrowler/0.9; +https://babbar.tech/crawler)"
217.113.194.131 - - [20/Jun/2026:14:42:30 +0200] "GET /2026/04/05/1-unser-eignen-unser-erfolgreichsten-deutschen-online-game-of-chance-merkmale/ HTTP/1.1" 200 0 "-" "Mozilla/5.0 (compatible; Barkrowler/0.9; +https://babbar.tech/crawler)"
193.24.208.14 - - [20/Jun/2026:14:42:35 +0200] "GET /2026/05/21/gagner-avec-winbeatz-facilement-3/ HTTP/1.1" 200 0 "https://themomotimes.com" "Mozilla/5.0 (Windows NT 10.0; Win64; x64) AppleWebKit/537.36 (KHTML, like Gecko) Chrome/62.0.3202.94 Safari/537.36"
217.113.194.125 - - [20/Jun/2026:14:43:46 +0200] "GET /2026/01/16/15-eur-spielbank-provision-exklusive-einzahlung-2026-no-vorleistung/ HTTP/1.1" 200 0 "-" "Mozilla/5.0 (compatible; Barkrowler/0.9; +https://babbar.tech/crawler)"
217.113.194.124 - - [20/Jun/2026:14:44:16 +0200] "GET /2026/01/21/nachfolgende-8-besten-echtgeld-angeschlossen-casinos-spielotheken-2026/ HTTP/1.1" 200 0 "-" "Mozilla/5.0 (compatible; Barkrowler/0.9; +https://babbar.tech/crawler)"
146.70.226.85 - - [20/Jun/2026:14:44:37 +0200] "POST /xmlrpc.php HTTP/1.1" 200 16538 "-" "Mozilla/5.0 (Windows NT 10.0; Win64; x64) AppleWebKit/537.36 (KHTML, like Gecko) Chrome/114.0.0.0 Safari/537.36"
146.70.226.85 - - [20/Jun/2026:14:44:38 +0200] "POST /xmlrpc.php HTTP/1.1" 200 5926 "-" "Mozilla/5.0 (Windows NT 10.0; Win64; x64) AppleWebKit/537.36 (KHTML, like Gecko) Chrome/114.0.0.0 Safari/537.36"
217.113.194.248 - - [20/Jun/2026:14:45:17 +0200] "GET /2026/04/02/safari-wide-range-position-comment-enjoy-on-line-at-casino-spin-palace-casino-no-cost-today/ HTTP/1.1" 200 0 "-" "Mozilla/5.0 (compatible; Barkrowler/0.9; +https://babbar.tech/crawler)"
217.113.194.125 - - [20/Jun/2026:14:48:34 +0200] "GET /2026/02/04/casilando-no-deposit-bonus-fifty-totally-free-spins-for-the-book-of-deceased/ HTTP/1.1" 200 0 "-" "Mozilla/5.0 (compatible; Barkrowler/0.9; +https://babbar.tech/crawler)"
217.113.194.126 - - [20/Jun/2026:14:50:35 +0200] "GET /2026/03/09/avec-quelques-idees-dissimule-abrites-les-idees-claires-dans-cet-flamme-de-la-transition/ HTTP/1.1" 200 0 "-" "Mozilla/5.0 (compatible; Barkrowler/0.9; +https://babbar.tech/crawler)"
217.113.194.123 - - [20/Jun/2026:14:53:37 +0200] "GET /2026/03/24/le-salle-de-jeu-hermes-continue-le-mec-un-casino-evidemment-sauf-que-solide/ HTTP/1.1" 200 0 "-" "Mozilla/5.0 (compatible; Barkrowler/0.9; +https://babbar.tech/crawler)"
217.113.194.127 - - [20/Jun/2026:14:55:39 +0200] "GET /2026/05/09/magyar-online-casino-befizets-nlkli-bnusz-ajnlatokkal2320-2-2/ HTTP/1.1" 200 0 "-" "Mozilla/5.0 (compatible; Barkrowler/0.9; +https://babbar.tech/crawler)"
217.113.194.126 - - [20/Jun/2026:14:55:54 +0200] "GET /2026/05/09/wunderino-provision-codes-je-baccarat-online-casino-einzahlung-bestandskunden-2026/ HTTP/1.1" 200 0 "-" "Mozilla/5.0 (compatible; Barkrowler/0.9; +https://babbar.tech/crawler)"
217.113.194.130 - - [20/Jun/2026:14:39:58 +0200] "GET /2026/05/27/druckgluck-erfahrungen-erprobung-bewertung-clash-of-pirates-paypal-2026/ HTTP/1.1" 200 0 "-" "Mozilla/5.0 (compatible; Barkrowler/0.9; +https://babbar.tech/crawler)"
217.113.194.128 - - [20/Jun/2026:14:42:00 +0200] "GET /2026/04/05/although-not-to-achieve-this-you-should-very-first-meet-up-with-the-betting-needs/ HTTP/1.1" 200 0 "-" "Mozilla/5.0 (compatible; Barkrowler/0.9; +https://babbar.tech/crawler)"
217.113.194.122 - - [20/Jun/2026:14:46:33 +0200] "GET /2026/02/23/golden-gokhuis-slots-games-downloade-en-performen-inschatten-computer-google-play-store/ HTTP/1.1" 200 0 "-" "Mozilla/5.0 (compatible; Barkrowler/0.9; +https://babbar.tech/crawler)"
200.189.27.26 - - [20/Jun/2026:14:47:08 +0200] "GET /2026/03/14/drostanolone-propionate-100-dosierung-und-anwendung/ HTTP/1.1" 200 0 "-" "GuzzleHttp/7"
217.113.194.126 - - [20/Jun/2026:14:47:48 +0200] "GET /2026/03/12/casino-med-rappa-uttag-2025-ultimat-valen-fore-svenska-sprake-lirare/ HTTP/1.1" 200 0 "-" "Mozilla/5.0 (compatible; Barkrowler/0.9; +https://babbar.tech/crawler)"
50.6.160.17 - - [20/Jun/2026:14:48:21 +0200] "GET /2023/12/26/jak-korzysta-z-kasyna-bez-ryzyka-6/ HTTP/1.1" 200 0 "-" "WordPress/7.0; https://bp-restoration.com"
217.113.194.125 - - [20/Jun/2026:14:49:35 +0200] "GET /2026/01/07/freispiel-kasino-boni-spins-blos-einzahlung-groser-hyperlink-2026/ HTTP/1.1" 200 0 "-" "Mozilla/5.0 (compatible; Barkrowler/0.9; +https://babbar.tech/crawler)"
217.113.194.122 - - [20/Jun/2026:14:50:50 +0200] "GET /2026/03/09/blackjack-joaca-the-dark-knight-rises-slot-machine-blackjack-online-netbet-cazino/ HTTP/1.1" 200 0 "-" "Mozilla/5.0 (compatible; Barkrowler/0.9; +https://babbar.tech/crawler)"
217.113.194.124 - - [20/Jun/2026:14:51:36 +0200] "GET /2026/03/15/totally-free-revolves-without-deposit-bonus-slot-t-rex-no-wagering-conditions-2026/ HTTP/1.1" 200 0 "-" "Mozilla/5.0 (compatible; Barkrowler/0.9; +https://babbar.tech/crawler)"
217.113.194.130 - - [20/Jun/2026:14:51:51 +0200] "GET /2026/03/15/jogo-pragmatico-sobre-jogue-gold-party-portugal-rtp-caracteristicas/ HTTP/1.1" 200 0 "-" "Mozilla/5.0 (compatible; Barkrowler/0.9; +https://babbar.tech/crawler)"
217.113.194.125 - - [20/Jun/2026:14:52:06 +0200] "GET /2026/03/15/play-the-finest-online-slots-games-no-play-super-hot-slot-online-obtain-required/ HTTP/1.1" 200 0 "-" "Mozilla/5.0 (compatible; Barkrowler/0.9; +https://babbar.tech/crawler)"
217.113.194.126 - - [20/Jun/2026:14:52:52 +0200] "GET /2026/03/27/to-possess-canadian-pages-contending-inside-the-inside-the-application-tournaments-and-leaderboards/ HTTP/1.1" 200 0 "-" "Mozilla/5.0 (compatible; Barkrowler/0.9; +https://babbar.tech/crawler)"
217.113.194.124 - - [20/Jun/2026:14:54:08 +0200] "GET /2026/03/23/aristocrat-totally-free-ports-gamble-online-aristocrat-pokies-in-australia/ HTTP/1.1" 200 0 "-" "Mozilla/5.0 (compatible; Barkrowler/0.9; +https://babbar.tech/crawler)"
65.108.195.91 - - [20/Jun/2026:14:55:58 +0200] "GET /2026/06/20/pinco-online-kazino-2026-pulsuz-dvriyylr-v-76/ HTTP/2" 200 0 "-" "Mozilla/5.0 (Linux; Android 10; K) AppleWebKit/537.36 (KHTML, like Gecko) Chrome/123.0.0.0 Mobile Safari/537.36"
217.113.194.228 - - [20/Jun/2026:14:57:25 +0200] "GET /robots.txt HTTP/1.1" 200 155 "-" "Mozilla/5.0 (compatible; Barkrowler/0.9; +https://babbar.tech/crawler)"
217.113.194.123 - - [20/Jun/2026:14:57:55 +0200] "GET /2026/04/09/25-250-otstpka-fevruari-izteglete-ice-casino-apk-2026-g/ HTTP/1.1" 200 0 "-" "Mozilla/5.0 (compatible; Barkrowler/0.9; +https://babbar.tech/crawler)"
217.113.194.127 - - [20/Jun/2026:15:01:28 +0200] "GET /2026/04/07/jay-has-a-wealth-of-experience-in-the-latest-igaming-community-covering-online-casinos-worldwide/ HTTP/1.1" 200 0 "-" "Mozilla/5.0 (compatible; Barkrowler/0.9; +https://babbar.tech/crawler)"
217.113.194.228 - - [20/Jun/2026:15:01:43 +0200] "GET /2026/03/11/thunderstruck-royalty-100-percent-free-music-foot-acdc-crappy-kid-envato/ HTTP/1.1" 200 0 "-" "Mozilla/5.0 (compatible; Barkrowler/0.9; +https://babbar.tech/crawler)"
217.113.194.128 - - [20/Jun/2026:14:30:52 +0200] "GET /2026/05/20/on-the-web-black-jack-s-the-undeniable-queen-of-playojo-gambling-enterprise-forest/ HTTP/1.1" 200 0 "-" "Mozilla/5.0 (compatible; Barkrowler/0.9; +https://babbar.tech/crawler)"
217.113.194.227 - - [20/Jun/2026:14:37:42 +0200] "GET /2026/04/23/secure-financial-is-a-vital-element-of-anybody-online-a-real-income-gambling-establishment/ HTTP/1.1" 200 0 "-" "Mozilla/5.0 (compatible; Barkrowler/0.9; +https://babbar.tech/crawler)"
43.132.221.225 - - [20/Jun/2026:14:39:31 +0200] "GET /2026/04/24/significance-of-degree-when-deciding-on-a-secure-on-line-casino/ HTTP/2" 200 0 "https://themomotimes.com/2026/04/24/significance-of-degree-when-deciding-on-a-secure-on-line-casino/" "Mozilla/5.0 (Macintosh; Intel Mac OS X 10_15_7) AppleWebKit/537.36 (KHTML, like Gecko) Chrome/123.0.0.0 Safari/537.36"
217.113.194.228 - - [20/Jun/2026:14:43:00 +0200] "GET /2026/01/16/thunderstruck-position-position-free-enjoy-and-you-can-comment-rtp-96-tenpercent/ HTTP/1.1" 200 0 "-" "Mozilla/5.0 (compatible; Barkrowler/0.9; +https://babbar.tech/crawler)"
57.128.22.95 - - [20/Jun/2026:14:43:27 +0200] "GET /2026/05/20/sankra-casino-decouvrez-les-secrets-2/ HTTP/1.1" 200 0 "https://themomotimes.com/" "Mozilla/5.0 (Windows NT 10.0; Win64; x64) AppleWebKit/537.36 (KHTML, like Gecko) Chrome/130.0.0.0 Safari/537.36"
65.21.228.101 - - [20/Jun/2026:14:43:32 +0200] "POST /wp-cron.php?doing_wp_cron=1781959412.2788310050964355468750 HTTP/1.1" 200 0 "-" "WordPress/7.0; https://themomotimes.com"
185.252.223.21 - - [20/Jun/2026:14:43:37 +0200] "POST /xmlrpc.php HTTP/1.1" 200 14699 "-" "Mozilla/5.0 (Windows NT 10.0; Win64; x64) AppleWebKit/537.36 (KHTML, like Gecko) Chrome/114.0.0.0 Safari/537.36"
146.70.226.85 - - [20/Jun/2026:14:43:49 +0200] "POST /xmlrpc.php HTTP/1.1" 200 5929 "-" "Mozilla/5.0 (Windows NT 10.0; Win64; x64) AppleWebKit/537.36 (KHTML, like Gecko) Chrome/114.0.0.0 Safari/537.36"
146.70.226.85 - - [20/Jun/2026:14:44:38 +0200] "GET /2026/06/20/kann-adult-male-einander-einen-angeschlossen-casino-vermittlungsprovision-ohne-einzahlung-postwendend-ausschutten-erlauben/ HTTP/1.1" 200 0 "-" "Mozilla/5.0 (Windows NT 10.0; Win64; x64; rv:124.0) Gecko/20100101 Firefox/124.0"
217.113.194.130 - - [20/Jun/2026:14:45:32 +0200] "GET /2026/04/02/plinko-patrimonio-veri-volte-migliori-scompiglio-online-dove-divertirsi/ HTTP/1.1" 200 0 "-" "Mozilla/5.0 (compatible; Barkrowler/0.9; +https://babbar.tech/crawler)"
217.113.194.128 - - [20/Jun/2026:14:47:33 +0200] "GET /2026/03/12/wunderino-bonus-400-willkommensbonus-casino-slot-sopranos-freispiele-beschutzen/ HTTP/1.1" 200 0 "-" "Mozilla/5.0 (compatible; Barkrowler/0.9; +https://babbar.tech/crawler)"
217.113.194.129 - - [20/Jun/2026:14:51:06 +0200] "GET /2026/03/18/thunderstruck-video-slot-totally-1-holiday-season-free-enjoy-in-the-trial-by-the-microgaming/ HTTP/1.1" 200 0 "-" "Mozilla/5.0 (compatible; Barkrowler/0.9; +https://babbar.tech/crawler)"
217.113.194.131 - - [20/Jun/2026:14:52:21 +0200] "GET /2026/03/15/gamble-sizzling-hot-free-mr-bet-casino-sign-up-bonus-zero-download-free-demonstration/ HTTP/1.1" 200 0 "-" "Mozilla/5.0 (compatible; Barkrowler/0.9; +https://babbar.tech/crawler)"
200.25.47.106 - - [20/Jun/2026:14:55:13 +0200] "POST /xmlrpc.php HTTP/1.1" 200 17022 "-" "Mozilla/5.0 (Windows NT 10.0; Win64; x64) AppleWebKit/537.36 (KHTML, like Gecko) Chrome/114.0.0.0 Safari/537.36"
217.113.194.125 - - [20/Jun/2026:14:59:41 +0200] "GET /2026/04/12/no-deposit-totally-free-revolves-2026-ukgc-signed-up-web-sites-merely/ HTTP/1.1" 200 0 "-" "Mozilla/5.0 (compatible; Barkrowler/0.9; +https://babbar.tech/crawler)"
65.108.195.91 - - [20/Jun/2026:14:59:46 +0200] "GET /2026/06/20/pinco-online-kazino-2026-pulsuz-dvriyylr-v-58/ HTTP/2" 200 0 "-" "Mozilla/5.0 (Linux; Android 10; K) AppleWebKit/537.36 (KHTML, like Gecko) Chrome/123.0.0.0 Mobile Safari/537.36"
172.233.242.208 - - [20/Jun/2026:14:40:25 +0200] "POST /xmlrpc.php HTTP/1.1" 200 16681 "-" "Mozilla/5.0 (Windows NT 10.0; Win64; x64) AppleWebKit/537.36 (KHTML, like Gecko) Chrome/114.0.0.0 Safari/537.36"
172.233.242.208 - - [20/Jun/2026:14:40:26 +0200] "GET /2026/06/20/los-reglas-resultan-identicas-an-una-ruleta-francesa-no-obstante-todo-el-tiempo-habra-un-solo-0/ HTTP/1.1" 200 0 "-" "Mozilla/5.0 (Windows NT 10.0; rv:109.0) Gecko/20100101 Firefox/115.0"
172.233.242.208 - - [20/Jun/2026:14:40:26 +0200] "POST /xmlrpc.php HTTP/1.1" 200 5926 "-" "Mozilla/5.0 (Windows NT 10.0; Win64; x64) AppleWebKit/537.36 (KHTML, like Gecko) Chrome/114.0.0.0 Safari/537.36"
217.113.194.128 - - [20/Jun/2026:14:42:45 +0200] "GET /2026/04/05/if-harbors-is-your-chosen-game-no-wagering-incentives-might-be-your-first-options/ HTTP/1.1" 200 0 "-" "Mozilla/5.0 (compatible; Barkrowler/0.9; +https://babbar.tech/crawler)"
57.128.22.95 - - [20/Jun/2026:14:43:27 +0200] "GET /2026/05/20/sankra-casino-decouvrez-les-secrets-2/ HTTP/1.1" 200 0 "https://themomotimes.com/" "Mozilla/5.0 (Windows NT 10.0; Win64; x64) AppleWebKit/537.36 (KHTML, like Gecko) Chrome/130.0.0.0 Safari/537.36"
217.113.194.227 - - [20/Jun/2026:14:48:04 +0200] "GET /2026/03/12/resena-de-slot-gonzos-quest-de-netent-demo-gratuito-y-no-ha-transpirado-bonos/ HTTP/1.1" 200 0 "-" "Mozilla/5.0 (compatible; Barkrowler/0.9; +https://babbar.tech/crawler)"
217.113.194.129 - - [20/Jun/2026:14:48:49 +0200] "GET /2026/02/04/sizzling-hot-deluxe-777-darmowo-gry-internetowego-robot-villa30-studio/ HTTP/1.1" 200 0 "-" "Mozilla/5.0 (compatible; Barkrowler/0.9; +https://babbar.tech/crawler)"
217.113.194.124 - - [20/Jun/2026:14:54:38 +0200] "GET /2026/01/27/hazard-high-voltage-dos-big-time-playing-position-opinion-rival-gaming-games-online-demonstration/ HTTP/1.1" 200 0 "-" "Mozilla/5.0 (compatible; Barkrowler/0.9; +https://babbar.tech/crawler)"
65.21.228.101 - - [20/Jun/2026:14:55:05 +0200] "POST /wp-cron.php?doing_wp_cron=1781960105.8482511043548583984375 HTTP/1.1" 200 0 "-" "WordPress/7.0; https://themomotimes.com"
200.25.47.106 - - [20/Jun/2026:14:54:22 +0200] "POST /xmlrpc.php HTTP/1.1" 200 5929 "-" "Mozilla/5.0 (Windows NT 10.0; Win64; x64) AppleWebKit/537.36 (KHTML, like Gecko) Chrome/114.0.0.0 Safari/537.36"
217.113.194.228 - - [20/Jun/2026:14:58:10 +0200] "GET /2026/04/09/prova-kostnadsfri-gallande-spelautomater-hos-myjackpot-betrakta/ HTTP/1.1" 200 0 "-" "Mozilla/5.0 (compatible; Barkrowler/0.9; +https://babbar.tech/crawler)"
217.113.194.124 - - [20/Jun/2026:14:58:25 +0200] "GET /2026/04/09/online-casino-uber-handyrechnung-begleichen-land-der-dichter-und-denker-2026/ HTTP/1.1" 200 0 "-" "Mozilla/5.0 (compatible; Barkrowler/0.9; +https://babbar.tech/crawler)"
217.113.194.227 - - [20/Jun/2026:15:00:27 +0200] "GET /2026/05/03/eleven-enjoyable-xmas-party-games-individuals-from-you-to-definitely-92-often-love/ HTTP/1.1" 200 0 "-" "Mozilla/5.0 (compatible; Barkrowler/0.9; +https://babbar.tech/crawler)"
65.108.195.91 - - [20/Jun/2026:15:01:21 +0200] "GET /2026/06/20/7slots-casino-bonus-ve-promosyonlar-687/ HTTP/2" 200 0 "-" "Mozilla/5.0 (Linux; Android 10; K) AppleWebKit/537.36 (KHTML, like Gecko) Chrome/123.0.0.0 Mobile Safari/537.36"
217.113.194.227 - - [20/Jun/2026:15:02:13 +0200] "GET /2026/03/11/greatest-crypto-gambling-enterprises-within-the-canada-march-slot-titanic-listing-mentorifi/ HTTP/1.1" 200 0 "-" "Mozilla/5.0 (compatible; Barkrowler/0.9; +https://babbar.tech/crawler)"
217.113.194.122 - - [20/Jun/2026:15:06:46 +0200] "GET /2026/03/30/la-table-du-jeu-daction-i%EF%BF%BD-du-luxembourg-tout-mon-accrois-admirable/ HTTP/1.1" 200 0 "-" "Mozilla/5.0 (compatible; Barkrowler/0.9; +https://babbar.tech/crawler)"
217.113.194.128 - - [20/Jun/2026:15:07:01 +0200] "GET /2026/03/30/rivage-avec-la-capitale-et-demande-en-surfant-sur-les-prix-gates-of-olympus-1000/ HTTP/1.1" 200 0 "-" "Mozilla/5.0 (compatible; Barkrowler/0.9; +https://babbar.tech/crawler)"
217.113.194.127 - - [20/Jun/2026:14:50:20 +0200] "GET /2026/03/09/tous-les-salle-de-jeu-un-brin-dans-direct-vivent-droles-ou-accessibles-a-jouer/ HTTP/1.1" 200 0 "-" "Mozilla/5.0 (compatible; Barkrowler/0.9; +https://babbar.tech/crawler)"
217.113.194.130 - - [20/Jun/2026:14:52:37 +0200] "GET /2026/03/27/better-free-revolves-bonuses-no-deposit-at-the-you-s-gambling-enterprises-march-2026/ HTTP/1.1" 200 0 "-" "Mozilla/5.0 (compatible; Barkrowler/0.9; +https://babbar.tech/crawler)"
217.113.194.129 - - [20/Jun/2026:14:53:07 +0200] "GET /2026/03/24/bikini-queens-people-trial-play-100-percent-free-5-free-no-deposit-casinos-slot-video-game/ HTTP/1.1" 200 0 "-" "Mozilla/5.0 (compatible; Barkrowler/0.9; +https://babbar.tech/crawler)"
217.113.194.131 - - [20/Jun/2026:14:54:53 +0200] "GET /2026/01/13/legiano-mobile-spiel-app-casino-unter-direkt-von-der-quelle-unserem-telefon-spielen/ HTTP/1.1" 200 0 "-" "Mozilla/5.0 (compatible; Barkrowler/0.9; +https://babbar.tech/crawler)"
217.113.194.126 - - [20/Jun/2026:14:55:08 +0200] "GET /2026/05/09/plus-performants-naissant-salle-de-jeu-en-ligne-2025-panorama-comparatif-nos-dirigeant/ HTTP/1.1" 200 0 "-" "Mozilla/5.0 (compatible; Barkrowler/0.9; +https://babbar.tech/crawler)"
217.113.194.122 - - [20/Jun/2026:14:55:23 +0200] "GET /2026/05/09/40-freispiele-blos-einzahlung-aktuelle-magic-stone-1-kaution-angebote-2026/ HTTP/1.1" 200 0 "-" "Mozilla/5.0 (compatible; Barkrowler/0.9; +https://babbar.tech/crawler)"
217.113.194.124 - - [20/Jun/2026:14:56:39 +0200] "GET /2026/05/09/fri-casino-bonus-uten-bidrag-inni-norge-magic-portals-casino-april-2026/ HTTP/1.1" 200 0 "-" "Mozilla/5.0 (compatible; Barkrowler/0.9; +https://babbar.tech/crawler)"
217.113.194.124 - - [20/Jun/2026:14:57:40 +0200] "GET /2026/04/09/eurojackpot-gewinnchancen-in-einen-captain-venture-spielautomat-eurojackpot-riesenerfolg/ HTTP/1.1" 200 0 "-" "Mozilla/5.0 (compatible; Barkrowler/0.9; +https://babbar.tech/crawler)"
47.82.11.52 - - [20/Jun/2026:14:57:49 +0200] "GET /2026/01/06/96-31-rtp-expanding-wilds-12-free-games-play-demo/ HTTP/1.1" 200 0 "https://themomotimes.com/" "Mozilla/5.0 (Windows NT 10.0; Win64; x64) AppleWebKit/537.36 (KHTML, like Gecko) Chrome/135.0.0.0 Safari/537.36"
47.82.11.70 - - [20/Jun/2026:14:58:15 +0200] "GET /2026/01/21/50-totally-free-spins-no-deposit-gala-casino-january-2026/ HTTP/1.1" 200 0 "https://themomotimes.com/" "Mozilla/5.0 (Windows NT 10.0; Win64; x64) AppleWebKit/537.36 (KHTML, like Gecko) Chrome/135.0.0.0 Safari/537.36 Edg/135.0.0.0"
217.113.194.124 - - [20/Jun/2026:14:59:11 +0200] "GET /2026/05/05/fifty-100-percent-free-spins-no-deposit-directory-of-bonuses-to-possess-united-kingdom-participants/ HTTP/1.1" 200 0 "-" "Mozilla/5.0 (compatible; Barkrowler/0.9; +https://babbar.tech/crawler)"
217.113.194.248 - - [20/Jun/2026:14:59:26 +0200] "GET /2026/04/10/casumo-kasino-slots-mr-bet-app-apple-test-dritter-monat-des-jahres-2026/ HTTP/1.1" 200 0 "-" "Mozilla/5.0 (compatible; Barkrowler/0.9; +https://babbar.tech/crawler)"
217.113.194.128 - - [20/Jun/2026:15:02:28 +0200] "GET /2026/03/11/microgaming-cashapillar-video-slot-game-casino-betreels-100-free-spins-opinion/ HTTP/1.1" 200 0 "-" "Mozilla/5.0 (compatible; Barkrowler/0.9; +https://babbar.tech/crawler)"
217.113.194.228 - - [20/Jun/2026:15:02:43 +0200] "GET /2026/02/07/totally-free-harbors-no-install-zero-membership-100-percent-free-slot-machines-instant-enjoy/ HTTP/1.1" 200 0 "-" "Mozilla/5.0 (compatible; Barkrowler/0.9; +https://babbar.tech/crawler)"
217.113.194.122 - - [20/Jun/2026:15:03:59 +0200] "GET /2026/04/13/100-vintage-comic-strip-video-free-spins-star-trek-no-deposit-clips-micro-show-1980-2000/ HTTP/1.1" 200 0 "-" "Mozilla/5.0 (compatible; Barkrowler/0.9; +https://babbar.tech/crawler)"
217.113.194.131 - - [20/Jun/2026:15:07:16 +0200] "GET /2026/03/30/casa-da-gioco-online-american-express-rso-culmine-operatori-minuziosamente/ HTTP/1.1" 200 0 "-" "Mozilla/5.0 (compatible; Barkrowler/0.9; +https://babbar.tech/crawler)"
217.113.194.227 - - [20/Jun/2026:14:44:46 +0200] "GET /2026/01/22/the-brand-new-mummy-slot-on-the-web-32red-casino-sign-up-bonus-demonstration-playtech/ HTTP/1.1" 200 0 "-" "Mozilla/5.0 (compatible; Barkrowler/0.9; +https://babbar.tech/crawler)"
217.113.194.127 - - [20/Jun/2026:14:47:03 +0200] "GET /2026/03/12/greatest-local-casino-deposit-casino-lucky-haunter-incentives-2026-pro-rated-now-offers/ HTTP/1.1" 200 0 "-" "Mozilla/5.0 (compatible; Barkrowler/0.9; +https://babbar.tech/crawler)"
217.113.194.248 - - [20/Jun/2026:14:49:50 +0200] "GET /2026/01/07/twice-diamond-video-slot-commission-opportunity-how-88-riches-mobile-to-gamble-2024/ HTTP/1.1" 200 0 "-" "Mozilla/5.0 (compatible; Barkrowler/0.9; +https://babbar.tech/crawler)"
217.113.194.124 - - [20/Jun/2026:14:51:21 +0200] "GET /2026/03/18/pin-up-azrbaycann-n-yax-kazinosu-rsmi-sayt-4866-3/ HTTP/1.1" 200 0 "-" "Mozilla/5.0 (compatible; Barkrowler/0.9; +https://babbar.tech/crawler)"
47.82.11.52 - - [20/Jun/2026:14:56:28 +0200] "GET /2026/01/16/cool-fruits-ranch-slot-test-this-totally-free-trial-variation/ HTTP/1.1" 200 0 "https://themomotimes.com/" "Mozilla/5.0 (Macintosh; Intel Mac OS X 10_15_7) AppleWebKit/605.1.15 (KHTML, like Gecko) Version/15.6.1 Safari/605.1.15"
217.113.194.122 - - [20/Jun/2026:14:56:54 +0200] "GET /2026/05/09/totally-free-slot-video-game-on-the-web-2026-play-free-gambling-enterprise-slots-enjoyment/ HTTP/1.1" 200 0 "-" "Mozilla/5.0 (compatible; Barkrowler/0.9; +https://babbar.tech/crawler)"
217.113.194.129 - - [20/Jun/2026:14:57:10 +0200] "GET /2026/04/09/plus-performants-casinos-en-ligne-avec-jouer-au-blackjack-avec-pour-largent-profond/ HTTP/1.1" 200 0 "-" "Mozilla/5.0 (compatible; Barkrowler/0.9; +https://babbar.tech/crawler)"
217.113.194.228 - - [20/Jun/2026:14:58:56 +0200] "GET /2026/04/09/alles-vorhut-slot-online-sharky-casinos-vortragen-was-sagen-unsre-experten/ HTTP/1.1" 200 0 "-" "Mozilla/5.0 (compatible; Barkrowler/0.9; +https://babbar.tech/crawler)"
65.108.195.91 - - [20/Jun/2026:15:00:43 +0200] "GET /2026/06/20/legalne-kasyna-online-w-polsce-bezpieczestwo-163/ HTTP/2" 200 0 "-" "Mozilla/5.0 (Linux; Android 10; K) AppleWebKit/537.36 (KHTML, like Gecko) Chrome/123.0.0.0 Mobile Safari/537.36"
217.113.194.125 - - [20/Jun/2026:15:00:57 +0200] "GET /2026/05/10/3-goldbet-sul-podio-per-onorario-generosi-ancora-giochi-live/ HTTP/1.1" 200 0 "-" "Mozilla/5.0 (compatible; Barkrowler/0.9; +https://babbar.tech/crawler)"
77.75.78.161 - - [20/Jun/2026:15:02:04 +0200] "GET /doseringsanvisningar-for-champix-generic/ HTTP/1.1" 200 0 "-" "Mozilla/5.0 (compatible; SeznamBot/4.0; +https://o-seznam.cz/napoveda/vyhledavani/en/seznambot-crawler/)"
217.113.194.228 - - [20/Jun/2026:15:05:15 +0200] "GET /2026/03/28/read-the-ads-in-this-post-to-find-the-best-the-brand-new-gambling-enterprises-inside-the-march/ HTTP/1.1" 200 0 "-" "Mozilla/5.0 (compatible; Barkrowler/0.9; +https://babbar.tech/crawler)"
146.70.226.85 - - [20/Jun/2026:15:06:23 +0200] "GET /2026/06/20/wohl-untergeordnet-bestandskunden-fahig-sein-einander-unter-einsatz-von-promotionen-erfreut-sein-je-selbige-als-nachstes-allerdings-ne-einzahlung-wird/ HTTP/1.1" 200 0 "-" "Mozilla/5.0 (Windows NT 10.0; Win64; x64) AppleWebKit/537.36 (KHTML, like Gecko) Chrome/124.0.0.0 Safari/537.36"
47.82.11.63 - - [20/Jun/2026:15:06:40 +0200] "GET /2026/01/08/accede-ya-dentro-del-entretenimiento-de-tragaperras-dracula-y-apetencia/ HTTP/1.1" 200 0 "https://themomotimes.com/" "Mozilla/5.0 (Windows NT 10.0; Win64; x64) AppleWebKit/537.36 (KHTML, like Gecko) Chrome/135.0.0.0 Safari/537.36"
217.113.194.127 - - [20/Jun/2026:15:07:47 +0200] "GET /2026/03/30/iniziare-a-contare-a-scapolo-1-euro-casa-da-gioco-riduzione-bancario/ HTTP/1.1" 200 0 "-" "Mozilla/5.0 (compatible; Barkrowler/0.9; +https://babbar.tech/crawler)"
65.21.228.101 - - [20/Jun/2026:15:08:14 +0200] "POST /wp-cron.php?doing_wp_cron=1781960894.3509039878845214843750 HTTP/1.1" 200 0 "-" "WordPress/7.0; https://themomotimes.com"
217.113.194.124 - - [20/Jun/2026:14:58:41 +0200] "GET /2026/04/09/svenska-sprake-casinosidor-mata-svenska-sprake-casinon-pa-inter-2026/ HTTP/1.1" 200 0 "-" "Mozilla/5.0 (compatible; Barkrowler/0.9; +https://babbar.tech/crawler)"
217.113.194.122 - - [20/Jun/2026:15:00:42 +0200] "GET /2026/05/03/totally-free-harbors-in-the-bovegas-gambling-enterprise-demonstration-revolves-and-codes-2026/ HTTP/1.1" 200 0 "-" "Mozilla/5.0 (compatible; Barkrowler/0.9; +https://babbar.tech/crawler)"
77.75.78.161 - - [20/Jun/2026:15:02:04 +0200] "GET /robots.txt HTTP/1.1" 200 155 "-" "Mozilla/5.0 (compatible; SeznamBot/4.0; +https://o-seznam.cz/napoveda/vyhledavani/en/seznambot-crawler/)"
217.113.194.123 - - [20/Jun/2026:15:03:29 +0200] "GET /2026/04/13/de-petites-inquietudes-de-casinos-telluriques-les-encore-exemplaires-1-hollande/ HTTP/1.1" 200 0 "-" "Mozilla/5.0 (compatible; Barkrowler/0.9; +https://babbar.tech/crawler)"
45.86.202.53 - - [20/Jun/2026:15:04:26 +0200] "POST /xmlrpc.php HTTP/1.1" 200 1884640 "-" "Mozilla/5.0 (Windows NT 10.0; Win64; x64) AppleWebKit/537.36 (KHTML, like Gecko) Chrome/139.0.0.0 Safari/537.36"
65.21.228.101 - - [20/Jun/2026:15:04:31 +0200] "POST /wp-cron.php?doing_wp_cron=1781960671.5134949684143066406250 HTTP/1.1" 200 0 "-" "WordPress/7.0; https://themomotimes.com"
45.86.202.53 - - [20/Jun/2026:15:04:30 +0200] "POST /xmlrpc.php HTTP/1.1" 200 5929 "-" "Mozilla/5.0 (Windows NT 10.0; Win64; x64) AppleWebKit/537.36 (KHTML, like Gecko) Chrome/139.0.0.0 Safari/537.36"
45.86.202.53 - - [20/Jun/2026:15:04:32 +0200] "POST /xmlrpc.php HTTP/1.1" 200 18758 "-" "Mozilla/5.0 (Windows NT 10.0; Win64; x64) AppleWebKit/537.36 (KHTML, like Gecko) Chrome/139.0.0.0 Safari/537.36"
146.70.226.85 - - [20/Jun/2026:15:06:24 +0200] "POST /xmlrpc.php HTTP/1.1" 200 5926 "-" "Mozilla/5.0 (Windows NT 10.0; Win64; x64) AppleWebKit/537.36 (KHTML, like Gecko) Chrome/114.0.0.0 Safari/537.36"
188.169.54.130 - - [20/Jun/2026:15:07:20 +0200] "GET /2026/05/21/cialis-%ce%b1%cf%80%ce%bf%cf%84%ce%b5%ce%bb%ce%ad%cf%83%ce%bc%ce%b1%cf%84%ce%b1-%cf%8c%ce%bb%ce%b1-%cf%8c%cf%83%ce%b1-%cf%80%cf%81%ce%ad%cf%80%ce%b5%ce%b9-%ce%bd%ce%b1-%ce%be%ce%ad%cf%81%ce%b5%cf%84/ HTTP/1.1" 200 0 "-" "GuzzleHttp/7"
217.113.194.127 - - [20/Jun/2026:15:08:02 +0200] "GET /2026/01/20/enjoy-gold-rush-on-the-internet-during-the-las-vegas-casino-igame-casino-aces-gambling-establishment/ HTTP/1.1" 200 0 "-" "Mozilla/5.0 (compatible; Barkrowler/0.9; +https://babbar.tech/crawler)"
217.113.194.228 - - [20/Jun/2026:15:08:32 +0200] "GET /2026/04/28/noahs-ark-slot-machine-game-review-on-the-internet-and-totally-free-ports-online-game-to-gamble/ HTTP/1.1" 200 0 "-" "Mozilla/5.0 (compatible; Barkrowler/0.9; +https://babbar.tech/crawler)"
65.108.195.91 - - [20/Jun/2026:15:09:38 +0200] "GET /2026/06/19/boostwin-kazino-kak-nachat-igrat-bez-vlozhenij-3/ HTTP/2" 200 0 "-" "Mozilla/5.0 (Linux; Android 10; K) AppleWebKit/537.36 (KHTML, like Gecko) Chrome/123.0.0.0 Mobile Safari/537.36"
65.21.228.101 - - [20/Jun/2026:15:09:51 +0200] "POST /wp-cron.php?doing_wp_cron=1781960991.5009739398956298828125 HTTP/1.1" 200 0 "-" "WordPress/7.0; https://themomotimes.com"
172.233.242.208 - - [20/Jun/2026:15:08:57 +0200] "POST /xmlrpc.php HTTP/1.1" 200 5929 "-" "Mozilla/5.0 (Windows NT 10.0; Win64; x64) AppleWebKit/537.36 (KHTML, like Gecko) Chrome/114.0.0.0 Safari/537.36"
172.233.242.208 - - [20/Jun/2026:15:09:59 +0200] "POST /xmlrpc.php HTTP/1.1" 200 16431 "-" "Mozilla/5.0 (Windows NT 10.0; Win64; x64) AppleWebKit/537.36 (KHTML, like Gecko) Chrome/114.0.0.0 Safari/537.36"
172.233.242.208 - - [20/Jun/2026:15:10:00 +0200] "GET /2026/06/20/vous-gouterez-item-de-faire-une-connaissance-immersive-selon-le-salle-de-jeu-direct-sauf-que-tous-ses-croupiers-facilement/ HTTP/1.1" 200 0 "-" "Mozilla/5.0 (Windows NT 10.0; Win64; x64) AppleWebKit/537.36 (KHTML, like Gecko) Chrome/124.0.0.0 Safari/537.36"
217.113.194.131 - - [20/Jun/2026:14:45:02 +0200] "GET /2026/04/02/slots-plus-videoslots-offlin-optreden-te-dolphin-cash-casino-toto-gokhuis/ HTTP/1.1" 200 0 "-" "Mozilla/5.0 (compatible; Barkrowler/0.9; +https://babbar.tech/crawler)"
217.113.194.248 - - [20/Jun/2026:14:47:18 +0200] "GET /2026/03/12/the-slot-lady-robin-hood-newest-50-totally-free-spins-no-deposit-2026-done-list/ HTTP/1.1" 200 0 "-" "Mozilla/5.0 (compatible; Barkrowler/0.9; +https://babbar.tech/crawler)"
47.82.11.8 - - [20/Jun/2026:14:48:01 +0200] "GET /2026/01/15/guida-vulkan-vegas-bet-inloggning-at-svenska-sprake-natcasinon-2025/ HTTP/1.1" 200 0 "https://themomotimes.com/" "Mozilla/5.0 (X11; CrOS x86_64 14541.0.0) AppleWebKit/537.36 (KHTML, like Gecko) Chrome/130.0.0.0 Safari/537.36"
217.113.194.123 - - [20/Jun/2026:14:49:04 +0200] "GET /2026/02/04/best-sports-betting-web-sites-united-states-of-america-better-on-line-sportsbooks-2026/ HTTP/1.1" 200 0 "-" "Mozilla/5.0 (compatible; Barkrowler/0.9; +https://babbar.tech/crawler)"
217.113.194.248 - - [20/Jun/2026:14:49:19 +0200] "GET /2026/02/04/rankings-to-possess-gambling-away-from-trendy-good-fresh-fruit-slot-real-money/ HTTP/1.1" 200 0 "-" "Mozilla/5.0 (compatible; Barkrowler/0.9; +https://babbar.tech/crawler)"
200.25.47.106 - - [20/Jun/2026:14:55:17 +0200] "GET /2026/06/20/a-microgaming-high-society-nyerogepe-ingyenes-promocios-kodok-a-vulkan-vegas-nyerogepekhez-online-jatekot-kinal/ HTTP/1.1" 200 0 "-" "Mozilla/5.0 (Windows NT 10.0; rv:125.0) Gecko/20100101 Firefox/125.0"
200.25.47.106 - - [20/Jun/2026:14:55:19 +0200] "POST /xmlrpc.php HTTP/1.1" 200 5926 "-" "Mozilla/5.0 (Windows NT 10.0; Win64; x64) AppleWebKit/537.36 (KHTML, like Gecko) Chrome/114.0.0.0 Safari/537.36"
217.113.194.124 - - [20/Jun/2026:14:59:57 +0200] "GET /2026/01/26/freispiele-exklusive-einzahlung-janner-gladiator-slot-free-spins-2026/ HTTP/1.1" 200 0 "-" "Mozilla/5.0 (compatible; Barkrowler/0.9; +https://babbar.tech/crawler)"
217.113.194.129 - - [20/Jun/2026:15:00:12 +0200] "GET /2026/05/03/inside-erreichbar-casinos-nueve-euro-ferner-unter-einsatz-von-bonus-musizieren/ HTTP/1.1" 200 0 "-" "Mozilla/5.0 (compatible; Barkrowler/0.9; +https://babbar.tech/crawler)"
217.113.194.124 - - [20/Jun/2026:15:01:12 +0200] "GET /2026/04/07/ten-best-web-wolf-gold-slot-free-spins-based-casinos-for-real-currency-best-list/ HTTP/1.1" 200 0 "-" "Mozilla/5.0 (compatible; Barkrowler/0.9; +https://babbar.tech/crawler)"
217.113.194.129 - - [20/Jun/2026:15:03:44 +0200] "GET /2026/04/13/better-share-gambling-establishment-bonuses-to-possess-foxin-wins-casino-february-2026/ HTTP/1.1" 200 0 "-" "Mozilla/5.0 (compatible; Barkrowler/0.9; +https://babbar.tech/crawler)"
217.113.194.128 - - [20/Jun/2026:15:04:30 +0200] "GET /2026/04/13/10-most-useful-web-based-casinos-australia-the-real-deal-money-gaming-within-the-2026/ HTTP/1.1" 200 0 "-" "Mozilla/5.0 (compatible; Barkrowler/0.9; +https://babbar.tech/crawler)"
217.113.194.124 - - [20/Jun/2026:15:06:16 +0200] "GET /2026/05/14/eccezionale-piattaforma-e-vincispin-login-per-unesperienza-di-5/ HTTP/1.1" 200 0 "-" "Mozilla/5.0 (compatible; Barkrowler/0.9; +https://babbar.tech/crawler)"
65.21.228.101 - - [20/Jun/2026:15:06:17 +0200] "POST /wp-cron.php?doing_wp_cron=1781960777.2032721042633056640625 HTTP/1.1" 200 0 "-" "WordPress/7.0; https://themomotimes.com"
146.70.226.85 - - [20/Jun/2026:15:05:33 +0200] "POST /xmlrpc.php HTTP/1.1" 200 5929 "-" "Mozilla/5.0 (Windows NT 10.0; Win64; x64) AppleWebKit/537.36 (KHTML, like Gecko) Chrome/114.0.0.0 Safari/537.36"
65.108.195.91 - - [20/Jun/2026:15:06:23 +0200] "GET /2026/06/20/pinco-online-kazino-2026-pulsuz-dvriyylr-v-86/ HTTP/2" 200 0 "-" "Mozilla/5.0 (Linux; Android 10; K) AppleWebKit/537.36 (KHTML, like Gecko) Chrome/123.0.0.0 Mobile Safari/537.36"
217.113.194.124 - - [20/Jun/2026:15:11:19 +0200] "GET /2026/04/04/sera-lasst-einander-uber-nueve-euronen-spielsaal-provision-vortragen/ HTTP/1.1" 200 0 "-" "Mozilla/5.0 (compatible; Barkrowler/0.9; +https://babbar.tech/crawler)"
217.113.194.124 - - [20/Jun/2026:14:46:48 +0200] "GET /2026/03/12/meaning-of-christmas-source-background-and-you-may-fire-joker-free-spins-no-deposit-lifestyle/ HTTP/1.1" 200 0 "-" "Mozilla/5.0 (compatible; Barkrowler/0.9; +https://babbar.tech/crawler)"
217.113.194.227 - - [20/Jun/2026:14:48:19 +0200] "GET /2026/03/12/large-trout-bonanza-position-game-play-aztlans-gold-slot-machine-exploring-the-aspects/ HTTP/1.1" 200 0 "-" "Mozilla/5.0 (compatible; Barkrowler/0.9; +https://babbar.tech/crawler)"
217.113.194.127 - - [20/Jun/2026:14:50:05 +0200] "GET /2026/01/19/eye-of-horus-casino-valley-of-the-gods-online-casino-gratis-uber-echtgeld-auffuhren/ HTTP/1.1" 200 0 "-" "Mozilla/5.0 (compatible; Barkrowler/0.9; +https://babbar.tech/crawler)"
217.113.194.129 - - [20/Jun/2026:14:53:22 +0200] "GET /2026/03/24/super-joker-position-review-a-great-vintage-position-be-away-from-casino-rock-climber-netent/ HTTP/1.1" 200 0 "-" "Mozilla/5.0 (compatible; Barkrowler/0.9; +https://babbar.tech/crawler)"
217.113.194.124 - - [20/Jun/2026:14:53:52 +0200] "GET /2026/05/24/finest-5-lowest-put-gambling-enterprises-within-the-2026-rated-and-you-will-assessed/ HTTP/1.1" 200 0 "-" "Mozilla/5.0 (compatible; Barkrowler/0.9; +https://babbar.tech/crawler)"
217.113.194.227 - - [20/Jun/2026:14:54:23 +0200] "GET /2026/01/27/odibets-kenya-log-casino-slots-of-fortune-150-free-on-to-the-odibets-account/ HTTP/1.1" 200 0 "-" "Mozilla/5.0 (compatible; Barkrowler/0.9; +https://babbar.tech/crawler)"
217.113.194.128 - - [20/Jun/2026:14:56:09 +0200] "GET /2026/05/09/vediamo-volte-nuovi-inclinazione-durante-questa-avantagea-dose-del-2025/ HTTP/1.1" 200 0 "-" "Mozilla/5.0 (compatible; Barkrowler/0.9; +https://babbar.tech/crawler)"
217.113.194.130 - - [20/Jun/2026:14:56:24 +0200] "GET /2026/05/09/arve-500-evolution-gaming-spilleautomater-opptil-500-kroner-sanntid/ HTTP/1.1" 200 0 "-" "Mozilla/5.0 (compatible; Barkrowler/0.9; +https://babbar.tech/crawler)"
217.113.194.125 - - [20/Jun/2026:15:02:59 +0200] "GET /2026/03/14/freespins-blos-einzahlung-online-kasino-slot-black-knight-qua-freispielen/ HTTP/1.1" 200 0 "-" "Mozilla/5.0 (compatible; Barkrowler/0.9; +https://babbar.tech/crawler)"
45.147.192.139 - - [20/Jun/2026:15:03:17 +0200] "GET /2026/05/25/meilleur-casino-en-ligne-un-guide-complet-2/ HTTP/1.1" 200 0 "https://themomotimes.com/" "Mozilla/5.0 (X11; Linux x86_64) AppleWebKit/537.36 (KHTML, like Gecko) Chrome/114.0.0.0 Safari/537.36"
45.147.192.139 - - [20/Jun/2026:15:03:17 +0200] "GET /2026/05/25/meilleur-casino-en-ligne-un-guide-complet-2/ HTTP/1.1" 200 0 "https://themomotimes.com/" "Mozilla/5.0 (X11; Linux x86_64) AppleWebKit/537.36 (KHTML, like Gecko) Chrome/114.0.0.0 Safari/537.36"
217.113.194.126 - - [20/Jun/2026:15:04:14 +0200] "GET /2026/04/13/10-ideal-bitcoin-casinos-inside-2025-most-readily-useful-online-crypto-local-casino-internet-sites/ HTTP/1.1" 200 0 "-" "Mozilla/5.0 (compatible; Barkrowler/0.9; +https://babbar.tech/crawler)"
217.113.194.126 - - [20/Jun/2026:15:04:45 +0200] "GET /2026/04/13/en-italie-ils-font-su-sadapter-et-notre-bill-a-pris-mien-assidue-vaut/ HTTP/1.1" 200 0 "-" "Mozilla/5.0 (compatible; Barkrowler/0.9; +https://babbar.tech/crawler)"
217.113.194.227 - - [20/Jun/2026:15:10:34 +0200] "GET /2026/05/18/panduan-lengkap-memilih-platform-taruhan-online-terpercaya-19/ HTTP/1.1" 200 0 "-" "Mozilla/5.0 (compatible; Barkrowler/0.9; +https://babbar.tech/crawler)"
217.113.194.126 - - [20/Jun/2026:15:13:51 +0200] "GET /2026/01/12/fifty-100-percent-free-50-free-spins-no-deposit-casino-games-spins-no-deposit-january-2026/ HTTP/1.1" 200 0 "-" "Mozilla/5.0 (compatible; Barkrowler/0.9; +https://babbar.tech/crawler)"
217.113.194.123 - - [20/Jun/2026:15:14:36 +0200] "GET /2026/01/28/kazinote-me-te-mira-mobile-2025-luaj-lojera-fati-ne-celularin-tend/ HTTP/1.1" 200 0 "-" "Mozilla/5.0 (compatible; Barkrowler/0.9; +https://babbar.tech/crawler)"
217.113.194.227 - - [20/Jun/2026:15:07:32 +0200] "GET /2026/03/30/flames-joker-kolikkopeli-nettipeli-kommentti-ja-ilmainen-demopeli/ HTTP/1.1" 200 0 "-" "Mozilla/5.0 (compatible; Barkrowler/0.9; +https://babbar.tech/crawler)"
172.233.242.208 - - [20/Jun/2026:15:07:03 +0200] "POST /xmlrpc.php HTTP/1.1" 200 5929 "-" "Mozilla/5.0 (Windows NT 10.0; Win64; x64) AppleWebKit/537.36 (KHTML, like Gecko) Chrome/114.0.0.0 Safari/537.36"
172.233.242.208 - - [20/Jun/2026:15:07:55 +0200] "POST /xmlrpc.php HTTP/1.1" 200 14380 "-" "Mozilla/5.0 (Windows NT 10.0; Win64; x64) AppleWebKit/537.36 (KHTML, like Gecko) Chrome/114.0.0.0 Safari/537.36"
172.233.242.208 - - [20/Jun/2026:15:07:55 +0200] "GET /2026/06/20/la-patologi%EF%BF%BDa-del-tunel-carpiano-folleto-sobre-juegos-es-inagotable-y-no-ha-transpirado-siempre-existe-novedosas-incorporaciones-cosa-que-asegura-el-esparcimiento/ HTTP/1.1" 200 0 "-" "Mozilla/5.0 (Windows NT 10.0; Win64; x64) AppleWebKit/537.36 (KHTML, like Gecko) Chrome/124.0.0.0 Safari/537.36 Edg/124.0.0.0"
146.70.226.22 - - [20/Jun/2026:15:07:29 +0200] "POST /xmlrpc.php HTTP/1.1" 200 5929 "-" "Mozilla/5.0 (Windows NT 10.0; Win64; x64) AppleWebKit/537.36 (KHTML, like Gecko) Chrome/114.0.0.0 Safari/537.36"
172.233.242.208 - - [20/Jun/2026:15:07:55 +0200] "POST /xmlrpc.php HTTP/1.1" 200 5926 "-" "Mozilla/5.0 (Windows NT 10.0; Win64; x64) AppleWebKit/537.36 (KHTML, like Gecko) Chrome/114.0.0.0 Safari/537.36"
146.70.226.22 - - [20/Jun/2026:15:08:21 +0200] "POST /xmlrpc.php HTTP/1.1" 200 16323 "-" "Mozilla/5.0 (Windows NT 10.0; Win64; x64) AppleWebKit/537.36 (KHTML, like Gecko) Chrome/114.0.0.0 Safari/537.36"
146.70.226.22 - - [20/Jun/2026:15:08:22 +0200] "GET /2026/06/20/hit-the-join-today-key-to-begin-with-creating-an-excellent-virgin-game-local-casino-account/ HTTP/1.1" 200 0 "-" "Mozilla/5.0 (Windows NT 10.0; Win64; x64) AppleWebKit/537.36 (KHTML, like Gecko) Chrome/124.0.0.0 Safari/537.36"
146.70.226.22 - - [20/Jun/2026:15:08:23 +0200] "POST /xmlrpc.php HTTP/1.1" 200 5926 "-" "Mozilla/5.0 (Windows NT 10.0; Win64; x64) AppleWebKit/537.36 (KHTML, like Gecko) Chrome/114.0.0.0 Safari/537.36"
217.113.194.131 - - [20/Jun/2026:15:09:33 +0200] "GET /2026/03/26/ebendiese-porn-stars-ein-umwelt-die-beliebtesten-fur-nusse-kasino-piele/ HTTP/1.1" 200 0 "-" "Mozilla/5.0 (compatible; Barkrowler/0.9; +https://babbar.tech/crawler)"
217.113.194.227 - - [20/Jun/2026:15:12:20 +0200] "GET /2026/02/09/forest-jim-el-dorado-an-intense-diving-to-the-a-keen-adventure-styled-video-slot/ HTTP/1.1" 200 0 "-" "Mozilla/5.0 (compatible; Barkrowler/0.9; +https://babbar.tech/crawler)"
217.113.194.131 - - [20/Jun/2026:15:12:35 +0200] "GET /2026/02/08/zaklad-przemyslowy-przy-pharaohs-fortune-oklahoma-state-troopers-foundation/ HTTP/1.1" 200 0 "-" "Mozilla/5.0 (compatible; Barkrowler/0.9; +https://babbar.tech/crawler)"
217.113.194.127 - - [20/Jun/2026:15:15:07 +0200] "GET /2026/03/06/betway-online-applicativo-ybets-italy-casino-gioco-premio-mobilio-slot-jackpot/ HTTP/1.1" 200 0 "-" "Mozilla/5.0 (compatible; Barkrowler/0.9; +https://babbar.tech/crawler)"
217.113.194.130 - - [20/Jun/2026:15:15:22 +0200] "GET /2026/03/06/online-harbors-bonus-slot-genies-gems-play-2400-slot-machine-no-obtain/ HTTP/1.1" 200 0 "-" "Mozilla/5.0 (compatible; Barkrowler/0.9; +https://babbar.tech/crawler)"
217.113.194.248 - - [20/Jun/2026:15:15:52 +0200] "GET /2026/02/03/wizard-from-odds-%E1%90%88-self-help-guide-to-web-based-casinos-gambling-games/ HTTP/1.1" 200 0 "-" "Mozilla/5.0 (compatible; Barkrowler/0.9; +https://babbar.tech/crawler)"
217.113.194.131 - - [20/Jun/2026:15:16:23 +0200] "GET /2026/04/14/twin-spin-netent-acerca-tiradas-gratis-en-resident-de-las-casinos-online-en-2026/ HTTP/1.1" 200 0 "-" "Mozilla/5.0 (compatible; Barkrowler/0.9; +https://babbar.tech/crawler)"
195.63.13.43 - - [20/Jun/2026:15:17:43 +0200] "GET /2026/05/07/1xbet-promo-code-free-azerbaijan-2026-1xtower-bonus-eu130/ HTTP/1.1" 200 0 "https://themomotimes.com/" "Mozilla/5.0 (Macintosh; Intel Mac OS X 10_15_7) AppleWebKit/537.36 (KHTML, like Gecko) Chrome/146.0.0.0 Safari/537.36 Edg/146.0.0.0"
65.21.228.101 - - [20/Jun/2026:15:07:49 +0200] "POST /wp-cron.php?doing_wp_cron=1781960869.8083670139312744140625 HTTP/1.1" 200 0 "-" "WordPress/7.0; https://themomotimes.com"
65.21.228.101 - - [20/Jun/2026:15:08:15 +0200] "POST /wp-cron.php?doing_wp_cron=1781960895.8492159843444824218750 HTTP/1.1" 200 0 "-" "WordPress/7.0; https://themomotimes.com"
217.113.194.125 - - [20/Jun/2026:15:09:48 +0200] "GET /2026/03/26/total-help-guide-to-incentives-and-you-can-marketing-and-advertising-bonuses-from-the-love-gambling-enterprise/ HTTP/1.1" 200 0 "-" "Mozilla/5.0 (compatible; Barkrowler/0.9; +https://babbar.tech/crawler)"
217.113.194.228 - - [20/Jun/2026:15:11:34 +0200] "GET /2026/04/04/with-an-over-all-collection-of-over-5000-games-players-are-protected-an-interesting-betting-thrill/ HTTP/1.1" 200 0 "-" "Mozilla/5.0 (compatible; Barkrowler/0.9; +https://babbar.tech/crawler)"
217.113.194.127 - - [20/Jun/2026:15:12:05 +0200] "GET /2026/04/11/wunderino-spielbank-40-bit-kingz-kontakt-maklercourtage-100-freispiele/ HTTP/1.1" 200 0 "-" "Mozilla/5.0 (compatible; Barkrowler/0.9; +https://babbar.tech/crawler)"
57.128.22.95 - - [20/Jun/2026:15:12:23 +0200] "GET /2026/06/09/betalright-casino-einzahlungsoptionen-19/ HTTP/1.1" 200 0 "https://themomotimes.com/" "Mozilla/5.0 (X11; Linux x86_64; rv:144.0) Gecko/20100101 Firefox/144.0"
57.128.22.95 - - [20/Jun/2026:15:12:23 +0200] "GET /2026/06/09/betalright-casino-einzahlungsoptionen-19/ HTTP/1.1" 200 0 "https://themomotimes.com/" "Mozilla/5.0 (X11; Linux x86_64; rv:144.0) Gecko/20100101 Firefox/144.0"
217.113.194.127 - - [20/Jun/2026:15:13:20 +0200] "GET /2026/05/06/finest-casino-7kasino-free-chip-no-deposit-incentives-free-revolves-casinos-2026/ HTTP/1.1" 200 0 "-" "Mozilla/5.0 (compatible; Barkrowler/0.9; +https://babbar.tech/crawler)"
217.113.194.123 - - [20/Jun/2026:15:16:07 +0200] "GET /2026/04/14/thunderstruck-2-ports-comment-casinos-roulettino-app-download-pc-no-deposit-bonus/ HTTP/1.1" 200 0 "-" "Mozilla/5.0 (compatible; Barkrowler/0.9; +https://babbar.tech/crawler)"
217.113.194.131 - - [20/Jun/2026:15:18:24 +0200] "GET /2026/03/31/greatest-pokies-incentives-2026-biggest-au-casino-prime-slots-casino-bonus-100-bonuses/ HTTP/1.1" 200 0 "-" "Mozilla/5.0 (compatible; Barkrowler/0.9; +https://babbar.tech/crawler)"
65.108.195.91 - - [20/Jun/2026:15:18:39 +0200] "GET /2026/06/20/pinco-online-kazino-2026-yeni-trendlr-v-267/ HTTP/2" 200 0 "-" "Mozilla/5.0 (Linux; Android 10; K) AppleWebKit/537.36 (KHTML, like Gecko) Chrome/123.0.0.0 Mobile Safari/537.36"
217.113.194.126 - - [20/Jun/2026:15:18:54 +0200] "GET /2026/03/31/raging-rhino-position-review-deposit-5-get-100-free-spins-2026-enjoy-free-demo/ HTTP/1.1" 200 0 "-" "Mozilla/5.0 (compatible; Barkrowler/0.9; +https://babbar.tech/crawler)"
217.113.194.123 - - [20/Jun/2026:15:19:40 +0200] "GET /2026/03/31/gamble-thunderstruck-position-at-no-cost-or-casino-grosvenor-mobile-with-real-money/ HTTP/1.1" 200 0 "-" "Mozilla/5.0 (compatible; Barkrowler/0.9; +https://babbar.tech/crawler)"
65.108.195.91 - - [20/Jun/2026:15:19:54 +0200] "GET /2026/06/20/pinco-casino-trkiyede-gvenlik-ve-lisans-bilgileri-78/ HTTP/2" 200 0 "-" "Mozilla/5.0 (Linux; Android 10; K) AppleWebKit/537.36 (KHTML, like Gecko) Chrome/123.0.0.0 Mobile Safari/537.36"
217.113.194.130 - - [20/Jun/2026:15:19:55 +0200] "GET /2026/05/13/comenzar-a-jugar-sobre-algun-casino-por-el-telefon-inteligente-es-de-es-comodo/ HTTP/1.1" 200 0 "-" "Mozilla/5.0 (compatible; Barkrowler/0.9; +https://babbar.tech/crawler)"
217.113.194.228 - - [20/Jun/2026:15:20:56 +0200] "GET /2026/05/13/colaborar-an-una-ruleta-vano-sin-limites-sin-liberar-siquiera-registrarse/ HTTP/1.1" 200 0 "-" "Mozilla/5.0 (compatible; Barkrowler/0.9; +https://babbar.tech/crawler)"
200.25.47.106 - - [20/Jun/2026:15:21:04 +0200] "POST /xmlrpc.php HTTP/1.1" 200 15026 "-" "Mozilla/5.0 (Windows NT 10.0; Win64; x64) AppleWebKit/537.36 (KHTML, like Gecko) Chrome/114.0.0.0 Safari/537.36"
217.113.194.130 - - [20/Jun/2026:15:01:58 +0200] "GET /2026/03/11/2-boylesports-%EF%BF%BD-boyle-gambling-enterprise-exclusives-that-have-exciting-jackpots/ HTTP/1.1" 200 0 "-" "Mozilla/5.0 (compatible; Barkrowler/0.9; +https://babbar.tech/crawler)"
217.113.194.123 - - [20/Jun/2026:15:03:14 +0200] "GET /2026/05/17/siberian-violent-storm-slot-comment-2026-zorro-1-deposit-play-for-totally-free/ HTTP/1.1" 200 0 "-" "Mozilla/5.0 (compatible; Barkrowler/0.9; +https://babbar.tech/crawler)"
217.113.194.131 - - [20/Jun/2026:15:05:00 +0200] "GET /2026/03/28/just-how-to-subscribe-in-the-paddy-power-local-casino-prompt-safer-membership-united-kingdom-ie/ HTTP/1.1" 200 0 "-" "Mozilla/5.0 (compatible; Barkrowler/0.9; +https://babbar.tech/crawler)"
216.73.216.128 - - [20/Jun/2026:15:05:05 +0200] "GET /video-games/sitemap.xml HTTP/2" 200 76309 "-" "Mozilla/5.0 AppleWebKit/537.36 (KHTML, like Gecko; compatible; ClaudeBot/1.0; +claudebot@anthropic.com)"
217.113.194.228 - - [20/Jun/2026:15:05:30 +0200] "GET /2026/05/14/play-steam-tower-slot-review-casinos-bonus-eu-estava-lendo-isso-and-video/ HTTP/1.1" 200 0 "-" "Mozilla/5.0 (compatible; Barkrowler/0.9; +https://babbar.tech/crawler)"
217.113.194.131 - - [20/Jun/2026:15:05:45 +0200] "GET /2026/05/14/entfessle-den-nervenkitzel-mit-duospin-casino-freispielfeuerwerken/ HTTP/1.1" 200 0 "-" "Mozilla/5.0 (compatible; Barkrowler/0.9; +https://babbar.tech/crawler)"
217.113.194.124 - - [20/Jun/2026:15:06:31 +0200] "GET /2026/03/30/manuale-completa-alluso-di-oneshop-casa-da-gioco-%EF%BF%BD-copia-2026/ HTTP/1.1" 200 0 "-" "Mozilla/5.0 (compatible; Barkrowler/0.9; +https://babbar.tech/crawler)"
217.113.194.127 - - [20/Jun/2026:15:10:49 +0200] "GET /2026/05/18/expertise-wagering-requirements-top-10-best-casinos-2026-local-casino-incentive-regulations-said/ HTTP/1.1" 200 0 "-" "Mozilla/5.0 (compatible; Barkrowler/0.9; +https://babbar.tech/crawler)"
57.128.22.95 - - [20/Jun/2026:15:12:23 +0200] "GET /2026/06/09/betalright-casino-einzahlungsoptionen-19/ HTTP/1.1" 200 0 "https://themomotimes.com/" "Mozilla/5.0 (X11; Linux x86_64; rv:144.0) Gecko/20100101 Firefox/144.0"
65.108.195.91 - - [20/Jun/2026:15:13:51 +0200] "GET /2026/06/19/kasino-mostbet-mobiln-pstup-2462/ HTTP/2" 200 0 "-" "Mozilla/5.0 (Linux; Android 10; K) AppleWebKit/537.36 (KHTML, like Gecko) Chrome/123.0.0.0 Mobile Safari/537.36"
185.252.223.20 - - [20/Jun/2026:15:14:04 +0200] "POST /xmlrpc.php HTTP/1.1" 200 16991 "-" "Mozilla/5.0 (Windows NT 10.0; Win64; x64) AppleWebKit/537.36 (KHTML, like Gecko) Chrome/114.0.0.0 Safari/537.36"
217.113.194.248 - - [20/Jun/2026:15:14:06 +0200] "GET /2026/01/12/no-deposit-the-knockout-site-bonus-casinos-15-greatest-web-based-casinos-in-the-2026/ HTTP/1.1" 200 0 "-" "Mozilla/5.0 (compatible; Barkrowler/0.9; +https://babbar.tech/crawler)"
217.113.194.123 - - [20/Jun/2026:15:17:38 +0200] "GET /2026/03/31/keep-reading-and-discover-a-little-more-about-hence-enjoyable-local-casino-online-game/ HTTP/1.1" 200 0 "-" "Mozilla/5.0 (compatible; Barkrowler/0.9; +https://babbar.tech/crawler)"
217.113.194.124 - - [20/Jun/2026:15:18:39 +0200] "GET /2026/03/31/tips-online-casino-payment-method-winnings-during-the-harbors-10-finest-tricks-for-slot-machines/ HTTP/1.1" 200 0 "-" "Mozilla/5.0 (compatible; Barkrowler/0.9; +https://babbar.tech/crawler)"
217.113.194.127 - - [20/Jun/2026:15:21:26 +0200] "GET /2026/05/13/live-casino-teutonia-verfemung-hintergrunde-unter-anderem-auswirkungen/ HTTP/1.1" 200 0 "-" "Mozilla/5.0 (compatible; Barkrowler/0.9; +https://babbar.tech/crawler)"
217.113.194.122 - - [20/Jun/2026:15:21:57 +0200] "GET /2026/05/13/bao-gambling-enterprise-extra-codes-2025-private-gambling-establishment-incentive-rules/ HTTP/1.1" 200 0 "-" "Mozilla/5.0 (compatible; Barkrowler/0.9; +https://babbar.tech/crawler)"
217.113.194.227 - - [20/Jun/2026:15:23:43 +0200] "GET /2026/03/21/vedete-la-elenco-dei-migliori-bonus-poker-selezionati-da-grinderlab/ HTTP/1.1" 200 0 "-" "Mozilla/5.0 (compatible; Barkrowler/0.9; +https://babbar.tech/crawler)"
217.113.194.248 - - [20/Jun/2026:15:10:03 +0200] "GET /2026/03/26/gamble-jurassic-free-lucky-88-slot-machine-park-slot-dino-measurements-of-benefits/ HTTP/1.1" 200 0 "-" "Mozilla/5.0 (compatible; Barkrowler/0.9; +https://babbar.tech/crawler)"
217.113.194.130 - - [20/Jun/2026:15:10:18 +0200] "GET /2026/03/26/cleopatra-diamond-spins-3-deposit-real-money-slots-slot-free-play-trial-and-opinion/ HTTP/1.1" 200 0 "-" "Mozilla/5.0 (compatible; Barkrowler/0.9; +https://babbar.tech/crawler)"
172.233.242.208 - - [20/Jun/2026:15:10:00 +0200] "POST /xmlrpc.php HTTP/1.1" 200 5926 "-" "Mozilla/5.0 (Windows NT 10.0; Win64; x64) AppleWebKit/537.36 (KHTML, like Gecko) Chrome/114.0.0.0 Safari/537.36"
65.108.195.91 - - [20/Jun/2026:15:12:46 +0200] "GET /2026/06/20/chicken-road-online-casino-slot-filled-with-road-304/ HTTP/2" 200 0 "-" "Mozilla/5.0 (Linux; Android 10; K) AppleWebKit/537.36 (KHTML, like Gecko) Chrome/123.0.0.0 Mobile Safari/537.36"
17.241.75.96 - - [20/Jun/2026:15:14:38 +0200] "GET /2026/05/31/best-a-top-10-best-casinos-real-income-slots-internet-sites-us-get-2026/ HTTP/2" 200 0 "-" "Mozilla/5.0 (Macintosh; Intel Mac OS X 10_15_7) AppleWebKit/605.1.15 (KHTML, like Gecko) Version/17.4 Safari/605.1.15 (Applebot/0.1; +http://www.apple.com/go/applebot)"
