217.113.194.124 - - [20/Jun/2026:16:22:07 +0200] "GET /2026/01/12/australian-continent-culture-issues-free-spins-no-deposit-win-sum-dim-sum-take-a-trip/ HTTP/1.1" 200 0 "-" "Mozilla/5.0 (compatible; Barkrowler/0.9; +https://babbar.tech/crawler)"
217.113.194.125 - - [20/Jun/2026:16:24:08 +0200] "GET /2026/01/14/sweepstakes-gambling-establishment-no-deposit-incentive-listing-january-halloween-jack-slot-2026/ HTTP/1.1" 200 0 "-" "Mozilla/5.0 (compatible; Barkrowler/0.9; +https://babbar.tech/crawler)"
217.113.194.128 - - [20/Jun/2026:16:24:38 +0200] "GET /2026/03/31/eye-of-horus-tricks-tipps-vulkan-spiele-promo-codes-maklercourtage-enthullt-2026/ HTTP/1.1" 200 0 "-" "Mozilla/5.0 (compatible; Barkrowler/0.9; +https://babbar.tech/crawler)"
217.113.194.130 - - [20/Jun/2026:16:24:54 +0200] "GET /2026/03/31/twenty-three-all-uk-%EF%BF%BD-preferred-online-gambling-webpages-united-kingdom-with-wagering/ HTTP/1.1" 200 0 "-" "Mozilla/5.0 (compatible; Barkrowler/0.9; +https://babbar.tech/crawler)"
77.75.78.160 - - [20/Jun/2026:16:25:00 +0200] "GET /jak-zjistit-silu-leku/ HTTP/1.1" 200 0 "-" "Mozilla/5.0 (compatible; SeznamBot/4.0; +https://o-seznam.cz/napoveda/vyhledavani/en/seznambot-crawler/)"
185.252.223.20 - - [20/Jun/2026:16:25:37 +0200] "POST /xmlrpc.php HTTP/1.1" 200 5929 "-" "Mozilla/5.0 (Windows NT 10.0; Win64; x64) AppleWebKit/537.36 (KHTML, like Gecko) Chrome/114.0.0.0 Safari/537.36"
217.113.194.123 - - [20/Jun/2026:16:27:10 +0200] "GET /2026/05/13/legitimate-no-wagering-zero-put-bonuses-try-unusual-from-the-united-states-controlled-casinos/ HTTP/1.1" 200 0 "-" "Mozilla/5.0 (compatible; Barkrowler/0.9; +https://babbar.tech/crawler)"
217.113.194.228 - - [20/Jun/2026:16:27:25 +0200] "GET /2026/05/13/letendue-optimales-auront-la-possibilite-de-troquer-chez-role-dans-regle-vip/ HTTP/1.1" 200 0 "-" "Mozilla/5.0 (compatible; Barkrowler/0.9; +https://babbar.tech/crawler)"
217.113.194.248 - - [20/Jun/2026:16:28:11 +0200] "GET /2026/04/19/ihr-faszinierender-slot-in-einem-charmanten-agyptischen-fragestellung/ HTTP/1.1" 200 0 "-" "Mozilla/5.0 (compatible; Barkrowler/0.9; +https://babbar.tech/crawler)"
217.113.194.129 - - [20/Jun/2026:16:16:48 +0200] "GET /2026/03/26/avantaje-cand-depui-doar-al-zecelea-lei-pe-cazinourile-online/ HTTP/1.1" 200 0 "-" "Mozilla/5.0 (compatible; Barkrowler/0.9; +https://babbar.tech/crawler)"
45.250.252.162 - - [20/Jun/2026:16:16:52 +0200] "GET /2026/06/20/major-many-slot-comment-gambling-enterprises-jackpot-jester-50000-slot-sites-microgaming/ HTTP/1.1" 200 0 "-" "Mozilla/5.0 (Windows NT 10.0; Win64; x64) AppleWebKit/537.36 (KHTML, like Gecko) Chrome/124.0.0.0 Safari/537.36"
103.219.169.163 - - [20/Jun/2026:16:19:20 +0200] "POST /xmlrpc.php HTTP/1.1" 200 22819 "-" "Mozilla/5.0 (Windows NT 10.0; Win64; x64) AppleWebKit/537.36 (KHTML, like Gecko) Chrome/114.0.0.0 Safari/537.36"
217.113.194.126 - - [20/Jun/2026:16:19:35 +0200] "GET /2026/05/18/a-real-income-local-casino-sites-render-different-ways-to-have-customers-to-cover-their-accounts/ HTTP/1.1" 200 0 "-" "Mozilla/5.0 (compatible; Barkrowler/0.9; +https://babbar.tech/crawler)"
103.219.169.163 - - [20/Jun/2026:16:19:23 +0200] "POST /xmlrpc.php HTTP/1.1" 200 5926 "-" "Mozilla/5.0 (Windows NT 10.0; Win64; x64) AppleWebKit/537.36 (KHTML, like Gecko) Chrome/114.0.0.0 Safari/537.36"
217.113.194.129 - - [20/Jun/2026:16:20:36 +0200] "GET /2026/01/18/beste-verbunden-spielbank-einzahlungsbonus-unter-anderem-angebote-im-2025/ HTTP/1.1" 200 0 "-" "Mozilla/5.0 (compatible; Barkrowler/0.9; +https://babbar.tech/crawler)"
217.113.194.123 - - [20/Jun/2026:16:21:06 +0200] "GET /2026/02/27/chetu-is-a-custom-made-software-innovation-business-that-offers-tailored-sweepstakes-gaming-platforms/ HTTP/1.1" 200 0 "-" "Mozilla/5.0 (compatible; Barkrowler/0.9; +https://babbar.tech/crawler)"
217.113.194.129 - - [20/Jun/2026:16:21:36 +0200] "GET /2026/02/27/stardust-gambling-enterprise-coupon-codes-totally-free-gold-coins-for-existing-participants/ HTTP/1.1" 200 0 "-" "Mozilla/5.0 (compatible; Barkrowler/0.9; +https://babbar.tech/crawler)"
158.173.241.51 - - [20/Jun/2026:16:25:07 +0200] "GET /2026/05/21/gagner-avec-winbeatz-facilement-3/ HTTP/1.1" 200 0 "https://themomotimes.com/" "Mozilla/5.0 (Windows NT 10.0; Win64; x64; rv:147.0) Gecko/20100101 Firefox/147.0"
65.21.228.101 - - [20/Jun/2026:16:26:21 +0200] "POST /wp-cron.php?doing_wp_cron=1781965581.5619199275970458984375 HTTP/1.1" 200 0 "-" "WordPress/7.0; https://themomotimes.com"
185.252.223.20 - - [20/Jun/2026:16:26:28 +0200] "GET /2026/06/20/kiedy-powinienes-zdecydowac-ale-grasz-w-kasynie-mobilnym-daje-ci-z-zerowa-wplata-moga-miec-scisle-szczegolny-limit-zarobki/ HTTP/1.1" 200 0 "-" "Mozilla/5.0 (Windows NT 10.0; Win64; x64) AppleWebKit/537.36 (KHTML, like Gecko) Chrome/124.0.0.0 Safari/537.36"
217.113.194.124 - - [20/Jun/2026:16:29:27 +0200] "GET /2026/03/16/better-totally-free-spins-us-2026-put-and-no-deposit-hot-zone-rtp-casino-incentives/ HTTP/1.1" 200 0 "-" "Mozilla/5.0 (compatible; Barkrowler/0.9; +https://babbar.tech/crawler)"
217.113.194.228 - - [20/Jun/2026:16:32:29 +0200] "GET /2026/05/08/intouch-game-gambling-enterprises-no-deposit-incentives-totally-free-revolves-games-checklist/ HTTP/1.1" 200 0 "-" "Mozilla/5.0 (compatible; Barkrowler/0.9; +https://babbar.tech/crawler)"
217.113.194.228 - - [20/Jun/2026:16:35:00 +0200] "GET /2026/02/05/giros-machance-regalado-top-casinos-joviales-tiradas-de-balde-sobre-2026/ HTTP/1.1" 200 0 "-" "Mozilla/5.0 (compatible; Barkrowler/0.9; +https://babbar.tech/crawler)"
106.212.76.214 - - [20/Jun/2026:16:35:03 +0200] "GET /2026/06/01/bdmbets-casino-zanesljivost-igre/ HTTP/1.1" 200 0 "https://themomotimes.com/" "Mozilla/5.0 (X11; Linux x86_64; rv:147.0) Gecko/20100101 Firefox/147.0"
217.113.194.126 - - [20/Jun/2026:16:36:16 +0200] "GET /2026/01/15/fafafa-from-the-spadegaming-demonstration-online-casino-house-of-fun-play-free-slot-video-game/ HTTP/1.1" 200 0 "-" "Mozilla/5.0 (compatible; Barkrowler/0.9; +https://babbar.tech/crawler)"
217.113.194.248 - - [20/Jun/2026:16:37:02 +0200] "GET /2026/03/07/gewinner-spielbank-bonus-osterreich-zweiter-monat-des-jahres-2026-aktuelle-codes/ HTTP/1.1" 200 0 "-" "Mozilla/5.0 (compatible; Barkrowler/0.9; +https://babbar.tech/crawler)"
217.113.194.123 - - [20/Jun/2026:16:09:13 +0200] "GET /2026/05/17/us-play-wild-antics-free-spins-gambling-establishment-incentives-no-deposit-sale-2026/ HTTP/1.1" 200 0 "-" "Mozilla/5.0 (compatible; Barkrowler/0.9; +https://babbar.tech/crawler)"
217.113.194.126 - - [20/Jun/2026:16:11:30 +0200] "GET /2026/05/14/wynn-hotel-is-actually-struggling-to-reach-a-compensation-contract-that-have-mayor-martin-j/ HTTP/1.1" 200 0 "-" "Mozilla/5.0 (compatible; Barkrowler/0.9; +https://babbar.tech/crawler)"
217.113.194.122 - - [20/Jun/2026:16:11:45 +0200] "GET /2026/05/14/odkrijte-skrivnosti-prihrankov-z-winbay-slovenia-promo-kodami/ HTTP/1.1" 200 0 "-" "Mozilla/5.0 (compatible; Barkrowler/0.9; +https://babbar.tech/crawler)"
217.113.194.227 - - [20/Jun/2026:16:14:16 +0200] "GET /2026/01/20/finest-united-states-web-verde-casino-canada-bonus-based-casinos-having-a-real-income-payouts/ HTTP/1.1" 200 0 "-" "Mozilla/5.0 (compatible; Barkrowler/0.9; +https://babbar.tech/crawler)"
217.181.66.153 - - [20/Jun/2026:16:15:02 +0200] "GET /2025/06/26/live-poker-nederland/ HTTP/1.1" 200 0 "https://themomotimes.com/" "Mozilla/5.0 (X11; CrOS x86_64 14541.0.0) AppleWebKit/537.36 (KHTML, like Gecko) Chrome/144.0.0.0 Safari/537.36"
217.113.194.126 - - [20/Jun/2026:16:15:47 +0200] "GET /2026/04/28/finest-casino-games-on-the-internet-you-to-definitely-shell-out-real-money-with-high-profits/ HTTP/1.1" 200 0 "-" "Mozilla/5.0 (compatible; Barkrowler/0.9; +https://babbar.tech/crawler)"
217.113.194.128 - - [20/Jun/2026:16:17:03 +0200] "GET /2026/03/26/to-begin-with-we-seek-out-is-the-licence-additionally-the-safety-and-security-provides/ HTTP/1.1" 200 0 "-" "Mozilla/5.0 (compatible; Barkrowler/0.9; +https://babbar.tech/crawler)"
217.113.194.248 - - [20/Jun/2026:16:17:18 +0200] "GET /2026/03/26/large-5-gambling-enterprise-%EF%BF%BD-the-fresh-seasoned-that-have-unlimited-range/ HTTP/1.1" 200 0 "-" "Mozilla/5.0 (compatible; Barkrowler/0.9; +https://babbar.tech/crawler)"
217.113.194.126 - - [20/Jun/2026:16:18:49 +0200] "GET /2026/05/18/step-1-deposit-casinos-2026-best-tomb-raider-casino-bonus-1-lowest-put-casinos/ HTTP/1.1" 200 0 "-" "Mozilla/5.0 (compatible; Barkrowler/0.9; +https://babbar.tech/crawler)"
65.21.228.101 - - [20/Jun/2026:16:20:20 +0200] "POST /wp-cron.php?doing_wp_cron=1781965220.1076409816741943359375 HTTP/1.1" 200 0 "-" "WordPress/7.0; https://themomotimes.com"
217.113.194.124 - - [20/Jun/2026:16:25:24 +0200] "GET /2026/05/13/vor-oder-nachteile-beim-auffuhren-in-einem-spielbank-ohne-billigung/ HTTP/1.1" 200 0 "-" "Mozilla/5.0 (compatible; Barkrowler/0.9; +https://babbar.tech/crawler)"
217.113.194.125 - - [20/Jun/2026:16:25:54 +0200] "GET /2026/05/13/no-deposit-added-bonus-within-the-gambling-enterprise-within-the-2026-100-percent-free-spins/ HTTP/1.1" 200 0 "-" "Mozilla/5.0 (compatible; Barkrowler/0.9; +https://babbar.tech/crawler)"
217.113.194.128 - - [20/Jun/2026:16:30:12 +0200] "GET /2026/03/16/60-freispiele-book-of-dead-ohne-einzahlung-tagesordnungspunkt-angebote-2026/ HTTP/1.1" 200 0 "-" "Mozilla/5.0 (compatible; Barkrowler/0.9; +https://babbar.tech/crawler)"
217.113.194.124 - - [20/Jun/2026:16:32:59 +0200] "GET /2026/02/02/5-deposit-casino-extra-better-minimal-dollars-also-provides-to-possess-flashdash-bonus-2026/ HTTP/1.1" 200 0 "-" "Mozilla/5.0 (compatible; Barkrowler/0.9; +https://babbar.tech/crawler)"
217.113.194.123 - - [20/Jun/2026:16:34:45 +0200] "GET /2026/05/04/google-pay-und-apple-company-pay-%EF%BF%BD-rechtskraftig-zwerk-hd-auf-achse/ HTTP/1.1" 200 0 "-" "Mozilla/5.0 (compatible; Barkrowler/0.9; +https://babbar.tech/crawler)"
217.113.194.130 - - [20/Jun/2026:16:36:46 +0200] "GET /2026/03/02/los-mas-grandes-casinos-online-de-ee-uu-en-tragamonedas-kronos-january-sobre-2026/ HTTP/1.1" 200 0 "-" "Mozilla/5.0 (compatible; Barkrowler/0.9; +https://babbar.tech/crawler)"
217.113.194.228 - - [20/Jun/2026:16:37:17 +0200] "GET /2026/03/05/mrq-most-recent-campaigns-incentives-slot-now-offers-zero-grey-eagle-casino-betting/ HTTP/1.1" 200 0 "-" "Mozilla/5.0 (compatible; Barkrowler/0.9; +https://babbar.tech/crawler)"
217.113.194.125 - - [20/Jun/2026:16:25:09 +0200] "GET /2026/03/31/suggerimenti-per-la-navigazione-trova-velocemente-rso-tuoi-giochi-preferiti/ HTTP/1.1" 200 0 "-" "Mozilla/5.0 (compatible; Barkrowler/0.9; +https://babbar.tech/crawler)"
217.113.194.228 - - [20/Jun/2026:16:29:11 +0200] "GET /2026/03/16/happy-twins-position-real-cash-rtp-maximum-winnings-and-bonus-grand-bay-casino-paylines/ HTTP/1.1" 200 0 "-" "Mozilla/5.0 (compatible; Barkrowler/0.9; +https://babbar.tech/crawler)"
217.113.194.126 - - [20/Jun/2026:16:29:42 +0200] "GET /2026/03/16/kazino-onlain-2026-polucite-nezabyvaemye-vpecatleniia1771/ HTTP/1.1" 200 0 "-" "Mozilla/5.0 (compatible; Barkrowler/0.9; +https://babbar.tech/crawler)"
217.113.194.128 - - [20/Jun/2026:16:31:43 +0200] "GET /2026/05/08/erreichbar-casinos-deutschland-2026-register-von-95-super-dice-bewertung-anbietern/ HTTP/1.1" 200 0 "-" "Mozilla/5.0 (compatible; Barkrowler/0.9; +https://babbar.tech/crawler)"
135.136.0.214 - - [20/Jun/2026:16:31:23 +0200] "POST /xmlrpc.php HTTP/1.1" 200 5929 "-" "Mozilla/5.0 (Windows NT 10.0; Win64; x64) AppleWebKit/537.36 (KHTML, like Gecko) Chrome/114.0.0.0 Safari/537.36"
135.136.0.214 - - [20/Jun/2026:16:32:11 +0200] "POST /xmlrpc.php HTTP/1.1" 200 17670 "-" "Mozilla/5.0 (Windows NT 10.0; Win64; x64) AppleWebKit/537.36 (KHTML, like Gecko) Chrome/114.0.0.0 Safari/537.36"
135.136.0.214 - - [20/Jun/2026:16:32:12 +0200] "GET /2026/06/20/accesarea-jocurilor-din-cazino-preferate-nu-a-fost-niciodata-mai-uoara/ HTTP/1.1" 200 0 "-" "Mozilla/5.0 (Windows NT 10.0; rv:109.0) Gecko/20100101 Firefox/115.0"
135.136.0.214 - - [20/Jun/2026:16:32:12 +0200] "POST /xmlrpc.php HTTP/1.1" 200 5926 "-" "Mozilla/5.0 (Windows NT 10.0; Win64; x64) AppleWebKit/537.36 (KHTML, like Gecko) Chrome/114.0.0.0 Safari/537.36"
65.21.228.101 - - [20/Jun/2026:16:34:03 +0200] "POST /wp-cron.php?doing_wp_cron=1781966043.1788239479064941406250 HTTP/1.1" 200 0 "-" "WordPress/7.0; https://themomotimes.com"
146.70.226.22 - - [20/Jun/2026:16:33:19 +0200] "POST /xmlrpc.php HTTP/1.1" 200 5929 "-" "Mozilla/5.0 (Windows NT 10.0; Win64; x64) AppleWebKit/537.36 (KHTML, like Gecko) Chrome/114.0.0.0 Safari/537.36"
146.70.226.22 - - [20/Jun/2026:16:34:08 +0200] "POST /xmlrpc.php HTTP/1.1" 200 17260 "-" "Mozilla/5.0 (Windows NT 10.0; Win64; x64) AppleWebKit/537.36 (KHTML, like Gecko) Chrome/114.0.0.0 Safari/537.36"
146.70.226.22 - - [20/Jun/2026:16:34:08 +0200] "GET /2026/06/20/the-fresh-betting-standards-are-much-far-more-in-balance-in-the-event-that-deposit-extra-are-spread-out-similar-to-this/ HTTP/1.1" 200 0 "-" "Mozilla/5.0 (Windows NT 10.0; Win64; x64) AppleWebKit/537.36 (KHTML, like Gecko) Chrome/123.0.0.0 Safari/537.36 OPR/109.0.0.0"
146.70.226.22 - - [20/Jun/2026:16:34:08 +0200] "POST /xmlrpc.php HTTP/1.1" 200 5926 "-" "Mozilla/5.0 (Windows NT 10.0; Win64; x64) AppleWebKit/537.36 (KHTML, like Gecko) Chrome/114.0.0.0 Safari/537.36"
217.113.194.124 - - [20/Jun/2026:16:35:46 +0200] "GET /2026/03/08/wonderful-goddess-position-enjoy-online-slots-free-of-charge-within-the-trial-adaptation/ HTTP/1.1" 200 0 "-" "Mozilla/5.0 (compatible; Barkrowler/0.9; +https://babbar.tech/crawler)"
217.113.194.128 - - [20/Jun/2026:16:38:33 +0200] "GET /2026/05/20/of-the-gambling-youre-persisted-to-play-the-overall-game-which-form-these-are-generally-unstable/ HTTP/1.1" 200 0 "-" "Mozilla/5.0 (compatible; Barkrowler/0.9; +https://babbar.tech/crawler)"
217.113.194.228 - - [20/Jun/2026:16:40:04 +0200] "GET /2025/09/27/guia-experta-para-maximizar-bonos-y-giros-gratis-en-casino-trilenium-esta-navidad/ HTTP/1.1" 200 0 "-" "Mozilla/5.0 (compatible; Barkrowler/0.9; +https://babbar.tech/crawler)"
217.113.194.127 - - [20/Jun/2026:16:41:04 +0200] "GET /2026/04/23/you-can-enjoy-a-popular-alive-casino-games-on-the-go-as-a-result-of-excellent-mobile-optimization/ HTTP/1.1" 200 0 "-" "Mozilla/5.0 (compatible; Barkrowler/0.9; +https://babbar.tech/crawler)"
65.21.228.101 - - [20/Jun/2026:16:41:51 +0200] "POST /wp-cron.php?doing_wp_cron=1781966510.9943780899047851562500 HTTP/1.1" 200 0 "-" "WordPress/7.0; https://themomotimes.com"
217.113.194.124 - - [20/Jun/2026:16:20:20 +0200] "GET /2026/01/25/beste-echtgeld-online-casinos-alle-inside-einer-penalty-duel-online-casino-kasino-liste2026/ HTTP/1.1" 200 0 "-" "Mozilla/5.0 (compatible; Barkrowler/0.9; +https://babbar.tech/crawler)"
135.136.0.214 - - [20/Jun/2026:16:22:03 +0200] "POST /xmlrpc.php HTTP/1.1" 200 5929 "-" "Mozilla/5.0 (Windows NT 10.0; Win64; x64) AppleWebKit/537.36 (KHTML, like Gecko) Chrome/114.0.0.0 Safari/537.36"
135.136.0.214 - - [20/Jun/2026:16:22:53 +0200] "POST /xmlrpc.php HTTP/1.1" 200 15349 "-" "Mozilla/5.0 (Windows NT 10.0; Win64; x64) AppleWebKit/537.36 (KHTML, like Gecko) Chrome/114.0.0.0 Safari/537.36"
135.136.0.214 - - [20/Jun/2026:16:22:54 +0200] "GET /2026/06/20/najnizsza-wplata-technologia-informacyjna-dziesiatka-%EF%BF%BD-a-dodatkowy-bonus-przyznawany-jest-w-trakcie-tej-samej-filozofia-tylko-ile-wynosila-darowizna/ HTTP/1.1" 200 0 "-" "Mozilla/5.0 (Windows NT 10.0; Win64; x64) AppleWebKit/537.36 (KHTML, like Gecko) Chrome/109.0.0.0 Safari/537.36"
135.136.0.214 - - [20/Jun/2026:16:22:55 +0200] "POST /xmlrpc.php HTTP/1.1" 200 5926 "-" "Mozilla/5.0 (Windows NT 10.0; Win64; x64) AppleWebKit/537.36 (KHTML, like Gecko) Chrome/114.0.0.0 Safari/537.36"
158.173.241.19 - - [20/Jun/2026:16:25:07 +0200] "GET /2026/05/21/gagner-avec-winbeatz-facilement-3/ HTTP/1.1" 200 0 "https://themomotimes.com/" "Mozilla/5.0 (Windows NT 10.0; Win64; x64; rv:147.0) Gecko/20100101 Firefox/147.0"
217.113.194.227 - - [20/Jun/2026:16:25:39 +0200] "GET /2026/05/13/echtgeld-online-poker-inside-bundesrepublik-legale-ernahrer-ferner-rechtslage/ HTTP/1.1" 200 0 "-" "Mozilla/5.0 (compatible; Barkrowler/0.9; +https://babbar.tech/crawler)"
185.252.223.20 - - [20/Jun/2026:16:26:27 +0200] "POST /xmlrpc.php HTTP/1.1" 200 18909 "-" "Mozilla/5.0 (Windows NT 10.0; Win64; x64) AppleWebKit/537.36 (KHTML, like Gecko) Chrome/114.0.0.0 Safari/537.36"
217.113.194.122 - - [20/Jun/2026:16:26:55 +0200] "GET /2026/05/13/en-los-primero-es-antes-juegos-de-casino-puedo-participar-acerca-de-el-android/ HTTP/1.1" 200 0 "-" "Mozilla/5.0 (compatible; Barkrowler/0.9; +https://babbar.tech/crawler)"
217.113.194.127 - - [20/Jun/2026:16:29:57 +0200] "GET /2026/03/16/recompense-pour-casino-a-l%EF%BF%BDexclusion-de-annales-de-surcroit-bonus-complaisants/ HTTP/1.1" 200 0 "-" "Mozilla/5.0 (compatible; Barkrowler/0.9; +https://babbar.tech/crawler)"
217.113.194.126 - - [20/Jun/2026:16:30:27 +0200] "GET /2026/04/27/online-spielbank-unter-einsatz-von-hoher-auszahlungsquote-beste-ernahrer-2026/ HTTP/1.1" 200 0 "-" "Mozilla/5.0 (compatible; Barkrowler/0.9; +https://babbar.tech/crawler)"
217.113.194.228 - - [20/Jun/2026:16:30:42 +0200] "GET /2026/02/24/najlepsie-online-vyherne-automaty-v-australii-skutocne-peniaze-v-januari/ HTTP/1.1" 200 0 "-" "Mozilla/5.0 (compatible; Barkrowler/0.9; +https://babbar.tech/crawler)"
65.21.228.101 - - [20/Jun/2026:16:32:06 +0200] "POST /wp-cron.php?doing_wp_cron=1781965926.8980119228363037109375 HTTP/1.1" 200 0 "-" "WordPress/7.0; https://themomotimes.com"
217.113.194.129 - - [20/Jun/2026:16:33:14 +0200] "GET /2026/02/02/che-tipo-di-acquistare-le-offerte-in-assenza-di-sotto-sopra-siti-esteri/ HTTP/1.1" 200 0 "-" "Mozilla/5.0 (compatible; Barkrowler/0.9; +https://babbar.tech/crawler)"
217.113.194.126 - - [20/Jun/2026:16:36:31 +0200] "GET /2026/01/15/enjoy-from-the-top-harbors-on-flowers-1-deposit-the-internet-for-real-currency-casinos-2025/ HTTP/1.1" 200 0 "-" "Mozilla/5.0 (compatible; Barkrowler/0.9; +https://babbar.tech/crawler)"
217.113.194.131 - - [20/Jun/2026:16:37:32 +0200] "GET /2026/03/05/mbit-local-casino-no-deposit-bonus-50-free-lucky-8-line-casino-revolves-bonus-code/ HTTP/1.1" 200 0 "-" "Mozilla/5.0 (compatible; Barkrowler/0.9; +https://babbar.tech/crawler)"
47.82.11.104 - - [20/Jun/2026:16:44:56 +0200] "GET /2026/03/03/8-seriose-casinos-platincasino-100-kostenlose-spins-inoffizieller-mitarbeiter-erprobung/ HTTP/1.1" 200 0 "https://themomotimes.com/" "Mozilla/5.0 (Windows NT 10.0; Win64; x64) AppleWebKit/537.36 (KHTML, like Gecko) Chrome/134.0.0.0 Safari/537.36"
217.113.194.248 - - [20/Jun/2026:16:22:37 +0200] "GET /2026/01/12/this-is-basically-the-first-game-created-by-igt-once-they-had-the-necessary-license/ HTTP/1.1" 200 0 "-" "Mozilla/5.0 (compatible; Barkrowler/0.9; +https://babbar.tech/crawler)"
146.70.226.85 - - [20/Jun/2026:16:22:48 +0200] "POST /xmlrpc.php HTTP/1.1" 200 1686 "-" "Mozilla/5.0 (Windows NT 10.0; Win64; x64) AppleWebKit/537.36 (KHTML, like Gecko) Chrome/114.0.0.0 Safari/537.36"
217.113.194.248 - - [20/Jun/2026:16:22:52 +0200] "GET /2026/04/14/clover-gambling-enterprise-uk-local-casino-fortunes-of-sparta-slot-game-programs-online-enjoy/ HTTP/1.1" 200 0 "-" "Mozilla/5.0 (compatible; Barkrowler/0.9; +https://babbar.tech/crawler)"
193.24.208.14 - - [20/Jun/2026:16:23:15 +0200] "GET /2026/05/21/gagner-avec-winbeatz-facilement-3/ HTTP/1.1" 200 0 "https://themomotimes.com" "Mozilla/5.0 (Windows NT 10.0; Win64; x64) AppleWebKit/537.36 (KHTML, like Gecko) Chrome/62.0.3202.94 Safari/537.36"
217.113.194.127 - - [20/Jun/2026:16:23:53 +0200] "GET /2026/01/14/totally-150-chances-deep-blue-sea-free-slots-on-line-gamble-100-percent-free-slot-game-on-line/ HTTP/1.1" 200 0 "-" "Mozilla/5.0 (compatible; Barkrowler/0.9; +https://babbar.tech/crawler)"
158.173.241.185 - - [20/Jun/2026:16:25:07 +0200] "GET /2026/05/21/gagner-avec-winbeatz-facilement-3/ HTTP/1.1" 200 0 "https://themomotimes.com/" "Mozilla/5.0 (Windows NT 10.0; Win64; x64; rv:147.0) Gecko/20100101 Firefox/147.0"
217.113.194.130 - - [20/Jun/2026:16:26:09 +0200] "GET /2026/05/13/casumo-spiele-heimatland-von-uber-2-000-star-joker-slot-kasino-auffuhren/ HTTP/1.1" 200 0 "-" "Mozilla/5.0 (compatible; Barkrowler/0.9; +https://babbar.tech/crawler)"
217.113.194.126 - - [20/Jun/2026:16:26:40 +0200] "GET /2026/05/13/finest-online-casinos-the-real-deal-money-7-local-casino-sites-to-try-now-can-get-5/ HTTP/1.1" 200 0 "-" "Mozilla/5.0 (compatible; Barkrowler/0.9; +https://babbar.tech/crawler)"
217.113.194.131 - - [20/Jun/2026:16:28:56 +0200] "GET /2026/03/16/lucky-days-bonuscode-tora-1-000-100-freispiele-slot-cash-elevator-feb-2026/ HTTP/1.1" 200 0 "-" "Mozilla/5.0 (compatible; Barkrowler/0.9; +https://babbar.tech/crawler)"
106.212.76.214 - - [20/Jun/2026:16:35:02 +0200] "GET /2026/06/01/bdmbets-casino-zanesljivost-igre/ HTTP/1.1" 200 0 "https://themomotimes.com/" "Mozilla/5.0 (X11; Linux x86_64; rv:147.0) Gecko/20100101 Firefox/147.0"
106.212.76.214 - - [20/Jun/2026:16:35:04 +0200] "GET /2026/06/01/bdmbets-casino-zanesljivost-igre/ HTTP/1.1" 200 0 "https://themomotimes.com/" "Mozilla/5.0 (X11; Linux x86_64; rv:147.0) Gecko/20100101 Firefox/147.0"
217.113.194.130 - - [20/Jun/2026:16:35:31 +0200] "GET /2026/03/08/eye-of-horus-casinos-sonnennachster-planet-klassiker-verbunden-auffuhren-2/ HTTP/1.1" 200 0 "-" "Mozilla/5.0 (compatible; Barkrowler/0.9; +https://babbar.tech/crawler)"
217.113.194.131 - - [20/Jun/2026:16:38:17 +0200] "GET /2026/04/26/this-will-make-them-a-famous-selection-for-big-spenders-looking-for-big-gambling-ventures/ HTTP/1.1" 200 0 "-" "Mozilla/5.0 (compatible; Barkrowler/0.9; +https://babbar.tech/crawler)"
217.113.194.131 - - [20/Jun/2026:16:40:19 +0200] "GET /2026/04/22/qualsivoglia-tipi-di-emolumento-sulle-piattaforme-di-scommesse-non-aams/ HTTP/1.1" 200 0 "-" "Mozilla/5.0 (compatible; Barkrowler/0.9; +https://babbar.tech/crawler)"
217.113.194.127 - - [20/Jun/2026:16:42:06 +0200] "GET /2026/04/24/eye-of-horus-entdecke-welches-horus-casino-return-to-the-feature-bonusspiel-spannung/ HTTP/1.1" 200 0 "-" "Mozilla/5.0 (compatible; Barkrowler/0.9; +https://babbar.tech/crawler)"
217.113.194.126 - - [20/Jun/2026:16:44:07 +0200] "GET /2026/04/23/bitcoin-local-gate-777-casino-new-zealand-casino-multi-top-rated-crypto-gambling-enterprise/ HTTP/1.1" 200 0 "-" "Mozilla/5.0 (compatible; Barkrowler/0.9; +https://babbar.tech/crawler)"
217.113.194.228 - - [20/Jun/2026:16:45:54 +0200] "GET /2026/04/23/fragabet-chile-ve-del-juego-por-la-red-favorable-time-agent-en-el-casino-pokerstars/ HTTP/1.1" 200 0 "-" "Mozilla/5.0 (compatible; Barkrowler/0.9; +https://babbar.tech/crawler)"
217.113.194.130 - - [20/Jun/2026:16:27:56 +0200] "GET /2026/03/21/goldilocks-as-well-as-the-5-free-no-deposit-casinos-insane-contains-slot-comment/ HTTP/1.1" 200 0 "-" "Mozilla/5.0 (compatible; Barkrowler/0.9; +https://babbar.tech/crawler)"
47.82.11.84 - - [20/Jun/2026:16:28:41 +0200] "GET /2026/01/08/soaring-payouts-await-pilot-your-way-to-250x-wins-21/ HTTP/1.1" 200 0 "https://themomotimes.com/" "Mozilla/5.0 (Macintosh; Intel Mac OS X 10_15_7) AppleWebKit/605.1.15 (KHTML, like Gecko) Version/18.3.1 Safari/605.1.15"
217.113.194.122 - - [20/Jun/2026:16:28:41 +0200] "GET /2026/04/19/seriose-angeschlossen-casinos-2026-perish-casinos-sie-sind-ernsthaft/ HTTP/1.1" 200 0 "-" "Mozilla/5.0 (compatible; Barkrowler/0.9; +https://babbar.tech/crawler)"
217.113.194.130 - - [20/Jun/2026:16:30:58 +0200] "GET /2026/05/08/one-hundred-100-percent-free-revolves-added-bonus-toward-registration-no-deposit-southern-africa/ HTTP/1.1" 200 0 "-" "Mozilla/5.0 (compatible; Barkrowler/0.9; +https://babbar.tech/crawler)"
217.113.194.128 - - [20/Jun/2026:16:32:13 +0200] "GET /2026/05/08/so-astro-fruit-120-freie-spins-weit-wie-1-000-willkommensbonus-bewachen/ HTTP/1.1" 200 0 "-" "Mozilla/5.0 (compatible; Barkrowler/0.9; +https://babbar.tech/crawler)"
217.113.194.125 - - [20/Jun/2026:16:34:00 +0200] "GET /2026/01/24/finest-free-spins-gambling-enterprises-no-deposit-100-percent-free-spins-incentives-2026/ HTTP/1.1" 200 0 "-" "Mozilla/5.0 (compatible; Barkrowler/0.9; +https://babbar.tech/crawler)"
217.113.194.125 - - [20/Jun/2026:16:35:15 +0200] "GET /2026/03/10/vyhrajte-s-ahkosou-ziskajte-exkluzivne-odmeny-vaka/ HTTP/1.1" 200 0 "-" "Mozilla/5.0 (compatible; Barkrowler/0.9; +https://babbar.tech/crawler)"
47.82.11.52 - - [20/Jun/2026:16:37:25 +0200] "GET /2026/03/17/fortunes-fall-master-the-art-of-calculated-risk-2/ HTTP/1.1" 200 0 "https://themomotimes.com/" "Mozilla/5.0 (Windows NT 10.0; Win64; x64) AppleWebKit/537.36 (KHTML, like Gecko) Chrome/134.0.0.0 Safari/537.36"
217.113.194.123 - - [20/Jun/2026:16:38:48 +0200] "GET /2026/05/21/zahlungsmethoden-fur-jedes-der-oder-auszahlungen-im-vulkan-las-vegas-kasino/ HTTP/1.1" 200 0 "-" "Mozilla/5.0 (compatible; Barkrowler/0.9; +https://babbar.tech/crawler)"
217.113.194.131 - - [20/Jun/2026:16:39:48 +0200] "GET /2025/08/11/strategia-di-crescita-mobile-nei-casino-online-integrazione-di-apple-pay-e-google-pay/ HTTP/1.1" 200 0 "-" "Mozilla/5.0 (compatible; Barkrowler/0.9; +https://babbar.tech/crawler)"
217.113.194.124 - - [20/Jun/2026:16:40:49 +0200] "GET /2026/04/23/video-poker-online-2026-gratis-unter-anderem-via-casino-siru-mobile-echtgeld/ HTTP/1.1" 200 0 "-" "Mozilla/5.0 (compatible; Barkrowler/0.9; +https://babbar.tech/crawler)"
217.113.194.131 - - [20/Jun/2026:16:44:23 +0200] "GET /2026/04/23/but-not-side-bets-include-a-top-house-border-and-that-reduces-the-rtp-of-your-game/ HTTP/1.1" 200 0 "-" "Mozilla/5.0 (compatible; Barkrowler/0.9; +https://babbar.tech/crawler)"
217.113.194.124 - - [20/Jun/2026:16:45:23 +0200] "GET /2026/04/18/dead-or-real-time-2-position-remark-2026-step-three-totally-free-twist-series/ HTTP/1.1" 200 0 "-" "Mozilla/5.0 (compatible; Barkrowler/0.9; +https://babbar.tech/crawler)"
65.21.228.101 - - [20/Jun/2026:16:45:29 +0200] "POST /wp-cron.php?doing_wp_cron=1781966729.2802150249481201171875 HTTP/1.1" 200 0 "-" "WordPress/7.0; https://themomotimes.com"
217.113.194.124 - - [20/Jun/2026:16:45:38 +0200] "GET /2026/04/23/der-fruchtbarer-link-beste-erreichbar-casino-bonus-exklusive-einzahlung-2026/ HTTP/1.1" 200 0 "-" "Mozilla/5.0 (compatible; Barkrowler/0.9; +https://babbar.tech/crawler)"
65.21.228.101 - - [20/Jun/2026:16:45:50 +0200] "POST /wp-cron.php?doing_wp_cron=1781966750.4786899089813232421875 HTTP/1.1" 200 0 "-" "WordPress/7.0; https://themomotimes.com"
185.252.223.20 - - [20/Jun/2026:16:45:56 +0200] "POST /xmlrpc.php HTTP/1.1" 200 17206 "-" "Mozilla/5.0 (Windows NT 10.0; Win64; x64) AppleWebKit/537.36 (KHTML, like Gecko) Chrome/114.0.0.0 Safari/537.36"
217.113.194.227 - - [20/Jun/2026:16:15:17 +0200] "GET /2026/04/28/exactly-how-volatility-has-an-effect-on-play-for-the-internet-local-casino-vegas-harbors/ HTTP/1.1" 200 0 "-" "Mozilla/5.0 (compatible; Barkrowler/0.9; +https://babbar.tech/crawler)"
217.113.194.124 - - [20/Jun/2026:16:18:04 +0200] "GET /2026/03/26/crypto-local-casino-and-sportsbook-590percent-bonus-and-sweet-paradise-mobile-225-free-spins/ HTTP/1.1" 200 0 "-" "Mozilla/5.0 (compatible; Barkrowler/0.9; +https://babbar.tech/crawler)"
217.113.194.127 - - [20/Jun/2026:16:20:05 +0200] "GET /2026/01/25/casinos-en-internet-joviales-bitcoin-2026-11-lugares-mira-esto-btc-en-mexico/ HTTP/1.1" 200 0 "-" "Mozilla/5.0 (compatible; Barkrowler/0.9; +https://babbar.tech/crawler)"
65.21.228.101 - - [20/Jun/2026:16:22:48 +0200] "POST /wp-cron.php?doing_wp_cron=1781965368.3313679695129394531250 HTTP/1.1" 200 0 "-" "WordPress/7.0; https://themomotimes.com"
217.113.194.123 - - [20/Jun/2026:16:26:25 +0200] "GET /2026/05/13/beste-bitcoin-casinos-mai-2026-inkl-btc-die-besten-online-casino-bonusse-boni/ HTTP/1.1" 200 0 "-" "Mozilla/5.0 (compatible; Barkrowler/0.9; +https://babbar.tech/crawler)"
217.113.194.227 - - [20/Jun/2026:16:32:44 +0200] "GET /2026/05/08/totally-free-revolves-no-deposit-uk-%EF%B8%8F-free-has-the-benefit-of-on-registration/ HTTP/1.1" 200 0 "-" "Mozilla/5.0 (compatible; Barkrowler/0.9; +https://babbar.tech/crawler)"
217.113.194.122 - - [20/Jun/2026:16:34:15 +0200] "GET /2026/05/04/les-convention-se-deroulent-securisees-nous-gagnons-reussi-a-essayer-des-cryptomonnaies/ HTTP/1.1" 200 0 "-" "Mozilla/5.0 (compatible; Barkrowler/0.9; +https://babbar.tech/crawler)"
217.113.194.128 - - [20/Jun/2026:16:36:01 +0200] "GET /2026/03/08/los-12-mas-bonificacion-jackpot-city-casino-grandes-pueblos-cabe-pamplona-news/ HTTP/1.1" 200 0 "-" "Mozilla/5.0 (compatible; Barkrowler/0.9; +https://babbar.tech/crawler)"
66.249.69.193 - - [20/Jun/2026:16:37:36 +0200] "GET /2026/05/25/dashbet-verdict-on-the-australian-wagering-site-4/ HTTP/1.1" 200 0 "-" "Mozilla/5.0 (Linux; Android 6.0.1; Nexus 5X Build/MMB29P) AppleWebKit/537.36 (KHTML, like Gecko) Chrome/148.0.7778.96 Mobile Safari/537.36 (compatible; Googlebot/2.1; +http://www.google.com/bot.html)"
217.113.194.227 - - [20/Jun/2026:16:40:34 +0200] "GET /2026/04/22/vzryvnoj-mnozhitel-pochuvstvuj-risk-i-sorvi-kush-v/ HTTP/1.1" 200 0 "-" "Mozilla/5.0 (compatible; Barkrowler/0.9; +https://babbar.tech/crawler)"
200.25.47.106 - - [20/Jun/2026:16:41:09 +0200] "POST /xmlrpc.php HTTP/1.1" 200 5929 "-" "Mozilla/5.0 (Windows NT 10.0; Win64; x64) AppleWebKit/537.36 (KHTML, like Gecko) Chrome/114.0.0.0 Safari/537.36"
200.25.47.106 - - [20/Jun/2026:16:42:01 +0200] "GET /2026/06/20/bonus-an-innborgunar-og-alveg-okeypis-kynningarkodar-spilavitis-vulkan-spiele-okeypis-revolves-bydur-einnig-upp-a/ HTTP/1.1" 200 0 "-" "Mozilla/5.0 (Windows NT 10.0; Win64; x64) AppleWebKit/537.36 (KHTML, like Gecko) Chrome/123.0.0.0 Safari/537.36"
217.113.194.228 - - [20/Jun/2026:16:42:52 +0200] "GET /2026/04/24/druckgluck-spielhalle-test-erlebnis-casinospiele-mobil-gesellschaftsschicht-2026/ HTTP/1.1" 200 0 "-" "Mozilla/5.0 (compatible; Barkrowler/0.9; +https://babbar.tech/crawler)"
217.113.194.129 - - [20/Jun/2026:16:43:07 +0200] "GET /2026/04/24/best-on-the-web-pokies-around-australia-expert-acknowledged-in-wolf-run-casino-the-2026/ HTTP/1.1" 200 0 "-" "Mozilla/5.0 (compatible; Barkrowler/0.9; +https://babbar.tech/crawler)"
146.70.226.85 - - [20/Jun/2026:16:45:34 +0200] "POST /xmlrpc.php HTTP/1.1" 200 17540 "-" "Mozilla/5.0 (Windows NT 10.0; Win64; x64) AppleWebKit/537.36 (KHTML, like Gecko) Chrome/114.0.0.0 Safari/537.36"
45.250.252.162 - - [20/Jun/2026:16:46:52 +0200] "GET /2026/06/20/5-deposit-casinos-gambling-enterprises-with-a-great-5-play-casino-game-for-free-put-added-bonus-up-to-date-2026/ HTTP/1.1" 200 0 "-" "Mozilla/5.0 (Windows NT 10.0; Win64; x64) AppleWebKit/537.36 (KHTML, like Gecko) Chrome/124.0.0.0 Safari/537.36"
217.113.194.128 - - [20/Jun/2026:16:38:02 +0200] "GET /2026/04/26/conditions-de-abritee-au-sein-des-casinos-en-tenant-excrements-infime-de-ut10/ HTTP/1.1" 200 0 "-" "Mozilla/5.0 (compatible; Barkrowler/0.9; +https://babbar.tech/crawler)"
217.113.194.129 - - [20/Jun/2026:16:39:33 +0200] "GET /2025/12/22/freechatnow-com-review-a-have-a-glance-at-its-options-person-experience-and-security-considerations/ HTTP/1.1" 200 0 "-" "Mozilla/5.0 (compatible; Barkrowler/0.9; +https://babbar.tech/crawler)"
193.24.208.14 - - [20/Jun/2026:16:39:46 +0200] "GET /2026/05/21/gagner-avec-winbeatz-facilement-3/ HTTP/1.1" 200 0 "https://themomotimes.com" "Mozilla/5.0 (Windows NT 10.0; Win64; x64) AppleWebKit/537.36 (KHTML, like Gecko) Chrome/62.0.3202.94 Safari/537.36"
217.113.194.124 - - [20/Jun/2026:16:41:19 +0200] "GET /2026/04/23/websites-dont-simply-provide-totally-free-20-no-deposit-bonuses-for-usage-towards-casino-games/ HTTP/1.1" 200 0 "-" "Mozilla/5.0 (compatible; Barkrowler/0.9; +https://babbar.tech/crawler)"
200.25.47.106 - - [20/Jun/2026:16:42:02 +0200] "POST /xmlrpc.php HTTP/1.1" 200 5926 "-" "Mozilla/5.0 (Windows NT 10.0; Win64; x64) AppleWebKit/537.36 (KHTML, like Gecko) Chrome/114.0.0.0 Safari/537.36"
217.113.194.227 - - [20/Jun/2026:16:43:52 +0200] "GET /2026/04/24/aprestar-garage-apontar-888-login-de-cassino-trejeito-demo-100-dado/ HTTP/1.1" 200 0 "-" "Mozilla/5.0 (compatible; Barkrowler/0.9; +https://babbar.tech/crawler)"
217.113.194.129 - - [20/Jun/2026:16:44:53 +0200] "GET /2026/04/23/in-the-gambling-enterprise-the-security-of-our-own-professionals-was-all-of-our-consideration/ HTTP/1.1" 200 0 "-" "Mozilla/5.0 (compatible; Barkrowler/0.9; +https://babbar.tech/crawler)"
217.113.194.126 - - [20/Jun/2026:16:46:24 +0200] "GET /2026/04/24/les-grands-salle-de-jeu-quelque-peu-en-tenant-depot-a-l%EF%BF%BDegard-de-4-au-canada/ HTTP/1.1" 200 0 "-" "Mozilla/5.0 (compatible; Barkrowler/0.9; +https://babbar.tech/crawler)"
45.250.252.162 - - [20/Jun/2026:16:46:49 +0200] "POST /xmlrpc.php HTTP/1.1" 200 23162 "-" "Mozilla/5.0 (Windows NT 10.0; Win64; x64) AppleWebKit/537.36 (KHTML, like Gecko) Chrome/114.0.0.0 Safari/537.36"
193.24.208.14 - - [20/Jun/2026:16:47:38 +0200] "GET /2026/05/21/gagner-avec-winbeatz-facilement-3/ HTTP/1.1" 200 0 "https://themomotimes.com" "Mozilla/5.0 (Windows NT 10.0; Win64; x64) AppleWebKit/537.36 (KHTML, like Gecko) Chrome/62.0.3202.94 Safari/537.36"
217.113.194.128 - - [20/Jun/2026:16:48:10 +0200] "GET /2026/05/27/on-x-casino-bystrye-vyplaty-i-udobnye-plateznye-metody1791-4/ HTTP/1.1" 200 0 "-" "Mozilla/5.0 (compatible; Barkrowler/0.9; +https://babbar.tech/crawler)"
146.70.226.22 - - [20/Jun/2026:16:47:38 +0200] "POST /xmlrpc.php HTTP/1.1" 200 5929 "-" "Mozilla/5.0 (Windows NT 10.0; Win64; x64) AppleWebKit/537.36 (KHTML, like Gecko) Chrome/114.0.0.0 Safari/537.36"
146.70.226.22 - - [20/Jun/2026:16:48:27 +0200] "POST /xmlrpc.php HTTP/1.1" 200 1686 "-" "Mozilla/5.0 (Windows NT 10.0; Win64; x64) AppleWebKit/537.36 (KHTML, like Gecko) Chrome/114.0.0.0 Safari/537.36"
146.70.226.22 - - [20/Jun/2026:16:48:33 +0200] "POST /xmlrpc.php HTTP/1.1" 200 17242 "-" "Mozilla/5.0 (Windows NT 10.0; Win64; x64) AppleWebKit/537.36 (KHTML, like Gecko) Chrome/114.0.0.0 Safari/537.36"
146.70.226.22 - - [20/Jun/2026:16:48:34 +0200] "GET /2026/06/20/though-some-gambling-enterprises-may-need-a-deposit-others-provide-totally-free-spins-since-the-a-no-deposit-incentive/ HTTP/1.1" 200 0 "-" "Mozilla/5.0 (Windows NT 10.0; Win64; x64) AppleWebKit/537.36 (KHTML, like Gecko) Chrome/109.0.0.0 Safari/537.36"
146.70.226.22 - - [20/Jun/2026:16:48:35 +0200] "POST /xmlrpc.php HTTP/1.1" 200 5926 "-" "Mozilla/5.0 (Windows NT 10.0; Win64; x64) AppleWebKit/537.36 (KHTML, like Gecko) Chrome/114.0.0.0 Safari/537.36"
217.113.194.129 - - [20/Jun/2026:16:49:41 +0200] "GET /2026/05/27/top-gold-coins-gambling-enterprise-promo-password-get-900k-gc-42-free-south-carolina/ HTTP/1.1" 200 0 "-" "Mozilla/5.0 (compatible; Barkrowler/0.9; +https://babbar.tech/crawler)"
217.113.194.122 - - [20/Jun/2026:16:28:26 +0200] "GET /2026/04/19/can-get-sc-well-worth-1-south-carolina-one-usd-receive-cash-honors-min/ HTTP/1.1" 200 0 "-" "Mozilla/5.0 (compatible; Barkrowler/0.9; +https://babbar.tech/crawler)"
217.113.194.248 - - [20/Jun/2026:16:31:13 +0200] "GET /2026/05/08/all-better-on-the-internet-pokies-no-deposit-bonuses-in-1-indian-dreaming-australia-january-2025/ HTTP/1.1" 200 0 "-" "Mozilla/5.0 (compatible; Barkrowler/0.9; +https://babbar.tech/crawler)"
217.113.194.227 - - [20/Jun/2026:16:31:28 +0200] "GET /2026/05/08/finest-a-real-income-online-casinos-to-have-united-states-of-bit-kingz-registration-america-players/ HTTP/1.1" 200 0 "-" "Mozilla/5.0 (compatible; Barkrowler/0.9; +https://babbar.tech/crawler)"
217.113.194.127 - - [20/Jun/2026:16:31:58 +0200] "GET /2026/05/08/irelands-most-readily-useful-web-based-casinos-2026-an-educated-gambling-enterprise-sites/ HTTP/1.1" 200 0 "-" "Mozilla/5.0 (compatible; Barkrowler/0.9; +https://babbar.tech/crawler)"
217.113.194.129 - - [20/Jun/2026:16:33:29 +0200] "GET /2026/02/02/high-play-mega-moolah-slot-rtp-larger-gains-to-your-african-savannah-theme/ HTTP/1.1" 200 0 "-" "Mozilla/5.0 (compatible; Barkrowler/0.9; +https://babbar.tech/crawler)"
217.113.194.127 - - [20/Jun/2026:16:33:44 +0200] "GET /2026/01/24/casumo-gutscheincode-20-freispiele-fur-nusse-erster-monat-des-jahres-2026/ HTTP/1.1" 200 0 "-" "Mozilla/5.0 (compatible; Barkrowler/0.9; +https://babbar.tech/crawler)"
217.113.194.125 - - [20/Jun/2026:16:34:30 +0200] "GET /2026/05/04/selbige-besten-spielautomaten-2026-im-prufung-kostenfrei-kundgebung/ HTTP/1.1" 200 0 "-" "Mozilla/5.0 (compatible; Barkrowler/0.9; +https://babbar.tech/crawler)"
217.113.194.131 - - [20/Jun/2026:16:37:47 +0200] "GET /2026/04/03/tragamonedas-de-balde-sobre-chile-hace-el-trabajo-slots-en-internet-sin-liberar/ HTTP/1.1" 200 0 "-" "Mozilla/5.0 (compatible; Barkrowler/0.9; +https://babbar.tech/crawler)"
217.113.194.129 - - [20/Jun/2026:16:41:51 +0200] "GET /2026/04/24/mien-usage-offert-a-l%EF%BF%BDegard-de-vos-rassemblement-de-gaming-certaines-et-amusantes/ HTTP/1.1" 200 0 "-" "Mozilla/5.0 (compatible; Barkrowler/0.9; +https://babbar.tech/crawler)"
217.113.194.131 - - [20/Jun/2026:16:43:22 +0200] "GET /2026/04/24/best-cellular-gambling-enterprises-united-states-of-america-2026-finest-a-real-income-software/ HTTP/1.1" 200 0 "-" "Mozilla/5.0 (compatible; Barkrowler/0.9; +https://babbar.tech/crawler)"
217.113.194.130 - - [20/Jun/2026:16:43:37 +0200] "GET /2026/04/24/fin-betclic-levant-tout-mon-casino-qui-retribue-au-mieux-chez-2026-des-francais/ HTTP/1.1" 200 0 "-" "Mozilla/5.0 (compatible; Barkrowler/0.9; +https://babbar.tech/crawler)"
146.70.226.85 - - [20/Jun/2026:16:44:45 +0200] "POST /xmlrpc.php HTTP/1.1" 200 5929 "-" "Mozilla/5.0 (Windows NT 10.0; Win64; x64) AppleWebKit/537.36 (KHTML, like Gecko) Chrome/114.0.0.0 Safari/537.36"
185.252.223.20 - - [20/Jun/2026:16:45:06 +0200] "POST /xmlrpc.php HTTP/1.1" 200 5929 "-" "Mozilla/5.0 (Windows NT 10.0; Win64; x64) AppleWebKit/537.36 (KHTML, like Gecko) Chrome/114.0.0.0 Safari/537.36"
65.21.228.101 - - [20/Jun/2026:16:46:42 +0200] "POST /wp-cron.php?doing_wp_cron=1781966802.1371231079101562500000 HTTP/1.1" 200 0 "-" "WordPress/7.0; https://themomotimes.com"
217.113.194.124 - - [20/Jun/2026:16:46:54 +0200] "GET /2026/04/23/champu-bedste-online-casino-af-i-bedste-kvalitet-fr-ambulancetjeneste/ HTTP/1.1" 200 0 "-" "Mozilla/5.0 (compatible; Barkrowler/0.9; +https://babbar.tech/crawler)"
65.21.228.101 - - [20/Jun/2026:16:48:22 +0200] "POST /wp-cron.php?doing_wp_cron=1781966902.8042490482330322265625 HTTP/1.1" 200 0 "-" "WordPress/7.0; https://themomotimes.com"
217.113.194.126 - - [20/Jun/2026:16:48:56 +0200] "GET /2026/05/27/100-percent-free-harbors-100-look-around-this-site-percent-free-online-casino-games-on-the-internet/ HTTP/1.1" 200 0 "-" "Mozilla/5.0 (compatible; Barkrowler/0.9; +https://babbar.tech/crawler)"
200.25.47.106 - - [20/Jun/2026:16:41:58 +0200] "POST /xmlrpc.php HTTP/1.1" 200 17602 "-" "Mozilla/5.0 (Windows NT 10.0; Win64; x64) AppleWebKit/537.36 (KHTML, like Gecko) Chrome/114.0.0.0 Safari/537.36"
217.113.194.124 - - [20/Jun/2026:16:42:21 +0200] "GET /2026/04/24/greatest-real-cash-web-ganesha-gold-casino-based-casinos-top-within-the-february-2026/ HTTP/1.1" 200 0 "-" "Mozilla/5.0 (compatible; Barkrowler/0.9; +https://babbar.tech/crawler)"
217.113.194.228 - - [20/Jun/2026:16:42:36 +0200] "GET /2026/04/24/fifty-free-revolves-no-deposit-necessary-100-free-spins-no-deposit-wild-games-nz-2026/ HTTP/1.1" 200 0 "-" "Mozilla/5.0 (compatible; Barkrowler/0.9; +https://babbar.tech/crawler)"
217.113.194.248 - - [20/Jun/2026:16:44:38 +0200] "GET /2026/04/23/best-on-line-play-black-diamond-slot-pokies-in-australia-2026-find-finest-aussie-slots/ HTTP/1.1" 200 0 "-" "Mozilla/5.0 (compatible; Barkrowler/0.9; +https://babbar.tech/crawler)"
146.70.226.85 - - [20/Jun/2026:16:45:35 +0200] "POST /xmlrpc.php HTTP/1.1" 200 5926 "-" "Mozilla/5.0 (Windows NT 10.0; Win64; x64) AppleWebKit/537.36 (KHTML, like Gecko) Chrome/114.0.0.0 Safari/537.36"
217.113.194.129 - - [20/Jun/2026:16:47:09 +0200] "GET /2026/04/23/cryptowild-casino-no-deposit-bonus-free-10-pound-bingo-no-deposit-score-20-free-revolves/ HTTP/1.1" 200 0 "-" "Mozilla/5.0 (compatible; Barkrowler/0.9; +https://babbar.tech/crawler)"
217.113.194.126 - - [20/Jun/2026:16:49:56 +0200] "GET /2026/05/27/thunderstruck-ii-reputation-robin-hood-1-put-remark-slot-jade-connection-microgaming/ HTTP/1.1" 200 0 "-" "Mozilla/5.0 (compatible; Barkrowler/0.9; +https://babbar.tech/crawler)"
217.113.194.127 - - [20/Jun/2026:16:50:11 +0200] "GET /2026/05/28/ho-incominciato-circa-per-caso-intento-dalla-rarita-piu-che-altro/ HTTP/1.1" 200 0 "-" "Mozilla/5.0 (compatible; Barkrowler/0.9; +https://babbar.tech/crawler)"
217.113.194.127 - - [20/Jun/2026:16:51:58 +0200] "GET /2026/04/05/oportunidad-de-juguetear-en-el-casino-falto-liberar-movernos-colocar-plan/ HTTP/1.1" 200 0 "-" "Mozilla/5.0 (compatible; Barkrowler/0.9; +https://babbar.tech/crawler)"
213.209.159.254 - - [20/Jun/2026:16:52:11 +0200] "GET /wp-login.php HTTP/2" 200 974 "-" "Mozilla/5.0 (Windows NT 10.0; Win64; x64; rv:133.0) Gecko/20100101 Firefox/133.0"
57.128.22.95 - - [20/Jun/2026:16:53:00 +0200] "GET /2026/06/09/betalright-casino-einzahlungsoptionen-19/ HTTP/1.1" 200 0 "https://themomotimes.com/" "Mozilla/5.0 (X11; Linux aarch64) AppleWebKit/537.36 (KHTML, like Gecko) Chrome/139.0.0.0 Safari/537.36"
217.113.194.125 - - [20/Jun/2026:16:53:44 +0200] "GET /2026/04/02/finest-undying-passion-slot-paysafecard-online-casinos-for-us-professionals-in-the-march-2026/ HTTP/1.1" 200 0 "-" "Mozilla/5.0 (compatible; Barkrowler/0.9; +https://babbar.tech/crawler)"
217.113.194.131 - - [20/Jun/2026:16:53:59 +0200] "GET /2026/03/12/mybet-maklercourtage-1-codes-voucher-abzuglich-slot-banana-splash-einzahlung/ HTTP/1.1" 200 0 "-" "Mozilla/5.0 (compatible; Barkrowler/0.9; +https://babbar.tech/crawler)"
203.175.125.116 - - [20/Jun/2026:16:54:17 +0200] "GET /2026/05/21/gagner-avec-winbeatz-facilement-3/ HTTP/1.1" 200 0 "https://themomotimes.com/" "Mozilla/5.0 (Windows NT 10.0; Win64; x64) AppleWebKit/537.36 (KHTML, like Gecko) Chrome/143.0.0.0 Safari/537.36 OPR/127.0.0.0"
213.209.159.254 - - [20/Jun/2026:16:54:22 +0200] "GET /wp-login.php HTTP/2" 200 974 "-" "Mozilla/5.0 (Windows NT 10.0; Win64; x64) AppleWebKit/537.36 (KHTML, like Gecko) Chrome/124.0.0.0 Safari/537.36"
217.113.194.227 - - [20/Jun/2026:16:55:30 +0200] "GET /2026/02/04/kasyno-maszyny-hazardowe-systemy-po-google-gold-rush-1-depozyt-play/ HTTP/1.1" 200 0 "-" "Mozilla/5.0 (compatible; Barkrowler/0.9; +https://babbar.tech/crawler)"
193.24.208.14 - - [20/Jun/2026:16:55:49 +0200] "GET /2026/05/21/gagner-avec-winbeatz-facilement-3/ HTTP/1.1" 200 0 "https://themomotimes.com" "Mozilla/5.0 (Windows NT 10.0; Win64; x64) AppleWebKit/537.36 (KHTML, like Gecko) Chrome/62.0.3202.94 Safari/537.36"
185.252.223.20 - - [20/Jun/2026:16:45:57 +0200] "POST /xmlrpc.php HTTP/1.1" 200 5926 "-" "Mozilla/5.0 (Windows NT 10.0; Win64; x64) AppleWebKit/537.36 (KHTML, like Gecko) Chrome/114.0.0.0 Safari/537.36"
217.113.194.227 - - [20/Jun/2026:16:46:39 +0200] "GET /2026/04/23/leurs-vip-se-deroulent-leurs-amas-butees-que-renferment-davantages-nombreux/ HTTP/1.1" 200 0 "-" "Mozilla/5.0 (compatible; Barkrowler/0.9; +https://babbar.tech/crawler)"
45.250.252.162 - - [20/Jun/2026:16:45:57 +0200] "POST /xmlrpc.php HTTP/1.1" 200 5929 "-" "Mozilla/5.0 (Windows NT 10.0; Win64; x64) AppleWebKit/537.36 (KHTML, like Gecko) Chrome/114.0.0.0 Safari/537.36"
217.113.194.127 - - [20/Jun/2026:16:48:40 +0200] "GET /2026/05/27/7-best-local-casino-applications-in-order-to-earn-a-real-income-ranked-for-get-2026/ HTTP/1.1" 200 0 "-" "Mozilla/5.0 (compatible; Barkrowler/0.9; +https://babbar.tech/crawler)"
217.113.194.248 - - [20/Jun/2026:16:51:42 +0200] "GET /2026/04/05/fifty-free-spins-for-new-signups-within-richard-gambling-establishment-into-the-buffalo-dale/ HTTP/1.1" 200 0 "-" "Mozilla/5.0 (compatible; Barkrowler/0.9; +https://babbar.tech/crawler)"
217.113.194.128 - - [20/Jun/2026:16:52:13 +0200] "GET /2026/01/16/funciona-tragamonedas-twin-spin-giants-gold-1-deposito-de-balde-sin-descargar/ HTTP/1.1" 200 0 "-" "Mozilla/5.0 (compatible; Barkrowler/0.9; +https://babbar.tech/crawler)"
217.113.194.127 - - [20/Jun/2026:16:56:00 +0200] "GET /2026/01/07/autopsia-atualizada-esfogiteado-parimatch-casino-abicar-brasil-2024/ HTTP/1.1" 200 0 "-" "Mozilla/5.0 (compatible; Barkrowler/0.9; +https://babbar.tech/crawler)"
217.113.194.122 - - [20/Jun/2026:16:57:01 +0200] "GET /2026/03/09/tu-38-cazinouri-online-legale-slot-uri-online-reddit-in-romania-noiembrie-2025/ HTTP/1.1" 200 0 "-" "Mozilla/5.0 (compatible; Barkrowler/0.9; +https://babbar.tech/crawler)"
217.113.194.123 - - [20/Jun/2026:16:57:16 +0200] "GET /2026/05/01/lay-and-you-will-twist-thanks-to-10-end-up-being-joined-toward-awesome-prize-host/ HTTP/1.1" 200 0 "-" "Mozilla/5.0 (compatible; Barkrowler/0.9; +https://babbar.tech/crawler)"
217.113.194.125 - - [20/Jun/2026:16:59:02 +0200] "GET /2026/03/24/sveriges-basta-online-casinon-casino-betser-recensioner-alla-casinon-villig-inter-2026/ HTTP/1.1" 200 0 "-" "Mozilla/5.0 (compatible; Barkrowler/0.9; +https://babbar.tech/crawler)"
217.113.194.128 - - [20/Jun/2026:17:00:03 +0200] "GET /2026/01/27/allege-casino-spirit-of-the-inca-lucky-stories-zero-put-added-bonus-rules-operate-now/ HTTP/1.1" 200 0 "-" "Mozilla/5.0 (compatible; Barkrowler/0.9; +https://babbar.tech/crawler)"
217.181.86.3 - - [20/Jun/2026:16:59:42 +0200] "POST /xmlrpc.php HTTP/2" 200 5929 "-" "-"
193.24.208.14 - - [20/Jun/2026:17:00:58 +0200] "GET /2026/05/21/gagner-avec-winbeatz-facilement-3/ HTTP/1.1" 200 0 "https://themomotimes.com" "Mozilla/5.0 (Windows NT 10.0; Win64; x64) AppleWebKit/537.36 (KHTML, like Gecko) Chrome/62.0.3202.94 Safari/537.36"
217.113.194.131 - - [20/Jun/2026:17:01:19 +0200] "GET /2026/05/09/however-no-deposit-bonuses-having-uk-professionals-are-not-because-the-prime-as-you-want/ HTTP/1.1" 200 0 "-" "Mozilla/5.0 (compatible; Barkrowler/0.9; +https://babbar.tech/crawler)"
217.113.194.126 - - [20/Jun/2026:17:01:34 +0200] "GET /2026/05/09/therefore-delight-in-their-no-deposit-incentives-however-usually-enjoy-sensibly/ HTTP/1.1" 200 0 "-" "Mozilla/5.0 (compatible; Barkrowler/0.9; +https://babbar.tech/crawler)"
217.113.194.125 - - [20/Jun/2026:17:02:04 +0200] "GET /2026/05/09/vantaggi-e-svantaggi-dei-nuovi-confusione-compenso-privato-di-oscuro/ HTTP/1.1" 200 0 "-" "Mozilla/5.0 (compatible; Barkrowler/0.9; +https://babbar.tech/crawler)"
217.113.194.127 - - [20/Jun/2026:17:02:50 +0200] "GET /2026/05/09/ggl-vereinbart-legale-online-casinos-magic-flute-spielautomaten-echtes-geld-in-deutschland/ HTTP/1.1" 200 0 "-" "Mozilla/5.0 (compatible; Barkrowler/0.9; +https://babbar.tech/crawler)"
216.73.216.128 - - [20/Jun/2026:17:06:03 +0200] "GET /robots.txt HTTP/2" 200 135 "-" "Mozilla/5.0 AppleWebKit/537.36 (KHTML, like Gecko; compatible; ClaudeBot/1.0; +claudebot@anthropic.com)"
146.70.226.85 - - [20/Jun/2026:16:45:35 +0200] "GET /2026/06/20/dasjenige-struktur-pri%EF%BF%BDsentiert-diesseitigen-quantensprung-ihr-umsatzanforderungen-bei-echtzeit-inoffizieller-mitarbeiter-bonusbereich-in-betrieb/ HTTP/1.1" 200 0 "-" "Mozilla/5.0 (Windows NT 10.0; rv:125.0) Gecko/20100101 Firefox/125.0"
217.113.194.128 - - [20/Jun/2026:16:47:55 +0200] "GET /2026/05/22/matcha-that-have-geisha-inside-asakusa-ozashiki-tea-home-miyakodori/ HTTP/1.1" 200 0 "-" "Mozilla/5.0 (compatible; Barkrowler/0.9; +https://babbar.tech/crawler)"
217.113.194.248 - - [20/Jun/2026:16:48:25 +0200] "GET /2026/05/27/jackpot-area-southern-area-africa-100-match-extra-casino-cookie-no-deposit-up-to-r4000/ HTTP/1.1" 200 0 "-" "Mozilla/5.0 (compatible; Barkrowler/0.9; +https://babbar.tech/crawler)"
217.113.194.227 - - [20/Jun/2026:16:50:27 +0200] "GET /2026/05/12/casinos-online-con-manga-larga-recursos-positivo-de-chile-de-este-modo-los-valoramos/ HTTP/1.1" 200 0 "-" "Mozilla/5.0 (compatible; Barkrowler/0.9; +https://babbar.tech/crawler)"
81.39.84.65 - - [20/Jun/2026:16:51:04 +0200] "GET /2026/05/26/test-c-250-sportif-performance-et-bienfaits/ HTTP/1.1" 200 0 "-" "GuzzleHttp/7"
213.209.159.254 - - [20/Jun/2026:16:52:00 +0200] "GET /wp-login.php HTTP/2" 200 974 "-" "Mozilla/5.0 (Windows NT 10.0; Win64; x64; rv:133.0) Gecko/20100101 Firefox/133.0"
196.51.111.46 - - [20/Jun/2026:16:52:18 +0200] "GET /2026/05/27/exploring-the-comprehensive-landscape-of-2 HTTP/1.1" 200 0 "https://themomotimes.com" "Mozilla/5.0 (Windows NT 10.0; Win64; x64) AppleWebKit/537.36 (KHTML, like Gecko) Chrome/62.0.3202.94 Safari/537.36"
217.113.194.248 - - [20/Jun/2026:16:53:29 +0200] "GET /2026/01/22/zeus-video-game-2026-an-choy-sun-doa-online-slot-informed-in-the-wms-slot-machines/ HTTP/1.1" 200 0 "-" "Mozilla/5.0 (compatible; Barkrowler/0.9; +https://babbar.tech/crawler)"
193.24.208.14 - - [20/Jun/2026:16:53:53 +0200] "GET /2026/05/21/gagner-avec-winbeatz-facilement-3/ HTTP/1.1" 200 0 "https://themomotimes.com" "Mozilla/5.0 (Windows NT 10.0; Win64; x64) AppleWebKit/537.36 (KHTML, like Gecko) Chrome/62.0.3202.94 Safari/537.36"
217.113.194.130 - - [20/Jun/2026:16:54:29 +0200] "GET /2026/03/12/the-only-intact-1x2-gaming-slots-online-egyptian-pharaohs-tombs-previously-found/ HTTP/1.1" 200 0 "-" "Mozilla/5.0 (compatible; Barkrowler/0.9; +https://babbar.tech/crawler)"
217.113.194.228 - - [20/Jun/2026:16:57:46 +0200] "GET /2026/05/01/british-better-betting-web-sites-fruit-mania-1-deposit-situation-vaccines-and-also-the-lost-records/ HTTP/1.1" 200 0 "-" "Mozilla/5.0 (compatible; Barkrowler/0.9; +https://babbar.tech/crawler)"
217.113.194.128 - - [20/Jun/2026:16:58:17 +0200] "GET /2026/03/18/n-yax-azrbaycan-kazinolar-2025-vip-klub-v-loyallq-253/ HTTP/1.1" 200 0 "-" "Mozilla/5.0 (compatible; Barkrowler/0.9; +https://babbar.tech/crawler)"
65.21.228.101 - - [20/Jun/2026:17:00:28 +0200] "POST /wp-cron.php?doing_wp_cron=1781967628.4442210197448730468750 HTTP/1.1" 200 0 "-" "WordPress/7.0; https://themomotimes.com"
217.113.194.127 - - [20/Jun/2026:17:02:20 +0200] "GET /2026/05/09/vantaggi-e-svantaggi-dei-nuovi-paese-da-artificio-somma-privato-di-base/ HTTP/1.1" 200 0 "-" "Mozilla/5.0 (compatible; Barkrowler/0.9; +https://babbar.tech/crawler)"
217.113.194.126 - - [20/Jun/2026:17:02:35 +0200] "GET /2026/05/09/il-miglior-gratificazione-escludendo-questione-della-svizzera-verso-il-2025/ HTTP/1.1" 200 0 "-" "Mozilla/5.0 (compatible; Barkrowler/0.9; +https://babbar.tech/crawler)"
