217.113.194.228 - - [20/Jun/2026:21:40:31 +0200] "GET /2026/03/28/and-if-youre-finding-book-promotions-and-you-may-a-powerful-variety-from-position-games-let-them-have-a-go/ HTTP/1.1" 200 0 "-" "Mozilla/5.0 (compatible; Barkrowler/0.9; +https://babbar.tech/crawler)"
217.113.194.130 - - [20/Jun/2026:21:40:46 +0200] "GET /2026/03/28/numerous-on-the-web-roulette-video-game-plus-real-time-agent-and-you-can-clips-roulette-game-come-on-the-internet/ HTTP/1.1" 200 0 "-" "Mozilla/5.0 (compatible; Barkrowler/0.9; +https://babbar.tech/crawler)"
200.25.47.134 - - [20/Jun/2026:21:40:43 +0200] "POST /xmlrpc.php HTTP/1.1" 200 1686 "-" "Mozilla/5.0 (Windows NT 10.0; Win64; x64) AppleWebKit/537.36 (KHTML, like Gecko) Chrome/114.0.0.0 Safari/537.36"
217.113.194.131 - - [20/Jun/2026:21:26:06 +0200] "GET /2026/05/09/beste-erreichbar-spielhalle-deutschland-bestes-online-casino-bake-house-angeschlossen-spielhallen-spiele/ HTTP/1.1" 200 0 "-" "Mozilla/5.0 (compatible; Barkrowler/0.9; +https://babbar.tech/crawler)"
217.113.194.127 - - [20/Jun/2026:21:26:52 +0200] "GET /2026/05/09/jak-szybko-i-mozesz-wlasciwie-zalozyc-czlonkostwo-na-verde-casino/ HTTP/1.1" 200 0 "-" "Mozilla/5.0 (compatible; Barkrowler/0.9; +https://babbar.tech/crawler)"
217.113.194.128 - - [20/Jun/2026:21:31:25 +0200] "GET /2026/01/26/mobile-local-casino-shell-casino-slotsgalore-150-free-out-mobile-phone-bill-giampaolo-category-inc/ HTTP/1.1" 200 0 "-" "Mozilla/5.0 (compatible; Barkrowler/0.9; +https://babbar.tech/crawler)"
217.113.194.131 - - [20/Jun/2026:21:32:41 +0200] "GET /2026/01/17/10-greatest-united-states-of-america-real-cash-gambling-enterprise-web-sites-to-possess-gambling-on-line-2026/ HTTP/1.1" 200 0 "-" "Mozilla/5.0 (compatible; Barkrowler/0.9; +https://babbar.tech/crawler)"
217.113.194.122 - - [20/Jun/2026:21:33:41 +0200] "GET /2026/04/01/las-juegos-sobre-casino-de-mayor-populares-y-no-ha-transpirado-divertidos-para-todos-los-hobbies/ HTTP/1.1" 200 0 "-" "Mozilla/5.0 (compatible; Barkrowler/0.9; +https://babbar.tech/crawler)"
217.113.194.122 - - [20/Jun/2026:21:34:42 +0200] "GET /2026/04/07/the-brand-new-carnival-bloodlines-paypal-bonanza-slot-brings-medieval-free-spins-in-pretty-bad-shape/ HTTP/1.1" 200 0 "-" "Mozilla/5.0 (compatible; Barkrowler/0.9; +https://babbar.tech/crawler)"
104.210.140.131 - - [20/Jun/2026:21:35:23 +0200] "GET /robots.txt HTTP/2" 200 135 "-" "Mozilla/5.0 (Macintosh; Intel Mac OS X 10_15_7) AppleWebKit/537.36 (KHTML, like Gecko) Chrome/131.0.0.0 Safari/537.36; compatible; OAI-SearchBot/1.0; +https://openai.com/searchbot"
217.113.194.227 - - [20/Jun/2026:21:36:59 +0200] "GET /2026/03/14/cassino-com-bonus-sem-login-ao-vivo-do-parimatch-deposito-8-melhores-opcoes-sobre-2026/ HTTP/1.1" 200 0 "-" "Mozilla/5.0 (compatible; Barkrowler/0.9; +https://babbar.tech/crawler)"
217.113.194.131 - - [20/Jun/2026:21:37:14 +0200] "GET /2026/05/17/online-casino-sloto-cash-80-no-deposit-bonus-pokies-play-7400-100-percent-free-pokies-game/ HTTP/1.1" 200 0 "-" "Mozilla/5.0 (compatible; Barkrowler/0.9; +https://babbar.tech/crawler)"
217.113.194.126 - - [20/Jun/2026:21:37:44 +0200] "GET /2026/05/17/southern-area-park-slot-comment-totally-free-revolves-mega-joker-slot-play-for-money-actions-rtp/ HTTP/1.1" 200 0 "-" "Mozilla/5.0 (compatible; Barkrowler/0.9; +https://babbar.tech/crawler)"
159.203.80.86 - - [20/Jun/2026:21:38:58 +0200] "GET /favicon.ico HTTP/1.1" 404 796 "https://themomotimes.com/" "Mozilla/5.0 (X11; Linux x86_64; rv:142.0) Gecko/20100101 Firefox/142.0"
200.25.47.134 - - [20/Jun/2026:21:40:24 +0200] "GET /2026/06/20/tilslutte-casinoer-i-dannevan-ved-hjaelp-af-de-bedste-goldbet-promo-koder-udbetalinger/ HTTP/1.1" 200 0 "-" "Mozilla/5.0 (Windows NT 10.0; Win64; x64) AppleWebKit/537.36 (KHTML, like Gecko) Chrome/124.0.0.0 Safari/537.36 Edg/124.0.0.0"
217.113.194.125 - - [20/Jun/2026:21:27:22 +0200] "GET /2026/05/09/qualsivoglia-gratifica-ha-principio-2-giorni-anche-prevede-certain-turnover-di-1/ HTTP/1.1" 200 0 "-" "Mozilla/5.0 (compatible; Barkrowler/0.9; +https://babbar.tech/crawler)"
217.113.194.248 - - [20/Jun/2026:21:27:53 +0200] "GET /2026/04/09/eye-of-herr-bet-casino-100-bonus-spins-horus-land-der-dichter-und-denker-erreiche-vermogen/ HTTP/1.1" 200 0 "-" "Mozilla/5.0 (compatible; Barkrowler/0.9; +https://babbar.tech/crawler)"
217.113.194.228 - - [20/Jun/2026:21:28:38 +0200] "GET /2026/04/09/red-colored-mansions-by-the-cynthia-received-electronic-book-realize-free-to-possess-thirty-days/ HTTP/1.1" 200 0 "-" "Mozilla/5.0 (compatible; Barkrowler/0.9; +https://babbar.tech/crawler)"
217.113.194.131 - - [20/Jun/2026:21:29:54 +0200] "GET /2026/01/08/30-freispiele-abzuglich-einzahlung-neue-2026-lord-of-the-ocean-freispiele-trick-angebote/ HTTP/1.1" 200 0 "-" "Mozilla/5.0 (compatible; Barkrowler/0.9; +https://babbar.tech/crawler)"
217.113.194.248 - - [20/Jun/2026:21:36:13 +0200] "GET /2026/03/11/soluciona-en-una-treintena-100-tragamonedas-sin-cargo-ranura-siberian-storm-online-en-argentina/ HTTP/1.1" 200 0 "-" "Mozilla/5.0 (compatible; Barkrowler/0.9; +https://babbar.tech/crawler)"
217.113.194.131 - - [20/Jun/2026:21:40:01 +0200] "GET /2026/04/13/mr-wager-local-casino-incentives-2026-%EF%B8%8F-latest-has-the-benefit-of-discount-coupons/ HTTP/1.1" 200 0 "-" "Mozilla/5.0 (compatible; Barkrowler/0.9; +https://babbar.tech/crawler)"
165.101.64.223 - - [20/Jun/2026:21:40:33 +0200] "GET /2026/06/09/betalright-casino-einzahlungsoptionen-19/ HTTP/1.1" 200 0 "https://themomotimes.com/" "Mozilla/5.0 (Windows NT 10.0; Win64; x64; rv:144.0) Gecko/20100101 Firefox/144.0"
165.101.64.223 - - [20/Jun/2026:21:40:34 +0200] "GET /2026/06/09/betalright-casino-einzahlungsoptionen-19/ HTTP/1.1" 200 0 "https://themomotimes.com/" "Mozilla/5.0 (Windows NT 10.0; Win64; x64; rv:144.0) Gecko/20100101 Firefox/144.0"
217.113.194.127 - - [20/Jun/2026:21:41:01 +0200] "GET /2026/05/14/cazinouri-noi-nv-casino-cerinte-de-retragere-2024-top-cazinouri-noi-2025/ HTTP/1.1" 200 0 "-" "Mozilla/5.0 (compatible; Barkrowler/0.9; +https://babbar.tech/crawler)"
217.113.194.129 - - [20/Jun/2026:21:25:36 +0200] "GET /2026/03/17/dans-autonom-spilleautomater-pa-roulettino-kontakt-i-norge-nett-2026-online-slots-costa-rica/ HTTP/1.1" 200 0 "-" "Mozilla/5.0 (compatible; Barkrowler/0.9; +https://babbar.tech/crawler)"
194.126.177.138 - - [20/Jun/2026:21:29:19 +0200] "GET /2026/05/25/meilleur-casino-en-ligne-un-guide-complet-2/ HTTP/1.1" 200 0 "https://themomotimes.com/" "Mozilla/5.0 (Windows NT 10.0; Win64; x64) AppleWebKit/537.36 (KHTML, like Gecko) Chrome/133.0.6943.141 Safari/537.36"
194.126.177.138 - - [20/Jun/2026:21:29:19 +0200] "GET /2026/05/25/meilleur-casino-en-ligne-un-guide-complet-2/ HTTP/1.1" 200 0 "https://themomotimes.com/" "Mozilla/5.0 (Windows NT 10.0; Win64; x64) AppleWebKit/537.36 (KHTML, like Gecko) Chrome/133.0.6943.141 Safari/537.36"
217.113.194.123 - - [20/Jun/2026:21:30:24 +0200] "GET /2026/04/10/online-kasino-maklercourtage-kollation-2026-beste-30-freie-spins-barbarian-treasures-angebote/ HTTP/1.1" 200 0 "-" "Mozilla/5.0 (compatible; Barkrowler/0.9; +https://babbar.tech/crawler)"
65.21.228.101 - - [20/Jun/2026:21:32:47 +0200] "POST /wp-cron.php?doing_wp_cron=1781983967.0238630771636962890625 HTTP/1.1" 200 0 "-" "WordPress/7.0; https://themomotimes.com"
146.70.226.85 - - [20/Jun/2026:21:32:53 +0200] "POST /xmlrpc.php HTTP/1.1" 200 5926 "-" "Mozilla/5.0 (Windows NT 10.0; Win64; x64) AppleWebKit/537.36 (KHTML, like Gecko) Chrome/114.0.0.0 Safari/537.36"
217.113.194.126 - - [20/Jun/2026:21:33:26 +0200] "GET /robots.txt HTTP/1.1" 200 155 "-" "Mozilla/5.0 (compatible; Barkrowler/0.9; +https://babbar.tech/crawler)"
217.113.194.228 - - [20/Jun/2026:21:35:12 +0200] "GET /2026/01/29/blackjack-tricks-tipps-11-slot-hot-gems-erfolg-strategien-je-angeschlossen-blackjack/ HTTP/1.1" 200 0 "-" "Mozilla/5.0 (compatible; Barkrowler/0.9; +https://babbar.tech/crawler)"
217.113.194.227 - - [20/Jun/2026:21:35:28 +0200] "GET /2026/03/11/area-hook-dragon-ascension-town-las-vegas-demo-and-you-will-slot-8-lucky-charms-rtp-casino-comment/ HTTP/1.1" 200 0 "-" "Mozilla/5.0 (compatible; Barkrowler/0.9; +https://babbar.tech/crawler)"
217.113.194.131 - - [20/Jun/2026:21:36:43 +0200] "GET /2026/02/07/have-fun-with-the-better-british-on-the-internet-slot-video-game-phantom-cash-game-from-the-craigs-list-slots/ HTTP/1.1" 200 0 "-" "Mozilla/5.0 (compatible; Barkrowler/0.9; +https://babbar.tech/crawler)"
65.21.228.101 - - [20/Jun/2026:21:40:15 +0200] "POST /wp-cron.php?doing_wp_cron=1781984415.5055251121520996093750 HTTP/1.1" 200 0 "-" "WordPress/7.0; https://themomotimes.com"
200.25.47.134 - - [20/Jun/2026:21:39:32 +0200] "POST /xmlrpc.php HTTP/1.1" 200 5929 "-" "Mozilla/5.0 (Windows NT 10.0; Win64; x64) AppleWebKit/537.36 (KHTML, like Gecko) Chrome/114.0.0.0 Safari/537.36"
217.113.194.227 - - [20/Jun/2026:21:41:16 +0200] "GET /2026/05/14/slots-appeal-to-novices-as-they-possibly-can-promote-amazing-perks-having-brief-wagers/ HTTP/1.1" 200 0 "-" "Mozilla/5.0 (compatible; Barkrowler/0.9; +https://babbar.tech/crawler)"
200.25.47.133 - - [20/Jun/2026:21:40:48 +0200] "POST /xmlrpc.php HTTP/1.1" 200 5929 "-" "Mozilla/5.0 (Windows NT 10.0; Win64; x64) AppleWebKit/537.36 (KHTML, like Gecko) Chrome/114.0.0.0 Safari/537.36"
200.25.47.133 - - [20/Jun/2026:21:41:40 +0200] "POST /xmlrpc.php HTTP/1.1" 200 15967 "-" "Mozilla/5.0 (Windows NT 10.0; Win64; x64) AppleWebKit/537.36 (KHTML, like Gecko) Chrome/114.0.0.0 Safari/537.36"
217.113.194.228 - - [20/Jun/2026:21:41:32 +0200] "GET /2026/05/14/finest-real-cash-casinos-on-the-internet-to-play-inside-the-casino-50-free-spins-no-deposit-2026/ HTTP/1.1" 200 0 "-" "Mozilla/5.0 (compatible; Barkrowler/0.9; +https://babbar.tech/crawler)"
217.113.194.129 - - [20/Jun/2026:21:41:47 +0200] "GET /2026/03/30/leovegas-erreichbar-spielhalle-bewertung-and-400-casino-bonus-mastercard-erfahrungen-2026/ HTTP/1.1" 200 0 "-" "Mozilla/5.0 (compatible; Barkrowler/0.9; +https://babbar.tech/crawler)"
65.21.228.101 - - [20/Jun/2026:21:41:33 +0200] "POST /wp-cron.php?doing_wp_cron=1781984493.9884469509124755859375 HTTP/1.1" 200 0 "-" "WordPress/7.0; https://themomotimes.com"
200.25.47.133 - - [20/Jun/2026:21:41:42 +0200] "GET /2026/06/20/cool-fruits-losimo-automatu-goldbet-kazino-premijos-kodas-zaidimas-internete-ir-be-jo/ HTTP/1.1" 200 0 "-" "Mozilla/5.0 (Windows NT 10.0; rv:109.0) Gecko/20100101 Firefox/115.0"
217.113.194.124 - - [20/Jun/2026:21:45:34 +0200] "GET /2026/03/26/also-work-from-live-traders-cannot-appear-to-tend-to-be-anything-beyond-to-experience-online-casino-games/ HTTP/1.1" 200 0 "-" "Mozilla/5.0 (compatible; Barkrowler/0.9; +https://babbar.tech/crawler)"
217.113.194.227 - - [20/Jun/2026:21:50:07 +0200] "GET /2026/01/12/enjoy-18600-totally-free-position-video-spybet-first-deposit-bonus-game-98-5-rtp-no-download/ HTTP/1.1" 200 0 "-" "Mozilla/5.0 (compatible; Barkrowler/0.9; +https://babbar.tech/crawler)"
217.113.194.122 - - [20/Jun/2026:21:52:10 +0200] "GET /2026/02/03/casino-extra-inte-med-insattning-ultimat-plats-cool-jewels-till-fyllest-deposit-bonusar/ HTTP/1.1" 200 0 "-" "Mozilla/5.0 (compatible; Barkrowler/0.9; +https://babbar.tech/crawler)"
65.21.228.101 - - [20/Jun/2026:21:52:35 +0200] "POST /wp-cron.php?doing_wp_cron=1781985155.1109600067138671875000 HTTP/1.1" 200 0 "-" "WordPress/7.0; https://themomotimes.com"
217.113.194.127 - - [20/Jun/2026:21:52:56 +0200] "GET /2026/04/14/william-mountain-try-a-very-regarded-title-on-gaming-world-recognized-for-the-accuracy-and-few-products/ HTTP/1.1" 200 0 "-" "Mozilla/5.0 (compatible; Barkrowler/0.9; +https://babbar.tech/crawler)"
65.21.228.101 - - [20/Jun/2026:21:53:43 +0200] "POST /wp-cron.php?doing_wp_cron=1781985223.2986938953399658203125 HTTP/1.1" 200 0 "-" "WordPress/7.0; https://themomotimes.com"
217.113.194.228 - - [20/Jun/2026:21:56:43 +0200] "GET /2026/05/13/selbige-mathematische-hoffnung-ist-und-bleibt-within-allen-getesteten-spielen-widrig/ HTTP/1.1" 200 0 "-" "Mozilla/5.0 (compatible; Barkrowler/0.9; +https://babbar.tech/crawler)"
217.113.194.127 - - [20/Jun/2026:21:58:14 +0200] "GET /2026/03/21/giros-gratuitos-na-apontamento-e-apontamento-redirecionado-aqui-sem-deposito-pt-2024/ HTTP/1.1" 200 0 "-" "Mozilla/5.0 (compatible; Barkrowler/0.9; +https://babbar.tech/crawler)"
217.113.194.123 - - [20/Jun/2026:21:42:17 +0200] "GET /2026/03/30/la-live-chat-risponde-per-pochi-minuti-e-nondimeno-in-percepibile-competenza/ HTTP/1.1" 200 0 "-" "Mozilla/5.0 (compatible; Barkrowler/0.9; +https://babbar.tech/crawler)"
217.113.194.227 - - [20/Jun/2026:21:42:32 +0200] "GET /2026/04/20/their-cool-fruit-gambling-establishment-very-own-respected-international-origin-for-gambling-to-the-range-new-jersey/ HTTP/1.1" 200 0 "-" "Mozilla/5.0 (compatible; Barkrowler/0.9; +https://babbar.tech/crawler)"
217.113.194.228 - - [20/Jun/2026:21:44:34 +0200] "GET /2026/03/26/quali-sono-rso-principali-vantaggi-di-insecable-ricompensa-escludendo-intricato/ HTTP/1.1" 200 0 "-" "Mozilla/5.0 (compatible; Barkrowler/0.9; +https://babbar.tech/crawler)"
217.113.194.131 - - [20/Jun/2026:21:45:49 +0200] "GET /2026/03/22/enjoy-safari-casino-prism-no-deposit-play-sam-slot-machine-game-100percent-free-during-the-slottavern/ HTTP/1.1" 200 0 "-" "Mozilla/5.0 (compatible; Barkrowler/0.9; +https://babbar.tech/crawler)"
217.113.194.131 - - [20/Jun/2026:21:49:07 +0200] "GET /2026/02/27/jogos-bf-slots-2026-top-slot-very-hot-40-christmas-12-jogos-bee-fee-acostumado/ HTTP/1.1" 200 0 "-" "Mozilla/5.0 (compatible; Barkrowler/0.9; +https://babbar.tech/crawler)"
217.113.194.125 - - [20/Jun/2026:21:49:22 +0200] "GET /2026/02/27/medusa-ii-book-of-sun-play-slot-by-pg-soft-rtp-94-96-review-and-play-for-free/ HTTP/1.1" 200 0 "-" "Mozilla/5.0 (compatible; Barkrowler/0.9; +https://babbar.tech/crawler)"
217.113.194.227 - - [20/Jun/2026:21:50:22 +0200] "GET /2026/01/12/best-pokies-online-aussie-spinsamurai-bonuses-ports-gamble-100-percent-free-pokies-australian-continent/ HTTP/1.1" 200 0 "-" "Mozilla/5.0 (compatible; Barkrowler/0.9; +https://babbar.tech/crawler)"
217.113.194.248 - - [20/Jun/2026:21:51:23 +0200] "GET /2026/01/28/der-anstieg-der-vip-krypto-glucksspiel-etablissements-eine-neue-ara-im-online-pc-spiele/ HTTP/1.1" 200 0 "-" "Mozilla/5.0 (compatible; Barkrowler/0.9; +https://babbar.tech/crawler)"
217.113.194.131 - - [20/Jun/2026:21:53:41 +0200] "GET /2026/04/14/there-can-be-the-opportunity-to-safe-100-totally-free-revolves-from-the-lottoland-whenever-you-sign-up/ HTTP/1.1" 200 0 "-" "Mozilla/5.0 (compatible; Barkrowler/0.9; +https://babbar.tech/crawler)"
217.113.194.124 - - [20/Jun/2026:21:55:27 +0200] "GET /2026/03/31/there-is-some-of-the-expose-really-ines-you-are-sure-that-and-you-may-such-as-for-example-and-then-some/ HTTP/1.1" 200 0 "-" "Mozilla/5.0 (compatible; Barkrowler/0.9; +https://babbar.tech/crawler)"
192.3.143.210 - - [20/Jun/2026:21:56:17 +0200] "GET /2026/05/06/casino-en-ligne-decouverte-du-monde-numerique/ HTTP/1.1" 200 0 "https://themomotimes.com/" "Mozilla/5.0 (Windows NT 6.1; Win64; x64; rv:109.0) Gecko/20100101 Firefox/115.0"
217.113.194.131 - - [20/Jun/2026:21:57:13 +0200] "GET /2026/05/13/ice-ex-cathedra-side-immerion-casino-login-det-bedste-tilslutte-kasino-i-dannevan/ HTTP/1.1" 200 0 "-" "Mozilla/5.0 (compatible; Barkrowler/0.9; +https://babbar.tech/crawler)"
217.113.194.131 - - [20/Jun/2026:21:43:18 +0200] "GET /2026/01/20/better-zero-kyc-gambling-enterprises-2026-greatest-private-machance-promo-code-crypto-gambling-enterprises/ HTTP/1.1" 200 0 "-" "Mozilla/5.0 (compatible; Barkrowler/0.9; +https://babbar.tech/crawler)"
217.113.194.122 - - [20/Jun/2026:21:44:18 +0200] "GET /2026/04/28/100percent-casino-maklercourtage-diese-besten-boni-unter-einsatz-von-100percent-100-freispiele/ HTTP/1.1" 200 0 "-" "Mozilla/5.0 (compatible; Barkrowler/0.9; +https://babbar.tech/crawler)"
217.113.194.123 - - [20/Jun/2026:21:46:05 +0200] "GET /2026/03/22/western-gold-slot-review-play-free-melhor-maquina-pokie-para-jogar-brasil-demonio-2026/ HTTP/1.1" 200 0 "-" "Mozilla/5.0 (compatible; Barkrowler/0.9; +https://babbar.tech/crawler)"
217.113.194.126 - - [20/Jun/2026:21:50:38 +0200] "GET /2026/01/28/free-pokies-2026-play-17000-online-slots-nz-free-of-casino-21com-no-deposit-bonus-codes-charge/ HTTP/1.1" 200 0 "-" "Mozilla/5.0 (compatible; Barkrowler/0.9; +https://babbar.tech/crawler)"
217.113.194.126 - - [20/Jun/2026:21:50:53 +0200] "GET /2026/01/28/nejlepsi-online-kasina-v-kanade-2025-duveryhodne-kanadske-hazardni-podniky/ HTTP/1.1" 200 0 "-" "Mozilla/5.0 (compatible; Barkrowler/0.9; +https://babbar.tech/crawler)"
65.21.228.101 - - [20/Jun/2026:21:52:27 +0200] "POST /wp-cron.php?doing_wp_cron=1781985147.3397200107574462890625 HTTP/1.1" 200 0 "-" "WordPress/7.0; https://themomotimes.com"
217.113.194.248 - - [20/Jun/2026:21:53:26 +0200] "GET /2026/04/14/5-deposit-gambling-enterprise-enjoy-slots-betflag-casino-sign-up-bonus-which-have-5-lb-lowest/ HTTP/1.1" 200 0 "-" "Mozilla/5.0 (compatible; Barkrowler/0.9; +https://babbar.tech/crawler)"
217.113.194.130 - - [20/Jun/2026:21:54:42 +0200] "GET /2026/01/14/100-percent-big-blox-slot-free-spins-free-spins-no-deposit-australian-continent-january-2026/ HTTP/1.1" 200 0 "-" "Mozilla/5.0 (compatible; Barkrowler/0.9; +https://babbar.tech/crawler)"
200.25.47.114 - - [20/Jun/2026:21:55:39 +0200] "GET /2026/06/20/voiko-konferenssiin-lentaa-myos-helikopterilla-install-everestin-ulkopuolelta-ja-sitten-joku-voi-jaada-pois-gate777-pc-login-zhihu/ HTTP/1.1" 200 0 "-" "Mozilla/5.0 (Windows NT 10.0; rv:109.0) Gecko/20100101 Firefox/115.0"
217.113.194.248 - - [20/Jun/2026:21:56:13 +0200] "GET /2026/05/13/entretenimiento-importante-tuercas-tornillos-y-bicicletas-integradas-en-la-aplicacion-bizzo-casino/ HTTP/1.1" 200 0 "-" "Mozilla/5.0 (compatible; Barkrowler/0.9; +https://babbar.tech/crawler)"
217.113.194.122 - - [20/Jun/2026:21:56:28 +0200] "GET /2026/05/13/although-not-you-can-also-bear-small-costs-out-of-your-picked-withdrawal-means-or-payment-supplier/ HTTP/1.1" 200 0 "-" "Mozilla/5.0 (compatible; Barkrowler/0.9; +https://babbar.tech/crawler)"
217.113.194.228 - - [20/Jun/2026:21:42:02 +0200] "GET /2026/03/30/samba-slots-e-in-mezzo-a-rso-mucchio-non-aams-sicuri-in-concessione-curacao-gaming/ HTTP/1.1" 200 0 "-" "Mozilla/5.0 (compatible; Barkrowler/0.9; +https://babbar.tech/crawler)"
200.25.47.133 - - [20/Jun/2026:21:41:43 +0200] "POST /xmlrpc.php HTTP/1.1" 200 5926 "-" "Mozilla/5.0 (Windows NT 10.0; Win64; x64) AppleWebKit/537.36 (KHTML, like Gecko) Chrome/114.0.0.0 Safari/537.36"
217.113.194.129 - - [20/Jun/2026:21:44:03 +0200] "GET /2026/03/20/spider-man-compared-to-wolverine-in-the-end-becomes-an-excellent-sparks-rtp-position-definitive-target/ HTTP/1.1" 200 0 "-" "Mozilla/5.0 (compatible; Barkrowler/0.9; +https://babbar.tech/crawler)"
217.113.194.227 - - [20/Jun/2026:21:45:04 +0200] "GET /2026/03/26/une-apparence-important-dans-etudier-est-ma-categorie-de-gaming-quun-salle-de-jeu-autonome-peut-proposer/ HTTP/1.1" 200 0 "-" "Mozilla/5.0 (compatible; Barkrowler/0.9; +https://babbar.tech/crawler)"
217.113.194.128 - - [20/Jun/2026:21:48:21 +0200] "GET /2026/01/25/seriose-online-casinos-book-of-ra-deluxe-echtgeld-paypal-brd-%EF%B8%8F-allemal-legal/ HTTP/1.1" 200 0 "-" "Mozilla/5.0 (compatible; Barkrowler/0.9; +https://babbar.tech/crawler)"
217.113.194.131 - - [20/Jun/2026:21:48:36 +0200] "GET /2026/01/25/mr-bet-casino-app-download-ios-official-app-on-neu-nein-einzahlung-20-euro-bonus-appstore/ HTTP/1.1" 200 0 "-" "Mozilla/5.0 (compatible; Barkrowler/0.9; +https://babbar.tech/crawler)"
47.82.11.94 - - [20/Jun/2026:21:48:43 +0200] "GET /2026/01/07/best-100-percent-free-spins-on-line-casino-incentives-2025/ HTTP/1.1" 200 0 "https://themomotimes.com/" "Mozilla/5.0 (Windows NT 10.0; Win64; x64) AppleWebKit/537.36 (KHTML, like Gecko) Chrome/135.0.0.0 Safari/537.36 Edg/135.0.0.0"
217.113.194.126 - - [20/Jun/2026:21:48:51 +0200] "GET /2026/02/06/enjoy-danger-high-voltage-position-free-mr-bet-casino-no-deposit-bonus-revolves-no-deposit-greeting-extra/ HTTP/1.1" 200 0 "-" "Mozilla/5.0 (compatible; Barkrowler/0.9; +https://babbar.tech/crawler)"
217.113.194.124 - - [20/Jun/2026:21:51:08 +0200] "GET /2026/01/28/100-freispiele-ohne-mad-mad-monkey-1-kaution-einzahlung-top-kasino-angebote-2026/ HTTP/1.1" 200 0 "-" "Mozilla/5.0 (compatible; Barkrowler/0.9; +https://babbar.tech/crawler)"
46.224.140.177 - - [20/Jun/2026:21:51:49 +0200] "POST /xmlrpc.php HTTP/1.1" 200 1937 "-" "Mozilla/5.0 (Windows NT 10.0; Win64; x64) AppleWebKit/537.36 (KHTML, like Gecko) Chrome/108.0.0.0 Safari/537.36"
147.93.73.37 - - [20/Jun/2026:21:52:52 +0200] "HEAD /2026/04/14/tako-izgleda-varen-zacetni-cikel/ HTTP/2" 200 0 "https://samnun.com" "WPMU DEV Broken Link Checker Local Engine"
217.113.194.124 - - [20/Jun/2026:21:53:11 +0200] "GET /2026/04/14/playamo-gambling-enterprise-canada-remark-greatest-real-money-casino-new-dawn-login-game-bonuses-2025/ HTTP/1.1" 200 0 "-" "Mozilla/5.0 (compatible; Barkrowler/0.9; +https://babbar.tech/crawler)"
200.25.47.114 - - [20/Jun/2026:21:55:40 +0200] "POST /xmlrpc.php HTTP/1.1" 200 5926 "-" "Mozilla/5.0 (Windows NT 10.0; Win64; x64) AppleWebKit/537.36 (KHTML, like Gecko) Chrome/114.0.0.0 Safari/537.36"
217.113.194.124 - - [20/Jun/2026:21:57:29 +0200] "GET /2026/05/13/these-types-of-varying-harbors-incorporate-various-other-spend-outlines-templates-and-gameplay-technicians/ HTTP/1.1" 200 0 "-" "Mozilla/5.0 (compatible; Barkrowler/0.9; +https://babbar.tech/crawler)"
217.113.194.128 - - [20/Jun/2026:21:57:44 +0200] "GET /2026/03/13/unser-umsatzbedingungen-nebst-35x-ferner-40x-auswahlen-deine-erfolgschancen/ HTTP/1.1" 200 0 "-" "Mozilla/5.0 (compatible; Barkrowler/0.9; +https://babbar.tech/crawler)"
217.113.194.129 - - [20/Jun/2026:21:43:03 +0200] "GET /2026/01/20/wolf-aristocrat-video-games-focus-on-pokie-remark-enjoy-wolf-work-on-at-best-au-gambling-enterprises/ HTTP/1.1" 200 0 "-" "Mozilla/5.0 (compatible; Barkrowler/0.9; +https://babbar.tech/crawler)"
217.113.194.126 - - [20/Jun/2026:21:43:33 +0200] "GET /2026/01/20/free-fruit-server-games-directory-of-better-400-casino-bonus-skrill-fruit-harbors-to-try-out-enjoyment/ HTTP/1.1" 200 0 "-" "Mozilla/5.0 (compatible; Barkrowler/0.9; +https://babbar.tech/crawler)"
217.113.194.125 - - [20/Jun/2026:21:43:48 +0200] "GET /2026/01/20/finest-added-super-gaminator-casino-games-bonus-spin-promotions-for-brand-new-participants-in-the-january-2026/ HTTP/1.1" 200 0 "-" "Mozilla/5.0 (compatible; Barkrowler/0.9; +https://babbar.tech/crawler)"
217.113.194.123 - - [20/Jun/2026:21:46:50 +0200] "GET /2026/05/18/schritt-2-verifizierung-uber-mobile-3-minuten-menschenahnlicher-roboter-clips-ident-1/ HTTP/1.1" 200 0 "-" "Mozilla/5.0 (compatible; Barkrowler/0.9; +https://babbar.tech/crawler)"
217.113.194.128 - - [20/Jun/2026:21:48:06 +0200] "GET /2026/02/09/100-percent-free-spins-online-casinos-2026-no-put-totally-free-spins-wager-totally-free-offers/ HTTP/1.1" 200 0 "-" "Mozilla/5.0 (compatible; Barkrowler/0.9; +https://babbar.tech/crawler)"
65.21.228.101 - - [20/Jun/2026:21:49:21 +0200] "POST /wp-cron.php?doing_wp_cron=1781984961.6087710857391357421875 HTTP/1.1" 200 0 "-" "WordPress/7.0; https://themomotimes.com"
217.113.194.227 - - [20/Jun/2026:21:51:40 +0200] "GET /2026/01/09/high-society-2022-high-society-best-game-to-play-on-mr-bet-slots-remark-100-percent-free-revolves/ HTTP/1.1" 200 0 "-" "Mozilla/5.0 (compatible; Barkrowler/0.9; +https://babbar.tech/crawler)"
146.70.226.85 - - [20/Jun/2026:21:52:32 +0200] "POST /xmlrpc.php HTTP/1.1" 200 17986 "-" "Mozilla/5.0 (Windows NT 10.0; Win64; x64) AppleWebKit/537.36 (KHTML, like Gecko) Chrome/114.0.0.0 Safari/537.36"
146.70.226.85 - - [20/Jun/2026:21:52:33 +0200] "GET /2026/06/20/you-will-find-texas-holdem-cooking-pot-restrict-omaha-and-you-may-competitions-catering-to-all-skills-levels/ HTTP/1.1" 200 0 "-" "Mozilla/5.0 (Windows NT 10.0; Win64; x64) AppleWebKit/537.36 (KHTML, like Gecko) Chrome/122.0.0.0 Safari/537.36"
217.113.194.129 - - [20/Jun/2026:21:54:11 +0200] "GET /2026/01/14/sveriges-ultimata-the-money-drop-online-slot-online-casinon-samtliga-casinon-pa-natet-2025/ HTTP/1.1" 200 0 "-" "Mozilla/5.0 (compatible; Barkrowler/0.9; +https://babbar.tech/crawler)"
217.113.194.126 - - [20/Jun/2026:21:57:59 +0200] "GET /2026/03/19/beste-angeschlossen-hugo-slot-fur-echtes-geld-casinos-via-sofortuberweisung-2026/ HTTP/1.1" 200 0 "-" "Mozilla/5.0 (compatible; Barkrowler/0.9; +https://babbar.tech/crawler)"
217.113.194.228 - - [20/Jun/2026:21:58:29 +0200] "GET /2026/03/21/davinci-expensive-diamonds-slot-100-percent-free-enjoy-on-line-casino-casino-tricks-and-tips-ports-no-install/ HTTP/1.1" 200 0 "-" "Mozilla/5.0 (compatible; Barkrowler/0.9; +https://babbar.tech/crawler)"
217.113.194.248 - - [20/Jun/2026:21:46:20 +0200] "GET /2026/05/18/avalon-harbors-lucky-ladys-charm-slot-free-spins-games-2026-better-microgaming-position-game/ HTTP/1.1" 200 0 "-" "Mozilla/5.0 (compatible; Barkrowler/0.9; +https://babbar.tech/crawler)"
217.113.194.127 - - [20/Jun/2026:21:47:05 +0200] "GET /2026/04/04/lidz-2-simtiem-verde-casino-saistita-lietotne-astoni-simti-griezas/ HTTP/1.1" 200 0 "-" "Mozilla/5.0 (compatible; Barkrowler/0.9; +https://babbar.tech/crawler)"
62.106.67.30 - - [20/Jun/2026:21:48:38 +0200] "POST /xmlrpc.php HTTP/1.1" 200 0 "https://themomotimes.com/wp-admin/" "Mozilla/5.0 (Windows NT 10.0; Win64; x64) AppleWebKit/537.36 (KHTML, like Gecko) Chrome/132.0.0.0 Safari/537.36"
217.113.194.228 - - [20/Jun/2026:21:51:55 +0200] "GET /2026/03/06/large-5-gambling-enterprise-slots-gold-factory-free-spins-gambling-establishment-software-on-the-internet-play/ HTTP/1.1" 200 0 "-" "Mozilla/5.0 (compatible; Barkrowler/0.9; +https://babbar.tech/crawler)"
217.113.194.129 - - [20/Jun/2026:21:54:57 +0200] "GET /2026/03/31/how-to-pick-a-reliable-internet-ogwil-online-slot-casino-and-just-why-united-kingdom-leovegas-shines/ HTTP/1.1" 200 0 "-" "Mozilla/5.0 (compatible; Barkrowler/0.9; +https://babbar.tech/crawler)"
200.25.47.114 - - [20/Jun/2026:21:54:46 +0200] "POST /xmlrpc.php HTTP/1.1" 200 5929 "-" "Mozilla/5.0 (Windows NT 10.0; Win64; x64) AppleWebKit/537.36 (KHTML, like Gecko) Chrome/114.0.0.0 Safari/537.36"
107.175.26.170 - - [20/Jun/2026:21:56:16 +0200] "GET /2026/05/06/casino-en-ligne-decouverte-du-monde-numerique/ HTTP/1.1" 200 0 "https://themomotimes.com/" "Mozilla/5.0 (Windows NT 6.1; Win64; x64; rv:109.0) Gecko/20100101 Firefox/115.0"
217.113.194.131 - - [20/Jun/2026:21:56:58 +0200] "GET /2026/05/13/moglich-spiel-unserem-sie-gewissheit-beherrschen-zum-besten-geben-sie-gewiss/ HTTP/1.1" 200 0 "-" "Mozilla/5.0 (compatible; Barkrowler/0.9; +https://babbar.tech/crawler)"
217.113.194.131 - - [20/Jun/2026:21:42:47 +0200] "GET /2026/04/20/ad-esempio-profittare-rso-proventi-del-riconoscimento-in-assenza-di-base-svago/ HTTP/1.1" 200 0 "-" "Mozilla/5.0 (compatible; Barkrowler/0.9; +https://babbar.tech/crawler)"
47.82.11.52 - - [20/Jun/2026:21:43:35 +0200] "GET /2026/01/08/jeux-de-machines-a-dessous-en-function-de-financment-palpable/ HTTP/1.1" 200 0 "https://themomotimes.com/" "Mozilla/5.0 (X11; Linux x86_64) AppleWebKit/537.36 (KHTML, like Gecko) Chrome/124.0.0.0 Safari/537.36"
217.113.194.125 - - [20/Jun/2026:21:45:19 +0200] "GET /2026/03/26/super-moolah-games-brings-memorable-playing-minutes-treasure-horse-casino-to-possess-united-kingdom-players/ HTTP/1.1" 200 0 "-" "Mozilla/5.0 (compatible; Barkrowler/0.9; +https://babbar.tech/crawler)"
217.113.194.227 - - [20/Jun/2026:21:47:36 +0200] "GET /2026/04/04/which-have-a-general-distinct-more-than-5000-video-game-participants-is-secured-an-engaging-gambling-thrill/ HTTP/1.1" 200 0 "-" "Mozilla/5.0 (compatible; Barkrowler/0.9; +https://babbar.tech/crawler)"
217.113.194.126 - - [20/Jun/2026:21:47:51 +0200] "GET /2026/04/11/verbunden-vulkanbet-agent-app-herunterladen-spielbank-bonus-brd-beste-bonus-angebote-2026/ HTTP/1.1" 200 0 "-" "Mozilla/5.0 (compatible; Barkrowler/0.9; +https://babbar.tech/crawler)"
217.113.194.123 - - [20/Jun/2026:21:49:37 +0200] "GET /2026/01/12/dont-lose-fruit-online-slot-out-register-and-now-have-the-hottest-local-casino-incentives-all-of-the-day/ HTTP/1.1" 200 0 "-" "Mozilla/5.0 (compatible; Barkrowler/0.9; +https://babbar.tech/crawler)"
217.113.194.228 - - [20/Jun/2026:21:49:52 +0200] "GET /2026/01/12/free-slot-machine-games-with-mega-moolah-slot-free-spins-free-revolves-gamble-on-line-without-download/ HTTP/1.1" 200 0 "-" "Mozilla/5.0 (compatible; Barkrowler/0.9; +https://babbar.tech/crawler)"
146.70.226.85 - - [20/Jun/2026:21:51:41 +0200] "POST /xmlrpc.php HTTP/1.1" 200 5929 "-" "Mozilla/5.0 (Windows NT 10.0; Win64; x64) AppleWebKit/537.36 (KHTML, like Gecko) Chrome/114.0.0.0 Safari/537.36"
217.113.194.122 - - [20/Jun/2026:21:53:56 +0200] "GET /2026/04/14/including-attempts-just-augment-associate-involvement-also-generate-support-rooted-in-regional-pride/ HTTP/1.1" 200 0 "-" "Mozilla/5.0 (compatible; Barkrowler/0.9; +https://babbar.tech/crawler)"
217.113.194.227 - - [20/Jun/2026:21:55:12 +0200] "GET /2026/03/31/blackjack-dringender-hyperlink-erreichbar-casinos-in-brd-blackjack-uber-maklercourtage/ HTTP/1.1" 200 0 "-" "Mozilla/5.0 (compatible; Barkrowler/0.9; +https://babbar.tech/crawler)"
65.21.228.101 - - [20/Jun/2026:21:55:31 +0200] "POST /wp-cron.php?doing_wp_cron=1781985331.3857638835906982421875 HTTP/1.1" 200 0 "-" "WordPress/7.0; https://themomotimes.com"
107.172.53.100 - - [20/Jun/2026:21:56:15 +0200] "GET /2026/05/06/casino-en-ligne-decouverte-du-monde-numerique/ HTTP/1.1" 200 0 "https://themomotimes.com/" "Mozilla/5.0 (Windows NT 6.1; Win64; x64; rv:109.0) Gecko/20100101 Firefox/115.0"
217.113.194.131 - - [20/Jun/2026:21:44:49 +0200] "GET /2026/03/26/no-deposit-added-bonus-noodzakelijk-de-uitgelezene-bonussen-buiten-storting-van-march-2026/ HTTP/1.1" 200 0 "-" "Mozilla/5.0 (compatible; Barkrowler/0.9; +https://babbar.tech/crawler)"
47.82.11.63 - - [20/Jun/2026:21:45:19 +0200] "GET /2026/01/23/tiu-adstaedur-goldbet-vedmalainnskraning-ur-thydingu-taknsins-indian-kid-fantasy/ HTTP/1.1" 200 0 "https://themomotimes.com/" "Mozilla/5.0 (Macintosh; Intel Mac OS X 10_15_7) AppleWebKit/605.1.15 (KHTML, like Gecko) Version/18.3.1 Safari/605.1.15"
217.113.194.127 - - [20/Jun/2026:21:46:35 +0200] "GET /2026/05/18/better-australian-on-line-pokies-no-deposit-bonus-codes-casino-virtual-2026-best-real-money-pokies-websites/ HTTP/1.1" 200 0 "-" "Mozilla/5.0 (compatible; Barkrowler/0.9; +https://babbar.tech/crawler)"
217.113.194.122 - - [20/Jun/2026:21:47:20 +0200] "GET /2026/04/04/this-type-of-bonuses-typically-started-since-either-day-after-day-a-week-or-month-to-month-cashback/ HTTP/1.1" 200 0 "-" "Mozilla/5.0 (compatible; Barkrowler/0.9; +https://babbar.tech/crawler)"
217.113.194.125 - - [20/Jun/2026:21:52:25 +0200] "GET /2026/02/03/69-rotiri-gratuite-fara-plata-aruncati-o-privire-pe-site-500ron-pariuri-gratuit/ HTTP/1.1" 200 0 "-" "Mozilla/5.0 (compatible; Barkrowler/0.9; +https://babbar.tech/crawler)"
217.113.194.124 - - [20/Jun/2026:21:52:40 +0200] "GET /2026/04/14/this-type-of-5-gambling-enterprises-have-the-loosest-ports-when-you-look-at-the-vegas-in-2026/ HTTP/1.1" 200 0 "-" "Mozilla/5.0 (compatible; Barkrowler/0.9; +https://babbar.tech/crawler)"
146.70.226.85 - - [20/Jun/2026:21:52:34 +0200] "POST /xmlrpc.php HTTP/1.1" 200 5926 "-" "Mozilla/5.0 (Windows NT 10.0; Win64; x64) AppleWebKit/537.36 (KHTML, like Gecko) Chrome/114.0.0.0 Safari/537.36"
5.78.159.87 - - [20/Jun/2026:21:53:00 +0200] "POST /xmlrpc.php HTTP/1.1" 200 1937 "-" "Mozilla/5.0 (Windows NT 10.0; Win64; x64) AppleWebKit/537.36 (KHTML, like Gecko) Chrome/108.0.0.0 Safari/537.36"
217.113.194.127 - - [20/Jun/2026:21:54:27 +0200] "GET /2026/01/14/how-to-earn-large-from-casino-super-fast-hot-hot-the-pharaohs-gold-tips-and-tricks-out-of-the-pros/ HTTP/1.1" 200 0 "-" "Mozilla/5.0 (compatible; Barkrowler/0.9; +https://babbar.tech/crawler)"
200.25.47.114 - - [20/Jun/2026:21:55:37 +0200] "POST /xmlrpc.php HTTP/1.1" 200 13163 "-" "Mozilla/5.0 (Windows NT 10.0; Win64; x64) AppleWebKit/537.36 (KHTML, like Gecko) Chrome/114.0.0.0 Safari/537.36"
217.113.194.126 - - [20/Jun/2026:21:55:42 +0200] "GET /2026/03/31/trendy-fresh-fruit-slot-gamble-on-space-gem-slot-the-internet-free-of-charge-and-you-can-victory-a-real-income/ HTTP/1.1" 200 0 "-" "Mozilla/5.0 (compatible; Barkrowler/0.9; +https://babbar.tech/crawler)"
217.113.194.128 - - [20/Jun/2026:21:55:58 +0200] "GET /2026/03/31/n1-local-casino-remark-easy-slider-slot-free-spins-2026-score-475-175-totally-free-revolves/ HTTP/1.1" 200 0 "-" "Mozilla/5.0 (compatible; Barkrowler/0.9; +https://babbar.tech/crawler)"
217.113.194.129 - - [20/Jun/2026:21:59:15 +0200] "GET /2026/05/08/prevedono-la-scelta-sentire-giochi-selezionati-precedentemente-della-giorno-dellofferta/ HTTP/1.1" 200 0 "-" "Mozilla/5.0 (compatible; Barkrowler/0.9; +https://babbar.tech/crawler)"
65.21.228.101 - - [20/Jun/2026:22:00:22 +0200] "POST /wp-cron.php?doing_wp_cron=1781985622.1042010784149169921875 HTTP/1.1" 200 0 "-" "WordPress/7.0; https://themomotimes.com"
65.21.228.101 - - [20/Jun/2026:22:01:21 +0200] "POST /wp-cron.php?doing_wp_cron=1781985681.6165490150451660156250 HTTP/1.1" 200 0 "-" "WordPress/7.0; https://themomotimes.com"
45.250.252.149 - - [20/Jun/2026:22:01:28 +0200] "POST /xmlrpc.php HTTP/1.1" 200 20425 "-" "Mozilla/5.0 (Windows NT 10.0; Win64; x64) AppleWebKit/537.36 (KHTML, like Gecko) Chrome/114.0.0.0 Safari/537.36"
217.113.194.128 - - [20/Jun/2026:22:01:46 +0200] "GET /2026/05/08/los-bonos-de-admision-sin-tanque-consisten-acerca-de-cesion-promocional-para-juguetear/ HTTP/1.1" 200 0 "-" "Mozilla/5.0 (compatible; Barkrowler/0.9; +https://babbar.tech/crawler)"
95.91.111.185 - - [20/Jun/2026:22:02:21 +0200] "GET /robots.txt HTTP/1.1" 200 314 "-" "Mozilla/5.0 (compatible; MJ12bot/v1.4.8; http://mj12bot.com/)"
146.70.226.85 - - [20/Jun/2026:22:04:02 +0200] "POST /xmlrpc.php HTTP/1.1" 200 5929 "-" "Mozilla/5.0 (Windows NT 10.0; Win64; x64) AppleWebKit/537.36 (KHTML, like Gecko) Chrome/114.0.0.0 Safari/537.36"
217.113.194.129 - - [20/Jun/2026:22:04:48 +0200] "GET /2026/03/08/excelentes-tragamonedas-sobre-casino-en-internet-de-jimi-hendrix-maquina-tragamonedas-2026/ HTTP/1.1" 200 0 "-" "Mozilla/5.0 (compatible; Barkrowler/0.9; +https://babbar.tech/crawler)"
146.70.226.85 - - [20/Jun/2026:22:04:51 +0200] "POST /xmlrpc.php HTTP/1.1" 200 17678 "-" "Mozilla/5.0 (Windows NT 10.0; Win64; x64) AppleWebKit/537.36 (KHTML, like Gecko) Chrome/114.0.0.0 Safari/537.36"
146.70.226.85 - - [20/Jun/2026:22:04:52 +0200] "POST /xmlrpc.php HTTP/1.1" 200 5926 "-" "Mozilla/5.0 (Windows NT 10.0; Win64; x64) AppleWebKit/537.36 (KHTML, like Gecko) Chrome/114.0.0.0 Safari/537.36"
128.1.218.165 - - [20/Jun/2026:22:04:34 +0200] "POST /xmlrpc.php HTTP/1.1" 200 5929 "-" "Mozilla/5.0 (Windows NT 10.0; Win64; x64) AppleWebKit/537.36 (KHTML, like Gecko) Chrome/114.0.0.0 Safari/537.36"
65.21.228.101 - - [20/Jun/2026:22:06:27 +0200] "POST /wp-cron.php?doing_wp_cron=1781985987.7567141056060791015625 HTTP/1.1" 200 0 "-" "WordPress/7.0; https://themomotimes.com"
128.1.218.165 - - [20/Jun/2026:22:06:36 +0200] "GET /2026/06/20/verbunden-rainbow-riches/ HTTP/1.1" 200 0 "-" "Mozilla/5.0 (Windows NT 10.0; Win64; x64) AppleWebKit/537.36 (KHTML, like Gecko) Chrome/109.0.0.0 Safari/537.36"
216.144.249.168 - - [20/Jun/2026:22:07:55 +0200] "GET /2026/06/01/bdmbets-casino-zanesljivost-igre/ HTTP/1.1" 200 0 "https://themomotimes.com/" "Mozilla/5.0 (Macintosh; Intel Mac OS X 10_15_7) AppleWebKit/605.1.15 (KHTML, like Gecko) Version/18.6 Safari/605.1.15"
216.144.249.168 - - [20/Jun/2026:22:07:55 +0200] "GET /2026/06/01/bdmbets-casino-zanesljivost-igre/ HTTP/1.1" 200 0 "https://themomotimes.com/" "Mozilla/5.0 (Macintosh; Intel Mac OS X 10_15_7) AppleWebKit/605.1.15 (KHTML, like Gecko) Version/18.6 Safari/605.1.15"
217.113.194.125 - - [20/Jun/2026:22:08:36 +0200] "GET /2026/05/26/fantastic-door-gambling-enterprise-ditches-alive-dealers-getting-digital-table-game-amid-consumer-shift/ HTTP/1.1" 200 0 "-" "Mozilla/5.0 (compatible; Barkrowler/0.9; +https://babbar.tech/crawler)"
217.113.194.124 - - [20/Jun/2026:22:09:52 +0200] "GET /2025/06/12/comment-les-casinos-modernes-transforment-le-jeu-en-responsabilite-sociale-grace-au-cashback-et-aux-paris-sportifs/ HTTP/1.1" 200 0 "-" "Mozilla/5.0 (compatible; Barkrowler/0.9; +https://babbar.tech/crawler)"
217.113.194.126 - - [20/Jun/2026:22:11:08 +0200] "GET /2026/04/23/our-very-own-ideal-gambling-establishment-sites-in-britain-are-recognized-for-defense-and-you-may-professionalism/ HTTP/1.1" 200 0 "-" "Mozilla/5.0 (compatible; Barkrowler/0.9; +https://babbar.tech/crawler)"
65.21.228.101 - - [20/Jun/2026:22:12:45 +0200] "POST /wp-cron.php?doing_wp_cron=1781986365.2637910842895507812500 HTTP/1.1" 200 0 "-" "WordPress/7.0; https://themomotimes.com"
128.1.218.152 - - [20/Jun/2026:22:12:53 +0200] "GET /2026/06/20/bonanza-casino-3-reel-classic-slots-no-download-or-registration-your-complete-help-guide-to-bonanza-sign-on-and-membership/ HTTP/1.1" 200 0 "-" "Mozilla/5.0 (Windows NT 10.0; rv:125.0) Gecko/20100101 Firefox/125.0"
217.113.194.228 - - [20/Jun/2026:22:13:55 +0200] "GET /2026/04/23/the-way-we-like-casinos-on-the-internet-end-up-being-not-harmful-to-bien-au-professionals/ HTTP/1.1" 200 0 "-" "Mozilla/5.0 (compatible; Barkrowler/0.9; +https://babbar.tech/crawler)"
217.113.194.126 - - [20/Jun/2026:21:58:44 +0200] "GET /2026/03/16/finest-paysafecard-gambling-establishment-giants-gold-slot-free-spins-sites-all-of-our-ranking/ HTTP/1.1" 200 0 "-" "Mozilla/5.0 (compatible; Barkrowler/0.9; +https://babbar.tech/crawler)"
217.113.194.227 - - [20/Jun/2026:22:01:01 +0200] "GET /2026/05/08/las-cuotas-de-las-apuestas-referente-a-betsson-resultan-optimas-sobre-la-os-con-posterior-cuenta/ HTTP/1.1" 200 0 "-" "Mozilla/5.0 (compatible; Barkrowler/0.9; +https://babbar.tech/crawler)"
217.113.194.122 - - [20/Jun/2026:22:01:31 +0200] "GET /2026/05/08/travel-higher-which-have-a-lot-of-100-percent-free-harbors-extra-cash-in-the-travel-high-choice-gambling-enterprise/ HTTP/1.1" 200 0 "-" "Mozilla/5.0 (compatible; Barkrowler/0.9; +https://babbar.tech/crawler)"
217.113.194.130 - - [20/Jun/2026:22:02:47 +0200] "GET /2026/05/04/evaluate-ideal-australian-gambling-enterprises-pokies-and-you-may-bookmakers-invited-incentive-from-2025/ HTTP/1.1" 200 0 "-" "Mozilla/5.0 (compatible; Barkrowler/0.9; +https://babbar.tech/crawler)"
217.113.194.126 - - [20/Jun/2026:22:03:17 +0200] "GET /2026/02/05/indian-fantasizing-casino-slot-games-videos-from-the-aristocrat-leisure-marketplaces-pty-ltd-1998/ HTTP/1.1" 200 0 "-" "Mozilla/5.0 (compatible; Barkrowler/0.9; +https://babbar.tech/crawler)"
65.21.228.101 - - [20/Jun/2026:22:04:45 +0200] "POST /wp-cron.php?doing_wp_cron=1781985885.8778679370880126953125 HTTP/1.1" 200 0 "-" "WordPress/7.0; https://themomotimes.com"
146.70.226.85 - - [20/Jun/2026:22:04:51 +0200] "GET /2026/06/20/its-registration-process-is-simple-also-it-provides-various-betting-choice/ HTTP/1.1" 200 0 "-" "Mozilla/5.0 (Windows NT 10.0; Win64; x64) AppleWebKit/537.36 (KHTML, like Gecko) Chrome/123.0.0.0 Safari/537.36 OPR/109.0.0.0"
217.113.194.125 - - [20/Jun/2026:22:05:34 +0200] "GET /2026/03/08/fifty-totally-free-revolves-at-the-yabby-gambling-establishment-no-deposit-bonus-code-50yws/ HTTP/1.1" 200 0 "-" "Mozilla/5.0 (compatible; Barkrowler/0.9; +https://babbar.tech/crawler)"
217.113.194.227 - - [20/Jun/2026:22:05:49 +0200] "GET /2026/03/03/bestes-verbunden-spielbank-dolphins-pearl-spielautomat-echtgeld-in-teutonia-geldspiele/ HTTP/1.1" 200 0 "-" "Mozilla/5.0 (compatible; Barkrowler/0.9; +https://babbar.tech/crawler)"
217.113.194.228 - - [20/Jun/2026:22:07:51 +0200] "GET /2026/05/26/mga-lisenssi-luotettavuutta-ja-turvallisuutta-nettikasinopelaamiseen-2/ HTTP/1.1" 200 0 "-" "Mozilla/5.0 (compatible; Barkrowler/0.9; +https://babbar.tech/crawler)"
217.113.194.228 - - [20/Jun/2026:22:10:07 +0200] "GET /2025/06/19/gestione-intelligente-del-bankroll-analisi-esperta-delle-nuove-tecnologie-per-il-gioco-responsabile/ HTTP/1.1" 200 0 "-" "Mozilla/5.0 (compatible; Barkrowler/0.9; +https://babbar.tech/crawler)"
217.113.194.130 - - [20/Jun/2026:22:11:23 +0200] "GET /2026/04/24/bonusy-kasyno-dla-rodzimych-graczy-najlepsze-bonusy-kasynowe-2026/ HTTP/1.1" 200 0 "-" "Mozilla/5.0 (compatible; Barkrowler/0.9; +https://babbar.tech/crawler)"
217.113.194.125 - - [20/Jun/2026:22:12:08 +0200] "GET /2026/04/24/eye-of-horus-global-player-innerster-casino-highway-to-hell-deluxe-planet-slot-demo-echtgeld/ HTTP/1.1" 200 0 "-" "Mozilla/5.0 (compatible; Barkrowler/0.9; +https://babbar.tech/crawler)"
217.113.194.126 - - [20/Jun/2026:22:12:24 +0200] "GET /2026/04/24/retro-reels-extreme-heat-slot-juegos-de-casino-intense-demo-esparcimiento-tragamonedas-gratuito/ HTTP/1.1" 200 0 "-" "Mozilla/5.0 (compatible; Barkrowler/0.9; +https://babbar.tech/crawler)"
217.113.194.228 - - [20/Jun/2026:22:13:09 +0200] "GET /2026/04/24/iphone-3gs-on-line-casino-applications-better-slot-tomb-raider-us-online-casinos-to-have-new-iphone-4/ HTTP/1.1" 200 0 "-" "Mozilla/5.0 (compatible; Barkrowler/0.9; +https://babbar.tech/crawler)"
65.21.228.101 - - [20/Jun/2026:22:00:14 +0200] "POST /wp-cron.php?doing_wp_cron=1781985614.0984160900115966796875 HTTP/1.1" 200 0 "-" "WordPress/7.0; https://themomotimes.com"
217.113.194.227 - - [20/Jun/2026:22:04:18 +0200] "GET /2026/03/10/maquinas-tragamonedas-online-de-sin-deposito-casino-yoyospins-para-los-jugadores-existentes-balde/ HTTP/1.1" 200 0 "-" "Mozilla/5.0 (compatible; Barkrowler/0.9; +https://babbar.tech/crawler)"
217.113.194.126 - - [20/Jun/2026:22:04:33 +0200] "GET /2026/03/08/tragaperras-desplazandolo-hacia-el-pelo-juegos-casino-steam-tower-slot-sobre-netent/ HTTP/1.1" 200 0 "-" "Mozilla/5.0 (compatible; Barkrowler/0.9; +https://babbar.tech/crawler)"
65.21.228.101 - - [20/Jun/2026:22:05:19 +0200] "POST /wp-cron.php?doing_wp_cron=1781985918.9886879920959472656250 HTTP/1.1" 200 0 "-" "WordPress/7.0; https://themomotimes.com"
217.113.194.123 - - [20/Jun/2026:22:06:19 +0200] "GET /2026/01/15/casino-minsta-insattning-50-vulkan-spiele-apk-inloggning-sund-metod-in-50-sund-casino-2025/ HTTP/1.1" 200 0 "-" "Mozilla/5.0 (compatible; Barkrowler/0.9; +https://babbar.tech/crawler)"
200.25.47.113 - - [20/Jun/2026:22:07:31 +0200] "GET /2026/06/20/virgin-goldbet-agenta-pieteiksanas-gambling-uznemums-tiessaiste-nj-new-jersey-lidz-simts-dolaru-naudas-atmaksai-jauniem-cilvekiem/ HTTP/1.1" 200 0 "-" "Mozilla/5.0 (Windows NT 10.0; Win64; x64; rv:124.0) Gecko/20100101 Firefox/124.0"
217.113.194.122 - - [20/Jun/2026:22:07:35 +0200] "GET /2026/05/20/tips-win-huge-in-the-best-idebit-online-casino-pharaohs-silver-tricks-and-tips-out-of-the-huge-benefits/ HTTP/1.1" 200 0 "-" "Mozilla/5.0 (compatible; Barkrowler/0.9; +https://babbar.tech/crawler)"
200.25.47.113 - - [20/Jun/2026:22:07:33 +0200] "POST /xmlrpc.php HTTP/1.1" 200 5926 "-" "Mozilla/5.0 (Windows NT 10.0; Win64; x64) AppleWebKit/537.36 (KHTML, like Gecko) Chrome/114.0.0.0 Safari/537.36"
217.113.194.129 - - [20/Jun/2026:22:10:38 +0200] "GET /2026/04/23/tg-gambling-enterprise-was-a-good-crypto-sportsbook-providing-a-new-gaming-feel-because-of-its-punters/ HTTP/1.1" 200 0 "-" "Mozilla/5.0 (compatible; Barkrowler/0.9; +https://babbar.tech/crawler)"
217.113.194.127 - - [20/Jun/2026:22:12:39 +0200] "GET /2026/04/24/druck-glucksgefuhl-app-je-ios-android-windows-narcos-echtes-geld-download-300-provision/ HTTP/1.1" 200 0 "-" "Mozilla/5.0 (compatible; Barkrowler/0.9; +https://babbar.tech/crawler)"
217.113.194.228 - - [20/Jun/2026:22:12:54 +0200] "GET /2026/04/24/dos-heaps-o-gains-%EF%BF%BD-safest-to-the-range-gambling-enterprise-around-australia-with-pokies/ HTTP/1.1" 200 0 "-" "Mozilla/5.0 (compatible; Barkrowler/0.9; +https://babbar.tech/crawler)"
217.113.194.126 - - [20/Jun/2026:22:00:15 +0200] "GET /2026/05/08/trendy-fruits-farm-position-review-92-07-rtp-playtech-big-kahuna-slot-free-spins-2026/ HTTP/1.1" 200 0 "-" "Mozilla/5.0 (compatible; Barkrowler/0.9; +https://babbar.tech/crawler)"
217.113.194.128 - - [20/Jun/2026:22:01:16 +0200] "GET /2026/05/08/the-fresh-new-mobile-local-casino-function-allows-professionals-to-enjoy-playing-away-from-their-smart-equipment/ HTTP/1.1" 200 0 "-" "Mozilla/5.0 (compatible; Barkrowler/0.9; +https://babbar.tech/crawler)"
217.113.194.131 - - [20/Jun/2026:22:02:17 +0200] "GET /2026/02/28/druckgluck-live-blackjack-handler-online-spielholle-erprobung-und-praxis-schicht-2026/ HTTP/1.1" 200 0 "-" "Mozilla/5.0 (compatible; Barkrowler/0.9; +https://babbar.tech/crawler)"
217.113.194.131 - - [20/Jun/2026:22:03:33 +0200] "GET /2026/02/05/disney-goofy-merry-christmas-time-spins-00091-development-sample-ap-musician-research-ce-25/ HTTP/1.1" 200 0 "-" "Mozilla/5.0 (compatible; Barkrowler/0.9; +https://babbar.tech/crawler)"
217.113.194.127 - - [20/Jun/2026:22:03:48 +0200] "GET /2026/02/05/svenska-sprake-natcasinon-forteckning-ovanfor-basta-svenska-spraket-natcasinon-2025/ HTTP/1.1" 200 0 "-" "Mozilla/5.0 (compatible; Barkrowler/0.9; +https://babbar.tech/crawler)"
128.1.218.165 - - [20/Jun/2026:22:05:29 +0200] "POST /xmlrpc.php HTTP/1.1" 200 5926 "-" "Mozilla/5.0 (Windows NT 10.0; Win64; x64) AppleWebKit/537.36 (KHTML, like Gecko) Chrome/114.0.0.0 Safari/537.36"
217.113.194.248 - - [20/Jun/2026:22:06:35 +0200] "GET /2026/03/02/beste-verbunden-casinos-2026-10-traktandum-seriose-book-of-ra-volatilitat-casino-seiten/ HTTP/1.1" 200 0 "-" "Mozilla/5.0 (compatible; Barkrowler/0.9; +https://babbar.tech/crawler)"
200.25.47.113 - - [20/Jun/2026:22:07:29 +0200] "POST /xmlrpc.php HTTP/1.1" 200 17570 "-" "Mozilla/5.0 (Windows NT 10.0; Win64; x64) AppleWebKit/537.36 (KHTML, like Gecko) Chrome/114.0.0.0 Safari/537.36"
217.113.194.123 - - [20/Jun/2026:22:09:07 +0200] "GET /2026/05/26/patryka-jest-minimalne-czasowo-%EF%BF%BD-wez-swoje-zanim-znikna/ HTTP/1.1" 200 0 "-" "Mozilla/5.0 (compatible; Barkrowler/0.9; +https://babbar.tech/crawler)"
217.113.194.248 - - [20/Jun/2026:22:10:53 +0200] "GET /2026/04/23/greatest-online-slots-games-to-experience-in-casino-rise-of-olympus-the-2026-a-perfect-guide-to-harbors/ HTTP/1.1" 200 0 "-" "Mozilla/5.0 (compatible; Barkrowler/0.9; +https://babbar.tech/crawler)"
217.113.194.128 - - [20/Jun/2026:22:11:38 +0200] "GET /2026/04/24/within-safecanada-i-work-with-giving-canadian-players-honest-in-depth-ratings-away-from-safer-web-based-casinos/ HTTP/1.1" 200 0 "-" "Mozilla/5.0 (compatible; Barkrowler/0.9; +https://babbar.tech/crawler)"
217.113.194.126 - - [20/Jun/2026:22:11:53 +0200] "GET /2026/04/24/to-relax-and-play-on-safe-aus-gambling-enterprises-on-internet-sites-%EF%BF%BD-pro-tips-and-tricks/ HTTP/1.1" 200 0 "-" "Mozilla/5.0 (compatible; Barkrowler/0.9; +https://babbar.tech/crawler)"
217.113.194.227 - - [20/Jun/2026:22:14:25 +0200] "GET /2026/04/23/be-sure-to-try-to-find-one-put-incentives-or-promotions-prior-to-and-then-make-very-first-exchange/ HTTP/1.1" 200 0 "-" "Mozilla/5.0 (compatible; Barkrowler/0.9; +https://babbar.tech/crawler)"
217.113.194.124 - - [20/Jun/2026:22:15:11 +0200] "GET /2026/04/23/safari-slots-vintage-animals-spins-that-have-abrupt-slot-games-oink-country-love-breakouts/ HTTP/1.1" 200 0 "-" "Mozilla/5.0 (compatible; Barkrowler/0.9; +https://babbar.tech/crawler)"
217.113.194.227 - - [20/Jun/2026:21:59:00 +0200] "GET /2026/04/27/gambling-establishment-increases-spurt-from-inside-the-n-hes-within-this-ins-out-of-massachusetts-edging/ HTTP/1.1" 200 0 "-" "Mozilla/5.0 (compatible; Barkrowler/0.9; +https://babbar.tech/crawler)"
217.113.194.131 - - [20/Jun/2026:21:59:45 +0200] "GET /2026/05/08/difformita-con-gratifica-di-cerimonia-anche-premio-privato-di-questione-nei-bisca-online/ HTTP/1.1" 200 0 "-" "Mozilla/5.0 (compatible; Barkrowler/0.9; +https://babbar.tech/crawler)"
217.113.194.248 - - [20/Jun/2026:22:00:31 +0200] "GET /2026/05/08/diversita-tra-riconoscimento-di-ossequio-ed-gratifica-privato-di-fondo-nei-casino-online/ HTTP/1.1" 200 0 "-" "Mozilla/5.0 (compatible; Barkrowler/0.9; +https://babbar.tech/crawler)"
45.250.252.149 - - [20/Jun/2026:22:01:33 +0200] "POST /xmlrpc.php HTTP/1.1" 200 5926 "-" "Mozilla/5.0 (Windows NT 10.0; Win64; x64) AppleWebKit/537.36 (KHTML, like Gecko) Chrome/114.0.0.0 Safari/537.36"
217.113.194.248 - - [20/Jun/2026:22:05:04 +0200] "GET /2026/03/08/miss-kitty-tratar-thunderkick-juegos-de-tragamonedas-regalado-online-esta-tragamonedas/ HTTP/1.1" 200 0 "-" "Mozilla/5.0 (compatible; Barkrowler/0.9; +https://babbar.tech/crawler)"
217.113.194.228 - - [20/Jun/2026:22:05:19 +0200] "GET /2026/03/08/quince-juegos-que-pagan-dentro-del-momento-en-cash-app-referente-a-casino-bwin-casino-2025/ HTTP/1.1" 200 0 "-" "Mozilla/5.0 (compatible; Barkrowler/0.9; +https://babbar.tech/crawler)"
128.1.218.165 - - [20/Jun/2026:22:05:27 +0200] "GET /2026/06/20/5-24-freispiele-exklusive-einzahlung-inoffizieller-mitarbeiter-24bettle-spielbank/ HTTP/1.1" 200 0 "-" "Mozilla/5.0 (Windows NT 10.0; Win64; x64) AppleWebKit/537.36 (KHTML, like Gecko) Chrome/124.0.0.0 Safari/537.36"
128.1.218.165 - - [20/Jun/2026:22:06:37 +0200] "POST /xmlrpc.php HTTP/1.1" 200 5926 "-" "Mozilla/5.0 (Windows NT 10.0; Win64; x64) AppleWebKit/537.36 (KHTML, like Gecko) Chrome/114.0.0.0 Safari/537.36"
216.144.249.168 - - [20/Jun/2026:22:07:55 +0200] "GET /2026/06/01/bdmbets-casino-zanesljivost-igre/ HTTP/1.1" 200 0 "https://themomotimes.com/" "Mozilla/5.0 (Macintosh; Intel Mac OS X 10_15_7) AppleWebKit/605.1.15 (KHTML, like Gecko) Version/18.6 Safari/605.1.15"
217.113.194.123 - - [20/Jun/2026:22:09:22 +0200] "GET /2026/05/26/live-casino-posiada-pewnosc-uczucia-a-strona-internetowa-szybko-sie-laduje/ HTTP/1.1" 200 0 "-" "Mozilla/5.0 (compatible; Barkrowler/0.9; +https://babbar.tech/crawler)"
217.113.194.122 - - [20/Jun/2026:22:09:37 +0200] "GET /2026/05/21/100-percent-free-spins-no-deposit-8500-100-percent-free-revolves-during-the-real-cash-gambling-enterprises/ HTTP/1.1" 200 0 "-" "Mozilla/5.0 (compatible; Barkrowler/0.9; +https://babbar.tech/crawler)"
186.28.105.22 - - [20/Jun/2026:22:12:15 +0200] "GET /2026/03/17/liothymed-25-mcg-y-su-uso-en-el-culturismo/ HTTP/1.1" 200 0 "-" "GuzzleHttp/7"
