217.113.194.122 - - [20/Jun/2026:20:51:59 +0200] "GET /2026/05/13/demonstration-gamble-most-of-the-netent-harbors-free-enjoy-slot-online-game-roadmap-significantly-more/ HTTP/1.1" 200 0 "-" "Mozilla/5.0 (compatible; Barkrowler/0.9; +https://babbar.tech/crawler)"
217.113.194.228 - - [20/Jun/2026:20:52:44 +0200] "GET /2026/03/21/cele-maciuca-bune-cazinouri-online-printre-romania-tu-10-site-uri-in-2026/ HTTP/1.1" 200 0 "-" "Mozilla/5.0 (compatible; Barkrowler/0.9; +https://babbar.tech/crawler)"
185.252.223.20 - - [20/Jun/2026:20:53:45 +0200] "POST /xmlrpc.php HTTP/1.1" 200 5929 "-" "Mozilla/5.0 (Windows NT 10.0; Win64; x64) AppleWebKit/537.36 (KHTML, like Gecko) Chrome/114.0.0.0 Safari/537.36"
88.148.126.230 - - [20/Jun/2026:20:54:03 +0200] "POST /xmlrpc.php HTTP/1.1" 200 0 "https://themomotimes.com/wp-admin/" "Mozilla/5.0 (Macintosh; Intel Mac OS X 10_15_7) AppleWebKit/537.36 (KHTML, like Gecko) Chrome/132.0.0.0 Safari/537.36"
45.250.252.182 - - [20/Jun/2026:20:54:00 +0200] "POST /xmlrpc.php HTTP/1.1" 200 5929 "-" "Mozilla/5.0 (Windows NT 10.0; Win64; x64) AppleWebKit/537.36 (KHTML, like Gecko) Chrome/114.0.0.0 Safari/537.36"
217.113.194.126 - - [20/Jun/2026:20:56:32 +0200] "GET /2026/05/08/you-may-enjoy-live-gambling-establishment-products-out-of-roulette-blackjack-baccarat-and-plenty-of-other-game/ HTTP/1.1" 200 0 "-" "Mozilla/5.0 (compatible; Barkrowler/0.9; +https://babbar.tech/crawler)"
217.113.194.248 - - [20/Jun/2026:20:59:19 +0200] "GET /2026/04/16/wild-panda-slot-remark-secret-provides-rtp-game-play-and-you-will-deposit-10-casino-incentives/ HTTP/1.1" 200 0 "-" "Mozilla/5.0 (compatible; Barkrowler/0.9; +https://babbar.tech/crawler)"
217.113.194.128 - - [20/Jun/2026:20:59:49 +0200] "GET /2026/05/04/zuvor-xii-minuten-pectus-as-part-of-vorsicht-betrugerische-casinos-annehmen-nach/ HTTP/1.1" 200 0 "-" "Mozilla/5.0 (compatible; Barkrowler/0.9; +https://babbar.tech/crawler)"
217.113.194.228 - - [20/Jun/2026:21:02:21 +0200] "GET /2026/03/08/eximir-magical-dice-ranura-en-linea-juegos-sin-cargo-con-el-fin-de-sobre-tragamonedas/ HTTP/1.1" 200 0 "-" "Mozilla/5.0 (compatible; Barkrowler/0.9; +https://babbar.tech/crawler)"
217.113.194.227 - - [20/Jun/2026:21:04:07 +0200] "GET /2026/05/19/shes-an-abundant-girl-position-remark-that-have-100-percent-free-gamble-mode-rtp-inside-the-2026/ HTTP/1.1" 200 0 "-" "Mozilla/5.0 (compatible; Barkrowler/0.9; +https://babbar.tech/crawler)"
217.113.194.124 - - [20/Jun/2026:21:06:08 +0200] "GET /2025/11/13/rng-certification-free-spins-il-vantaggio-tecnico-dei-siti-di-gioco-durante-il-black-friday/ HTTP/1.1" 200 0 "-" "Mozilla/5.0 (compatible; Barkrowler/0.9; +https://babbar.tech/crawler)"
217.113.194.124 - - [20/Jun/2026:21:06:38 +0200] "GET /2026/04/25/is-a-list-of-all-of-the-advantages-and-disadvantages-regarding-cord-transfers-within-united-kingdom-casinos/ HTTP/1.1" 200 0 "-" "Mozilla/5.0 (compatible; Barkrowler/0.9; +https://babbar.tech/crawler)"
217.113.194.130 - - [20/Jun/2026:21:02:51 +0200] "GET /2026/03/03/udforskning-af-spaendingen-ved-online-casinoer-hvad-gor-dem-sa-faengslende/ HTTP/1.1" 200 0 "-" "Mozilla/5.0 (compatible; Barkrowler/0.9; +https://babbar.tech/crawler)"
217.113.194.122 - - [20/Jun/2026:21:03:21 +0200] "GET /2026/01/06/finest-online-casino-bonus-offers-2025-allege-their-highest-payout-slots-online-100-percent-free-incentives/ HTTP/1.1" 200 0 "-" "Mozilla/5.0 (compatible; Barkrowler/0.9; +https://babbar.tech/crawler)"
146.70.226.85 - - [20/Jun/2026:21:05:09 +0200] "POST /xmlrpc.php HTTP/1.1" 200 16490 "-" "Mozilla/5.0 (Windows NT 10.0; Win64; x64) AppleWebKit/537.36 (KHTML, like Gecko) Chrome/114.0.0.0 Safari/537.36"
217.113.194.122 - - [20/Jun/2026:21:05:38 +0200] "GET /2026/05/26/wohl-meist-wirst-du-solch-ein-gebot-inside-erreichbar-spielhallen-fundig-werden/ HTTP/1.1" 200 0 "-" "Mozilla/5.0 (compatible; Barkrowler/0.9; +https://babbar.tech/crawler)"
217.113.194.131 - - [20/Jun/2026:21:03:52 +0200] "GET /2026/03/05/u-s-news-hellboy-no-deposit-free-spins-current-breaking-tales-and-you-will-video-for-the-national-issues/ HTTP/1.1" 200 0 "-" "Mozilla/5.0 (compatible; Barkrowler/0.9; +https://babbar.tech/crawler)"
217.113.194.123 - - [20/Jun/2026:21:04:22 +0200] "GET /2026/05/15/aus-welchem-grund-diese-in-unseren-getesteten-gangbar-casinos-vortragen-sollten/ HTTP/1.1" 200 0 "-" "Mozilla/5.0 (compatible; Barkrowler/0.9; +https://babbar.tech/crawler)"
17.246.15.158 - - [20/Jun/2026:20:50:40 +0200] "GET /2026/06/04/consiliario-praxis-sobre-magius-casino-registro-bonos-asi-como-maniobra-ipad/ HTTP/2" 200 0 "-" "Mozilla/5.0 (Macintosh; Intel Mac OS X 10_15_7) AppleWebKit/605.1.15 (KHTML, like Gecko) Version/17.4 Safari/605.1.15 (Applebot/0.1; +http://www.apple.com/go/applebot)"
217.113.194.129 - - [20/Jun/2026:20:53:45 +0200] "GET /2026/04/27/intra-acum-creeaza-i-contul-i-incepe-pentru-a-fi-joci-in-sigurana/ HTTP/1.1" 200 0 "-" "Mozilla/5.0 (compatible; Barkrowler/0.9; +https://babbar.tech/crawler)"
185.153.197.95 - - [20/Jun/2026:20:55:16 +0200] "POST /xmlrpc.php HTTP/1.1" 200 5926 "-" "Mozilla/5.0 (Windows NT 10.0; Win64; x64) AppleWebKit/537.36 (KHTML, like Gecko) Chrome/114.0.0.0 Safari/537.36"
217.113.194.130 - - [20/Jun/2026:20:58:03 +0200] "GET /2026/02/10/casino-inte-med-svensk-koncessio-handledning-mo-suveran-casinon-utan-spelpaus/ HTTP/1.1" 200 0 "-" "Mozilla/5.0 (compatible; Barkrowler/0.9; +https://babbar.tech/crawler)"
217.113.194.124 - - [20/Jun/2026:21:01:20 +0200] "GET /2026/03/10/baccarat-is-certainly-one-antique-gambling-enterprise-video-game-thats-basic-enjoyable-in-order-to-play/ HTTP/1.1" 200 0 "-" "Mozilla/5.0 (compatible; Barkrowler/0.9; +https://babbar.tech/crawler)"
217.113.194.123 - - [20/Jun/2026:21:03:06 +0200] "GET /2026/03/03/beste-spielsaal-spiele-2026-crystal-ball-online-tagesordnungspunkt-spielsaal-slots-spielautomaten/ HTTP/1.1" 200 0 "-" "Mozilla/5.0 (compatible; Barkrowler/0.9; +https://babbar.tech/crawler)"
217.113.194.124 - - [20/Jun/2026:21:04:37 +0200] "GET /2026/04/26/video-game-out-of-thrones-harbors-gambling-enterprise-down-load-wager-totally-free-right-here/ HTTP/1.1" 200 0 "-" "Mozilla/5.0 (compatible; Barkrowler/0.9; +https://babbar.tech/crawler)"
146.70.226.85 - - [20/Jun/2026:21:04:21 +0200] "POST /xmlrpc.php HTTP/1.1" 200 5929 "-" "Mozilla/5.0 (Windows NT 10.0; Win64; x64) AppleWebKit/537.36 (KHTML, like Gecko) Chrome/114.0.0.0 Safari/537.36"
217.113.194.124 - - [20/Jun/2026:21:05:23 +0200] "GET /2026/05/26/on-x-casino-bonusy-i-akcii-dlia-novyx-i-postoiannyx-igrokov1259-2-4/ HTTP/1.1" 200 0 "-" "Mozilla/5.0 (compatible; Barkrowler/0.9; +https://babbar.tech/crawler)"
217.113.194.131 - - [20/Jun/2026:20:50:43 +0200] "GET /2026/03/31/what-is-the-lowest-number-i-could-deposit-so-you-might-be-in-a-position-to-an-online-local-casino/ HTTP/1.1" 200 0 "-" "Mozilla/5.0 (compatible; Barkrowler/0.9; +https://babbar.tech/crawler)"
217.113.194.131 - - [20/Jun/2026:20:52:29 +0200] "GET /2026/05/13/recompense-sans-nul-depot-a-l%EF%BF%BDegard-de-salle-de-jeu-cambrien-bienfaits-multiplicite/ HTTP/1.1" 200 0 "-" "Mozilla/5.0 (compatible; Barkrowler/0.9; +https://babbar.tech/crawler)"
200.25.47.134 - - [20/Jun/2026:20:52:36 +0200] "POST /xmlrpc.php HTTP/1.1" 200 20316 "-" "Mozilla/5.0 (Windows NT 10.0; Win64; x64) AppleWebKit/537.36 (KHTML, like Gecko) Chrome/114.0.0.0 Safari/537.36"
217.113.194.129 - - [20/Jun/2026:20:54:00 +0200] "GET /2026/04/27/vollkommen-z-hd-benutzer-nachfolgende-angeschlossen-gutschriften-verhindern-mochten/ HTTP/1.1" 200 0 "-" "Mozilla/5.0 (compatible; Barkrowler/0.9; +https://babbar.tech/crawler)"
185.252.223.20 - - [20/Jun/2026:20:54:36 +0200] "POST /xmlrpc.php HTTP/1.1" 200 5926 "-" "Mozilla/5.0 (Windows NT 10.0; Win64; x64) AppleWebKit/537.36 (KHTML, like Gecko) Chrome/114.0.0.0 Safari/537.36"
50.2.38.10 - - [20/Jun/2026:20:56:03 +0200] "GET /2026/05/21/gagner-avec-winbeatz-facilement-3/ HTTP/1.1" 200 0 "https://themomotimes.com/" "Mozilla/5.0 (Macintosh; Intel Mac OS X 10_15_7) AppleWebKit/537.36 (KHTML, like Gecko) Chrome/145.0.0.0 Safari/537.36 Edg/145.0.0.0"
217.113.194.125 - - [20/Jun/2026:20:58:33 +0200] "GET /2026/02/28/seriose-angeschlossen-casino-mr-bet-mobile-casinos-2026-sicherste-casinos-teutonia/ HTTP/1.1" 200 0 "-" "Mozilla/5.0 (compatible; Barkrowler/0.9; +https://babbar.tech/crawler)"
185.232.71.120 - - [20/Jun/2026:20:58:39 +0200] "HEAD / HTTP/1.1" 200 0 "-" "Mozilla/5.0 (Linux; AgentB/1.0)"
217.113.194.124 - - [20/Jun/2026:20:58:48 +0200] "GET /2026/04/16/internet-casino-slots-for-real-money-the-best-position-online-casino-instadebit-web-sites-inside-the-the-united-states/ HTTP/1.1" 200 0 "-" "Mozilla/5.0 (compatible; Barkrowler/0.9; +https://babbar.tech/crawler)"
217.113.194.123 - - [20/Jun/2026:21:00:19 +0200] "GET /2026/05/04/die-kriterien-pro-diesseitigen-moglich-spielsaal-weiters-spielotheken-erprobung/ HTTP/1.1" 200 0 "-" "Mozilla/5.0 (compatible; Barkrowler/0.9; +https://babbar.tech/crawler)"
98.98.9.22 - - [20/Jun/2026:21:00:45 +0200] "POST /xmlrpc.php HTTP/1.1" 200 5929 "-" "Mozilla/5.0 (Windows NT 10.0; Win64; x64) AppleWebKit/537.36 (KHTML, like Gecko) Chrome/114.0.0.0 Safari/537.36"
217.113.194.123 - - [20/Jun/2026:21:05:07 +0200] "GET /2026/05/26/bitcoin-spielsaal-kollationieren-2026-unser-king-of-the-nile-online-slot-besten-bitcoin-casinos/ HTTP/1.1" 200 0 "-" "Mozilla/5.0 (compatible; Barkrowler/0.9; +https://babbar.tech/crawler)"
146.70.226.85 - - [20/Jun/2026:21:05:10 +0200] "GET /2026/06/20/hinten-einen-diskretesten-grundlagen-darauf-gift-nehmen-ssl-chiffrierung-passende-serverinfrastruktur-datenschutzstandards-klare-di-site-sicherheitsprotokolle/ HTTP/1.1" 200 0 "-" "Mozilla/5.0 (Windows NT 10.0; Win64; x64) AppleWebKit/537.36 (KHTML, like Gecko) Chrome/122.0.0.0 Safari/537.36"
146.70.226.85 - - [20/Jun/2026:21:05:11 +0200] "POST /xmlrpc.php HTTP/1.1" 200 5926 "-" "Mozilla/5.0 (Windows NT 10.0; Win64; x64) AppleWebKit/537.36 (KHTML, like Gecko) Chrome/114.0.0.0 Safari/537.36"
217.113.194.125 - - [20/Jun/2026:20:51:28 +0200] "GET /2026/05/13/gambling-enterprises-accepting-twenty-three-deposits-generally-take-action-thanks-to-provider-recharging-company/ HTTP/1.1" 200 0 "-" "Mozilla/5.0 (compatible; Barkrowler/0.9; +https://babbar.tech/crawler)"
200.25.47.134 - - [20/Jun/2026:20:51:46 +0200] "POST /xmlrpc.php HTTP/1.1" 200 5929 "-" "Mozilla/5.0 (Windows NT 10.0; Win64; x64) AppleWebKit/537.36 (KHTML, like Gecko) Chrome/114.0.0.0 Safari/537.36"
128.1.218.184 - - [20/Jun/2026:20:52:36 +0200] "GET /2026/06/20/flames-and-you-will-flowers-joker-2-the-in-the-queen-millions-demo-slot-by-the-multiple-boundary-studios-100-percent-free-gamble-opinion/ HTTP/1.1" 200 0 "-" "Mozilla/5.0 (Windows NT 10.0; Win64; x64) AppleWebKit/537.36 (KHTML, like Gecko) Chrome/123.0.0.0 Safari/537.36 OPR/109.0.0.0"
200.25.47.134 - - [20/Jun/2026:20:52:41 +0200] "POST /xmlrpc.php HTTP/1.1" 200 5926 "-" "Mozilla/5.0 (Windows NT 10.0; Win64; x64) AppleWebKit/537.36 (KHTML, like Gecko) Chrome/114.0.0.0 Safari/537.36"
217.113.194.128 - - [20/Jun/2026:20:55:46 +0200] "GET /2026/05/08/finest-online-casino-games-the-real-deal-cash-in-the-new-goldbet-mobile-casino-no-deposit-you-s-march-2026/ HTTP/1.1" 200 0 "-" "Mozilla/5.0 (compatible; Barkrowler/0.9; +https://babbar.tech/crawler)"
217.113.194.127 - - [20/Jun/2026:20:56:17 +0200] "GET /2026/05/08/thunderstruck-gamble-slot-games-tetri-mania-paypal-on-the-web-from-the-fanduel-gambling-establishment/ HTTP/1.1" 200 0 "-" "Mozilla/5.0 (compatible; Barkrowler/0.9; +https://babbar.tech/crawler)"
217.113.194.127 - - [20/Jun/2026:21:00:34 +0200] "GET /2026/05/04/built-to-service-versatile-play-and-you-may-consistent-performance-even-throughout-the-height-member-activity/ HTTP/1.1" 200 0 "-" "Mozilla/5.0 (compatible; Barkrowler/0.9; +https://babbar.tech/crawler)"
217.113.194.228 - - [20/Jun/2026:21:00:50 +0200] "GET /2026/02/05/handledning-kvar-sveriges-basta-kasinon-tillsamman-nedstam-insattning-2025/ HTTP/1.1" 200 0 "-" "Mozilla/5.0 (compatible; Barkrowler/0.9; +https://babbar.tech/crawler)"
98.98.9.22 - - [20/Jun/2026:21:01:39 +0200] "GET /2026/06/20/best-no-deposit-incentive-gambling-establishment-promotions-will-get-fire-88-online-slot-2026-expert-scores/ HTTP/1.1" 200 0 "-" "Mozilla/5.0 (Windows NT 10.0; Win64; x64) AppleWebKit/537.36 (KHTML, like Gecko) Chrome/109.0.0.0 Safari/537.36"
98.98.9.22 - - [20/Jun/2026:21:01:40 +0200] "POST /xmlrpc.php HTTP/1.1" 200 5926 "-" "Mozilla/5.0 (Windows NT 10.0; Win64; x64) AppleWebKit/537.36 (KHTML, like Gecko) Chrome/114.0.0.0 Safari/537.36"
217.113.194.130 - - [20/Jun/2026:21:02:05 +0200] "GET /2026/04/08/whether-youre-placing-one-20-or-other-count-it%EF%BF%BDs-required-to-stand-within-your-mode/ HTTP/1.1" 200 0 "-" "Mozilla/5.0 (compatible; Barkrowler/0.9; +https://babbar.tech/crawler)"
217.113.194.228 - - [20/Jun/2026:21:06:23 +0200] "GET /2025/08/19/jackpot-spettrali-e-bonus-da-brivido-la-guida-definitiva-ai-casino-online-di-halloween/ HTTP/1.1" 200 0 "-" "Mozilla/5.0 (compatible; Barkrowler/0.9; +https://babbar.tech/crawler)"
217.113.194.126 - - [20/Jun/2026:21:09:10 +0200] "GET /2026/04/24/reunion-sobre-casinos-comercios-que-tienen-prerrogativas-caesars-%EF%BF%BD-fraga-casino/ HTTP/1.1" 200 0 "-" "Mozilla/5.0 (compatible; Barkrowler/0.9; +https://babbar.tech/crawler)"
217.113.194.227 - - [20/Jun/2026:21:10:26 +0200] "GET /2026/04/24/fc-magic-tragamonedas-hace-el-trabajo-de-balde-ranura-buffalo-blitz-sin-eximir/ HTTP/1.1" 200 0 "-" "Mozilla/5.0 (compatible; Barkrowler/0.9; +https://babbar.tech/crawler)"
128.1.218.165 - - [20/Jun/2026:21:11:24 +0200] "POST /xmlrpc.php HTTP/1.1" 200 17309 "-" "Mozilla/5.0 (Windows NT 10.0; Win64; x64) AppleWebKit/537.36 (KHTML, like Gecko) Chrome/114.0.0.0 Safari/537.36"
217.113.194.125 - - [20/Jun/2026:21:11:57 +0200] "GET /2026/04/18/top-casino-quelque-peu-2026-ouvrage-nos-plus-grands-sites-goldbet-150-bonus-de-gaming/ HTTP/1.1" 200 0 "-" "Mozilla/5.0 (compatible; Barkrowler/0.9; +https://babbar.tech/crawler)"
168.228.47.37 - - [20/Jun/2026:21:12:42 +0200] "GET /2026/05/25/meilleur-casino-en-ligne-un-guide-complet-2/ HTTP/1.1" 200 0 "https://themomotimes.com/" "Mozilla/5.0 (Macintosh; Intel Mac OS X 10.15; rv:148.0) Gecko/20100101 Firefox/148.0"
217.113.194.126 - - [20/Jun/2026:21:12:43 +0200] "GET /2026/04/23/furthermore-zero-666-gambling-enterprise-incentive-code-is-needed-to-claim-the-fresh-venture/ HTTP/1.1" 200 0 "-" "Mozilla/5.0 (compatible; Barkrowler/0.9; +https://babbar.tech/crawler)"
217.113.194.131 - - [20/Jun/2026:21:15:29 +0200] "GET /2026/03/25/erreichbar-casinos-via-echtgeld-2026-top-bestes-online-casino-10-versorger-im-untersuchung/ HTTP/1.1" 200 0 "-" "Mozilla/5.0 (compatible; Barkrowler/0.9; +https://babbar.tech/crawler)"
128.1.218.152 - - [20/Jun/2026:21:07:27 +0200] "GET /2026/06/20/better-android-os-local-casino-applications-to-casino-thebes-100-free-spins-possess-summer-2026/ HTTP/1.1" 200 0 "-" "Mozilla/5.0 (Windows NT 10.0; Win64; x64; rv:124.0) Gecko/20100101 Firefox/124.0"
217.113.194.123 - - [20/Jun/2026:21:09:56 +0200] "GET /2026/04/24/mai-mult-condiiile-de-asemenea-i-termenii-programului-sunt-foarte-importani/ HTTP/1.1" 200 0 "-" "Mozilla/5.0 (compatible; Barkrowler/0.9; +https://babbar.tech/crawler)"
217.113.194.228 - - [20/Jun/2026:21:11:11 +0200] "GET /2026/04/23/mastering-thunderstruck-ii-resources-and-harvest-fest-online-casinos-strategies-to-possess-huge-gains/ HTTP/1.1" 200 0 "-" "Mozilla/5.0 (compatible; Barkrowler/0.9; +https://babbar.tech/crawler)"
65.21.228.101 - - [20/Jun/2026:21:11:17 +0200] "POST /wp-cron.php?doing_wp_cron=1781982677.9165990352630615234375 HTTP/1.1" 200 0 "-" "WordPress/7.0; https://themomotimes.com"
217.113.194.124 - - [20/Jun/2026:21:12:58 +0200] "GET /2026/04/24/la-presence-lemploi-parmi-pourboire-sans-nul-archive-rien-apostrophent-aucun-paiement/ HTTP/1.1" 200 0 "-" "Mozilla/5.0 (compatible; Barkrowler/0.9; +https://babbar.tech/crawler)"
128.1.218.152 - - [20/Jun/2026:21:06:34 +0200] "POST /xmlrpc.php HTTP/1.1" 200 5929 "-" "Mozilla/5.0 (Windows NT 10.0; Win64; x64) AppleWebKit/537.36 (KHTML, like Gecko) Chrome/114.0.0.0 Safari/537.36"
217.113.194.131 - - [20/Jun/2026:21:08:09 +0200] "GET /2026/04/23/tomb-raider-position-online-game-review-wild-cherry-play-slot-100-percent-free-play-and-incentive/ HTTP/1.1" 200 0 "-" "Mozilla/5.0 (compatible; Barkrowler/0.9; +https://babbar.tech/crawler)"
217.113.194.127 - - [20/Jun/2026:21:08:55 +0200] "GET /2026/04/24/mega-don-world-football-stars-mega-jackpot-feeding-frenzy-slot-review-play-free-belzebu-2026/ HTTP/1.1" 200 0 "-" "Mozilla/5.0 (compatible; Barkrowler/0.9; +https://babbar.tech/crawler)"
217.113.194.123 - - [20/Jun/2026:21:09:40 +0200] "GET /2026/04/24/tragaperras-3d-en-internet-sin-bier-haus-casino-movil-cargo-maquinas-tragamonedas-3d/ HTTP/1.1" 200 0 "-" "Mozilla/5.0 (compatible; Barkrowler/0.9; +https://babbar.tech/crawler)"
128.1.218.165 - - [20/Jun/2026:21:10:14 +0200] "POST /xmlrpc.php HTTP/1.1" 200 5926 "-" "Mozilla/5.0 (Windows NT 10.0; Win64; x64) AppleWebKit/537.36 (KHTML, like Gecko) Chrome/114.0.0.0 Safari/537.36"
217.113.194.125 - - [20/Jun/2026:21:10:56 +0200] "GET /2026/04/23/playn-go-levant-une-autre-compagnie-suedoise-elaborant-nos-dieux-dans-un-pays-europeen/ HTTP/1.1" 200 0 "-" "Mozilla/5.0 (compatible; Barkrowler/0.9; +https://babbar.tech/crawler)"
128.1.218.165 - - [20/Jun/2026:21:11:26 +0200] "GET /2026/06/20/verbunden-spielsaal-qua-handyguthaben-saldieren-2024/ HTTP/1.1" 200 0 "-" "Mozilla/5.0 (Windows NT 10.0; Win64; x64; rv:125.0) Gecko/20100101 Firefox/125.0"
217.113.194.128 - - [20/Jun/2026:21:12:27 +0200] "GET /2026/04/23/finest-online-slots-us-best-games-tips-myths-of-bastet-for-real-money-and-gambling-enterprises-2025/ HTTP/1.1" 200 0 "-" "Mozilla/5.0 (compatible; Barkrowler/0.9; +https://babbar.tech/crawler)"
191.102.172.39 - - [20/Jun/2026:21:12:44 +0200] "GET /2026/05/25/meilleur-casino-en-ligne-un-guide-complet-2/ HTTP/1.1" 200 0 "https://themomotimes.com/" "Mozilla/5.0 (Macintosh; Intel Mac OS X 10.15; rv:148.0) Gecko/20100101 Firefox/148.0"
217.113.194.122 - - [20/Jun/2026:21:13:58 +0200] "GET /2026/04/24/superstar-trek-the-next-generation-the-casino-raging-rex-fresh-royale-tv-episode-1989-spot/ HTTP/1.1" 200 0 "-" "Mozilla/5.0 (compatible; Barkrowler/0.9; +https://babbar.tech/crawler)"
217.113.194.248 - - [20/Jun/2026:21:08:40 +0200] "GET /2026/04/23/however-if-you-would-like-immediate-payouts-it-is-best-to-prevent-the-following-commission-strategies/ HTTP/1.1" 200 0 "-" "Mozilla/5.0 (compatible; Barkrowler/0.9; +https://babbar.tech/crawler)"
128.1.218.165 - - [20/Jun/2026:21:09:21 +0200] "POST /xmlrpc.php HTTP/1.1" 200 5929 "-" "Mozilla/5.0 (Windows NT 10.0; Win64; x64) AppleWebKit/537.36 (KHTML, like Gecko) Chrome/114.0.0.0 Safari/537.36"
128.1.218.165 - - [20/Jun/2026:21:11:27 +0200] "POST /xmlrpc.php HTTP/1.1" 200 1686 "-" "Mozilla/5.0 (Windows NT 10.0; Win64; x64) AppleWebKit/537.36 (KHTML, like Gecko) Chrome/114.0.0.0 Safari/537.36"
217.113.194.123 - - [20/Jun/2026:21:11:42 +0200] "GET /2026/04/23/every-gambling-enterprise-we-recommend-might-have-been-very-carefully-vetted-because-of-the-we/ HTTP/1.1" 200 0 "-" "Mozilla/5.0 (compatible; Barkrowler/0.9; +https://babbar.tech/crawler)"
77.75.78.165 - - [20/Jun/2026:21:12:50 +0200] "GET /video-games/sitemap.xml HTTP/1.1" 200 78251 "-" "Mozilla/5.0 (compatible; SeznamBot/4.0; +https://o-seznam.cz/napoveda/vyhledavani/en/seznambot-crawler/)"
217.113.194.248 - - [20/Jun/2026:21:13:13 +0200] "GET /2026/04/23/25-free-temple-of-dead-online-slot-machine-revolves-for-the-subscription-no-deposit-also-offers/ HTTP/1.1" 200 0 "-" "Mozilla/5.0 (compatible; Barkrowler/0.9; +https://babbar.tech/crawler)"
177.152.99.209 - - [20/Jun/2026:21:14:05 +0200] "GET /2026/04/26/tutto-cio-che-devi-sapere-sul-trenbolone-per-i-culturisti/ HTTP/1.1" 200 0 "-" "GuzzleHttp/7"
217.113.194.123 - - [20/Jun/2026:21:14:44 +0200] "GET /2026/05/27/igs-and-you-may-aristocrat-jointly-prominent-android-personal-slot-video-game-fa-fa-fa-ports/ HTTP/1.1" 200 0 "-" "Mozilla/5.0 (compatible; Barkrowler/0.9; +https://babbar.tech/crawler)"
217.113.194.124 - - [20/Jun/2026:21:14:59 +0200] "GET /2026/05/27/los-diez-mas-grandes-juegos-de-casino-cual-nunca-jugara-acerca-de-dicho-biografia/ HTTP/1.1" 200 0 "-" "Mozilla/5.0 (compatible; Barkrowler/0.9; +https://babbar.tech/crawler)"
217.113.194.127 - - [20/Jun/2026:21:11:27 +0200] "GET /2026/04/23/slottyway-salle-de-jeu-2026-60-tours-gratuits-sans-classe-comme-offrir-tout-mon-recompense/ HTTP/1.1" 200 0 "-" "Mozilla/5.0 (compatible; Barkrowler/0.9; +https://babbar.tech/crawler)"
65.21.228.101 - - [20/Jun/2026:21:10:04 +0200] "POST /wp-cron.php?doing_wp_cron=1781982604.5898120403289794921875 HTTP/1.1" 200 0 "-" "WordPress/7.0; https://themomotimes.com"
217.113.194.126 - - [20/Jun/2026:21:10:11 +0200] "GET /2026/04/24/vinnig-alhier-de-leukste-online-fruitmachines-in-gonzos-quest-1-storting-eigenlijk-geld/ HTTP/1.1" 200 0 "-" "Mozilla/5.0 (compatible; Barkrowler/0.9; +https://babbar.tech/crawler)"
217.113.194.123 - - [20/Jun/2026:21:13:28 +0200] "GET /2026/04/22/cose-indivis-casa-da-gioco-privo-di-vicino-oppure-perturbazione-premio-senza-difficile/ HTTP/1.1" 200 0 "-" "Mozilla/5.0 (compatible; Barkrowler/0.9; +https://babbar.tech/crawler)"
217.113.194.227 - - [20/Jun/2026:21:14:14 +0200] "GET /2026/04/23/leurs-gratification-sans-depot-cloison-deroulent-ceux-notre-particulierement-de-thune-ravissant/ HTTP/1.1" 200 0 "-" "Mozilla/5.0 (compatible; Barkrowler/0.9; +https://babbar.tech/crawler)"
65.21.228.101 - - [20/Jun/2026:21:07:19 +0200] "POST /wp-cron.php?doing_wp_cron=1781982439.3995308876037597656250 HTTP/1.1" 200 0 "-" "WordPress/7.0; https://themomotimes.com"
217.113.194.228 - - [20/Jun/2026:21:07:39 +0200] "GET /2026/04/23/global-workers-providing-so-you-can-australians-generally-modify-their-products-in-order-to-local-choice/ HTTP/1.1" 200 0 "-" "Mozilla/5.0 (compatible; Barkrowler/0.9; +https://babbar.tech/crawler)"
217.113.194.125 - - [20/Jun/2026:21:07:54 +0200] "GET /2026/04/23/top-cinq-davantage-insupportables-hebergement-de-jeux-dont-ont-les-commission-sans-avoir-distinction/ HTTP/1.1" 200 0 "-" "Mozilla/5.0 (compatible; Barkrowler/0.9; +https://babbar.tech/crawler)"
217.113.194.228 - - [20/Jun/2026:21:10:41 +0200] "GET /2026/04/23/there-are-many-reasons-as-to-why-an-online-casino-perform-always-fool-around-with-a-good-promotion-password/ HTTP/1.1" 200 0 "-" "Mozilla/5.0 (compatible; Barkrowler/0.9; +https://babbar.tech/crawler)"
128.1.218.165 - - [20/Jun/2026:21:10:34 +0200] "POST /xmlrpc.php HTTP/1.1" 200 5929 "-" "Mozilla/5.0 (Windows NT 10.0; Win64; x64) AppleWebKit/537.36 (KHTML, like Gecko) Chrome/114.0.0.0 Safari/537.36"
217.113.194.131 - - [20/Jun/2026:21:13:43 +0200] "GET /2026/04/23/a-hundred-totally-free-revolves-no-deposit-incentives-online-american-poker-v-uk-to-have-2026/ HTTP/1.1" 200 0 "-" "Mozilla/5.0 (compatible; Barkrowler/0.9; +https://babbar.tech/crawler)"
217.113.194.228 - - [20/Jun/2026:21:14:29 +0200] "GET /2026/05/27/on-line-king-tiger-slot-play-for-money-pokies-australia-2026-discover-better-pokies-on-the-internet/ HTTP/1.1" 200 0 "-" "Mozilla/5.0 (compatible; Barkrowler/0.9; +https://babbar.tech/crawler)"
217.113.194.227 - - [20/Jun/2026:21:07:24 +0200] "GET /2026/04/23/greatest-cobber-casino-bonus-account-free-twist-bonuses-to-have-2026-all-100-percent-free-spin-give/ HTTP/1.1" 200 0 "-" "Mozilla/5.0 (compatible; Barkrowler/0.9; +https://babbar.tech/crawler)"
128.1.218.152 - - [20/Jun/2026:21:07:25 +0200] "POST /xmlrpc.php HTTP/1.1" 200 18871 "-" "Mozilla/5.0 (Windows NT 10.0; Win64; x64) AppleWebKit/537.36 (KHTML, like Gecko) Chrome/114.0.0.0 Safari/537.36"
47.82.11.238 - - [20/Jun/2026:21:07:31 +0200] "GET /2026/01/17/de-topshot-casino-lieve-echt-bankbiljet-casinos-om-holland-2025/ HTTP/1.1" 200 0 "https://themomotimes.com/" "Mozilla/5.0 (Windows NT 10.0; Win64; x64) AppleWebKit/537.36 (KHTML, like Gecko) Chrome/135.0.0.0 Safari/537.36 Edg/135.0.0.0"
128.1.218.152 - - [20/Jun/2026:21:07:29 +0200] "POST /xmlrpc.php HTTP/1.1" 200 5926 "-" "Mozilla/5.0 (Windows NT 10.0; Win64; x64) AppleWebKit/537.36 (KHTML, like Gecko) Chrome/114.0.0.0 Safari/537.36"
217.113.194.125 - - [20/Jun/2026:21:08:25 +0200] "GET /2026/04/23/nachfolgende-besten-diese-seite-bitcoin-casinos-sersiose-verbunden-casinos-uber-bitcoin/ HTTP/1.1" 200 0 "-" "Mozilla/5.0 (compatible; Barkrowler/0.9; +https://babbar.tech/crawler)"
217.113.194.248 - - [20/Jun/2026:21:09:25 +0200] "GET /2026/04/24/how-exactly-we-pick-web-based-casinos-bringing-perhaps-not-harmful-in-order-to-au-pages/ HTTP/1.1" 200 0 "-" "Mozilla/5.0 (compatible; Barkrowler/0.9; +https://babbar.tech/crawler)"
128.1.218.165 - - [20/Jun/2026:21:10:10 +0200] "POST /xmlrpc.php HTTP/1.1" 200 17663 "-" "Mozilla/5.0 (Windows NT 10.0; Win64; x64) AppleWebKit/537.36 (KHTML, like Gecko) Chrome/114.0.0.0 Safari/537.36"
128.1.218.165 - - [20/Jun/2026:21:10:13 +0200] "GET /2026/06/20/spielsaal-provision-blos-einzahlung-2024-neoterisch-kostenfrei-echtgeld-boni/ HTTP/1.1" 200 0 "-" "Mozilla/5.0 (Windows NT 10.0; Win64; x64) AppleWebKit/537.36 (KHTML, like Gecko) Chrome/122.0.0.0 Safari/537.36"
217.113.194.126 - - [20/Jun/2026:21:12:12 +0200] "GET /2026/04/23/free-harbors-on-the-web-gamble-2450-online-slots-for-fun-from-slot-big-break-the-slotorama/ HTTP/1.1" 200 0 "-" "Mozilla/5.0 (compatible; Barkrowler/0.9; +https://babbar.tech/crawler)"
217.113.194.128 - - [20/Jun/2026:21:15:14 +0200] "GET /2026/03/25/free-online-slots-enjoy-slot-the-wish-master-3000-slot-games-zero-sign-up-examined-and-compared/ HTTP/1.1" 200 0 "-" "Mozilla/5.0 (compatible; Barkrowler/0.9; +https://babbar.tech/crawler)"
103.219.169.199 - - [20/Jun/2026:21:15:20 +0200] "POST /xmlrpc.php HTTP/1.1" 200 5929 "-" "Mozilla/5.0 (Windows NT 10.0; Win64; x64) AppleWebKit/537.36 (KHTML, like Gecko) Chrome/114.0.0.0 Safari/537.36"
103.219.169.199 - - [20/Jun/2026:21:16:12 +0200] "GET /2026/06/20/queen-of-your-nile-slots-online-slots/ HTTP/1.1" 200 0 "-" "Mozilla/5.0 (Windows NT 10.0; Win64; x64) AppleWebKit/537.36 (KHTML, like Gecko) Chrome/123.0.0.0 Safari/537.36"
217.113.194.228 - - [20/Jun/2026:21:20:02 +0200] "GET /2026/03/12/pokies-on-the-web-fruitful-site-2026-play-for-totally-free-and-real-money-in-the-better-casinos/ HTTP/1.1" 200 0 "-" "Mozilla/5.0 (compatible; Barkrowler/0.9; +https://babbar.tech/crawler)"
217.113.194.122 - - [20/Jun/2026:21:22:04 +0200] "GET /2026/03/09/betmgm-%EF%BF%BD-rating-twenty-five-to-help-you-fifty-no-deposit-bonus-with-1x-betting/ HTTP/1.1" 200 0 "-" "Mozilla/5.0 (compatible; Barkrowler/0.9; +https://babbar.tech/crawler)"
217.113.194.131 - - [20/Jun/2026:21:23:04 +0200] "GET /2026/03/18/eye-of-horus-gebuhrenfrei-auffuhren-blos-valley-of-pharaohs-casino-eintragung/ HTTP/1.1" 200 0 "-" "Mozilla/5.0 (compatible; Barkrowler/0.9; +https://babbar.tech/crawler)"
217.113.194.128 - - [20/Jun/2026:21:24:20 +0200] "GET /2026/03/24/the-greatest-publication-out-of-lifeless-position-review-all-casino-royal-panda-free-chip-you-need-casinomega-website/ HTTP/1.1" 200 0 "-" "Mozilla/5.0 (compatible; Barkrowler/0.9; +https://babbar.tech/crawler)"
217.113.194.122 - - [20/Jun/2026:21:15:45 +0200] "GET /2026/05/12/reading-small-print-very-carefully-facilitate-members-set-reasonable-criterion-and-you-will-end-frustration/ HTTP/1.1" 200 0 "-" "Mozilla/5.0 (compatible; Barkrowler/0.9; +https://babbar.tech/crawler)"
217.113.194.126 - - [20/Jun/2026:21:18:01 +0200] "GET /2026/01/30/thunderstruck-casino-slot-games-totally-free-house-of-fun-slot-play-within-the-demo-because-of-the-microgaming/ HTTP/1.1" 200 0 "-" "Mozilla/5.0 (compatible; Barkrowler/0.9; +https://babbar.tech/crawler)"
217.113.194.248 - - [20/Jun/2026:21:18:31 +0200] "GET /2026/01/30/celebrity-trip-play-igrosoft-casino-games-on-line-free-of-charge-rtp-95-200percent-trial-function/ HTTP/1.1" 200 0 "-" "Mozilla/5.0 (compatible; Barkrowler/0.9; +https://babbar.tech/crawler)"
217.113.194.131 - - [20/Jun/2026:21:18:47 +0200] "GET /2026/01/30/as-to-the-reasons-investor-interest-in-web-based-casinos-try-moving-on-to-the-mobile-very-first-programs/ HTTP/1.1" 200 0 "-" "Mozilla/5.0 (compatible; Barkrowler/0.9; +https://babbar.tech/crawler)"
217.113.194.228 - - [20/Jun/2026:21:19:02 +0200] "GET /2026/01/22/their-weapon-financing-ar-15-ar-10-champagne-real-money-m4-m16-ak-47-and-much-more/ HTTP/1.1" 200 0 "-" "Mozilla/5.0 (compatible; Barkrowler/0.9; +https://babbar.tech/crawler)"
217.113.194.227 - - [20/Jun/2026:21:20:48 +0200] "GET /2026/03/12/colorado-beverage-bonus-abu-king-kolikkopeli-pelaa-igt-kolikkopelia-ilmaiseksi/ HTTP/1.1" 200 0 "-" "Mozilla/5.0 (compatible; Barkrowler/0.9; +https://babbar.tech/crawler)"
217.113.194.124 - - [20/Jun/2026:21:22:19 +0200] "GET /2026/03/09/slots-online-sin-cargo-hace-el-trabajo-a-de-mayor-de-12-000-tragaperras-de-balde/ HTTP/1.1" 200 0 "-" "Mozilla/5.0 (compatible; Barkrowler/0.9; +https://babbar.tech/crawler)"
217.113.194.131 - - [20/Jun/2026:21:24:05 +0200] "GET /2026/03/15/angeschlossen-casino-freispiele-exklusive-cold-cash-casino-einzahlung-fur-hornung/ HTTP/1.1" 200 0 "-" "Mozilla/5.0 (compatible; Barkrowler/0.9; +https://babbar.tech/crawler)"
8.217.157.123 - - [20/Jun/2026:21:17:08 +0200] "GET /2026/03/24/aztec-spinz-gambling-establishment-discount-coupons-2026-free-revolves-mobile-pokies-sites-no-deposit-bonuses/ HTTP/1.1" 200 0 "-" "AliyunSecBot/Aliyun (AliyunSecBot@service.alibaba.com)"
217.113.194.248 - - [20/Jun/2026:21:20:18 +0200] "GET /2026/03/12/gamble-suoraan-lahteesta-raging-rhino-kolikkopelin-rtp-95-91-wms-peli/ HTTP/1.1" 200 0 "-" "Mozilla/5.0 (compatible; Barkrowler/0.9; +https://babbar.tech/crawler)"
217.113.194.122 - - [20/Jun/2026:21:23:50 +0200] "GET /2026/03/15/kasyno-sieciowy-gdy-wybrac-porzadna-platforme-do-odwiedzenia-zabawy/ HTTP/1.1" 200 0 "-" "Mozilla/5.0 (compatible; Barkrowler/0.9; +https://babbar.tech/crawler)"
217.113.194.130 - - [20/Jun/2026:21:16:15 +0200] "GET /2026/04/05/nunca-no-es-obligado-eximir-ningun-aplicacion-con-el-fin-de-retar-sobre-yobingo-casino/ HTTP/1.1" 200 0 "-" "Mozilla/5.0 (compatible; Barkrowler/0.9; +https://babbar.tech/crawler)"
217.113.194.248 - - [20/Jun/2026:21:19:17 +0200] "GET /2026/02/23/offisielt-vikings-go-wild-for-ekte-penger-nettsted-indre-sett-norge-2026/ HTTP/1.1" 200 0 "-" "Mozilla/5.0 (compatible; Barkrowler/0.9; +https://babbar.tech/crawler)"
217.113.194.123 - - [20/Jun/2026:21:16:00 +0200] "GET /2026/02/26/bedste-betting-sider-verde-casino-slots-promo-kode-ved-hjaelp-af-dansken-licens-2025/ HTTP/1.1" 200 0 "-" "Mozilla/5.0 (compatible; Barkrowler/0.9; +https://babbar.tech/crawler)"
103.219.169.199 - - [20/Jun/2026:21:16:14 +0200] "POST /xmlrpc.php HTTP/1.1" 200 5926 "-" "Mozilla/5.0 (Windows NT 10.0; Win64; x64) AppleWebKit/537.36 (KHTML, like Gecko) Chrome/114.0.0.0 Safari/537.36"
217.113.194.124 - - [20/Jun/2026:21:17:16 +0200] "GET /2026/01/16/troll-hunters-descargar-la-aplicacion-spinfest-slot-opiniones-resenas-sobre-tragamonedas-online/ HTTP/1.1" 200 0 "-" "Mozilla/5.0 (compatible; Barkrowler/0.9; +https://babbar.tech/crawler)"
217.113.194.227 - - [20/Jun/2026:21:17:31 +0200] "GET /2026/01/21/break-casino-grosvernor-100-no-deposit-bonus-away-position-totally-free-revolves-totally-free-demo/ HTTP/1.1" 200 0 "-" "Mozilla/5.0 (compatible; Barkrowler/0.9; +https://babbar.tech/crawler)"
65.21.228.101 - - [20/Jun/2026:21:16:04 +0200] "POST /wp-cron.php?doing_wp_cron=1781982964.7727339267730712890625 HTTP/1.1" 200 0 "-" "WordPress/7.0; https://themomotimes.com"
217.113.194.228 - - [20/Jun/2026:21:16:45 +0200] "GET /2026/01/16/ruleta-online-enlace-influyente-sin-cargo-soluciona-ruleta-sin-cargo-falto-descarga/ HTTP/1.1" 200 0 "-" "Mozilla/5.0 (compatible; Barkrowler/0.9; +https://babbar.tech/crawler)"
217.113.194.248 - - [20/Jun/2026:21:18:16 +0200] "GET /2026/01/30/safari-wilds-position-games-roar-no-deposit-bonus-legacy-of-egypt-to-the-extremely-exciting-earnings/ HTTP/1.1" 200 0 "-" "Mozilla/5.0 (compatible; Barkrowler/0.9; +https://babbar.tech/crawler)"
217.113.194.130 - - [20/Jun/2026:21:21:18 +0200] "GET /2026/03/12/no-deposit-totally-free-spins-casino-jingle-spin-slot-and-incentives-to-possess-joker-storker/ HTTP/1.1" 200 0 "-" "Mozilla/5.0 (compatible; Barkrowler/0.9; +https://babbar.tech/crawler)"
217.113.194.125 - - [20/Jun/2026:21:22:34 +0200] "GET /2026/03/09/seriose-online-texas-holdem-live-poker-casinos-top-10-angebote-je-unter-allen-umstanden-spiele-2025/ HTTP/1.1" 200 0 "-" "Mozilla/5.0 (compatible; Barkrowler/0.9; +https://babbar.tech/crawler)"
217.113.194.124 - - [20/Jun/2026:21:22:49 +0200] "GET /2026/05/01/sobre-como-jugar-keno-en-linea-asesor-definitiva-para-ranura-columbus-deluxe-jugadores/ HTTP/1.1" 200 0 "-" "Mozilla/5.0 (compatible; Barkrowler/0.9; +https://babbar.tech/crawler)"
217.113.194.125 - - [20/Jun/2026:21:23:35 +0200] "GET /2026/03/18/kiedys-wydac-gre-do-kasynie-z-minimalnym-depozytem-dziesiatka-zl/ HTTP/1.1" 200 0 "-" "Mozilla/5.0 (compatible; Barkrowler/0.9; +https://babbar.tech/crawler)"
217.113.194.128 - - [20/Jun/2026:21:17:00 +0200] "GET /2026/01/16/treinta000-tragamonedas-de-balde-top-casino-lucky-8-line-slots-mexico-sobre-2026/ HTTP/1.1" 200 0 "-" "Mozilla/5.0 (compatible; Barkrowler/0.9; +https://babbar.tech/crawler)"
217.113.194.126 - - [20/Jun/2026:21:19:47 +0200] "GET /2026/03/12/internet-kasino-australiassa-2026-ilmoitukset-loytaa-lisatietoja-kontekstissa/ HTTP/1.1" 200 0 "-" "Mozilla/5.0 (compatible; Barkrowler/0.9; +https://babbar.tech/crawler)"
217.113.194.128 - - [20/Jun/2026:21:20:33 +0200] "GET /2026/03/12/greatest-on-the-bigbot-crew-slot-free-spins-internet-pokies-in-australia-for-real-cash-in-2026/ HTTP/1.1" 200 0 "-" "Mozilla/5.0 (compatible; Barkrowler/0.9; +https://babbar.tech/crawler)"
103.219.169.199 - - [20/Jun/2026:21:16:10 +0200] "POST /xmlrpc.php HTTP/1.1" 200 21651 "-" "Mozilla/5.0 (Windows NT 10.0; Win64; x64) AppleWebKit/537.36 (KHTML, like Gecko) Chrome/114.0.0.0 Safari/537.36"
217.113.194.248 - - [20/Jun/2026:21:16:30 +0200] "GET /2026/04/05/los-primero-es-antes-beneficios-es-posible-sacar-en-el-pabellon-vip-sobre-rolling-slots/ HTTP/1.1" 200 0 "-" "Mozilla/5.0 (compatible; Barkrowler/0.9; +https://babbar.tech/crawler)"
217.113.194.128 - - [20/Jun/2026:21:17:46 +0200] "GET /2026/01/21/gowild-spielsaal-maklercourtage-solange-bis-333-eur-100-freispiele-je-neue-spiele/ HTTP/1.1" 200 0 "-" "Mozilla/5.0 (compatible; Barkrowler/0.9; +https://babbar.tech/crawler)"
217.113.194.126 - - [20/Jun/2026:21:19:32 +0200] "GET /2026/03/12/better-australian-on-casino-golden-7-christmas-the-internet-pokies-for-real-money-best-pokies-internet-sites/ HTTP/1.1" 200 0 "-" "Mozilla/5.0 (compatible; Barkrowler/0.9; +https://babbar.tech/crawler)"
217.113.194.122 - - [20/Jun/2026:21:21:03 +0200] "GET /2026/03/12/3-reel-slots-gamble-totally-free-betway-live-casino-bonus-code-casino-games-and-you-may-slots/ HTTP/1.1" 200 0 "-" "Mozilla/5.0 (compatible; Barkrowler/0.9; +https://babbar.tech/crawler)"
217.113.194.248 - - [20/Jun/2026:21:21:33 +0200] "GET /2026/02/04/jackpot-casino-zeus-slots-est-un-divertissement-pour-casino-pour-par-dessous-impeccable-addictif/ HTTP/1.1" 200 0 "-" "Mozilla/5.0 (compatible; Barkrowler/0.9; +https://babbar.tech/crawler)"
217.113.194.126 - - [20/Jun/2026:21:21:49 +0200] "GET /2026/01/19/ports-including-huge-chef-ariana-cricket-superstar-and-you-may-dragons-misconception-all-function/ HTTP/1.1" 200 0 "-" "Mozilla/5.0 (compatible; Barkrowler/0.9; +https://babbar.tech/crawler)"
217.113.194.127 - - [20/Jun/2026:21:23:20 +0200] "GET /2026/03/18/enjoy-19120-totally-free-slot-online-game-scrolls-of-ra-casino-bonus-98-5-rtp-no-download/ HTTP/1.1" 200 0 "-" "Mozilla/5.0 (compatible; Barkrowler/0.9; +https://babbar.tech/crawler)"
217.113.194.124 - - [20/Jun/2026:21:24:35 +0200] "GET /2026/03/23/hein-agreger-une-legire-enquite-dinterdiction-dacces-volontaire-quelque-peu-ou-via-coche/ HTTP/1.1" 200 0 "-" "Mozilla/5.0 (compatible; Barkrowler/0.9; +https://babbar.tech/crawler)"
217.113.194.123 - - [20/Jun/2026:21:27:07 +0200] "GET /2026/05/09/3-goldbet-sul-impalcatura-circa-riconoscimento-generosi-ancora-giochi-live/ HTTP/1.1" 200 0 "-" "Mozilla/5.0 (compatible; Barkrowler/0.9; +https://babbar.tech/crawler)"
217.113.194.122 - - [20/Jun/2026:21:27:37 +0200] "GET /2026/04/09/freispiele-abzuglich-einzahlung-beste-casinos-sizzling-hot-online-slot-uber-free-spins/ HTTP/1.1" 200 0 "-" "Mozilla/5.0 (compatible; Barkrowler/0.9; +https://babbar.tech/crawler)"
217.113.194.227 - - [20/Jun/2026:21:28:08 +0200] "GET /2026/04/09/traktandum-bitcoin-casinos-2026-im-online-secret-of-the-stones-slot-casino-uber-btc-einzahlen/ HTTP/1.1" 200 0 "-" "Mozilla/5.0 (compatible; Barkrowler/0.9; +https://babbar.tech/crawler)"
217.113.194.131 - - [20/Jun/2026:21:29:24 +0200] "GET /2026/01/08/freispiele-exklusive-slot-online-ultimate-hot-einzahlung-2026-kostenfrei-free-spins-deutschland/ HTTP/1.1" 200 0 "-" "Mozilla/5.0 (compatible; Barkrowler/0.9; +https://babbar.tech/crawler)"
217.113.194.127 - - [20/Jun/2026:21:31:10 +0200] "GET /2026/01/26/crystal-tanzabend-erfahrungen-berechnung-zum-book-of-ra-original-slot-casino-sites-testbericht-ll-2023/ HTTP/1.1" 200 0 "-" "Mozilla/5.0 (compatible; Barkrowler/0.9; +https://babbar.tech/crawler)"
146.70.226.85 - - [20/Jun/2026:21:32:52 +0200] "POST /xmlrpc.php HTTP/1.1" 200 19984 "-" "Mozilla/5.0 (Windows NT 10.0; Win64; x64) AppleWebKit/537.36 (KHTML, like Gecko) Chrome/114.0.0.0 Safari/537.36"
146.70.226.85 - - [20/Jun/2026:21:32:52 +0200] "GET /2026/06/20/ebendiese-weltweites-wachsendes-netz-bei-serviceanbietern-vertriebspartnern-oder-aktiven-landern/ HTTP/1.1" 200 0 "-" "Mozilla/5.0 (Windows NT 10.0; rv:109.0) Gecko/20100101 Firefox/115.0"
217.113.194.131 - - [20/Jun/2026:21:32:56 +0200] "GET /2026/01/31/aizraujosi-faktiski-apgalvojumi-par-santas-ranch-slot-dolphin-journey-ports/ HTTP/1.1" 200 0 "-" "Mozilla/5.0 (compatible; Barkrowler/0.9; +https://babbar.tech/crawler)"
217.113.194.131 - - [20/Jun/2026:21:35:58 +0200] "GET /2026/03/11/trendy-day-publication-bonus-cash-coaster-online-slot-video-game-strategy-and-you-will-stats-explained/ HTTP/1.1" 200 0 "-" "Mozilla/5.0 (compatible; Barkrowler/0.9; +https://babbar.tech/crawler)"
17.22.237.52 - - [20/Jun/2026:21:36:24 +0200] "GET /2026/04/07/funciona-en-internet-gratuito-en-mermaids-pearl-deluxe/ HTTP/2" 200 0 "-" "Mozilla/5.0 (Macintosh; Intel Mac OS X 10_15_7) AppleWebKit/605.1.15 (KHTML, like Gecko) Version/17.4 Safari/605.1.15 (Applebot/0.1; +http://www.apple.com/go/applebot)"
217.113.194.228 - - [20/Jun/2026:21:37:59 +0200] "GET /2026/05/17/best-mac-50-free-spins-reel-rush-computer-online-game-2026-a-checklist-games-playing-on-your-mac/ HTTP/1.1" 200 0 "-" "Mozilla/5.0 (compatible; Barkrowler/0.9; +https://babbar.tech/crawler)"
217.113.194.124 - - [20/Jun/2026:21:38:14 +0200] "GET /2026/05/17/top-on-the-web-slot-websites-better-harbors-the-real-deal-currency-that-will-be-secure-during-the-canada-2026/ HTTP/1.1" 200 0 "-" "Mozilla/5.0 (compatible; Barkrowler/0.9; +https://babbar.tech/crawler)"
159.203.80.86 - - [20/Jun/2026:21:38:55 +0200] "GET / HTTP/1.1" 200 0 "-" "Mozilla/5.0 (X11; Linux x86_64; rv:142.0) Gecko/20100101 Firefox/142.0"
217.113.194.126 - - [20/Jun/2026:21:39:30 +0200] "GET /2026/05/17/play-totally-free-1700-slots-on-the-web-zero-obtain-zero-casino-book-of-dead-registration-only-fun/ HTTP/1.1" 200 0 "-" "Mozilla/5.0 (compatible; Barkrowler/0.9; +https://babbar.tech/crawler)"
200.25.47.134 - - [20/Jun/2026:21:40:21 +0200] "POST /xmlrpc.php HTTP/1.1" 200 18504 "-" "Mozilla/5.0 (Windows NT 10.0; Win64; x64) AppleWebKit/537.36 (KHTML, like Gecko) Chrome/114.0.0.0 Safari/537.36"
217.113.194.126 - - [20/Jun/2026:21:24:51 +0200] "GET /2026/01/27/lucky8-salle-de-jeu-jeux-2025-allez-legerement-en-tenant-en-compagnie-de-largent-palpable/ HTTP/1.1" 200 0 "-" "Mozilla/5.0 (compatible; Barkrowler/0.9; +https://babbar.tech/crawler)"
47.82.11.19 - - [20/Jun/2026:21:25:44 +0200] "GET /2026/02/05/funciona-quickspin-juegos-de-tragamonedas-en-linea-regalado-en-linea/ HTTP/1.1" 200 0 "https://themomotimes.com/" "Mozilla/5.0 (Macintosh; Intel Mac OS X 10_15_7) AppleWebKit/537.36 (KHTML, like Gecko) Chrome/134.0.0.0 Safari/537.36"
217.113.194.228 - - [20/Jun/2026:21:29:39 +0200] "GET /2026/01/08/play-buffalo-slot-2025-position-no-deposit-bonus-codes-casino-mandarin-palace-comment-added-bonus-have/ HTTP/1.1" 200 0 "-" "Mozilla/5.0 (compatible; Barkrowler/0.9; +https://babbar.tech/crawler)"
47.82.11.10 - - [20/Jun/2026:21:36:57 +0200] "GET /2026/01/07/top-spielbank-pramie-ohne-einzahlung-aktuelle-worldmatch-slots-online-angebote/ HTTP/1.1" 200 0 "https://themomotimes.com/" "Mozilla/5.0 (Windows NT 10.0; Win64; x64) AppleWebKit/537.36 (KHTML, like Gecko) Chrome/135.0.0.0 Safari/537.36 Edg/135.0.0.0"
217.113.194.123 - - [20/Jun/2026:21:37:29 +0200] "GET /2026/05/17/speaking-of-strong-options-for-those-people-who-are-currently-using-an-excellent-considering-internet-casino/ HTTP/1.1" 200 0 "-" "Mozilla/5.0 (compatible; Barkrowler/0.9; +https://babbar.tech/crawler)"
217.113.194.129 - - [20/Jun/2026:21:39:15 +0200] "GET /2026/05/17/descubre-los-secretos-del-exito-en-los-malina-casino-guia-completa-para-ganar-en-el-mundo-del-juego/ HTTP/1.1" 200 0 "-" "Mozilla/5.0 (compatible; Barkrowler/0.9; +https://babbar.tech/crawler)"
217.113.194.123 - - [20/Jun/2026:21:40:16 +0200] "GET /2026/04/13/free-spins-no-deposit-local-casino-added-bonus-2026-internet-casino-real-cash-no-deposit-by-the-my-bookie/ HTTP/1.1" 200 0 "-" "Mozilla/5.0 (compatible; Barkrowler/0.9; +https://babbar.tech/crawler)"
165.101.64.223 - - [20/Jun/2026:21:40:35 +0200] "GET /2026/06/09/betalright-casino-einzahlungsoptionen-19/ HTTP/1.1" 200 0 "https://themomotimes.com/" "Mozilla/5.0 (Windows NT 10.0; Win64; x64; rv:144.0) Gecko/20100101 Firefox/144.0"
200.25.47.134 - - [20/Jun/2026:21:40:25 +0200] "POST /xmlrpc.php HTTP/1.1" 200 5926 "-" "Mozilla/5.0 (Windows NT 10.0; Win64; x64) AppleWebKit/537.36 (KHTML, like Gecko) Chrome/114.0.0.0 Safari/537.36"
217.113.194.126 - - [20/Jun/2026:21:25:06 +0200] "GET /2026/01/27/better-100-percent-free-1xslot-download-app-revolves-no-deposit-bonuses-british-to-have-january-2026/ HTTP/1.1" 200 0 "-" "Mozilla/5.0 (compatible; Barkrowler/0.9; +https://babbar.tech/crawler)"
217.113.194.123 - - [20/Jun/2026:21:25:21 +0200] "GET /2026/03/17/need-to-lose-jackpot-harbors-bring-users-a-way-to-victory-a-great-jackpot-inside-a-finite-timeframe/ HTTP/1.1" 200 0 "-" "Mozilla/5.0 (compatible; Barkrowler/0.9; +https://babbar.tech/crawler)"
217.113.194.228 - - [20/Jun/2026:21:28:23 +0200] "GET /2026/04/09/it-isnt-uncommon-for-most-game-becoming-ineligible-having-incentives-restricted-to-seemed-game-only/ HTTP/1.1" 200 0 "-" "Mozilla/5.0 (compatible; Barkrowler/0.9; +https://babbar.tech/crawler)"
217.113.194.227 - - [20/Jun/2026:21:30:09 +0200] "GET /2026/04/10/european-union-antique-multihand-was-a-virtual-black-jack-games-mirroring-the-principles-found-in-western-european-casinos/ HTTP/1.1" 200 0 "-" "Mozilla/5.0 (compatible; Barkrowler/0.9; +https://babbar.tech/crawler)"
217.113.194.126 - - [20/Jun/2026:21:30:55 +0200] "GET /2026/05/02/legalne-kasyno-sieciowy-nasze-panstwo-najpozytywniejsze-2026/ HTTP/1.1" 200 0 "-" "Mozilla/5.0 (compatible; Barkrowler/0.9; +https://babbar.tech/crawler)"
217.113.194.227 - - [20/Jun/2026:21:31:40 +0200] "GET /2026/01/26/to-be-certain-a-swift-gameplay-experience-the-new-agent-alternates-anywhere-between-a-couple-porches/ HTTP/1.1" 200 0 "-" "Mozilla/5.0 (compatible; Barkrowler/0.9; +https://babbar.tech/crawler)"
217.113.194.227 - - [20/Jun/2026:21:31:55 +0200] "GET /2026/01/26/greatest-minimal-deposit-casinos-to-possess-2026-finest-internet-sites-and-you-will-casino-at-beteast-games/ HTTP/1.1" 200 0 "-" "Mozilla/5.0 (compatible; Barkrowler/0.9; +https://babbar.tech/crawler)"
217.113.194.124 - - [20/Jun/2026:21:32:10 +0200] "GET /2026/01/26/no-deposit-incentives-2026-finest-casino-40-free-spins-no-deposit-free-gambling-establishment-incentives/ HTTP/1.1" 200 0 "-" "Mozilla/5.0 (compatible; Barkrowler/0.9; +https://babbar.tech/crawler)"
217.113.194.126 - - [20/Jun/2026:21:33:57 +0200] "GET /2026/04/07/sofern-die-leser-darauf-klicken-beibehalten-unsereiner-vielleicht-ne-bonus/ HTTP/1.1" 200 0 "-" "Mozilla/5.0 (compatible; Barkrowler/0.9; +https://babbar.tech/crawler)"
217.113.194.125 - - [20/Jun/2026:21:34:27 +0200] "GET /2026/04/07/dies-sunmaker-spielbank-wird-sekundar-hinein-meinem-im-jahre-nochmals-sehr-an/ HTTP/1.1" 200 0 "-" "Mozilla/5.0 (compatible; Barkrowler/0.9; +https://babbar.tech/crawler)"
217.113.194.127 - - [20/Jun/2026:21:35:43 +0200] "GET /2026/03/11/basta-natcasino-kasino-slotsspel-lista-2026-jamfora-alla-svenska-natcasinon-2026/ HTTP/1.1" 200 0 "-" "Mozilla/5.0 (compatible; Barkrowler/0.9; +https://babbar.tech/crawler)"
217.113.194.126 - - [20/Jun/2026:21:38:30 +0200] "GET /2026/05/17/top-12-echtgeld-rich-girl-1-kaution-casinos-2026-unabhangig-getestet-bewertet/ HTTP/1.1" 200 0 "-" "Mozilla/5.0 (compatible; Barkrowler/0.9; +https://babbar.tech/crawler)"
47.82.11.2 - - [20/Jun/2026:21:24:32 +0200] "GET /2026/01/08/good-fresh-fruit-the-knockout-site-enjoy-apps-online-gamble/ HTTP/1.1" 200 0 "https://themomotimes.com/" "Mozilla/5.0 (Windows NT 10.0; Win64; x64) AppleWebKit/537.36 (KHTML, like Gecko) Chrome/135.0.0.0 Safari/537.36"
217.113.194.122 - - [20/Jun/2026:21:26:22 +0200] "GET /2026/05/09/centre-court-spilleautomat-av-microgaming-anmeldelse-danselat-online-beste-roulette-casinosider-norge-gratis/ HTTP/1.1" 200 0 "-" "Mozilla/5.0 (compatible; Barkrowler/0.9; +https://babbar.tech/crawler)"
194.126.177.138 - - [20/Jun/2026:21:29:19 +0200] "GET /2026/05/25/meilleur-casino-en-ligne-un-guide-complet-2/ HTTP/1.1" 200 0 "https://themomotimes.com/" "Mozilla/5.0 (Windows NT 10.0; Win64; x64) AppleWebKit/537.36 (KHTML, like Gecko) Chrome/133.0.6943.141 Safari/537.36"
217.113.194.228 - - [20/Jun/2026:21:30:39 +0200] "GET /2026/04/12/starting-game-away-no-deposit-bonus-codes-for-mr-bet-from-thrones-slots-gambling-enterprise-let-cardio/ HTTP/1.1" 200 0 "-" "Mozilla/5.0 (compatible; Barkrowler/0.9; +https://babbar.tech/crawler)"
217.113.194.131 - - [20/Jun/2026:21:34:12 +0200] "GET /2026/04/07/octobeer-fortunes-slot-play-free-santas-wonderland-1-deposito-beizebu-game-review-2026/ HTTP/1.1" 200 0 "-" "Mozilla/5.0 (compatible; Barkrowler/0.9; +https://babbar.tech/crawler)"
217.113.194.127 - - [20/Jun/2026:21:34:57 +0200] "GET /2026/01/29/po-kakoj-prichine-individy-prikrepljajutsja-k-radostnym-mgnovenijam/ HTTP/1.1" 200 0 "-" "Mozilla/5.0 (compatible; Barkrowler/0.9; +https://babbar.tech/crawler)"
217.113.194.128 - - [20/Jun/2026:21:36:28 +0200] "GET /2026/03/11/champ-will-be-allowed-fifteen-15-times-to-acquire-personality-in-the-event-that-to-your-property/ HTTP/1.1" 200 0 "-" "Mozilla/5.0 (compatible; Barkrowler/0.9; +https://babbar.tech/crawler)"
217.113.194.126 - - [20/Jun/2026:21:38:45 +0200] "GET /2026/05/17/androide-casino-apps-2026-genies-touch-casino-beste-erreichbar-casinos-je-menschenahnlicher-roboter/ HTTP/1.1" 200 0 "-" "Mozilla/5.0 (compatible; Barkrowler/0.9; +https://babbar.tech/crawler)"
217.113.194.127 - - [20/Jun/2026:21:25:51 +0200] "GET /2026/03/17/recensione-siti-di-casino-skrill-betway-casa-da-gioco-2026-1500-bonus-400-giri-slot/ HTTP/1.1" 200 0 "-" "Mozilla/5.0 (compatible; Barkrowler/0.9; +https://babbar.tech/crawler)"
217.113.194.127 - - [20/Jun/2026:21:26:37 +0200] "GET /2026/05/09/do-you-really-get-no-deposit-free-revolves-to-the-membership-that-have-united-kingdom-gambling-enterprises/ HTTP/1.1" 200 0 "-" "Mozilla/5.0 (compatible; Barkrowler/0.9; +https://babbar.tech/crawler)"
217.113.194.122 - - [20/Jun/2026:21:28:53 +0200] "GET /2026/04/09/innerster-planet-slot-zum-besten-geben-inoffizieller-mitarbeiter-browser-casino-apps/ HTTP/1.1" 200 0 "-" "Mozilla/5.0 (compatible; Barkrowler/0.9; +https://babbar.tech/crawler)"
217.113.194.228 - - [20/Jun/2026:21:29:08 +0200] "GET /2026/04/09/el-bacara-un-entretenimiento-sobre-mesa-elegante-asi%EF%BF%BD-como-apasionante-al-casino/ HTTP/1.1" 200 0 "-" "Mozilla/5.0 (compatible; Barkrowler/0.9; +https://babbar.tech/crawler)"
217.113.194.248 - - [20/Jun/2026:21:32:26 +0200] "GET /2026/01/26/spielbank-spiele-sharky-slot-casino-sites-ohne-einzahlung-kostenfrei-via-startguthaben/ HTTP/1.1" 200 0 "-" "Mozilla/5.0 (compatible; Barkrowler/0.9; +https://babbar.tech/crawler)"
146.70.226.85 - - [20/Jun/2026:21:32:03 +0200] "POST /xmlrpc.php HTTP/1.1" 200 5929 "-" "Mozilla/5.0 (Windows NT 10.0; Win64; x64) AppleWebKit/537.36 (KHTML, like Gecko) Chrome/114.0.0.0 Safari/537.36"
217.113.194.125 - - [20/Jun/2026:21:33:11 +0200] "GET /2026/01/31/extremely-merry-christmas-slot-machine-play-it-now-lets-talk-about-casino-fortune-cookie-100-percent-free/ HTTP/1.1" 200 0 "-" "Mozilla/5.0 (compatible; Barkrowler/0.9; +https://babbar.tech/crawler)"
47.82.11.62 - - [20/Jun/2026:21:35:18 +0200] "GET /2026/01/15/better-a-real-income-casino-apps-2025-finest-mobile-casinos/ HTTP/1.1" 200 0 "https://themomotimes.com/" "Mozilla/5.0 (Windows NT 10.0; Win64; x64) AppleWebKit/537.36 (KHTML, like Gecko) Chrome/135.0.0.0 Safari/537.36 Edg/135.0.0.0"
217.113.194.227 - - [20/Jun/2026:21:39:00 +0200] "GET /2026/05/17/beste-casinos-blos-5-sekunden-pyramid-treasure-slot-rtp-zyklus-2026-kein-einreihen/ HTTP/1.1" 200 0 "-" "Mozilla/5.0 (compatible; Barkrowler/0.9; +https://babbar.tech/crawler)"
217.113.194.129 - - [20/Jun/2026:21:39:45 +0200] "GET /2026/04/13/they-offer-a-knowledgeable-online-casino-experience-with-the-greatest-combine-off-activity-shelter-and-you-can-rewards/ HTTP/1.1" 200 0 "-" "Mozilla/5.0 (compatible; Barkrowler/0.9; +https://babbar.tech/crawler)"
178.159.37.83 - - [20/Jun/2026:21:40:06 +0200] "GET /2026/06/19/rejting-luchshih-kazino-po-ocenkam-realnyh-igrokov-25/ HTTP/1.1" 200 0 "-" "Screaming Frog SEO Spider/19.8"
200.25.47.134 - - [20/Jun/2026:21:40:41 +0200] "POST /xmlrpc.php HTTP/1.1" 200 1686 "-" "Mozilla/5.0 (Windows NT 10.0; Win64; x64) AppleWebKit/537.36 (KHTML, like Gecko) Chrome/114.0.0.0 Safari/537.36"
