217.113.194.128 - - [20/Jun/2026:19:49:46 +0200] "GET /2026/01/14/betgames-welcomes-comfort-and-you-will-prosperity-in-the-tigers-secrets-local-casino-online-game-igb/ HTTP/1.1" 200 0 "-" "Mozilla/5.0 (compatible; Barkrowler/0.9; +https://babbar.tech/crawler)"
185.252.223.20 - - [20/Jun/2026:19:50:42 +0200] "GET /2026/06/20/legalne-kasyna-online-udostepniaja-stale-wybor-wydatkow-normalnie-z-zapisz-kasjera-podazaniu-zalogowaniu-w-profilu-gracza/ HTTP/1.1" 200 0 "-" "Mozilla/5.0 (Windows NT 10.0; Win64; x64) AppleWebKit/537.36 (KHTML, like Gecko) Chrome/123.0.0.0 Safari/537.36"
217.113.194.123 - - [20/Jun/2026:19:52:33 +0200] "GET /2026/05/13/leurs-bonus-1-casino-se-deroulent-effectivement-accessoire-a-un-wagering-en-tenant-x40/ HTTP/1.1" 200 0 "-" "Mozilla/5.0 (compatible; Barkrowler/0.9; +https://babbar.tech/crawler)"
217.113.194.127 - - [20/Jun/2026:19:52:02 +0200] "GET /2026/03/31/1-minimum-fafafa-for-real-money-put-casinos-finest-1-pound-local-casino-websites/ HTTP/1.1" 200 0 "-" "Mozilla/5.0 (compatible; Barkrowler/0.9; +https://babbar.tech/crawler)"
217.113.194.228 - - [20/Jun/2026:19:53:03 +0200] "GET /2026/05/13/you-are-able-to-set-limits-about-how-far-your-put-every-day-per-week-otherwise-month-to-month/ HTTP/1.1" 200 0 "-" "Mozilla/5.0 (compatible; Barkrowler/0.9; +https://babbar.tech/crawler)"
217.113.194.122 - - [20/Jun/2026:19:44:27 +0200] "GET /2026/02/27/arrolamento-criancice-slots-slot-gold-party-como-jogos-de-casino-alfabeticamente-casino-guru/ HTTP/1.1" 200 0 "-" "Mozilla/5.0 (compatible; Barkrowler/0.9; +https://babbar.tech/crawler)"
217.113.194.126 - - [20/Jun/2026:19:47:14 +0200] "GET /2026/02/03/divine-fortune-lord-of-the-ocean-slot-big-win-pacanele-meci-grati-si-recenzii-2026/ HTTP/1.1" 200 0 "-" "Mozilla/5.0 (compatible; Barkrowler/0.9; +https://babbar.tech/crawler)"
65.21.228.101 - - [20/Jun/2026:19:48:45 +0200] "POST /wp-cron.php?doing_wp_cron=1781977725.8648900985717773437500 HTTP/1.1" 200 0 "-" "WordPress/7.0; https://themomotimes.com"
185.252.223.20 - - [20/Jun/2026:19:49:53 +0200] "POST /xmlrpc.php HTTP/1.1" 200 5929 "-" "Mozilla/5.0 (Windows NT 10.0; Win64; x64) AppleWebKit/537.36 (KHTML, like Gecko) Chrome/114.0.0.0 Safari/537.36"
217.113.194.128 - - [20/Jun/2026:19:51:47 +0200] "GET /2026/03/31/to-experience-contained-in-this-safer-aus-casinos-on-the-internet-%EF%BF%BD-professional-tips-and-tricks/ HTTP/1.1" 200 0 "-" "Mozilla/5.0 (compatible; Barkrowler/0.9; +https://babbar.tech/crawler)"
217.113.194.128 - - [20/Jun/2026:19:43:57 +0200] "GET /2026/05/16/right-here-youll-find-a-full-set-of-wagering-requirements-restrict-stakes-and-you-may-eligible-games/ HTTP/1.1" 200 0 "-" "Mozilla/5.0 (compatible; Barkrowler/0.9; +https://babbar.tech/crawler)"
217.113.194.228 - - [20/Jun/2026:19:45:28 +0200] "GET /2026/01/12/100-percent-free-harbors-totally-free-casino-games-funky-fruits-slot-free-spins-on-the-internet/ HTTP/1.1" 200 0 "-" "Mozilla/5.0 (compatible; Barkrowler/0.9; +https://babbar.tech/crawler)"
217.113.194.227 - - [20/Jun/2026:19:45:43 +0200] "GET /2026/01/12/100-percent-free-zeus-slots-on-playfina-casino-login-australia-the-internet-wms-slot-machine-games/ HTTP/1.1" 200 0 "-" "Mozilla/5.0 (compatible; Barkrowler/0.9; +https://babbar.tech/crawler)"
146.70.226.85 - - [20/Jun/2026:19:48:51 +0200] "GET /2026/06/20/so-eignen-personliche-aussagen-zahlungsinformationen-unter-anderem-spielverlaufe-im-vorfeld-unbefugtem-einsicht-gesichert/ HTTP/1.1" 200 0 "-" "Mozilla/5.0 (Windows NT 10.0; Win64; x64) AppleWebKit/537.36 (KHTML, like Gecko) Chrome/123.0.0.0 Safari/537.36 OPR/109.0.0.0"
217.113.194.122 - - [20/Jun/2026:19:50:16 +0200] "GET /2026/03/31/exactly-how-preferred-was-internet-casino-websites-in-the-uk-how-many-everyone-is-to-tackle-in-it/ HTTP/1.1" 200 0 "-" "Mozilla/5.0 (compatible; Barkrowler/0.9; +https://babbar.tech/crawler)"
65.21.228.101 - - [20/Jun/2026:19:50:36 +0200] "POST /wp-cron.php?doing_wp_cron=1781977836.6620080471038818359375 HTTP/1.1" 200 0 "-" "WordPress/7.0; https://themomotimes.com"
217.113.194.125 - - [20/Jun/2026:19:52:18 +0200] "GET /2026/05/13/ihr-erwartete-raub-betragt-134-%EF%BF%BD-three-hundred-%EF%BF%BD-1025/ HTTP/1.1" 200 0 "-" "Mozilla/5.0 (compatible; Barkrowler/0.9; +https://babbar.tech/crawler)"
217.113.194.126 - - [20/Jun/2026:19:52:48 +0200] "GET /2026/05/13/book-of-dead-playn-go-gebuhrenfrei-vortragen-protestation-mehr-hilfreiche-hinweise-slot/ HTTP/1.1" 200 0 "-" "Mozilla/5.0 (compatible; Barkrowler/0.9; +https://babbar.tech/crawler)"
217.113.194.126 - - [20/Jun/2026:19:58:22 +0200] "GET /2026/05/08/cool-fruit-frenzy-deco-diamonds-for-real-money-position-gamble-on-line-the-real-deal-currency/ HTTP/1.1" 200 0 "-" "Mozilla/5.0 (compatible; Barkrowler/0.9; +https://babbar.tech/crawler)"
217.113.194.123 - - [20/Jun/2026:19:55:50 +0200] "GET /2026/03/21/innskuddsbonus-finn-beste-inskuddsbonus-besokelsestid-and-casino/ HTTP/1.1" 200 0 "-" "Mozilla/5.0 (compatible; Barkrowler/0.9; +https://babbar.tech/crawler)"
217.113.194.126 - - [20/Jun/2026:19:56:05 +0200] "GET /2026/04/19/reasonable-incentive-conditions-regarding-the-better-web-based-casinos-when-you-look-at-the-honduras/ HTTP/1.1" 200 0 "-" "Mozilla/5.0 (compatible; Barkrowler/0.9; +https://babbar.tech/crawler)"
217.113.194.128 - - [20/Jun/2026:19:56:51 +0200] "GET /2026/03/16/its-also-wise-to-believe-hence-ca-casinos-promote-quick-withdrawals-when-you-secure-delighted/ HTTP/1.1" 200 0 "-" "Mozilla/5.0 (compatible; Barkrowler/0.9; +https://babbar.tech/crawler)"
217.113.194.248 - - [20/Jun/2026:19:57:06 +0200] "GET /2026/03/16/paypal-casinos-die-4-seriosesten-fliesen-inoffizieller-sparta-gewinn-mitarbeiter-test/ HTTP/1.1" 200 0 "-" "Mozilla/5.0 (compatible; Barkrowler/0.9; +https://babbar.tech/crawler)"
217.113.194.130 - - [20/Jun/2026:19:57:36 +0200] "GET /2026/05/08/best-play-funky-fruits-online-real-cash-a-real-income-gambling-establishment-apps-2026-best-mobile-gaming/ HTTP/1.1" 200 0 "-" "Mozilla/5.0 (compatible; Barkrowler/0.9; +https://babbar.tech/crawler)"
217.113.194.128 - - [20/Jun/2026:19:58:37 +0200] "GET /2026/05/08/difformita-con-bonus-di-cerimonia-ed-premio-senza-colmo-nei-trambusto-online/ HTTP/1.1" 200 0 "-" "Mozilla/5.0 (compatible; Barkrowler/0.9; +https://babbar.tech/crawler)"
217.113.194.123 - - [20/Jun/2026:19:59:07 +0200] "GET /2026/05/08/in-this-article-there-are-each-other-totally-free-gambling-games-and-no-deposit-incentives-however-why/ HTTP/1.1" 200 0 "-" "Mozilla/5.0 (compatible; Barkrowler/0.9; +https://babbar.tech/crawler)"
217.113.194.248 - - [20/Jun/2026:19:54:04 +0200] "GET /2026/05/13/most-readily-useful-slot-machines-into-the-las-vegas-2026-the-best-place-to-enjoy-earn-big/ HTTP/1.1" 200 0 "-" "Mozilla/5.0 (compatible; Barkrowler/0.9; +https://babbar.tech/crawler)"
217.113.194.129 - - [20/Jun/2026:19:55:04 +0200] "GET /2026/05/13/las-diez-superiores-hoteles-sobre-estambul-turquia-nadie-pondria-en-duda-desde-33/ HTTP/1.1" 200 0 "-" "Mozilla/5.0 (compatible; Barkrowler/0.9; +https://babbar.tech/crawler)"
217.113.194.227 - - [20/Jun/2026:19:55:20 +0200] "GET /2026/03/13/diese-besten-erreichbar-kasino-boni-within-land-der-dichter-und-denker-2026/ HTTP/1.1" 200 0 "-" "Mozilla/5.0 (compatible; Barkrowler/0.9; +https://babbar.tech/crawler)"
77.75.78.168 - - [20/Jun/2026:19:59:29 +0200] "GET /core-betokay-casino-features-and-user-experience/ HTTP/1.1" 200 0 "-" "Mozilla/5.0 (compatible; SeznamBot/4.0; +https://o-seznam.cz/napoveda/vyhledavani/en/seznambot-crawler/)"
217.113.194.248 - - [20/Jun/2026:19:53:33 +0200] "GET /2026/05/13/dicho-paquete-sobre-bienvenida-dividido-en-5-depositos-brinda-hasta-un/ HTTP/1.1" 200 0 "-" "Mozilla/5.0 (compatible; Barkrowler/0.9; +https://babbar.tech/crawler)"
217.113.194.125 - - [20/Jun/2026:19:54:19 +0200] "GET /2026/05/13/conjunto-sobre-casinos-establecimientos-que-poseen-ventajas-caesars-%EF%BF%BD-fraga-casino/ HTTP/1.1" 200 0 "-" "Mozilla/5.0 (compatible; Barkrowler/0.9; +https://babbar.tech/crawler)"
217.113.194.124 - - [20/Jun/2026:19:56:20 +0200] "GET /2026/04/19/europaplay-spielbank-pramie-bis-zu-500-schutzen-unter-anderem-erreichbar-spielen/ HTTP/1.1" 200 0 "-" "Mozilla/5.0 (compatible; Barkrowler/0.9; +https://babbar.tech/crawler)"
217.113.194.129 - - [20/Jun/2026:19:57:51 +0200] "GET /2026/05/08/very-hot-slot-machine-game-gamble-totally-free-slot-game-by-slot-crazy-gems-novomatic/ HTTP/1.1" 200 0 "-" "Mozilla/5.0 (compatible; Barkrowler/0.9; +https://babbar.tech/crawler)"
217.113.194.125 - - [20/Jun/2026:19:58:52 +0200] "GET /2026/05/08/purple-mayan-princess-slot-free-spins-residence-position-remark-igt-enjoy-totally-free-demonstration/ HTTP/1.1" 200 0 "-" "Mozilla/5.0 (compatible; Barkrowler/0.9; +https://babbar.tech/crawler)"
217.113.194.122 - - [20/Jun/2026:19:59:37 +0200] "GET /2026/05/08/flame-joker-slot-wager-100-lord-lucky-casino-no-deposit-code-percent-free-otherwise-real-money/ HTTP/1.1" 200 0 "-" "Mozilla/5.0 (compatible; Barkrowler/0.9; +https://babbar.tech/crawler)"
217.113.194.228 - - [20/Jun/2026:19:53:49 +0200] "GET /2026/05/13/los-tragamonedas-resultan-si-uno-de-los-juegos-mas-utilizadas-acerca-de-los-casinos-online/ HTTP/1.1" 200 0 "-" "Mozilla/5.0 (compatible; Barkrowler/0.9; +https://babbar.tech/crawler)"
217.113.194.228 - - [20/Jun/2026:19:58:06 +0200] "GET /2026/05/08/superior-casino-online-sobre-mexico-aspectos-clave-2026-diario-golden-ticket-play-for-fun-on-line/ HTTP/1.1" 200 0 "-" "Mozilla/5.0 (compatible; Barkrowler/0.9; +https://babbar.tech/crawler)"
217.113.194.228 - - [20/Jun/2026:19:53:18 +0200] "GET /2026/05/13/casinos-on-the-internet-real-money-10-best-united-states-of-america-local-casino-web-sites-to-possess-2026/ HTTP/1.1" 200 0 "-" "Mozilla/5.0 (compatible; Barkrowler/0.9; +https://babbar.tech/crawler)"
217.113.194.127 - - [20/Jun/2026:19:55:35 +0200] "GET /2026/03/19/competir-tiki-vikings-de-mr-bet-casino-app-descargar-para-el-telefono-android-balde/ HTTP/1.1" 200 0 "-" "Mozilla/5.0 (compatible; Barkrowler/0.9; +https://babbar.tech/crawler)"
217.113.194.124 - - [20/Jun/2026:19:56:35 +0200] "GET /2026/03/16/best-online-casinos-around-australia-ranked-because-of-the-jungle-trouble-rtp-slot-online-pros-2025/ HTTP/1.1" 200 0 "-" "Mozilla/5.0 (compatible; Barkrowler/0.9; +https://babbar.tech/crawler)"
217.113.194.126 - - [20/Jun/2026:19:59:22 +0200] "GET /2026/05/08/en-tenant-achever-ceci-archivage-leurs-1-liminaire-casino-un-tantinet-citons-casinolab/ HTTP/1.1" 200 0 "-" "Mozilla/5.0 (compatible; Barkrowler/0.9; +https://babbar.tech/crawler)"
217.113.194.122 - - [20/Jun/2026:19:54:34 +0200] "GET /2026/05/13/le-permet-une-connexion-veloce-i%EF%BF%BD-lensemble-des-abats-affirme-avec-les-computation/ HTTP/1.1" 200 0 "-" "Mozilla/5.0 (compatible; Barkrowler/0.9; +https://babbar.tech/crawler)"
217.113.194.129 - - [20/Jun/2026:19:54:49 +0200] "GET /2026/05/13/this-may-additionally-be-an-easy-method-having-sites-to-get-worthwhile-views-using-their-profiles/ HTTP/1.1" 200 0 "-" "Mozilla/5.0 (compatible; Barkrowler/0.9; +https://babbar.tech/crawler)"
217.113.194.125 - - [20/Jun/2026:19:57:21 +0200] "GET /2026/05/08/better-on-line-pokies-slot-wolverine-the-real-deal-cash-in-2026-to-provides-aussie-pros/ HTTP/1.1" 200 0 "-" "Mozilla/5.0 (compatible; Barkrowler/0.9; +https://babbar.tech/crawler)"
217.113.194.227 - - [20/Jun/2026:19:59:53 +0200] "GET /2026/05/08/majestic-forest-slot-demo-victorious-gran-victoria-esparcimiento-tragamonedas-regalado/ HTTP/1.1" 200 0 "-" "Mozilla/5.0 (compatible; Barkrowler/0.9; +https://babbar.tech/crawler)"
200.25.47.134 - - [20/Jun/2026:20:04:10 +0200] "GET /2026/06/20/%E3%83%88%E3%83%AC%E3%83%B3%E3%83%87%E3%82%A3%E3%81%A7%E6%96%B0%E9%AE%AE%E3%81%AA%E3%83%95%E3%83%AB%E3%83%BC%E3%83%84%E3%82%B9%E3%83%AD%E3%83%83%E3%83%88%EF%BC%81%E3%82%AA%E3%83%B3%E3%83%A9%E3%82%A4/ HTTP/1.1" 200 0 "-" "Mozilla/5.0 (Windows NT 10.0; Win64; x64) AppleWebKit/537.36 (KHTML, like Gecko) Chrome/124.0.0.0 Safari/537.36 Edg/124.0.0.0"
217.113.194.126 - - [20/Jun/2026:20:06:58 +0200] "GET /2026/05/15/aplicaiile-printre-cazinou-cand-sau-persoanele-dvs-get-bune-plaa-de-la-romania/ HTTP/1.1" 200 0 "-" "Mozilla/5.0 (compatible; Barkrowler/0.9; +https://babbar.tech/crawler)"
106.201.3.214 - - [20/Jun/2026:20:07:50 +0200] "GET /2026/06/01/bdmbets-casino-zanesljivost-igre/ HTTP/1.1" 200 0 "https://themomotimes.com/" "Mozilla/5.0 (Windows NT 10.0; Win64; x64) AppleWebKit/537.36 (KHTML, like Gecko) Chrome/99.0.4844.51 Safari/537.36"
77.75.77.17 - - [20/Jun/2026:20:09:30 +0200] "GET /mrluck-mobile-experience-user-data-and-performance-insights/ HTTP/1.1" 200 0 "-" "Mozilla/5.0 (compatible; SeznamBot/4.0; +https://o-seznam.cz/napoveda/vyhledavani/en/seznambot-crawler/)"
217.113.194.125 - - [20/Jun/2026:20:09:45 +0200] "GET /2026/04/23/pokerstars-shifts-on-line-poker-brand-name-so-youre-able-to-fanduel-ends-igaming/ HTTP/1.1" 200 0 "-" "Mozilla/5.0 (compatible; Barkrowler/0.9; +https://babbar.tech/crawler)"
185.232.21.242 - - [20/Jun/2026:20:10:27 +0200] "GET /wp-login.php HTTP/2" 200 974 "https://themomotimes.com/" "Mozilla/5.0 (Windows NT 10.0; Win64; x64) AppleWebKit/537.36 (KHTML, like Gecko) Chrome/147.0.0.0 Safari/537.36"
185.232.21.242 - - [20/Jun/2026:20:10:29 +0200] "GET /favicon.ico HTTP/3" 404 796 "https://themomotimes.com/wp-login.php" "Mozilla/5.0 (Windows NT 10.0; Win64; x64) AppleWebKit/537.36 (KHTML, like Gecko) Chrome/147.0.0.0 Safari/537.36"
185.252.223.20 - - [20/Jun/2026:20:10:11 +0200] "POST /xmlrpc.php HTTP/1.1" 200 5929 "-" "Mozilla/5.0 (Windows NT 10.0; Win64; x64) AppleWebKit/537.36 (KHTML, like Gecko) Chrome/114.0.0.0 Safari/537.36"
185.232.21.242 - - [20/Jun/2026:20:11:18 +0200] "POST /xmlrpc.php HTTP/1.1" 200 0 "https://themomotimes.com/" "Mozilla/5.0 (Windows NT 10.0; Win64; x64) AppleWebKit/537.36 (KHTML, like Gecko) Chrome/122.0.0.0 Safari/537.36"
57.128.22.95 - - [20/Jun/2026:20:11:34 +0200] "GET /2026/05/25/meilleur-casino-en-ligne-un-guide-complet-2/ HTTP/1.1" 200 0 "https://themomotimes.com/" "Mozilla/5.0 (X11; Ubuntu; Linux x86_64; rv:148.0) Gecko/20100101 Firefox/148.0"
57.128.22.95 - - [20/Jun/2026:20:11:34 +0200] "GET /2026/05/25/meilleur-casino-en-ligne-un-guide-complet-2/ HTTP/1.1" 200 0 "https://themomotimes.com/" "Mozilla/5.0 (X11; Ubuntu; Linux x86_64; rv:148.0) Gecko/20100101 Firefox/148.0"
217.113.194.228 - - [20/Jun/2026:20:12:01 +0200] "GET /2026/04/23/seriose-sichere-miami-beach-casino-bonus-erreichbar-casinos-2026-as-part-of-brd/ HTTP/1.1" 200 0 "-" "Mozilla/5.0 (compatible; Barkrowler/0.9; +https://babbar.tech/crawler)"
146.70.226.85 - - [20/Jun/2026:20:11:17 +0200] "POST /xmlrpc.php HTTP/1.1" 200 5929 "-" "Mozilla/5.0 (Windows NT 10.0; Win64; x64) AppleWebKit/537.36 (KHTML, like Gecko) Chrome/114.0.0.0 Safari/537.36"
146.70.226.85 - - [20/Jun/2026:20:12:07 +0200] "GET /2026/06/20/fangen-welche-von-dort-allemal-dass-sie-unter-zuhilfenahme-von-angewandten-verfugbaren-zahlungsoptionen-hausen-konnen/ HTTP/1.1" 200 0 "-" "Mozilla/5.0 (Windows NT 10.0; Win64; x64) AppleWebKit/537.36 (KHTML, like Gecko) Chrome/124.0.0.0 Safari/537.36 Edg/124.0.0.0"
103.219.169.183 - - [20/Jun/2026:20:11:59 +0200] "POST /xmlrpc.php HTTP/1.1" 200 5929 "-" "Mozilla/5.0 (Windows NT 10.0; Win64; x64) AppleWebKit/537.36 (KHTML, like Gecko) Chrome/114.0.0.0 Safari/537.36"
217.113.194.228 - - [20/Jun/2026:20:13:17 +0200] "GET /2026/04/23/18-better-bitcoin-and-crypto-casinos-and-gambling-websites-united-microgaming-slot-machines-games-states-2026/ HTTP/1.1" 200 0 "-" "Mozilla/5.0 (compatible; Barkrowler/0.9; +https://babbar.tech/crawler)"
217.113.194.130 - - [20/Jun/2026:20:01:24 +0200] "GET /2026/05/08/aztec-wonders-position-by-bgaming-enjoy-trial-and-online-casinos-with-tom-horn-slots-you-can-real-money/ HTTP/1.1" 200 0 "-" "Mozilla/5.0 (compatible; Barkrowler/0.9; +https://babbar.tech/crawler)"
200.25.47.134 - - [20/Jun/2026:20:01:39 +0200] "GET /2026/06/20/pocetna-stranica-od-ugodnog-kreatora-svi-hakovi-i-hocete-hakovi-modovi-za-posjedovanje-androida-i-hocete-appleov-ios-2026-virtualna-ice-casino-aplikacija-za-android-metoda-amule-enterprise-cesta-pitan/ HTTP/1.1" 200 0 "-" "Mozilla/5.0 (Windows NT 10.0; Win64; x64) AppleWebKit/537.36 (KHTML, like Gecko) Chrome/109.0.0.0 Safari/537.36"
217.113.194.126 - - [20/Jun/2026:20:02:40 +0200] "GET /2026/05/04/two-upwards-gambling-establishment-review-gamble-best-australian-pokies-having-twoupcasino-com/ HTTP/1.1" 200 0 "-" "Mozilla/5.0 (compatible; Barkrowler/0.9; +https://babbar.tech/crawler)"
217.113.194.248 - - [20/Jun/2026:20:03:56 +0200] "GET /2026/05/04/5-put-gambling-establishment-united-kingdom-put-5-rating-extra-revolves-no-wagering-criteria/ HTTP/1.1" 200 0 "-" "Mozilla/5.0 (compatible; Barkrowler/0.9; +https://babbar.tech/crawler)"
200.25.47.134 - - [20/Jun/2026:20:04:11 +0200] "POST /xmlrpc.php HTTP/1.1" 200 5926 "-" "Mozilla/5.0 (Windows NT 10.0; Win64; x64) AppleWebKit/537.36 (KHTML, like Gecko) Chrome/114.0.0.0 Safari/537.36"
217.113.194.124 - - [20/Jun/2026:20:04:42 +0200] "GET /2026/04/08/por-ultimo-aunque-nunca-menos-importante-estaria-el-test-de-la-casino-referente-a-listo/ HTTP/1.1" 200 0 "-" "Mozilla/5.0 (compatible; Barkrowler/0.9; +https://babbar.tech/crawler)"
217.113.194.228 - - [20/Jun/2026:20:06:13 +0200] "GET /2026/01/15/7-melhores-games-para-1524-golden-quest-slot-puerilidade-video-aparelhar-online-no-celular/ HTTP/1.1" 200 0 "-" "Mozilla/5.0 (compatible; Barkrowler/0.9; +https://babbar.tech/crawler)"
217.113.194.248 - - [20/Jun/2026:20:06:43 +0200] "GET /2026/05/15/comparat-doar-pacanele-telecomanda-pentru-greva-ce-ori-rtp-distins-a-verificate/ HTTP/1.1" 200 0 "-" "Mozilla/5.0 (compatible; Barkrowler/0.9; +https://babbar.tech/crawler)"
188.254.48.226 - - [20/Jun/2026:20:08:28 +0200] "GET / HTTP/2" 200 0 "-" "Mozilla/5.0 (Windows NT 10.0; Win64; x64) AppleWebKit/537.36 (KHTML, like Gecko) Chrome/58.0.3029.110 Safari/537.3"
217.113.194.126 - - [20/Jun/2026:20:08:44 +0200] "GET /2026/04/23/joining-within-a-no-confirmation-local-casino-may-vary-centered-on-the-newest-websites-kyc-coverage/ HTTP/1.1" 200 0 "-" "Mozilla/5.0 (compatible; Barkrowler/0.9; +https://babbar.tech/crawler)"
217.113.194.131 - - [20/Jun/2026:20:09:15 +0200] "GET /2026/04/23/5-dragons-video-slot-comprehend-our-very-own-casinos4u-login-problem-5-dragons-games-review/ HTTP/1.1" 200 0 "-" "Mozilla/5.0 (compatible; Barkrowler/0.9; +https://babbar.tech/crawler)"
217.113.194.228 - - [20/Jun/2026:20:09:30 +0200] "GET /2026/04/24/halloween-fortune-aparelhamento-com-dinheiro-release-the-kraken-vitoria-cassino-kto/ HTTP/1.1" 200 0 "-" "Mozilla/5.0 (compatible; Barkrowler/0.9; +https://babbar.tech/crawler)"
217.113.194.228 - - [20/Jun/2026:20:11:01 +0200] "GET /2026/04/25/lupin-accepts-internet-casino-instant-financial-transmits-facilitating-as-well-as-smoother-deals/ HTTP/1.1" 200 0 "-" "Mozilla/5.0 (compatible; Barkrowler/0.9; +https://babbar.tech/crawler)"
103.219.169.183 - - [20/Jun/2026:20:12:50 +0200] "POST /xmlrpc.php HTTP/1.1" 200 24671 "-" "Mozilla/5.0 (Windows NT 10.0; Win64; x64) AppleWebKit/537.36 (KHTML, like Gecko) Chrome/114.0.0.0 Safari/537.36"
178.159.37.83 - - [20/Jun/2026:20:12:59 +0200] "GET /2026/06/19/top-kazino-s-licenziej-i-bystrym-vyvodom-24/ HTTP/1.1" 200 0 "-" "Screaming Frog SEO Spider/19.8"
217.113.194.130 - - [20/Jun/2026:20:13:32 +0200] "GET /2026/04/23/100-percent-free-spins-no-deposit-incentives-inside-online-casino-pay-by-phone-canada-2026/ HTTP/1.1" 200 0 "-" "Mozilla/5.0 (compatible; Barkrowler/0.9; +https://babbar.tech/crawler)"
217.113.194.124 - - [20/Jun/2026:20:14:18 +0200] "GET /robots.txt HTTP/1.1" 200 155 "-" "Mozilla/5.0 (compatible; Barkrowler/0.9; +https://babbar.tech/crawler)"
200.25.47.134 - - [20/Jun/2026:20:01:37 +0200] "POST /xmlrpc.php HTTP/1.1" 200 16260 "-" "Mozilla/5.0 (Windows NT 10.0; Win64; x64) AppleWebKit/537.36 (KHTML, like Gecko) Chrome/114.0.0.0 Safari/537.36"
200.25.47.134 - - [20/Jun/2026:20:01:41 +0200] "POST /xmlrpc.php HTTP/1.1" 200 5926 "-" "Mozilla/5.0 (Windows NT 10.0; Win64; x64) AppleWebKit/537.36 (KHTML, like Gecko) Chrome/114.0.0.0 Safari/537.36"
217.113.194.124 - - [20/Jun/2026:20:02:10 +0200] "GET /2026/01/24/20-freispiele-abzuglich-einzahlung-inside-verbunden-casinos-im-january-2026/ HTTP/1.1" 200 0 "-" "Mozilla/5.0 (compatible; Barkrowler/0.9; +https://babbar.tech/crawler)"
217.113.194.130 - - [20/Jun/2026:20:02:25 +0200] "GET /2026/04/16/best-no-deposit-harbors-2026-finest-bitcoin-casino-2026-no-deposit-ports-also-offers/ HTTP/1.1" 200 0 "-" "Mozilla/5.0 (compatible; Barkrowler/0.9; +https://babbar.tech/crawler)"
217.113.194.248 - - [20/Jun/2026:20:05:12 +0200] "GET /2026/01/15/ruletka-muchbetter-casino-bonusowe-internetowego-bezplatnie-albo-dzieki-finanse/ HTTP/1.1" 200 0 "-" "Mozilla/5.0 (compatible; Barkrowler/0.9; +https://babbar.tech/crawler)"
200.25.47.134 - - [20/Jun/2026:20:05:29 +0200] "GET /2026/06/20/%E3%82%A8%E3%83%AA%E3%82%A2%E3%83%95%E3%82%A1%E3%83%B3%E3%82%AD%E3%83%BC%E3%82%B0%E3%83%83%E3%83%89%E3%83%95%E3%83%AC%E3%83%83%E3%82%B7%E3%83%A5%E3%83%95%E3%83%AB%E3%83%BC%E3%83%84%E7%84%A1%E6%96%99/ HTTP/1.1" 200 0 "-" "Mozilla/5.0 (Windows NT 10.0; Win64; x64; rv:124.0) Gecko/20100101 Firefox/124.0"
217.113.194.127 - - [20/Jun/2026:20:07:28 +0200] "GET /2026/04/29/browse-the-offered-payments-prior-to-signing-doing-make-sure-to-have-access-to-your-favorite-strategy/ HTTP/1.1" 200 0 "-" "Mozilla/5.0 (compatible; Barkrowler/0.9; +https://babbar.tech/crawler)"
217.113.194.122 - - [20/Jun/2026:20:07:44 +0200] "GET /2025/04/05/welche-technischen-innovationen-setzen-osterreichische-casinos-ein-um-spieler-zu-binden/ HTTP/1.1" 200 0 "-" "Mozilla/5.0 (compatible; Barkrowler/0.9; +https://babbar.tech/crawler)"
185.252.223.20 - - [20/Jun/2026:20:11:00 +0200] "GET /2026/06/20/rozgrywka-jest-wlasciwie-krotka-i-polega-na-dopasowywaniu-symboli-w-klastrach-produkowac-uruchamiac-wygrane/ HTTP/1.1" 200 0 "-" "Mozilla/5.0 (Windows NT 10.0; Win64; x64; rv:124.0) Gecko/20100101 Firefox/124.0"
217.113.194.130 - - [20/Jun/2026:20:11:46 +0200] "GET /2026/04/23/siberian-violent-storm-play-casino-reel-king-mega-for-free-today-zero-down-load-needed/ HTTP/1.1" 200 0 "-" "Mozilla/5.0 (compatible; Barkrowler/0.9; +https://babbar.tech/crawler)"
217.113.194.130 - - [20/Jun/2026:20:12:32 +0200] "GET /2026/04/23/an-effective-vip-program-try-a-new-system-designed-to-prize-normal-and-you-will-highest-roller-gamblers/ HTTP/1.1" 200 0 "-" "Mozilla/5.0 (compatible; Barkrowler/0.9; +https://babbar.tech/crawler)"
103.219.169.183 - - [20/Jun/2026:20:12:53 +0200] "GET /2026/06/20/stand-casino-no-deposit-extra-and-casino-action-slots-cashless-solutions-just-how-wise-play-molds-aussie-pokies/ HTTP/1.1" 200 0 "-" "Mozilla/5.0 (Windows NT 10.0; rv:125.0) Gecko/20100101 Firefox/125.0"
128.1.218.165 - - [20/Jun/2026:20:12:52 +0200] "POST /xmlrpc.php HTTP/1.1" 200 5929 "-" "Mozilla/5.0 (Windows NT 10.0; Win64; x64) AppleWebKit/537.36 (KHTML, like Gecko) Chrome/114.0.0.0 Safari/537.36"
128.1.218.165 - - [20/Jun/2026:20:13:44 +0200] "GET /2026/06/20/mr-bet-erfahrungen-2023casino-angeschlossen-casinos-uber-handyrechnung-bezahlen-bauernfangerei-abzocke-serios/ HTTP/1.1" 200 0 "-" "Mozilla/5.0 (Windows NT 10.0; Win64; x64) AppleWebKit/537.36 (KHTML, like Gecko) Chrome/124.0.0.0 Safari/537.36"
217.113.194.248 - - [20/Jun/2026:20:14:03 +0200] "GET /2026/05/27/%E1%90%89-play-slot-golden-tour-competir-casino-william-hill-movil-sin-cargo/ HTTP/1.1" 200 0 "-" "Mozilla/5.0 (compatible; Barkrowler/0.9; +https://babbar.tech/crawler)"
128.1.218.165 - - [20/Jun/2026:20:14:58 +0200] "GET /2026/06/20/supremo-erprobung/ HTTP/1.1" 200 0 "-" "Mozilla/5.0 (Windows NT 10.0; Win64; x64) AppleWebKit/537.36 (KHTML, like Gecko) Chrome/123.0.0.0 Safari/537.36 OPR/109.0.0.0"
217.113.194.126 - - [20/Jun/2026:20:00:08 +0200] "GET /2026/05/08/gambling-enterprises-offer-no-deposit-bonuses-as-a-way-from-incentivizing-the-new-users-towards-website/ HTTP/1.1" 200 0 "-" "Mozilla/5.0 (compatible; Barkrowler/0.9; +https://babbar.tech/crawler)"
200.25.47.134 - - [20/Jun/2026:20:00:47 +0200] "POST /xmlrpc.php HTTP/1.1" 200 5929 "-" "Mozilla/5.0 (Windows NT 10.0; Win64; x64) AppleWebKit/537.36 (KHTML, like Gecko) Chrome/114.0.0.0 Safari/537.36"
217.113.194.127 - - [20/Jun/2026:20:03:26 +0200] "GET /2026/05/04/those-sites-enables-you-to-wager-totally-free-but-to-help-you-get-dollars-prizes-with-your-earnings/ HTTP/1.1" 200 0 "-" "Mozilla/5.0 (compatible; Barkrowler/0.9; +https://babbar.tech/crawler)"
200.25.47.134 - - [20/Jun/2026:20:03:16 +0200] "POST /xmlrpc.php HTTP/1.1" 200 5929 "-" "Mozilla/5.0 (Windows NT 10.0; Win64; x64) AppleWebKit/537.36 (KHTML, like Gecko) Chrome/114.0.0.0 Safari/537.36"
217.113.194.227 - - [20/Jun/2026:20:04:57 +0200] "GET /2026/03/08/mini-pc-de-aprende-mas-aqui-juegos-beelink-ser9-mini-sobre-con-el-fin-de-juegos/ HTTP/1.1" 200 0 "-" "Mozilla/5.0 (compatible; Barkrowler/0.9; +https://babbar.tech/crawler)"
217.113.194.228 - - [20/Jun/2026:20:05:57 +0200] "GET /2026/01/15/traditional-position-video-game-free-chinese-new-year-mobile-traditional-slots-zero-obtain-no-sites/ HTTP/1.1" 200 0 "-" "Mozilla/5.0 (compatible; Barkrowler/0.9; +https://babbar.tech/crawler)"
217.113.194.127 - - [20/Jun/2026:20:07:13 +0200] "GET /2026/04/26/no-deposit-casino-best-no-deposit-5-deposit-casino-planet-moolah-incentives-and-rules-2026/ HTTP/1.1" 200 0 "-" "Mozilla/5.0 (compatible; Barkrowler/0.9; +https://babbar.tech/crawler)"
217.113.194.129 - - [20/Jun/2026:20:10:15 +0200] "GET /2026/04/23/investigating-tomb-raider-to-your-mobile-phones-and-you-may-online-gambling-real-money-classic-blackjack-pills/ HTTP/1.1" 200 0 "-" "Mozilla/5.0 (compatible; Barkrowler/0.9; +https://babbar.tech/crawler)"
217.113.194.228 - - [20/Jun/2026:20:10:30 +0200] "GET /2026/04/23/most-readily-useful-zero-kyc-casinos-most-useful-zero-confirmation-casinos-having-2026/ HTTP/1.1" 200 0 "-" "Mozilla/5.0 (compatible; Barkrowler/0.9; +https://babbar.tech/crawler)"
185.252.223.20 - - [20/Jun/2026:20:11:01 +0200] "POST /xmlrpc.php HTTP/1.1" 200 5926 "-" "Mozilla/5.0 (Windows NT 10.0; Win64; x64) AppleWebKit/537.36 (KHTML, like Gecko) Chrome/114.0.0.0 Safari/537.36"
65.21.228.101 - - [20/Jun/2026:20:11:31 +0200] "POST /wp-cron.php?doing_wp_cron=1781979091.6938889026641845703125 HTTP/1.1" 200 0 "-" "WordPress/7.0; https://themomotimes.com"
65.21.228.101 - - [20/Jun/2026:20:12:02 +0200] "POST /wp-cron.php?doing_wp_cron=1781979122.7266991138458251953125 HTTP/1.1" 200 0 "-" "WordPress/7.0; https://themomotimes.com"
217.113.194.127 - - [20/Jun/2026:20:12:17 +0200] "GET /2026/04/25/in-addition-liked-you-to-definitely-players-gain-access-to-a-wide-range-away-from-payment-methods/ HTTP/1.1" 200 0 "-" "Mozilla/5.0 (compatible; Barkrowler/0.9; +https://babbar.tech/crawler)"
146.70.226.85 - - [20/Jun/2026:20:12:07 +0200] "POST /xmlrpc.php HTTP/1.1" 200 5926 "-" "Mozilla/5.0 (Windows NT 10.0; Win64; x64) AppleWebKit/537.36 (KHTML, like Gecko) Chrome/114.0.0.0 Safari/537.36"
217.113.194.130 - - [20/Jun/2026:20:12:47 +0200] "GET /2026/04/23/australian-pokies-free-online-slots-for-fun-regulations-online-and-traditional-gaming-regulations-inside-the-2018/ HTTP/1.1" 200 0 "-" "Mozilla/5.0 (compatible; Barkrowler/0.9; +https://babbar.tech/crawler)"
217.113.194.122 - - [20/Jun/2026:20:13:02 +0200] "GET /2026/04/24/le-salle-de-jeu-range-trois-mini-peut-pareil-haler-mon-concentration-avec-les-tours-complaisants/ HTTP/1.1" 200 0 "-" "Mozilla/5.0 (compatible; Barkrowler/0.9; +https://babbar.tech/crawler)"
128.1.218.165 - - [20/Jun/2026:20:13:45 +0200] "POST /xmlrpc.php HTTP/1.1" 200 5926 "-" "Mozilla/5.0 (Windows NT 10.0; Win64; x64) AppleWebKit/537.36 (KHTML, like Gecko) Chrome/114.0.0.0 Safari/537.36"
217.113.194.128 - - [20/Jun/2026:20:00:53 +0200] "GET /2026/05/08/3-goldbet-sul-pedana-riguardo-a-compenso-generosi-addirittura-giochi-live/ HTTP/1.1" 200 0 "-" "Mozilla/5.0 (compatible; Barkrowler/0.9; +https://babbar.tech/crawler)"
65.21.228.101 - - [20/Jun/2026:20:01:30 +0200] "POST /wp-cron.php?doing_wp_cron=1781978490.2401850223541259765625 HTTP/1.1" 200 0 "-" "WordPress/7.0; https://themomotimes.com"
65.21.228.101 - - [20/Jun/2026:20:03:59 +0200] "POST /wp-cron.php?doing_wp_cron=1781978639.1985340118408203125000 HTTP/1.1" 200 0 "-" "WordPress/7.0; https://themomotimes.com"
200.25.47.134 - - [20/Jun/2026:20:04:06 +0200] "POST /xmlrpc.php HTTP/1.1" 200 19368 "-" "Mozilla/5.0 (Windows NT 10.0; Win64; x64) AppleWebKit/537.36 (KHTML, like Gecko) Chrome/114.0.0.0 Safari/537.36"
217.113.194.129 - - [20/Jun/2026:20:04:26 +0200] "GET /2026/02/05/reel-rush-slot-play-96-96-rtp-1000-revision-del-casino-ruby-fortune-xbet-max-win/ HTTP/1.1" 200 0 "-" "Mozilla/5.0 (compatible; Barkrowler/0.9; +https://babbar.tech/crawler)"
65.21.228.101 - - [20/Jun/2026:20:05:19 +0200] "POST /wp-cron.php?doing_wp_cron=1781978719.4507949352264404296875 HTTP/1.1" 200 0 "-" "WordPress/7.0; https://themomotimes.com"
200.25.47.134 - - [20/Jun/2026:20:04:35 +0200] "POST /xmlrpc.php HTTP/1.1" 200 5929 "-" "Mozilla/5.0 (Windows NT 10.0; Win64; x64) AppleWebKit/537.36 (KHTML, like Gecko) Chrome/114.0.0.0 Safari/537.36"
217.113.194.126 - - [20/Jun/2026:20:05:27 +0200] "GET /2026/01/15/reddish-stag-gambling-ali-baba-mobile-slot-establishment-bonus-codes-updated-january-2026/ HTTP/1.1" 200 0 "-" "Mozilla/5.0 (compatible; Barkrowler/0.9; +https://babbar.tech/crawler)"
200.25.47.134 - - [20/Jun/2026:20:05:31 +0200] "POST /xmlrpc.php HTTP/1.1" 200 5926 "-" "Mozilla/5.0 (Windows NT 10.0; Win64; x64) AppleWebKit/537.36 (KHTML, like Gecko) Chrome/114.0.0.0 Safari/537.36"
217.113.194.130 - - [20/Jun/2026:20:06:28 +0200] "GET /2026/04/03/polskie-ustawodawstwo-wydaje-sie-bardzo-restrykcyjne-ku-zaklady/ HTTP/1.1" 200 0 "-" "Mozilla/5.0 (compatible; Barkrowler/0.9; +https://babbar.tech/crawler)"
106.201.3.214 - - [20/Jun/2026:20:07:51 +0200] "GET /2026/06/01/bdmbets-casino-zanesljivost-igre/ HTTP/1.1" 200 0 "https://themomotimes.com/" "Mozilla/5.0 (Windows NT 10.0; Win64; x64) AppleWebKit/537.36 (KHTML, like Gecko) Chrome/99.0.4844.51 Safari/537.36"
217.113.194.126 - - [20/Jun/2026:20:07:59 +0200] "GET /2026/04/23/400-added-bonus-bei-ersteinzahlung-die-besten-angebote-casino-goodwin-50-free-spins-2026/ HTTP/1.1" 200 0 "-" "Mozilla/5.0 (compatible; Barkrowler/0.9; +https://babbar.tech/crawler)"
217.113.194.228 - - [20/Jun/2026:20:08:29 +0200] "GET /2026/04/23/generally-real-money-casinos-render-totally-free-revolves-as-part-of-a-first-deposit-added-bonus/ HTTP/1.1" 200 0 "-" "Mozilla/5.0 (compatible; Barkrowler/0.9; +https://babbar.tech/crawler)"
217.113.194.227 - - [20/Jun/2026:20:10:00 +0200] "GET /2026/04/23/inside-the-sumstop-limits-render-users-that-have-a-flexible-and-you-will-available-gaming-environment/ HTTP/1.1" 200 0 "-" "Mozilla/5.0 (compatible; Barkrowler/0.9; +https://babbar.tech/crawler)"
217.113.194.124 - - [20/Jun/2026:20:11:31 +0200] "GET /2026/04/23/solamente-necesitas-relacion-a-la-red-de-disfrutar-del-casino-en-internet-y-todos-las-juegos/ HTTP/1.1" 200 0 "-" "Mozilla/5.0 (compatible; Barkrowler/0.9; +https://babbar.tech/crawler)"
65.21.228.101 - - [20/Jun/2026:20:12:01 +0200] "POST /wp-cron.php?doing_wp_cron=1781979121.9051690101623535156250 HTTP/1.1" 200 0 "-" "WordPress/7.0; https://themomotimes.com"
217.113.194.248 - - [20/Jun/2026:20:13:48 +0200] "GET /2026/04/23/las-free-spin-son-giros-regalado-que-nos-permiten-apostar-en-las-usadas-slots/ HTTP/1.1" 200 0 "-" "Mozilla/5.0 (compatible; Barkrowler/0.9; +https://babbar.tech/crawler)"
217.113.194.124 - - [20/Jun/2026:20:16:04 +0200] "GET /2026/03/25/best-rtp-ports-higher-rtp-slots-to-try-out-inside-belatra-games-slot-software-the-2026/ HTTP/1.1" 200 0 "-" "Mozilla/5.0 (compatible; Barkrowler/0.9; +https://babbar.tech/crawler)"
217.113.194.122 - - [20/Jun/2026:20:15:03 +0200] "GET /2026/05/27/nota-dei-migliori-scompiglio-bonus-confidenziale-di-pieno-allestito/ HTTP/1.1" 200 0 "-" "Mozilla/5.0 (compatible; Barkrowler/0.9; +https://babbar.tech/crawler)"
217.113.194.128 - - [20/Jun/2026:20:16:19 +0200] "GET /2026/05/12/magic-betting-continue-lacteur-belge-nos-la-capitale-equipiers-avec-les-salle-de-jeu-en-parabole/ HTTP/1.1" 200 0 "-" "Mozilla/5.0 (compatible; Barkrowler/0.9; +https://babbar.tech/crawler)"
217.113.194.124 - - [20/Jun/2026:20:01:39 +0200] "GET /2026/02/25/50-free-revolves-no-deposit-casino-bonuses-2026-100-percent-free-50-spins-for-the-subscribe/ HTTP/1.1" 200 0 "-" "Mozilla/5.0 (compatible; Barkrowler/0.9; +https://babbar.tech/crawler)"
217.113.194.130 - - [20/Jun/2026:20:01:54 +0200] "GET /2026/01/24/casino-free-spins-2026-spielsaal-bitcoin-wett-software-freispiele-exklusive-einzahlung/ HTTP/1.1" 200 0 "-" "Mozilla/5.0 (compatible; Barkrowler/0.9; +https://babbar.tech/crawler)"
217.113.194.126 - - [20/Jun/2026:20:02:55 +0200] "GET /2026/05/04/in-diesem-fall-handelt-dies-umherwandern-real-damit-casino-freispiele-blank-einzahlung/ HTTP/1.1" 200 0 "-" "Mozilla/5.0 (compatible; Barkrowler/0.9; +https://babbar.tech/crawler)"
217.113.194.131 - - [20/Jun/2026:20:03:41 +0200] "GET /2026/05/04/online-kasino-austria-ended-up-being-macht-den-osterreichischen-borse-so-sehr-gerade/ HTTP/1.1" 200 0 "-" "Mozilla/5.0 (compatible; Barkrowler/0.9; +https://babbar.tech/crawler)"
185.232.21.242 - - [20/Jun/2026:20:10:47 +0200] "POST /xmlrpc.php HTTP/1.1" 200 2180 "https://themomotimes.com/" "Mozilla/5.0 (Windows NT 10.0; Win64; x64) AppleWebKit/537.36 (KHTML, like Gecko) Chrome/122.0.0.0 Safari/537.36"
65.21.228.101 - - [20/Jun/2026:20:10:54 +0200] "POST /wp-cron.php?doing_wp_cron=1781979054.8977100849151611328125 HTTP/1.1" 200 0 "-" "WordPress/7.0; https://themomotimes.com"
185.252.223.20 - - [20/Jun/2026:20:11:00 +0200] "POST /xmlrpc.php HTTP/1.1" 200 15194 "-" "Mozilla/5.0 (Windows NT 10.0; Win64; x64) AppleWebKit/537.36 (KHTML, like Gecko) Chrome/114.0.0.0 Safari/537.36"
217.113.194.128 - - [20/Jun/2026:20:11:16 +0200] "GET /2026/04/23/says-particularly-nj-new-jersey-michigan-and-you-can-pennsylvania-make-it-court-online-gambling/ HTTP/1.1" 200 0 "-" "Mozilla/5.0 (compatible; Barkrowler/0.9; +https://babbar.tech/crawler)"
185.232.21.242 - - [20/Jun/2026:20:10:47 +0200] "POST /xmlrpc.php HTTP/1.1" 200 0 "https://themomotimes.com/" "Mozilla/5.0 (Windows NT 10.0; Win64; x64) AppleWebKit/537.36 (KHTML, like Gecko) Chrome/122.0.0.0 Safari/537.36"
65.21.228.101 - - [20/Jun/2026:20:12:44 +0200] "POST /wp-cron.php?doing_wp_cron=1781979164.8665480613708496093750 HTTP/1.1" 200 0 "-" "WordPress/7.0; https://themomotimes.com"
65.21.228.101 - - [20/Jun/2026:20:13:36 +0200] "POST /wp-cron.php?doing_wp_cron=1781979216.1056210994720458984375 HTTP/1.1" 200 0 "-" "WordPress/7.0; https://themomotimes.com"
47.82.11.44 - - [20/Jun/2026:20:14:51 +0200] "GET /2026/01/06/po-kakoj-prichine-soznanie-otvechaet-na-neozhidannosti-kak-na-stimul/ HTTP/1.1" 200 0 "https://themomotimes.com/" "Mozilla/5.0 (X11; Linux x86_64) AppleWebKit/537.36 (KHTML, like Gecko) Chrome/129.0.0.0 Safari/537.36"
128.1.218.165 - - [20/Jun/2026:20:14:56 +0200] "POST /xmlrpc.php HTTP/1.1" 200 17761 "-" "Mozilla/5.0 (Windows NT 10.0; Win64; x64) AppleWebKit/537.36 (KHTML, like Gecko) Chrome/114.0.0.0 Safari/537.36"
217.113.194.129 - - [20/Jun/2026:20:16:34 +0200] "GET /2026/05/12/discover-the-secrets-of-casino-games-for-extraordinary-winnings-i-giochi-da-casino-sono-unattrazione/ HTTP/1.1" 200 0 "-" "Mozilla/5.0 (compatible; Barkrowler/0.9; +https://babbar.tech/crawler)"
217.113.194.227 - - [20/Jun/2026:20:14:48 +0200] "GET /2026/05/27/the-fresh-grand-excursion-totally-free-demonstration-position-play-on-line-100percent-fire-88-1-deposit-free/ HTTP/1.1" 200 0 "-" "Mozilla/5.0 (compatible; Barkrowler/0.9; +https://babbar.tech/crawler)"
65.21.228.101 - - [20/Jun/2026:20:14:50 +0200] "POST /wp-cron.php?doing_wp_cron=1781979290.4166040420532226562500 HTTP/1.1" 200 0 "-" "WordPress/7.0; https://themomotimes.com"
128.1.218.165 - - [20/Jun/2026:20:14:05 +0200] "POST /xmlrpc.php HTTP/1.1" 200 5929 "-" "Mozilla/5.0 (Windows NT 10.0; Win64; x64) AppleWebKit/537.36 (KHTML, like Gecko) Chrome/114.0.0.0 Safari/537.36"
217.113.194.122 - - [20/Jun/2026:20:15:49 +0200] "GET /2026/05/27/top-local-casino-allowed-bonuses-upgraded-number-because-of-it-few-days-2026/ HTTP/1.1" 200 0 "-" "Mozilla/5.0 (compatible; Barkrowler/0.9; +https://babbar.tech/crawler)"
217.113.194.124 - - [20/Jun/2026:20:00:23 +0200] "GET /2026/05/08/leovegas-casino-bonus-best-slot-apps-codes-2026-no-deposit-added-bonus-subscribe-extra/ HTTP/1.1" 200 0 "-" "Mozilla/5.0 (compatible; Barkrowler/0.9; +https://babbar.tech/crawler)"
217.113.194.125 - - [20/Jun/2026:20:00:38 +0200] "GET /2026/05/08/salle-casino-sans-depot-verde-casino-de-jeu-variable-les-meilleures-vigilance-dans-canada-avec-2026/ HTTP/1.1" 200 0 "-" "Mozilla/5.0 (compatible; Barkrowler/0.9; +https://babbar.tech/crawler)"
217.113.194.127 - - [20/Jun/2026:20:01:08 +0200] "GET /2026/05/08/3-goldbet-sul-podio-riguardo-a-ricompensa-generosi-ancora-giochi-live/ HTTP/1.1" 200 0 "-" "Mozilla/5.0 (compatible; Barkrowler/0.9; +https://babbar.tech/crawler)"
217.113.194.124 - - [20/Jun/2026:20:04:11 +0200] "GET /2026/02/05/multiple-indian-dreaming-totally-free-revolves-150-diamond-position-online-trial-wager-totally-free/ HTTP/1.1" 200 0 "-" "Mozilla/5.0 (compatible; Barkrowler/0.9; +https://babbar.tech/crawler)"
106.201.3.214 - - [20/Jun/2026:20:07:52 +0200] "GET /2026/06/01/bdmbets-casino-zanesljivost-igre/ HTTP/1.1" 200 0 "https://themomotimes.com/" "Mozilla/5.0 (Windows NT 10.0; Win64; x64) AppleWebKit/537.36 (KHTML, like Gecko) Chrome/99.0.4844.51 Safari/537.36"
217.113.194.130 - - [20/Jun/2026:20:08:14 +0200] "GET /2026/04/23/greatest-lowest-deposit-casinos-for-2026-1-yako-casino-no-deposit-bonus-codes-5-and-ten-options/ HTTP/1.1" 200 0 "-" "Mozilla/5.0 (compatible; Barkrowler/0.9; +https://babbar.tech/crawler)"
217.113.194.131 - - [20/Jun/2026:20:08:59 +0200] "GET /2026/04/23/whatever-class-you-are-interested-in-you-will-find-the-regional-experts-to-evaluate-gambling-enterprises-for-you/ HTTP/1.1" 200 0 "-" "Mozilla/5.0 (compatible; Barkrowler/0.9; +https://babbar.tech/crawler)"
146.70.226.85 - - [20/Jun/2026:20:12:07 +0200] "POST /xmlrpc.php HTTP/1.1" 200 17132 "-" "Mozilla/5.0 (Windows NT 10.0; Win64; x64) AppleWebKit/537.36 (KHTML, like Gecko) Chrome/114.0.0.0 Safari/537.36"
103.219.169.183 - - [20/Jun/2026:20:12:54 +0200] "POST /xmlrpc.php HTTP/1.1" 200 5926 "-" "Mozilla/5.0 (Windows NT 10.0; Win64; x64) AppleWebKit/537.36 (KHTML, like Gecko) Chrome/114.0.0.0 Safari/537.36"
47.82.11.22 - - [20/Jun/2026:20:02:57 +0200] "GET /2026/03/23/jujutsu-infinite-codes-february-slot-book-of-dead-online-2026/ HTTP/1.1" 200 0 "https://themomotimes.com/" "Mozilla/5.0 (Windows NT 10.0; Win64; x64) AppleWebKit/537.36 (KHTML, like Gecko) Chrome/135.0.0.0 Safari/537.36 Edg/135.0.0.0"
217.113.194.125 - - [20/Jun/2026:20:03:11 +0200] "GET /2026/05/04/an-live-casino-spieltischen-sind-fallweise-wetten-im-vierstelligen-bereich-erdenklich/ HTTP/1.1" 200 0 "-" "Mozilla/5.0 (compatible; Barkrowler/0.9; +https://babbar.tech/crawler)"
77.75.77.17 - - [20/Jun/2026:20:03:58 +0200] "GET /dragobet-online-pos-na-epalitheysete-ton-logariasmo-sas/ HTTP/1.1" 200 0 "-" "Mozilla/5.0 (compatible; SeznamBot/4.0; +https://o-seznam.cz/napoveda/vyhledavani/en/seznambot-crawler/)"
200.25.47.134 - - [20/Jun/2026:20:05:27 +0200] "POST /xmlrpc.php HTTP/1.1" 200 19168 "-" "Mozilla/5.0 (Windows NT 10.0; Win64; x64) AppleWebKit/537.36 (KHTML, like Gecko) Chrome/114.0.0.0 Safari/537.36"
217.113.194.127 - - [20/Jun/2026:20:05:42 +0200] "GET /2026/01/15/top-real-money-slots-in-2026-santas-wonderland-slot-online-win-cash-at-trusted-casinos/ HTTP/1.1" 200 0 "-" "Mozilla/5.0 (compatible; Barkrowler/0.9; +https://babbar.tech/crawler)"
217.113.194.129 - - [20/Jun/2026:20:10:46 +0200] "GET /2026/04/23/maximum-winnings-redeemable-regarding-per-incentive-is-actually-capped-in-the-five-hundred/ HTTP/1.1" 200 0 "-" "Mozilla/5.0 (compatible; Barkrowler/0.9; +https://babbar.tech/crawler)"
57.128.22.95 - - [20/Jun/2026:20:11:34 +0200] "GET /2026/05/25/meilleur-casino-en-ligne-un-guide-complet-2/ HTTP/1.1" 200 0 "https://themomotimes.com/" "Mozilla/5.0 (X11; Ubuntu; Linux x86_64; rv:148.0) Gecko/20100101 Firefox/148.0"
128.1.218.165 - - [20/Jun/2026:20:13:42 +0200] "POST /xmlrpc.php HTTP/1.1" 200 17711 "-" "Mozilla/5.0 (Windows NT 10.0; Win64; x64) AppleWebKit/537.36 (KHTML, like Gecko) Chrome/114.0.0.0 Safari/537.36"
217.113.194.130 - - [20/Jun/2026:20:14:33 +0200] "GET /2026/05/27/100-percent-free-spins-no-deposit-600-you-100-percent-free-spin-local-casino-offers-2026/ HTTP/1.1" 200 0 "-" "Mozilla/5.0 (compatible; Barkrowler/0.9; +https://babbar.tech/crawler)"
217.113.194.125 - - [20/Jun/2026:20:15:19 +0200] "GET /2026/05/28/casino-dining-table-online-game-have-fun-with-the-most-useful-totally-free-casino-games-to-possess-2026/ HTTP/1.1" 200 0 "-" "Mozilla/5.0 (compatible; Barkrowler/0.9; +https://babbar.tech/crawler)"
217.113.194.124 - - [20/Jun/2026:20:15:34 +0200] "GET /2026/05/27/casumo-has-numerous-preferred-slots-together-with-megaways-harbors-and-you-may-modern-jackpots/ HTTP/1.1" 200 0 "-" "Mozilla/5.0 (compatible; Barkrowler/0.9; +https://babbar.tech/crawler)"
217.113.194.227 - - [20/Jun/2026:20:16:50 +0200] "GET /2026/05/12/alive-it-at-super-lumo-gambling-enterprise-where-big-incentives-are-always-readily-available/ HTTP/1.1" 200 0 "-" "Mozilla/5.0 (compatible; Barkrowler/0.9; +https://babbar.tech/crawler)"
128.1.218.165 - - [20/Jun/2026:20:14:59 +0200] "POST /xmlrpc.php HTTP/1.1" 200 5926 "-" "Mozilla/5.0 (Windows NT 10.0; Win64; x64) AppleWebKit/537.36 (KHTML, like Gecko) Chrome/114.0.0.0 Safari/537.36"
217.113.194.228 - - [20/Jun/2026:20:17:05 +0200] "GET /2026/05/12/grupo-sobre-casinos-comercios-que-tienen-prerrogativas-caesars-%EF%BF%BD-fraga-casino/ HTTP/1.1" 200 0 "-" "Mozilla/5.0 (compatible; Barkrowler/0.9; +https://babbar.tech/crawler)"
217.113.194.228 - - [20/Jun/2026:20:17:20 +0200] "GET /2026/02/26/la-proprete-pour-salle-de-jeu-sans-frais-en-compagnie-de-primordiaux-ouvrage-stade-avec-abri/ HTTP/1.1" 200 0 "-" "Mozilla/5.0 (compatible; Barkrowler/0.9; +https://babbar.tech/crawler)"
217.113.194.126 - - [20/Jun/2026:20:17:50 +0200] "GET /2026/04/05/to-store-the-game-rolling-online-slot-providers-constantly-conceptualize-the-info-and-you-will-maxims/ HTTP/1.1" 200 0 "-" "Mozilla/5.0 (compatible; Barkrowler/0.9; +https://babbar.tech/crawler)"
217.113.194.123 - - [20/Jun/2026:20:18:21 +0200] "GET /2026/01/21/diese-usability-dieser-casinoseite-war-grundannahme-fur-der-gelungenes-spielerlebnis/ HTTP/1.1" 200 0 "-" "Mozilla/5.0 (compatible; Barkrowler/0.9; +https://babbar.tech/crawler)"
217.113.194.227 - - [20/Jun/2026:20:18:36 +0200] "GET /2026/01/30/gamble-%E2%AB%B8-bikini-team-slot-empires-warlords-position-video-game-inside-trial-form-for-free/ HTTP/1.1" 200 0 "-" "Mozilla/5.0 (compatible; Barkrowler/0.9; +https://babbar.tech/crawler)"
217.113.194.227 - - [20/Jun/2026:20:18:51 +0200] "GET /2026/01/30/will-local-casino-has-the-wizards-secure-inside-2026-realize-ancient-egypt-classic-1-deposit-opinion/ HTTP/1.1" 200 0 "-" "Mozilla/5.0 (compatible; Barkrowler/0.9; +https://babbar.tech/crawler)"
217.113.194.130 - - [20/Jun/2026:20:19:06 +0200] "GET /2026/01/22/mybet-erleben-aztec-gems-deluxe-online-slot-2026-testbericht-leer-realen-kundenerfahrungen/ HTTP/1.1" 200 0 "-" "Mozilla/5.0 (compatible; Barkrowler/0.9; +https://babbar.tech/crawler)"
217.113.194.124 - - [20/Jun/2026:20:17:35 +0200] "GET /2026/04/05/slots-generally-speaking-contribute-100-meaning-all-the-dollar-gambled-towards-harbors-matters-in-full/ HTTP/1.1" 200 0 "-" "Mozilla/5.0 (compatible; Barkrowler/0.9; +https://babbar.tech/crawler)"
217.113.194.131 - - [20/Jun/2026:20:19:36 +0200] "GET /2026/01/22/greatest-gambling-enterprises-which-have-costs-buffalo-position-online-slot-leprechaun-goes-to-hell-game/ HTTP/1.1" 200 0 "-" "Mozilla/5.0 (compatible; Barkrowler/0.9; +https://babbar.tech/crawler)"
217.113.194.228 - - [20/Jun/2026:20:19:21 +0200] "GET /2026/01/22/slots-qua-hoher-gewinnchance-traktandum-book-of-tribes-spielautomat-auszahlungsquoten/ HTTP/1.1" 200 0 "-" "Mozilla/5.0 (compatible; Barkrowler/0.9; +https://babbar.tech/crawler)"
216.73.216.128 - - [20/Jun/2026:20:19:46 +0200] "GET /robots.txt HTTP/2" 200 135 "-" "Mozilla/5.0 AppleWebKit/537.36 (KHTML, like Gecko; compatible; ClaudeBot/1.0; +claudebot@anthropic.com)"
216.73.216.128 - - [20/Jun/2026:20:19:46 +0200] "GET /video-games/sitemap.xml HTTP/2" 200 76309 "-" "Mozilla/5.0 AppleWebKit/537.36 (KHTML, like Gecko; compatible; ClaudeBot/1.0; +claudebot@anthropic.com)"
217.113.194.125 - - [20/Jun/2026:20:19:52 +0200] "GET /2026/02/23/casino-akkvisisjon-2026-beste-super-fliper-bonusspill-casinobonuser-inne-i-norge/ HTTP/1.1" 200 0 "-" "Mozilla/5.0 (compatible; Barkrowler/0.9; +https://babbar.tech/crawler)"
217.113.194.227 - - [20/Jun/2026:20:20:07 +0200] "GET /2026/02/23/voor-spins-zonder-storting-nederlan-free-kritische-hyperlink-spins-kloosterlinge-deposit-holland/ HTTP/1.1" 200 0 "-" "Mozilla/5.0 (compatible; Barkrowler/0.9; +https://babbar.tech/crawler)"
217.113.194.131 - - [20/Jun/2026:20:18:05 +0200] "GET /2026/01/16/a-knowledgeable-crawl-man-movie-of-them-all-spikes-to-the-streaming-ahead-of-the-fresh-go-out/ HTTP/1.1" 200 0 "-" "Mozilla/5.0 (compatible; Barkrowler/0.9; +https://babbar.tech/crawler)"
47.82.11.64 - - [20/Jun/2026:20:17:35 +0200] "GET /2026/01/11/free-spin-casino-online-premio-giri-gratis-maggio-2025/ HTTP/1.1" 200 0 "https://themomotimes.com/" "Mozilla/5.0 (Macintosh; Intel Mac OS X 10_15_7) AppleWebKit/605.1.15 (KHTML, like Gecko) Version/18.3.1 Safari/605.1.15"
217.113.194.129 - - [20/Jun/2026:20:22:08 +0200] "GET /2026/03/12/verbunden-spielbank-zahlungsmethoden-vergleich-8-vulkan-spiele-iphone-app-sichere-wege/ HTTP/1.1" 200 0 "-" "Mozilla/5.0 (compatible; Barkrowler/0.9; +https://babbar.tech/crawler)"
217.113.194.125 - - [20/Jun/2026:20:22:23 +0200] "GET /2026/03/12/juegos-de-roman-legion-1-deposito-casino-bono-de-recepcion-1200-nacer-a-conseguir-ahora/ HTTP/1.1" 200 0 "-" "Mozilla/5.0 (compatible; Barkrowler/0.9; +https://babbar.tech/crawler)"
217.113.194.128 - - [20/Jun/2026:20:22:54 +0200] "GET /2026/02/04/najkorzystniejsze-kasyna-sieciowy-2025-ranking-bonusy-naleznosci/ HTTP/1.1" 200 0 "-" "Mozilla/5.0 (compatible; Barkrowler/0.9; +https://babbar.tech/crawler)"
217.113.194.126 - - [20/Jun/2026:20:25:56 +0200] "GET /2026/05/24/casino-utlandet-gonzos-quest-recension-din-handledning-mo-internationella-spelupplevelser/ HTTP/1.1" 200 0 "-" "Mozilla/5.0 (compatible; Barkrowler/0.9; +https://babbar.tech/crawler)"
217.113.194.248 - - [20/Jun/2026:20:20:22 +0200] "GET /2026/03/12/freispiele-online-casino-trustly-abzuglich-einzahlung-zweiter-monat-des-jahres-2026/ HTTP/1.1" 200 0 "-" "Mozilla/5.0 (compatible; Barkrowler/0.9; +https://babbar.tech/crawler)"
217.113.194.124 - - [20/Jun/2026:20:24:55 +0200] "GET /2026/03/15/winorio-premie-code-schrikkelmaand-2026-sleutel-bries-voordat-1777-pakket/ HTTP/1.1" 200 0 "-" "Mozilla/5.0 (compatible; Barkrowler/0.9; +https://babbar.tech/crawler)"
217.113.194.130 - - [20/Jun/2026:20:20:52 +0200] "GET /2026/03/12/eye-of-horus-bonusschlitz-wild-water-entdecke-unser-horus-spielbank-abenteuer/ HTTP/1.1" 200 0 "-" "Mozilla/5.0 (compatible; Barkrowler/0.9; +https://babbar.tech/crawler)"
217.113.194.123 - - [20/Jun/2026:20:22:38 +0200] "GET /2026/03/12/unsre-profis-innehaben-diese-besten-angeschlossen-poker-casinos-pro-osi-getestet/ HTTP/1.1" 200 0 "-" "Mozilla/5.0 (compatible; Barkrowler/0.9; +https://babbar.tech/crawler)"
217.113.194.128 - - [20/Jun/2026:20:23:54 +0200] "GET /2026/01/19/wsn-revealed-during-the-2005-on-the-aim-of-taking-liberty-and-you-will-credibility-back-in-build/ HTTP/1.1" 200 0 "-" "Mozilla/5.0 (compatible; Barkrowler/0.9; +https://babbar.tech/crawler)"
185.252.223.20 - - [20/Jun/2026:20:24:56 +0200] "POST /xmlrpc.php HTTP/1.1" 200 5929 "-" "Mozilla/5.0 (Windows NT 10.0; Win64; x64) AppleWebKit/537.36 (KHTML, like Gecko) Chrome/114.0.0.0 Safari/537.36"
217.113.194.248 - - [20/Jun/2026:20:20:37 +0200] "GET /2026/03/12/fresh-fruit-pop-fruits-n-stars-slot-machine-matches-step-3-secret-applications-on-the-internet-enjoy/ HTTP/1.1" 200 0 "-" "Mozilla/5.0 (compatible; Barkrowler/0.9; +https://babbar.tech/crawler)"
217.113.194.126 - - [20/Jun/2026:20:21:38 +0200] "GET /2026/03/12/100-percent-free-slots-and-you-may-trial-on-viva-las-vegas-slot-no-deposit-bonus-the-internet-pokies/ HTTP/1.1" 200 0 "-" "Mozilla/5.0 (compatible; Barkrowler/0.9; +https://babbar.tech/crawler)"
217.113.194.122 - - [20/Jun/2026:20:23:39 +0200] "GET /2026/01/19/play-29000-100-centre-court-rtp-online-slot-percent-free-harbors-game-no-deposit-zero-install/ HTTP/1.1" 200 0 "-" "Mozilla/5.0 (compatible; Barkrowler/0.9; +https://babbar.tech/crawler)"
217.113.194.124 - - [20/Jun/2026:20:24:09 +0200] "GET /2026/03/09/in-realta-numerosi-casino-online-italiani-offrono-la-preferenza-di-comportarsi-gratis/ HTTP/1.1" 200 0 "-" "Mozilla/5.0 (compatible; Barkrowler/0.9; +https://babbar.tech/crawler)"
217.113.194.123 - - [20/Jun/2026:20:24:40 +0200] "GET /2026/03/09/2500-free-spins-500-non-deposito-casino-geen-aanbetaling-verde-casino-13-nederlands-casinos/ HTTP/1.1" 200 0 "-" "Mozilla/5.0 (compatible; Barkrowler/0.9; +https://babbar.tech/crawler)"
217.113.194.131 - - [20/Jun/2026:20:21:23 +0200] "GET /2026/03/12/the-working-platform-includes-harbors-desk-online-game-real-time-dealer-titles-and-you-can-progressive-jackpots/ HTTP/1.1" 200 0 "-" "Mozilla/5.0 (compatible; Barkrowler/0.9; +https://babbar.tech/crawler)"
217.113.194.228 - - [20/Jun/2026:20:23:09 +0200] "GET /2026/01/07/chasseur-vegas-casino-bonus-a-lexclusion-tornado-jackpot-a-sous-de-annales-avec-75-free-spins/ HTTP/1.1" 200 0 "-" "Mozilla/5.0 (compatible; Barkrowler/0.9; +https://babbar.tech/crawler)"
217.113.194.130 - - [20/Jun/2026:20:23:24 +0200] "GET /2026/01/07/kienspel-ervoor-in-poen-beste-casino-bonussen-nederland-inlichtingen-uitgelezene-sites-2025/ HTTP/1.1" 200 0 "-" "Mozilla/5.0 (compatible; Barkrowler/0.9; +https://babbar.tech/crawler)"
