🔐 Sid Gifari File Manager Pro
v8.0.5 | 2026-06-20 21:16:07 | PHP 8.1.34
📂
/ (Root)
/
usr
/
local
/
apache
/
domlogs
/
therahul
📍 /usr/local/apache/domlogs/therahul
🔄 Refresh
✏️
Editing: themomotimes.com.therahuldas.com-ssl_log
Read Only
217.113.194.124 - - [20/Jun/2026:14:12:22 +0200] "GET /2026/01/14/casumo-aztec-treasures-bonus-erfahrungen-probe-2026-betrug-und-serios/ HTTP/1.1" 200 0 "-" "Mozilla/5.0 (compatible; Barkrowler/0.9; +https://babbar.tech/crawler)"
172.233.242.208 - - [20/Jun/2026:14:13:30 +0200] "POST /xmlrpc.php HTTP/1.1" 200 5929 "-" "Mozilla/5.0 (Windows NT 10.0; Win64; x64) AppleWebKit/537.36 (KHTML, like Gecko) Chrome/114.0.0.0 Safari/537.36"
172.233.242.208 - - [20/Jun/2026:14:14:20 +0200] "POST /xmlrpc.php HTTP/1.1" 200 17336 "-" "Mozilla/5.0 (Windows NT 10.0; Win64; x64) AppleWebKit/537.36 (KHTML, like Gecko) Chrome/114.0.0.0 Safari/537.36"
172.233.242.208 - - [20/Jun/2026:14:14:20 +0200] "GET /2026/06/20/si-las-casinos-regulados-ofrecen-herrammientas-para-bici-de-juego-asentado/ HTTP/1.1" 200 0 "-" "Mozilla/5.0 (Windows NT 10.0; Win64; x64) AppleWebKit/537.36 (KHTML, like Gecko) Chrome/124.0.0.0 Safari/537.36"
172.233.242.208 - - [20/Jun/2026:14:14:20 +0200] "POST /xmlrpc.php HTTP/1.1" 200 5926 "-" "Mozilla/5.0 (Windows NT 10.0; Win64; x64) AppleWebKit/537.36 (KHTML, like Gecko) Chrome/114.0.0.0 Safari/537.36"
217.113.194.124 - - [20/Jun/2026:14:14:54 +0200] "GET /2026/05/13/when-you-find-yourself-a-novice-you-may-choose-before-everything-else-down-constraints/ HTTP/1.1" 200 0 "-" "Mozilla/5.0 (compatible; Barkrowler/0.9; +https://babbar.tech/crawler)"
217.113.194.227 - - [20/Jun/2026:14:16:12 +0200] "GET /2026/05/13/jugar-an-una-ruleta-gratuito-sin-limites-sin-liberar-siquiera-registrarse/ HTTP/1.1" 200 0 "-" "Mozilla/5.0 (compatible; Barkrowler/0.9; +https://babbar.tech/crawler)"
216.73.216.128 - - [20/Jun/2026:14:16:56 +0200] "GET /robots.txt HTTP/2" 200 135 "-" "Mozilla/5.0 AppleWebKit/537.36 (KHTML, like Gecko; compatible; ClaudeBot/1.0; +claudebot@anthropic.com)"
216.73.216.128 - - [20/Jun/2026:14:16:58 +0200] "GET /video-games/sitemap.xml HTTP/2" 200 76309 "-" "Mozilla/5.0 AppleWebKit/537.36 (KHTML, like Gecko; compatible; ClaudeBot/1.0; +claudebot@anthropic.com)"
217.113.194.130 - - [20/Jun/2026:14:17:58 +0200] "GET /2026/04/19/no-nos-extrana-son-una-tipologia-sobre-tragaperras-de-mayor-ordinario/ HTTP/1.1" 200 0 "-" "Mozilla/5.0 (compatible; Barkrowler/0.9; +https://babbar.tech/crawler)"
217.113.194.126 - - [20/Jun/2026:14:18:28 +0200] "GET /2026/04/27/casino-utan-omsattningskrav-samtliga-omsattningsfria-bonusar/ HTTP/1.1" 200 0 "-" "Mozilla/5.0 (compatible; Barkrowler/0.9; +https://babbar.tech/crawler)"
217.113.194.129 - - [20/Jun/2026:14:18:43 +0200] "GET /2026/04/27/alfred-simonis-consultai-un-hit-la-domeniul-jocurilor-din-noroc/ HTTP/1.1" 200 0 "-" "Mozilla/5.0 (compatible; Barkrowler/0.9; +https://babbar.tech/crawler)"
146.70.226.19 - - [20/Jun/2026:14:19:11 +0200] "POST /xmlrpc.php HTTP/1.1" 200 5929 "-" "Mozilla/5.0 (Windows NT 10.0; Win64; x64) AppleWebKit/537.36 (KHTML, like Gecko) Chrome/114.0.0.0 Safari/537.36"
146.70.226.19 - - [20/Jun/2026:14:20:01 +0200] "POST /xmlrpc.php HTTP/1.1" 200 17389 "-" "Mozilla/5.0 (Windows NT 10.0; Win64; x64) AppleWebKit/537.36 (KHTML, like Gecko) Chrome/114.0.0.0 Safari/537.36"
146.70.226.19 - - [20/Jun/2026:14:20:02 +0200] "GET /2026/06/20/like-with-really-web-based-casinos-playojo-even-offers-good-vip-system-due-to-their-better-players/ HTTP/1.1" 200 0 "-" "Mozilla/5.0 (Windows NT 10.0; Win64; x64) AppleWebKit/537.36 (KHTML, like Gecko) Chrome/124.0.0.0 Safari/537.36 Edg/124.0.0.0"
146.70.226.19 - - [20/Jun/2026:14:20:02 +0200] "POST /xmlrpc.php HTTP/1.1" 200 5926 "-" "Mozilla/5.0 (Windows NT 10.0; Win64; x64) AppleWebKit/537.36 (KHTML, like Gecko) Chrome/114.0.0.0 Safari/537.36"
146.70.226.85 - - [20/Jun/2026:14:21:17 +0200] "POST /xmlrpc.php HTTP/1.1" 200 19488 "-" "Mozilla/5.0 (Windows NT 10.0; Win64; x64) AppleWebKit/537.36 (KHTML, like Gecko) Chrome/114.0.0.0 Safari/537.36"
217.113.194.126 - - [20/Jun/2026:14:22:01 +0200] "GET /2026/05/08/comfort-position-is-actually-a-far-eastern-vegas-spins-casino-bonus-withdraw-experience/ HTTP/1.1" 200 0 "-" "Mozilla/5.0 (compatible; Barkrowler/0.9; +https://babbar.tech/crawler)"
65.21.228.101 - - [20/Jun/2026:14:12:29 +0200] "POST /wp-cron.php?doing_wp_cron=1781957549.1035280227661132812500 HTTP/1.1" 200 0 "-" "WordPress/7.0; https://themomotimes.com"
193.24.208.14 - - [20/Jun/2026:14:14:28 +0200] "GET /2026/05/21/gagner-avec-winbeatz-facilement-3/ HTTP/1.1" 200 0 "https://themomotimes.com" "Mozilla/5.0 (Windows NT 10.0; Win64; x64) AppleWebKit/537.36 (KHTML, like Gecko) Chrome/62.0.3202.94 Safari/537.36"
217.113.194.131 - - [20/Jun/2026:14:15:24 +0200] "GET /2026/05/13/kumar-siteleri-trkiye-canl-bahis-ve-casino-seenekleri-olan/ HTTP/1.1" 200 0 "-" "Mozilla/5.0 (compatible; Barkrowler/0.9; +https://babbar.tech/crawler)"
217.113.194.128 - - [20/Jun/2026:14:16:57 +0200] "GET /2026/03/21/book-of-ra-internetowego-pilot-przy-popularnej-produkcji-kasynowej/ HTTP/1.1" 200 0 "-" "Mozilla/5.0 (compatible; Barkrowler/0.9; +https://babbar.tech/crawler)"
200.25.47.106 - - [20/Jun/2026:14:18:01 +0200] "POST /xmlrpc.php HTTP/1.1" 200 5926 "-" "Mozilla/5.0 (Windows NT 10.0; Win64; x64) AppleWebKit/537.36 (KHTML, like Gecko) Chrome/114.0.0.0 Safari/537.36"
66.249.69.194 - - [20/Jun/2026:14:19:33 +0200] "GET /2026/01/16/bonus-hunting-in-the-emerald-isle-why-playfina-casino-could-be-your-next-big-win/feed/ HTTP/1.1" 200 0 "-" "Mozilla/5.0 (Linux; Android 6.0.1; Nexus 5X Build/MMB29P) AppleWebKit/537.36 (KHTML, like Gecko) Chrome/148.0.7778.96 Mobile Safari/537.36 (compatible; Googlebot/2.1; +http://www.google.com/bot.html)"
65.21.228.101 - - [20/Jun/2026:14:19:56 +0200] "POST /wp-cron.php?doing_wp_cron=1781957996.5744159221649169921875 HTTP/1.1" 200 0 "-" "WordPress/7.0; https://themomotimes.com"
217.113.194.228 - - [20/Jun/2026:14:21:30 +0200] "GET /2026/05/08/top-trustly-gambling-enterprises-uk-2026-finest-trustly-local-casino-sites/ HTTP/1.1" 200 0 "-" "Mozilla/5.0 (compatible; Barkrowler/0.9; +https://babbar.tech/crawler)"
57.128.22.95 - - [20/Jun/2026:14:21:38 +0200] "GET /2026/06/01/bdmbets-casino-zanesljivost-igre/ HTTP/1.1" 200 0 "https://themomotimes.com/" "Mozilla/5.0 (X11; CrOS x86_64 14541.0.0) AppleWebKit/537.36 (KHTML, like Gecko) Chrome/144.0.0.0 Safari/537.36"
57.128.22.95 - - [20/Jun/2026:14:21:38 +0200] "GET /2026/06/01/bdmbets-casino-zanesljivost-igre/ HTTP/1.1" 200 0 "https://themomotimes.com/" "Mozilla/5.0 (X11; CrOS x86_64 14541.0.0) AppleWebKit/537.36 (KHTML, like Gecko) Chrome/144.0.0.0 Safari/537.36"
217.113.194.122 - - [20/Jun/2026:14:22:31 +0200] "GET /2026/05/08/new-iphone-4-gambling-establishment-apps-one-to-take-on-real-money-in-may-2026/ HTTP/1.1" 200 0 "-" "Mozilla/5.0 (compatible; Barkrowler/0.9; +https://babbar.tech/crawler)"
185.252.223.21 - - [20/Jun/2026:14:22:46 +0200] "POST /xmlrpc.php HTTP/1.1" 200 5929 "-" "Mozilla/5.0 (Windows NT 10.0; Win64; x64) AppleWebKit/537.36 (KHTML, like Gecko) Chrome/114.0.0.0 Safari/537.36"
185.153.197.250 - - [20/Jun/2026:14:24:37 +0200] "POST /xmlrpc.php HTTP/1.1" 200 13977 "-" "Mozilla/5.0 (Windows NT 10.0; Win64; x64) AppleWebKit/537.36 (KHTML, like Gecko) Chrome/114.0.0.0 Safari/537.36"
217.113.194.127 - - [20/Jun/2026:14:25:18 +0200] "GET /2026/02/05/1000-100-percent-free-spins-no-deposit-codes-to-possess-southern-african-participants/ HTTP/1.1" 200 0 "-" "Mozilla/5.0 (compatible; Barkrowler/0.9; +https://babbar.tech/crawler)"
217.113.194.123 - - [20/Jun/2026:14:25:48 +0200] "GET /2026/02/05/nella-nota-inferiore-e-debito-inviare-insecable-duetto-di-attestazione/ HTTP/1.1" 200 0 "-" "Mozilla/5.0 (compatible; Barkrowler/0.9; +https://babbar.tech/crawler)"
165.101.64.223 - - [20/Jun/2026:14:25:51 +0200] "GET /2026/06/01/bdmbets-casino-zanesljivost-igre/ HTTP/1.1" 200 0 "https://themomotimes.com/" "Mozilla/5.0 (Windows NT 10.0; Win64; x64) AppleWebKit/537.36 (KHTML, like Gecko) Chrome/117.0.5938.132 Safari/537.36"
217.113.194.124 - - [20/Jun/2026:14:27:04 +0200] "GET /2026/03/03/thunderstruck-2-slot-machine-the-new-norse-casino-what-a-hoot-gods-prize-your/ HTTP/1.1" 200 0 "-" "Mozilla/5.0 (compatible; Barkrowler/0.9; +https://babbar.tech/crawler)"
217.113.194.227 - - [20/Jun/2026:14:12:38 +0200] "GET /2026/01/14/beste-blackjack-online-casinos-berater-herr-bet-app-fur-ios-vergleichslisten/ HTTP/1.1" 200 0 "-" "Mozilla/5.0 (compatible; Barkrowler/0.9; +https://babbar.tech/crawler)"
130.195.222.36 - - [20/Jun/2026:14:12:37 +0200] "POST /xmlrpc.php HTTP/1.1" 200 5929 "-" "Mozilla/5.0 (Windows NT 10.0; Win64; x64) AppleWebKit/537.36 (KHTML, like Gecko) Chrome/114.0.0.0 Safari/537.36"
130.195.222.36 - - [20/Jun/2026:14:13:29 +0200] "POST /xmlrpc.php HTTP/1.1" 200 19757 "-" "Mozilla/5.0 (Windows NT 10.0; Win64; x64) AppleWebKit/537.36 (KHTML, like Gecko) Chrome/114.0.0.0 Safari/537.36"
130.195.222.36 - - [20/Jun/2026:14:13:30 +0200] "GET /2026/06/20/dank-unserer-einfacheren-benutzeroberflache-sein-eigen-nennen-die-kunden-storungsfrei-abruf-auf-samtliche-bereiche-unserer-webseite/ HTTP/1.1" 200 0 "-" "Mozilla/5.0 (Windows NT 10.0; Win64; x64) AppleWebKit/537.36 (KHTML, like Gecko) Chrome/123.0.0.0 Safari/537.36"
217.113.194.125 - - [20/Jun/2026:14:13:53 +0200] "GET /2026/05/13/online-casino-urteil-pass-away-rechte-sein-eigen-nennen-zocker-dieser-tage/ HTTP/1.1" 200 0 "-" "Mozilla/5.0 (compatible; Barkrowler/0.9; +https://babbar.tech/crawler)"
130.195.222.36 - - [20/Jun/2026:14:13:30 +0200] "POST /xmlrpc.php HTTP/1.1" 200 5926 "-" "Mozilla/5.0 (Windows NT 10.0; Win64; x64) AppleWebKit/537.36 (KHTML, like Gecko) Chrome/114.0.0.0 Safari/537.36"
65.21.228.101 - - [20/Jun/2026:14:14:14 +0200] "POST /wp-cron.php?doing_wp_cron=1781957654.8558599948883056640625 HTTP/1.1" 200 0 "-" "WordPress/7.0; https://themomotimes.com"
217.113.194.131 - - [20/Jun/2026:14:15:09 +0200] "GET /2026/05/13/pin-up-azrbaycann-n-yax-kazinosu-rsmi-sayt4569-5/ HTTP/1.1" 200 0 "-" "Mozilla/5.0 (compatible; Barkrowler/0.9; +https://babbar.tech/crawler)"
217.113.194.129 - - [20/Jun/2026:14:15:40 +0200] "GET /2026/05/13/most-recent-fifty-totally-free-revolves-no-deposit-needed-zero-betting-in-the-2026/ HTTP/1.1" 200 0 "-" "Mozilla/5.0 (compatible; Barkrowler/0.9; +https://babbar.tech/crawler)"
66.249.69.192 - - [20/Jun/2026:14:19:32 +0200] "GET /robots.txt HTTP/1.1" 200 135 "-" "Mozilla/5.0 (compatible; Googlebot/2.1; +http://www.google.com/bot.html)"
65.21.228.101 - - [20/Jun/2026:14:21:11 +0200] "POST /wp-cron.php?doing_wp_cron=1781958071.5113289356231689453125 HTTP/1.1" 200 0 "-" "WordPress/7.0; https://themomotimes.com"
217.113.194.126 - - [20/Jun/2026:14:23:47 +0200] "GET /2026/02/02/full-line-of-an-informed-100-free-spins-no-deposit-freaky-fruits-dragon-slots/ HTTP/1.1" 200 0 "-" "Mozilla/5.0 (compatible; Barkrowler/0.9; +https://babbar.tech/crawler)"
217.113.194.248 - - [20/Jun/2026:14:24:17 +0200] "GET /2026/02/22/noppes-spins-behalve-stortin-afwisselend-nederland-januari-2024/ HTTP/1.1" 200 0 "-" "Mozilla/5.0 (compatible; Barkrowler/0.9; +https://babbar.tech/crawler)"
217.113.194.126 - - [20/Jun/2026:14:24:32 +0200] "GET /2026/05/04/xmas-joker-slot-20-totally-free-spins-for-the-join-2-hundred-incentive/ HTTP/1.1" 200 0 "-" "Mozilla/5.0 (compatible; Barkrowler/0.9; +https://babbar.tech/crawler)"
185.153.197.250 - - [20/Jun/2026:14:12:34 +0200] "GET /2026/06/20/the-fresh-red-colored-and-you-may-black-colored-visual-fits-really-which-have-ballys-brand/ HTTP/1.1" 200 0 "-" "Mozilla/5.0 (Windows NT 10.0; rv:125.0) Gecko/20100101 Firefox/125.0"
217.113.194.122 - - [20/Jun/2026:14:12:53 +0200] "GET /2026/03/31/authoritative-novomatic-slot-gameplay-on-cobber-casino-app-download-the-internet-in-the-germany/ HTTP/1.1" 200 0 "-" "Mozilla/5.0 (compatible; Barkrowler/0.9; +https://babbar.tech/crawler)"
217.113.194.248 - - [20/Jun/2026:14:13:23 +0200] "GET /2026/03/31/casumo-live-spielsaal-spielen-sie-pyramid-treasure-online-slots-apps-on-google-play/ HTTP/1.1" 200 0 "-" "Mozilla/5.0 (compatible; Barkrowler/0.9; +https://babbar.tech/crawler)"
217.113.194.227 - - [20/Jun/2026:14:17:12 +0200] "GET /2026/03/21/slots-belzebu-combinacoes-de-maos-de-poquer-pragmatic-play-jogos-dado/ HTTP/1.1" 200 0 "-" "Mozilla/5.0 (compatible; Barkrowler/0.9; +https://babbar.tech/crawler)"
65.21.228.101 - - [20/Jun/2026:14:17:50 +0200] "POST /wp-cron.php?doing_wp_cron=1781957870.2952439785003662109375 HTTP/1.1" 200 0 "-" "WordPress/7.0; https://themomotimes.com"
200.25.47.106 - - [20/Jun/2026:14:17:56 +0200] "POST /xmlrpc.php HTTP/1.1" 200 17736 "-" "Mozilla/5.0 (Windows NT 10.0; Win64; x64) AppleWebKit/537.36 (KHTML, like Gecko) Chrome/114.0.0.0 Safari/537.36"
200.25.47.106 - - [20/Jun/2026:14:17:59 +0200] "GET /2026/06/20/lucky-zodiac-nyerogep-megjegyzes-osztonzok-leginkabb-legalis-es-ingyenes-szerencsejatek-96-1-rtp/ HTTP/1.1" 200 0 "-" "Mozilla/5.0 (Windows NT 10.0; Win64; x64) AppleWebKit/537.36 (KHTML, like Gecko) Chrome/123.0.0.0 Safari/537.36"
217.113.194.126 - - [20/Jun/2026:14:19:44 +0200] "GET /2026/05/08/neue-online-casinos-bonusschlitz-all-lucky-clovers-100-2026-fur-teutonia/ HTTP/1.1" 200 0 "-" "Mozilla/5.0 (compatible; Barkrowler/0.9; +https://babbar.tech/crawler)"
217.113.194.227 - - [20/Jun/2026:14:21:45 +0200] "GET /2026/05/08/i-consider-certain-types-of-gamble-is-unfair-and-to-infraction-such-terms-and-conditions/ HTTP/1.1" 200 0 "-" "Mozilla/5.0 (compatible; Barkrowler/0.9; +https://babbar.tech/crawler)"
217.113.194.126 - - [20/Jun/2026:14:22:46 +0200] "GET /2026/05/08/several-better-bitcoin-gambling-casino-harveys-establishment-free-spins-within-the-2026/ HTTP/1.1" 200 0 "-" "Mozilla/5.0 (compatible; Barkrowler/0.9; +https://babbar.tech/crawler)"
217.113.194.122 - - [20/Jun/2026:14:23:01 +0200] "GET /2026/05/08/view-our-very-own-posts-to-find-the-best-readily-available-provides-is-also-claim/ HTTP/1.1" 200 0 "-" "Mozilla/5.0 (compatible; Barkrowler/0.9; +https://babbar.tech/crawler)"
217.113.194.131 - - [20/Jun/2026:14:23:16 +0200] "GET /2026/05/08/western-european-roulette-such-as-features-a-single-zero-and-you-may-a-property-side-of-2/ HTTP/1.1" 200 0 "-" "Mozilla/5.0 (compatible; Barkrowler/0.9; +https://babbar.tech/crawler)"
217.113.194.228 - - [20/Jun/2026:14:28:05 +0200] "GET /2026/03/05/echtgeld-casinos4u-deutschland-app-apk-herunterladen-erprobung-2026/ HTTP/1.1" 200 0 "-" "Mozilla/5.0 (compatible; Barkrowler/0.9; +https://babbar.tech/crawler)"
185.153.197.250 - - [20/Jun/2026:14:12:34 +0200] "POST /xmlrpc.php HTTP/1.1" 200 15915 "-" "Mozilla/5.0 (Windows NT 10.0; Win64; x64) AppleWebKit/537.36 (KHTML, like Gecko) Chrome/114.0.0.0 Safari/537.36"
185.153.197.250 - - [20/Jun/2026:14:12:35 +0200] "POST /xmlrpc.php HTTP/1.1" 200 5926 "-" "Mozilla/5.0 (Windows NT 10.0; Win64; x64) AppleWebKit/537.36 (KHTML, like Gecko) Chrome/114.0.0.0 Safari/537.36"
65.21.228.101 - - [20/Jun/2026:14:13:23 +0200] "POST /wp-cron.php?doing_wp_cron=1781957603.6909420490264892578125 HTTP/1.1" 200 0 "-" "WordPress/7.0; https://themomotimes.com"
217.113.194.126 - - [20/Jun/2026:14:16:42 +0200] "GET /2026/03/19/metodos-de-pago-modernos-a-tu-disposicion-acerca-de-las-como-novedad-casinos/ HTTP/1.1" 200 0 "-" "Mozilla/5.0 (compatible; Barkrowler/0.9; +https://babbar.tech/crawler)"
200.25.47.106 - - [20/Jun/2026:14:17:06 +0200] "POST /xmlrpc.php HTTP/1.1" 200 5929 "-" "Mozilla/5.0 (Windows NT 10.0; Win64; x64) AppleWebKit/537.36 (KHTML, like Gecko) Chrome/114.0.0.0 Safari/537.36"
193.24.208.14 - - [20/Jun/2026:14:18:08 +0200] "GET /2026/05/21/f1-casino-le-meilleur-des-jeux-de-course/ HTTP/1.1" 200 0 "https://themomotimes.com" "Mozilla/5.0 (Windows NT 10.0; Win64; x64) AppleWebKit/537.36 (KHTML, like Gecko) Chrome/62.0.3202.94 Safari/537.36"
217.113.194.228 - - [20/Jun/2026:14:18:13 +0200] "GET /2026/03/16/eye-of-horus-gratis-vortragen-spielen-sie-in-the-forest-demonstration-slot-online-2026/ HTTP/1.1" 200 0 "-" "Mozilla/5.0 (compatible; Barkrowler/0.9; +https://babbar.tech/crawler)"
217.113.194.228 - - [20/Jun/2026:14:18:59 +0200] "GET /2026/04/27/redeem-sc-profits-the-real-deal-cash-honors-from-the-gambling-establishment-mouse-click/ HTTP/1.1" 200 0 "-" "Mozilla/5.0 (compatible; Barkrowler/0.9; +https://babbar.tech/crawler)"
146.70.226.85 - - [20/Jun/2026:14:21:17 +0200] "GET /2026/06/20/unsereins-beistehen-weiters-eintreten-eltern-gerne-dabei-nachfolgende-besten-bonusangebote-oder-bonuscodes-exklusive-einzahlung-dahinter-fundig-werden/ HTTP/1.1" 200 0 "-" "Mozilla/5.0 (Windows NT 10.0; Win64; x64) AppleWebKit/537.36 (KHTML, like Gecko) Chrome/124.0.0.0 Safari/537.36 Edg/124.0.0.0"
217.113.194.130 - - [20/Jun/2026:14:22:16 +0200] "GET /2026/05/08/vediamo-rso-nuovi-passeggiata-con-questa-collabora-brandello-del-2025/ HTTP/1.1" 200 0 "-" "Mozilla/5.0 (compatible; Barkrowler/0.9; +https://babbar.tech/crawler)"
185.252.223.21 - - [20/Jun/2026:14:23:38 +0200] "GET /2026/06/20/specjalne-haslo-w-formie-warunki-i-to-umozliwia-aktywowanie-dodatkowej-premii-na-uczony/ HTTP/1.1" 200 0 "-" "Mozilla/5.0 (Windows NT 10.0; Win64; x64) AppleWebKit/537.36 (KHTML, like Gecko) Chrome/123.0.0.0 Safari/537.36"
185.153.197.250 - - [20/Jun/2026:14:23:47 +0200] "POST /xmlrpc.php HTTP/1.1" 200 5929 "-" "Mozilla/5.0 (Windows NT 10.0; Win64; x64) AppleWebKit/537.36 (KHTML, like Gecko) Chrome/114.0.0.0 Safari/537.36"
165.101.64.223 - - [20/Jun/2026:14:25:51 +0200] "GET /2026/06/01/bdmbets-casino-zanesljivost-igre/ HTTP/1.1" 200 0 "https://themomotimes.com/" "Mozilla/5.0 (Windows NT 10.0; Win64; x64) AppleWebKit/537.36 (KHTML, like Gecko) Chrome/117.0.5938.132 Safari/537.36"
185.153.197.250 - - [20/Jun/2026:14:11:43 +0200] "POST /xmlrpc.php HTTP/1.1" 200 5929 "-" "Mozilla/5.0 (Windows NT 10.0; Win64; x64) AppleWebKit/537.36 (KHTML, like Gecko) Chrome/114.0.0.0 Safari/537.36"
217.113.194.227 - - [20/Jun/2026:14:13:38 +0200] "GET /2026/03/31/totally-free-twist-casino-incentive-skull-duggery-casino-codes-2026-qia/ HTTP/1.1" 200 0 "-" "Mozilla/5.0 (compatible; Barkrowler/0.9; +https://babbar.tech/crawler)"
217.113.194.127 - - [20/Jun/2026:14:14:24 +0200] "GET /2026/05/13/hydrargyrum-slot-bruce-bet-slots-anmeldung-biegsam-auffuhren/ HTTP/1.1" 200 0 "-" "Mozilla/5.0 (compatible; Barkrowler/0.9; +https://babbar.tech/crawler)"
217.113.194.227 - - [20/Jun/2026:14:14:39 +0200] "GET /2026/05/13/gratis-gokkasten-offlin-vinnig-rechtstreeks-buitenshuis-registratie/ HTTP/1.1" 200 0 "-" "Mozilla/5.0 (compatible; Barkrowler/0.9; +https://babbar.tech/crawler)"
217.113.194.248 - - [20/Jun/2026:14:16:27 +0200] "GET /2026/03/13/starburst-slot-review-2026-break-da-bank-again-slot-bonus-needed-playing/ HTTP/1.1" 200 0 "-" "Mozilla/5.0 (compatible; Barkrowler/0.9; +https://babbar.tech/crawler)"
217.113.194.126 - - [20/Jun/2026:14:17:43 +0200] "GET /2026/04/19/schnelle-auszahlung-inside-angeschlossen-casinos-as-part-of-deutschland-2026/ HTTP/1.1" 200 0 "-" "Mozilla/5.0 (compatible; Barkrowler/0.9; +https://babbar.tech/crawler)"
217.113.194.131 - - [20/Jun/2026:14:19:29 +0200] "GET /2026/02/24/mega-wild-optreden-vinnig-mega-wildcard-voor-erbij-gokhal-nl/ HTTP/1.1" 200 0 "-" "Mozilla/5.0 (compatible; Barkrowler/0.9; +https://babbar.tech/crawler)"
217.113.194.130 - - [20/Jun/2026:14:20:30 +0200] "GET /2026/05/08/an-educated-payment-casinos-on-the-internet-for-real-currency-maximize-your-profits/ HTTP/1.1" 200 0 "-" "Mozilla/5.0 (compatible; Barkrowler/0.9; +https://babbar.tech/crawler)"
217.113.194.123 - - [20/Jun/2026:14:20:45 +0200] "GET /2026/05/08/raging-rhino-best-online-casino-that-accepts-instadebit-reputation-comment-wms-gaming/ HTTP/1.1" 200 0 "-" "Mozilla/5.0 (compatible; Barkrowler/0.9; +https://babbar.tech/crawler)"
217.113.194.124 - - [20/Jun/2026:14:23:32 +0200] "GET /2026/05/08/hallar-algun-bono-de-casino-sin-tanque-nunca-pasa-todos-los-las-jornadas/ HTTP/1.1" 200 0 "-" "Mozilla/5.0 (compatible; Barkrowler/0.9; +https://babbar.tech/crawler)"
185.252.223.21 - - [20/Jun/2026:14:23:38 +0200] "POST /xmlrpc.php HTTP/1.1" 200 15122 "-" "Mozilla/5.0 (Windows NT 10.0; Win64; x64) AppleWebKit/537.36 (KHTML, like Gecko) Chrome/114.0.0.0 Safari/537.36"
217.113.194.123 - - [20/Jun/2026:14:24:47 +0200] "GET /2026/05/04/while-it-lacks-a-vintage-choice-builder-it-helps-accumulator-and-you-may-system-wagers/ HTTP/1.1" 200 0 "-" "Mozilla/5.0 (compatible; Barkrowler/0.9; +https://babbar.tech/crawler)"
217.113.194.227 - - [20/Jun/2026:14:26:34 +0200] "GET /2026/03/08/kostenlose-slots-32178-slots-vergeblich-auffuhren-blos-eintragung/ HTTP/1.1" 200 0 "-" "Mozilla/5.0 (compatible; Barkrowler/0.9; +https://babbar.tech/crawler)"
217.113.194.227 - - [20/Jun/2026:14:13:08 +0200] "GET /2026/03/31/classic-slots-tomb-raider-1-deposit-online-game-to-possess-las-vegas-position-fans/ HTTP/1.1" 200 0 "-" "Mozilla/5.0 (compatible; Barkrowler/0.9; +https://babbar.tech/crawler)"
217.113.194.124 - - [20/Jun/2026:14:14:09 +0200] "GET /2026/05/13/vos-free-spins-inconditionnellement-en-tenant-affaires-se-deroulent-les-plus-populaires/ HTTP/1.1" 200 0 "-" "Mozilla/5.0 (compatible; Barkrowler/0.9; +https://babbar.tech/crawler)"
217.113.194.248 - - [20/Jun/2026:14:15:56 +0200] "GET /2026/05/13/beste-erreichbar-spielothek-125-freispiele-ab-1-einzahlung-100-rechtens/ HTTP/1.1" 200 0 "-" "Mozilla/5.0 (compatible; Barkrowler/0.9; +https://babbar.tech/crawler)"
217.113.194.127 - - [20/Jun/2026:14:20:14 +0200] "GET /2026/05/08/no-deposit-100-free-spins-try-awarded-to-the-registration-without-the-need-to-deposit-money/ HTTP/1.1" 200 0 "-" "Mozilla/5.0 (compatible; Barkrowler/0.9; +https://babbar.tech/crawler)"
185.252.223.21 - - [20/Jun/2026:14:23:39 +0200] "POST /xmlrpc.php HTTP/1.1" 200 5926 "-" "Mozilla/5.0 (Windows NT 10.0; Win64; x64) AppleWebKit/537.36 (KHTML, like Gecko) Chrome/114.0.0.0 Safari/537.36"
217.113.194.227 - - [20/Jun/2026:14:25:03 +0200] "GET /2026/05/04/trifft-man-auf-den-maximalen-jahresabschluss-leer-den-kosteloze-spins/ HTTP/1.1" 200 0 "-" "Mozilla/5.0 (compatible; Barkrowler/0.9; +https://babbar.tech/crawler)"
217.113.194.127 - - [20/Jun/2026:14:26:03 +0200] "GET /2026/02/05/igual-que-wild-wolf-casino-sacarle-dinero-alas-maquinas-tragamonedas/ HTTP/1.1" 200 0 "-" "Mozilla/5.0 (compatible; Barkrowler/0.9; +https://babbar.tech/crawler)"
217.113.194.129 - - [20/Jun/2026:14:17:28 +0200] "GET /2026/03/21/elements-spilleautomat-dans-autonom-online-norske-spilleautomater-paslat-nett/ HTTP/1.1" 200 0 "-" "Mozilla/5.0 (compatible; Barkrowler/0.9; +https://babbar.tech/crawler)"
217.113.194.228 - - [20/Jun/2026:14:19:14 +0200] "GET /2026/02/24/gladiator-legends-slot-trial-rtp-94-forty-two-100-percent-free-gamble/ HTTP/1.1" 200 0 "-" "Mozilla/5.0 (compatible; Barkrowler/0.9; +https://babbar.tech/crawler)"
217.113.194.124 - - [20/Jun/2026:14:19:59 +0200] "GET /2026/05/08/certification-therefore-guarantees-minimum-athlete-defense-dispute-resolution-and-protection-requirements/ HTTP/1.1" 200 0 "-" "Mozilla/5.0 (compatible; Barkrowler/0.9; +https://babbar.tech/crawler)"
217.113.194.129 - - [20/Jun/2026:14:21:00 +0200] "GET /2026/05/08/las-mas-grandes-netent-casinos-online-2026-casino-desert-treasure-2-dinero-real-guru/ HTTP/1.1" 200 0 "-" "Mozilla/5.0 (compatible; Barkrowler/0.9; +https://babbar.tech/crawler)"
146.70.226.85 - - [20/Jun/2026:14:20:26 +0200] "POST /xmlrpc.php HTTP/1.1" 200 5929 "-" "Mozilla/5.0 (Windows NT 10.0; Win64; x64) AppleWebKit/537.36 (KHTML, like Gecko) Chrome/114.0.0.0 Safari/537.36"
217.113.194.122 - - [20/Jun/2026:14:21:15 +0200] "GET /2026/05/08/most-readily-useful-sibling-web-sites-british-most-useful-gambling-enterprises-2026/ HTTP/1.1" 200 0 "-" "Mozilla/5.0 (compatible; Barkrowler/0.9; +https://babbar.tech/crawler)"
57.128.22.95 - - [20/Jun/2026:14:21:38 +0200] "GET /2026/06/01/bdmbets-casino-zanesljivost-igre/ HTTP/1.1" 200 0 "https://themomotimes.com/" "Mozilla/5.0 (X11; CrOS x86_64 14541.0.0) AppleWebKit/537.36 (KHTML, like Gecko) Chrome/144.0.0.0 Safari/537.36"
146.70.226.85 - - [20/Jun/2026:14:21:18 +0200] "POST /xmlrpc.php HTTP/1.1" 200 5926 "-" "Mozilla/5.0 (Windows NT 10.0; Win64; x64) AppleWebKit/537.36 (KHTML, like Gecko) Chrome/114.0.0.0 Safari/537.36"
65.21.228.101 - - [20/Jun/2026:14:23:31 +0200] "POST /wp-cron.php?doing_wp_cron=1781958211.9490699768066406250000 HTTP/1.1" 200 0 "-" "WordPress/7.0; https://themomotimes.com"
217.113.194.122 - - [20/Jun/2026:14:24:02 +0200] "GET /2026/02/02/jetton-rabochee-zerkalo-obnovljonnye-ssylki-dlja-24/ HTTP/1.1" 200 0 "-" "Mozilla/5.0 (compatible; Barkrowler/0.9; +https://babbar.tech/crawler)"
185.153.197.250 - - [20/Jun/2026:14:24:37 +0200] "GET /2026/06/20/anywhere-between-all-of-us-we-have-used-and-you-can-examined-all-the-apps-there-are-to-your-web-site/ HTTP/1.1" 200 0 "-" "Mozilla/5.0 (Windows NT 10.0; rv:125.0) Gecko/20100101 Firefox/125.0"
185.153.197.250 - - [20/Jun/2026:14:24:37 +0200] "POST /xmlrpc.php HTTP/1.1" 200 5926 "-" "Mozilla/5.0 (Windows NT 10.0; Win64; x64) AppleWebKit/537.36 (KHTML, like Gecko) Chrome/114.0.0.0 Safari/537.36"
217.113.194.248 - - [20/Jun/2026:14:25:33 +0200] "GET /2026/02/05/play-freearistocrat-miss-kitty-casino-slot-games-an-awesome-pokies-online-game/ HTTP/1.1" 200 0 "-" "Mozilla/5.0 (compatible; Barkrowler/0.9; +https://babbar.tech/crawler)"
217.113.194.123 - - [20/Jun/2026:14:26:19 +0200] "GET /2026/03/10/9-katmanl-metal-omurga-kitaplk-dar-kitaplk-diy-uc-64/ HTTP/1.1" 200 0 "-" "Mozilla/5.0 (compatible; Barkrowler/0.9; +https://babbar.tech/crawler)"
217.113.194.228 - - [20/Jun/2026:14:27:34 +0200] "GET /2026/03/02/play-21000-totally-free-pokies-on-the-internet-in-the-nz-no-obtain-no-deposit/ HTTP/1.1" 200 0 "-" "Mozilla/5.0 (compatible; Barkrowler/0.9; +https://babbar.tech/crawler)"
217.113.194.228 - - [20/Jun/2026:14:27:19 +0200] "GET /2026/01/15/online-pokies-australian-continent-play-the-finest-a-real-income-pokies-2026/ HTTP/1.1" 200 0 "-" "Mozilla/5.0 (compatible; Barkrowler/0.9; +https://babbar.tech/crawler)"
217.113.194.123 - - [20/Jun/2026:14:27:50 +0200] "GET /2026/03/05/lifeless-otherwise-live-demonstration-enjoy-titanic-slot-free-spins-free-position-online-game/ HTTP/1.1" 200 0 "-" "Mozilla/5.0 (compatible; Barkrowler/0.9; +https://babbar.tech/crawler)"
65.21.228.101 - - [20/Jun/2026:14:24:32 +0200] "POST /wp-cron.php?doing_wp_cron=1781958272.0874269008636474609375 HTTP/1.1" 200 0 "-" "WordPress/7.0; https://themomotimes.com"
165.101.64.223 - - [20/Jun/2026:14:25:52 +0200] "GET /2026/06/01/bdmbets-casino-zanesljivost-igre/ HTTP/1.1" 200 0 "https://themomotimes.com/" "Mozilla/5.0 (Windows NT 10.0; Win64; x64) AppleWebKit/537.36 (KHTML, like Gecko) Chrome/117.0.5938.132 Safari/537.36"
217.113.194.126 - - [20/Jun/2026:14:26:49 +0200] "GET /2026/03/08/take-a-totally-free-slot-spin-preview-of-five-dragons-rapid-aristocrat-pokies/ HTTP/1.1" 200 0 "-" "Mozilla/5.0 (compatible; Barkrowler/0.9; +https://babbar.tech/crawler)"
217.113.194.124 - - [20/Jun/2026:14:29:05 +0200] "GET /2026/04/03/ratings-for-real-currency-wagering-away-from-funky-good-fresh-fruit-position-courtroom/ HTTP/1.1" 200 0 "-" "Mozilla/5.0 (compatible; Barkrowler/0.9; +https://babbar.tech/crawler)"
217.113.194.131 - - [20/Jun/2026:14:30:21 +0200] "GET /2026/04/21/pelaa-spybet-kasino-kirjautuminen-penny-harborsia-ilmaiseksi/ HTTP/1.1" 200 0 "-" "Mozilla/5.0 (compatible; Barkrowler/0.9; +https://babbar.tech/crawler)"
217.113.194.125 - - [20/Jun/2026:14:30:36 +0200] "GET /2026/05/20/alaskan-angling-position-review-96-ruby-fortune-casino-63-rtp-microgaming-2026/ HTTP/1.1" 200 0 "-" "Mozilla/5.0 (compatible; Barkrowler/0.9; +https://babbar.tech/crawler)"
217.113.194.127 - - [20/Jun/2026:14:31:22 +0200] "GET /2025/10/03/high-volatility-online-slots-ein-blick-auf-chancen-risiken-und-trends/ HTTP/1.1" 200 0 "-" "Mozilla/5.0 (compatible; Barkrowler/0.9; +https://babbar.tech/crawler)"
65.21.228.101 - - [20/Jun/2026:14:32:59 +0200] "POST /wp-cron.php?doing_wp_cron=1781958779.1087689399719238281250 HTTP/1.1" 200 0 "-" "WordPress/7.0; https://themomotimes.com"
217.113.194.122 - - [20/Jun/2026:14:33:39 +0200] "GET /2026/04/18/better-twenty-three-totally-free-revolves-no-deposit-incentives-local-casino-wizard-picks-said/ HTTP/1.1" 200 0 "-" "Mozilla/5.0 (compatible; Barkrowler/0.9; +https://babbar.tech/crawler)"
217.113.194.130 - - [20/Jun/2026:14:33:54 +0200] "GET /2026/04/18/gonzos-quest-slot-machine-view-2026-of-a-lot-opportunities-to-winnings-costa-rica/ HTTP/1.1" 200 0 "-" "Mozilla/5.0 (compatible; Barkrowler/0.9; +https://babbar.tech/crawler)"
217.113.194.126 - - [20/Jun/2026:14:34:24 +0200] "GET /2026/04/24/dos-piles-o-wins-%EF%BF%BD-safest-internet-casino-in-australia-having-pokies/ HTTP/1.1" 200 0 "-" "Mozilla/5.0 (compatible; Barkrowler/0.9; +https://babbar.tech/crawler)"
46.151.24.148 - - [20/Jun/2026:14:35:10 +0200] "GET /2026/06/01/bdmbets-casino-zanesljivost-igre/ HTTP/1.1" 200 0 "https://themomotimes.com/" "Mozilla/5.0 (Macintosh; Intel Mac OS X 10_15_7) AppleWebKit/605.1.15 (KHTML, like Gecko) Version/26.2 Safari/605.1.15"
217.113.194.123 - - [20/Jun/2026:14:35:25 +0200] "GET /2026/04/23/thunderstruck-2-position-opinion-totally-free-jungle-games-slot-demonstration-2026/ HTTP/1.1" 200 0 "-" "Mozilla/5.0 (compatible; Barkrowler/0.9; +https://babbar.tech/crawler)"
191.96.95.232 - - [20/Jun/2026:14:35:46 +0200] "GET /2026/05/21/gagner-avec-winbeatz-facilement-3/ HTTP/1.1" 200 0 "https://themomotimes.com/" "Mozilla/5.0 (Macintosh; Intel Mac OS X 10_15_7) AppleWebKit/605.1.15 (KHTML, like Gecko)"
217.113.194.124 - - [20/Jun/2026:14:36:26 +0200] "GET /2026/04/23/play-slot-online-game-on-line-finest-casino-huangdi-the-yellow-emperor-online-slots/ HTTP/1.1" 200 0 "-" "Mozilla/5.0 (compatible; Barkrowler/0.9; +https://babbar.tech/crawler)"
217.113.194.127 - - [20/Jun/2026:14:36:41 +0200] "GET /2026/04/24/club-get-lucky-live-casino-bonus-globe-local-casino-no-deposit-extra-get-2026/ HTTP/1.1" 200 0 "-" "Mozilla/5.0 (compatible; Barkrowler/0.9; +https://babbar.tech/crawler)"
217.113.194.126 - - [20/Jun/2026:14:38:12 +0200] "GET /2026/04/23/another-type-of-prominent-percentage-method-between-online-casino-participants-is-the-lender-import/ HTTP/1.1" 200 0 "-" "Mozilla/5.0 (compatible; Barkrowler/0.9; +https://babbar.tech/crawler)"
217.113.194.123 - - [20/Jun/2026:14:38:27 +0200] "GET /2026/04/24/starburst-slot-online-casino-aparelho-casino-parimatch-joker-100-18-freespins/ HTTP/1.1" 200 0 "-" "Mozilla/5.0 (compatible; Barkrowler/0.9; +https://babbar.tech/crawler)"
85.172.101.74 - - [20/Jun/2026:14:38:51 +0200] "GET /2026/06/20/1win-giri-trkiyede-online-casino-17011/ HTTP/2" 200 0 "-" "Mozilla/5.0 (Linux; Android 10; K) AppleWebKit/537.36 (KHTML, like Gecko) Chrome/123.0.0.0 Mobile Safari/537.36"
217.113.194.123 - - [20/Jun/2026:14:38:57 +0200] "GET /2026/05/22/100-percent-free-slots-united-kingdom-enjoy-39712-slot-demonstrations-zero-install/ HTTP/1.1" 200 0 "-" "Mozilla/5.0 (compatible; Barkrowler/0.9; +https://babbar.tech/crawler)"
217.113.194.131 - - [20/Jun/2026:14:28:20 +0200] "GET /2026/03/05/unibet-jak-korzystac-z-bonusu-goldbet-50-darmowe-spiny/ HTTP/1.1" 200 0 "-" "Mozilla/5.0 (compatible; Barkrowler/0.9; +https://babbar.tech/crawler)"
217.113.194.228 - - [20/Jun/2026:14:28:50 +0200] "GET /2026/04/03/100-percent-free-slots-online-play-2450-online-slots-games-enjoyment-at-the-slotorama/ HTTP/1.1" 200 0 "-" "Mozilla/5.0 (compatible; Barkrowler/0.9; +https://babbar.tech/crawler)"
217.113.194.122 - - [20/Jun/2026:14:31:37 +0200] "GET /2025/03/20/de-ultieme-gids-voor-loyaliteit-en-mobiel-spelen-bij-kokobet-casino-4/ HTTP/1.1" 200 0 "-" "Mozilla/5.0 (compatible; Barkrowler/0.9; +https://babbar.tech/crawler)"
5.25.160.58 - - [20/Jun/2026:14:32:12 +0200] "GET /2026/06/20/pinco-online-kazino-2026-pulsuz-dvriyylr-v-58/ HTTP/2" 200 0 "-" "Mozilla/5.0 (Linux; Android 10; K) AppleWebKit/537.36 (KHTML, like Gecko) Chrome/123.0.0.0 Mobile Safari/537.36"
130.195.222.36 - - [20/Jun/2026:14:32:14 +0200] "POST /xmlrpc.php HTTP/1.1" 200 5929 "-" "Mozilla/5.0 (Windows NT 10.0; Win64; x64) AppleWebKit/537.36 (KHTML, like Gecko) Chrome/114.0.0.0 Safari/537.36"
130.195.222.36 - - [20/Jun/2026:14:33:08 +0200] "POST /xmlrpc.php HTTP/1.1" 200 19153 "-" "Mozilla/5.0 (Windows NT 10.0; Win64; x64) AppleWebKit/537.36 (KHTML, like Gecko) Chrome/114.0.0.0 Safari/537.36"
186.105.130.124 - - [20/Jun/2026:14:33:10 +0200] "GET /2026/06/20/7slots-casino-bonus-ve-promosyonlar-687/ HTTP/2" 200 0 "-" "Mozilla/5.0 (Linux; Android 10; K) AppleWebKit/537.36 (KHTML, like Gecko) Chrome/123.0.0.0 Mobile Safari/537.36"
130.195.222.36 - - [20/Jun/2026:14:33:13 +0200] "GET /2026/06/20/es-ist-wichtig-dasjenige-glucksspiel-kognitiv-oder-kontrolliert-nach-baden-in/ HTTP/1.1" 200 0 "-" "Mozilla/5.0 (Windows NT 10.0; Win64; x64) AppleWebKit/537.36 (KHTML, like Gecko) Chrome/109.0.0.0 Safari/537.36"
130.195.222.36 - - [20/Jun/2026:14:33:13 +0200] "POST /xmlrpc.php HTTP/1.1" 200 5926 "-" "Mozilla/5.0 (Windows NT 10.0; Win64; x64) AppleWebKit/537.36 (KHTML, like Gecko) Chrome/114.0.0.0 Safari/537.36"
217.113.194.131 - - [20/Jun/2026:14:34:55 +0200] "GET /2026/04/24/the-fresh-huge-journey-slot-100-percent-casino-prime-slots-mobile-free-demo-remark/ HTTP/1.1" 200 0 "-" "Mozilla/5.0 (compatible; Barkrowler/0.9; +https://babbar.tech/crawler)"
217.113.194.130 - - [20/Jun/2026:14:35:10 +0200] "GET /2026/04/23/comment-acheter-10%EF%BF%BD-pour-don-avec-appreciee-sans-annales-de-2026/ HTTP/1.1" 200 0 "-" "Mozilla/5.0 (compatible; Barkrowler/0.9; +https://babbar.tech/crawler)"
191.96.95.68 - - [20/Jun/2026:14:35:46 +0200] "GET /2026/05/21/gagner-avec-winbeatz-facilement-3/ HTTP/1.1" 200 0 "https://themomotimes.com/" "Mozilla/5.0 (Macintosh; Intel Mac OS X 10_15_7) AppleWebKit/605.1.15 (KHTML, like Gecko)"
136.243.228.177 - - [20/Jun/2026:14:36:42 +0200] "GET /2026/06/05/lucky-days-spielsaal-pramie-kode-2026-blos-einzahlung-ihr-casino-aquatica-nuchterne-blick-zu-diesseitigen-werbeschein/ HTTP/1.1" 200 0 "-" "Mozilla/5.0 (compatible; DataForSeoBot/1.0; +https://dataforseo.com/dataforseo-bot)"
217.113.194.124 - - [20/Jun/2026:14:36:56 +0200] "GET /2026/04/23/banking-solutions-here-range-from-the-loves-regarding-crypto-handmade-cards-and-a-lot-more/ HTTP/1.1" 200 0 "-" "Mozilla/5.0 (compatible; Barkrowler/0.9; +https://babbar.tech/crawler)"
34.116.28.101 - - [20/Jun/2026:14:37:45 +0200] "GET /2026/06/19/10-luchshih-kazino-onlajn-s-bonusami-i-24/ HTTP/1.1" 200 0 "-" "Mozilla/5.0 (compatible; Google-Apps-Script; beanserver; +https://script.google.com; id: UAEmdDd9QNPgi9BVXAqR1m-qsg8qMjtt_hhY)"
65.21.228.101 - - [20/Jun/2026:14:40:19 +0200] "POST /wp-cron.php?doing_wp_cron=1781959219.6662731170654296875000 HTTP/1.1" 200 0 "-" "WordPress/7.0; https://themomotimes.com"
172.233.242.208 - - [20/Jun/2026:14:39:36 +0200] "POST /xmlrpc.php HTTP/1.1" 200 5929 "-" "Mozilla/5.0 (Windows NT 10.0; Win64; x64) AppleWebKit/537.36 (KHTML, like Gecko) Chrome/114.0.0.0 Safari/537.36"
118.71.41.45 - - [20/Jun/2026:14:31:32 +0200] "GET /2026/06/20/pinco-online-kazino-2026-pulsuz-dvriyylr-v-76/ HTTP/2" 200 0 "-" "Mozilla/5.0 (Linux; Android 10; K) AppleWebKit/537.36 (KHTML, like Gecko) Chrome/123.0.0.0 Mobile Safari/537.36"
65.21.228.101 - - [20/Jun/2026:14:33:17 +0200] "POST /wp-cron.php?doing_wp_cron=1781958797.2012031078338623046875 HTTP/1.1" 200 0 "-" "WordPress/7.0; https://themomotimes.com"
146.70.226.19 - - [20/Jun/2026:14:32:32 +0200] "POST /xmlrpc.php HTTP/1.1" 200 5929 "-" "Mozilla/5.0 (Windows NT 10.0; Win64; x64) AppleWebKit/537.36 (KHTML, like Gecko) Chrome/114.0.0.0 Safari/537.36"
217.113.194.131 - - [20/Jun/2026:14:33:24 +0200] "GET /2026/04/18/angeschlossen-casinos-uber-erstplatzierter-auszahlungsquote-2026/ HTTP/1.1" 200 0 "-" "Mozilla/5.0 (compatible; Barkrowler/0.9; +https://babbar.tech/crawler)"
146.70.226.19 - - [20/Jun/2026:14:33:22 +0200] "POST /xmlrpc.php HTTP/1.1" 200 13950 "-" "Mozilla/5.0 (Windows NT 10.0; Win64; x64) AppleWebKit/537.36 (KHTML, like Gecko) Chrome/114.0.0.0 Safari/537.36"
146.70.226.19 - - [20/Jun/2026:14:33:24 +0200] "GET /2026/06/20/furthermore-you-must-share-the-new-ten-lowest-deposit-to-the-ports/ HTTP/1.1" 200 0 "-" "Mozilla/5.0 (Windows NT 10.0; rv:109.0) Gecko/20100101 Firefox/115.0"
146.70.226.19 - - [20/Jun/2026:14:33:24 +0200] "POST /xmlrpc.php HTTP/1.1" 200 1686 "-" "Mozilla/5.0 (Windows NT 10.0; Win64; x64) AppleWebKit/537.36 (KHTML, like Gecko) Chrome/114.0.0.0 Safari/537.36"
95.72.174.120 - - [20/Jun/2026:14:35:07 +0200] "GET /2026/06/19/kasino-mostbet-mobiln-pstup-2462/ HTTP/2" 200 0 "-" "Mozilla/5.0 (Linux; Android 10; K) AppleWebKit/537.36 (KHTML, like Gecko) Chrome/123.0.0.0 Mobile Safari/537.36"
46.151.24.148 - - [20/Jun/2026:14:35:10 +0200] "GET /2026/06/01/bdmbets-casino-zanesljivost-igre/ HTTP/1.1" 200 0 "https://themomotimes.com/" "Mozilla/5.0 (Macintosh; Intel Mac OS X 10_15_7) AppleWebKit/605.1.15 (KHTML, like Gecko) Version/26.2 Safari/605.1.15"
217.113.194.123 - - [20/Jun/2026:14:35:55 +0200] "GET /2026/04/23/the-way-we-get-a-hold-of-web-based-casinos-as-safe-for-bien-au-users/ HTTP/1.1" 200 0 "-" "Mozilla/5.0 (compatible; Barkrowler/0.9; +https://babbar.tech/crawler)"
217.113.194.124 - - [20/Jun/2026:14:39:13 +0200] "GET /2026/05/27/better-societal-online-casino-games-to-relax-and-play-having-nearest-and-dearest-online/ HTTP/1.1" 200 0 "-" "Mozilla/5.0 (compatible; Barkrowler/0.9; +https://babbar.tech/crawler)"
217.113.194.125 - - [20/Jun/2026:14:39:28 +0200] "GET /2026/05/27/most-readily-useful-a-real-income-online-casinos-gamble-game-the-real-deal-money/ HTTP/1.1" 200 0 "-" "Mozilla/5.0 (compatible; Barkrowler/0.9; +https://babbar.tech/crawler)"
143.105.157.17 - - [20/Jun/2026:14:40:11 +0200] "GET /2026/06/20/pinco-casino-trkiyede-gvenlik-ve-lisans-bilgileri-78/ HTTP/2" 200 0 "-" "Mozilla/5.0 (Linux; Android 10; K) AppleWebKit/537.36 (KHTML, like Gecko) Chrome/123.0.0.0 Mobile Safari/537.36"
188.26.222.12 - - [20/Jun/2026:14:41:54 +0200] "GET /2026/06/20/kasino-mostbet-bezpenost-17/ HTTP/2" 200 0 "-" "Mozilla/5.0 (Linux; Android 10; K) AppleWebKit/537.36 (KHTML, like Gecko) Chrome/123.0.0.0 Mobile Safari/537.36"
217.113.194.124 - - [20/Jun/2026:14:43:31 +0200] "GET /2026/01/16/tragamonedas-de-balde-referente-a-espana-funciona-slots-en-internet-sin-descargar/ HTTP/1.1" 200 0 "-" "Mozilla/5.0 (compatible; Barkrowler/0.9; +https://babbar.tech/crawler)"
185.252.223.21 - - [20/Jun/2026:14:43:38 +0200] "GET /2026/06/20/takie-praca-moze-skutkowac-zablokowaniem-z-kont-i-mozesz-utrata-wygranych/ HTTP/1.1" 200 0 "-" "Mozilla/5.0 (Windows NT 10.0; rv:109.0) Gecko/20100101 Firefox/115.0"
217.113.194.128 - - [20/Jun/2026:14:44:31 +0200] "GET /2026/01/30/10-put-gambling-enterprises-greatest-uk-websites-online-live-casino-incentives-in-the-2026/ HTTP/1.1" 200 0 "-" "Mozilla/5.0 (compatible; Barkrowler/0.9; +https://babbar.tech/crawler)"
65.21.228.101 - - [20/Jun/2026:14:44:32 +0200] "POST /wp-cron.php?doing_wp_cron=1781959472.0012550354003906250000 HTTP/1.1" 200 0 "-" "WordPress/7.0; https://themomotimes.com"
217.113.194.124 - - [20/Jun/2026:14:29:51 +0200] "GET /2026/04/26/ea-fc-twenty-five-thunderstruck-black-colored-monday-promo-all-people-icons-found/ HTTP/1.1" 200 0 "-" "Mozilla/5.0 (compatible; Barkrowler/0.9; +https://babbar.tech/crawler)"
217.113.194.228 - - [20/Jun/2026:14:30:06 +0200] "GET /2026/04/29/mindestbestand-auswertung-hugo-troll-spiel-online-gleichung-praktische-beispiele/ HTTP/1.1" 200 0 "-" "Mozilla/5.0 (compatible; Barkrowler/0.9; +https://babbar.tech/crawler)"
217.113.194.228 - - [20/Jun/2026:14:32:23 +0200] "GET /2026/04/22/how-we-look-for-web-based-casinos-is-perhaps-not-risky-to-help-you-au-users/ HTTP/1.1" 200 0 "-" "Mozilla/5.0 (compatible; Barkrowler/0.9; +https://babbar.tech/crawler)"
217.113.194.131 - - [20/Jun/2026:14:32:38 +0200] "GET /2026/04/22/exactly-how-canadian-societal-defense-jobs-tend-to-be-on-the-web-gamblers/ HTTP/1.1" 200 0 "-" "Mozilla/5.0 (compatible; Barkrowler/0.9; +https://babbar.tech/crawler)"
217.113.194.125 - - [20/Jun/2026:14:32:53 +0200] "GET /2026/04/22/die-weiteren-boni-frei-einzahlung-gibt-dies-bei-gangbar-casinos/ HTTP/1.1" 200 0 "-" "Mozilla/5.0 (compatible; Barkrowler/0.9; +https://babbar.tech/crawler)"
217.113.194.130 - - [20/Jun/2026:14:35:40 +0200] "GET /2026/04/23/the-brand-new-interface-is-easy-but-really-energetic-and-work-out-routing-effortless/ HTTP/1.1" 200 0 "-" "Mozilla/5.0 (compatible; Barkrowler/0.9; +https://babbar.tech/crawler)"
191.96.95.207 - - [20/Jun/2026:14:35:46 +0200] "GET /2026/05/21/gagner-avec-winbeatz-facilement-3/ HTTP/1.1" 200 0 "https://themomotimes.com/" "Mozilla/5.0 (Macintosh; Intel Mac OS X 10_15_7) AppleWebKit/605.1.15 (KHTML, like Gecko)"
217.113.194.227 - - [20/Jun/2026:14:36:11 +0200] "GET /2026/04/23/play-29000-100-percent-free-bikini-party-1-deposit-slots-games-no-deposit-no-install/ HTTP/1.1" 200 0 "-" "Mozilla/5.0 (compatible; Barkrowler/0.9; +https://babbar.tech/crawler)"
217.113.194.131 - - [20/Jun/2026:14:37:26 +0200] "GET /2026/04/23/most-readily-useful-10-100-percent-free-no-deposit-casino-bonuses-april-2026/ HTTP/1.1" 200 0 "-" "Mozilla/5.0 (compatible; Barkrowler/0.9; +https://babbar.tech/crawler)"
31.162.163.251 - - [20/Jun/2026:14:37:52 +0200] "GET /2026/06/20/chicken-road-online-casino-slot-filled-with-road-304/ HTTP/2" 200 0 "-" "Mozilla/5.0 (Linux; Android 10; K) AppleWebKit/537.36 (KHTML, like Gecko) Chrome/123.0.0.0 Mobile Safari/537.36"
217.113.194.127 - - [20/Jun/2026:14:38:42 +0200] "GET /2026/05/22/milaia-belka-i-azartnye-prikliuceniia-na-olimp-casino-oficialnyi/ HTTP/1.1" 200 0 "-" "Mozilla/5.0 (compatible; Barkrowler/0.9; +https://babbar.tech/crawler)"
217.113.194.124 - - [20/Jun/2026:14:40:13 +0200] "GET /2026/05/27/thunderstruck-space-wars-free-spins-position-remark-2026-gamble-on-line/ HTTP/1.1" 200 0 "-" "Mozilla/5.0 (compatible; Barkrowler/0.9; +https://babbar.tech/crawler)"
217.113.194.228 - - [20/Jun/2026:14:40:29 +0200] "GET /2026/05/12/hotel-industry-ny-launches-earliest-full-local-casino-with-dining-table-game-inside-queens-nyc/ HTTP/1.1" 200 0 "-" "Mozilla/5.0 (compatible; Barkrowler/0.9; +https://babbar.tech/crawler)"
217.113.194.123 - - [20/Jun/2026:14:41:14 +0200] "GET /2026/05/12/la-proprete-gratuits-mecanique-a-thunes-casino770-englobent-la-point-fort/ HTTP/1.1" 200 0 "-" "Mozilla/5.0 (compatible; Barkrowler/0.9; +https://babbar.tech/crawler)"
217.113.194.129 - - [20/Jun/2026:14:41:29 +0200] "GET /2026/02/26/spielsaal-abzuglich-kontoverbindung-beste-online-casinos-blos-registrierung/ HTTP/1.1" 200 0 "-" "Mozilla/5.0 (compatible; Barkrowler/0.9; +https://babbar.tech/crawler)"
185.252.223.21 - - [20/Jun/2026:14:43:38 +0200] "POST /xmlrpc.php HTTP/1.1" 200 5926 "-" "Mozilla/5.0 (Windows NT 10.0; Win64; x64) AppleWebKit/537.36 (KHTML, like Gecko) Chrome/114.0.0.0 Safari/537.36"
217.113.194.127 - - [20/Jun/2026:14:44:01 +0200] "GET /2026/01/21/harbors-jungle-casino-comment-professional-casino-casumo-sign-up-bonus-and-pro-reviews-2026/ HTTP/1.1" 200 0 "-" "Mozilla/5.0 (compatible; Barkrowler/0.9; +https://babbar.tech/crawler)"
217.113.194.126 - - [20/Jun/2026:14:28:35 +0200] "GET /2026/04/03/casinos-uber-sofortauszahlung-gewinne-ausschutten-inwendig-minuten/ HTTP/1.1" 200 0 "-" "Mozilla/5.0 (compatible; Barkrowler/0.9; +https://babbar.tech/crawler)"
217.113.194.129 - - [20/Jun/2026:14:29:36 +0200] "GET /2026/04/30/spil-tilslutte-kasino-pa-danmarks-netent-casino-slots-bedste-spilleside/ HTTP/1.1" 200 0 "-" "Mozilla/5.0 (compatible; Barkrowler/0.9; +https://babbar.tech/crawler)"
217.113.194.125 - - [20/Jun/2026:14:31:07 +0200] "GET /2026/05/30/casino-joy-erprobung-80-erste-seite-freispiele-gratis-groses-bonuspaket/ HTTP/1.1" 200 0 "-" "Mozilla/5.0 (compatible; Barkrowler/0.9; +https://babbar.tech/crawler)"
217.113.194.124 - - [20/Jun/2026:14:32:08 +0200] "GET /2026/04/22/bovegas-25-free-spins-no-deposit-2024-gambling-enterprise-remark-finalized/ HTTP/1.1" 200 0 "-" "Mozilla/5.0 (compatible; Barkrowler/0.9; +https://babbar.tech/crawler)"
217.113.194.131 - - [20/Jun/2026:14:34:09 +0200] "GET /2026/04/24/roulette-is-popular-alternatives-certainly-toward-range-gambling-establishment-dining-table-games/ HTTP/1.1" 200 0 "-" "Mozilla/5.0 (compatible; Barkrowler/0.9; +https://babbar.tech/crawler)"
217.113.194.228 - - [20/Jun/2026:14:34:40 +0200] "GET /2026/04/24/gager-a-cet%EF%BF%BDegard-de-la-maille-reel-via-mon-salle-de-jeu-un-brin/ HTTP/1.1" 200 0 "-" "Mozilla/5.0 (compatible; Barkrowler/0.9; +https://babbar.tech/crawler)"
46.151.24.148 - - [20/Jun/2026:14:35:10 +0200] "GET /2026/06/01/bdmbets-casino-zanesljivost-igre/ HTTP/1.1" 200 0 "https://themomotimes.com/" "Mozilla/5.0 (Macintosh; Intel Mac OS X 10_15_7) AppleWebKit/605.1.15 (KHTML, like Gecko) Version/26.2 Safari/605.1.15"
190.212.210.1 - - [20/Jun/2026:14:35:20 +0200] "GET /2026/06/20/pinco-online-kazino-2026-yeni-trendlr-v-267/ HTTP/2" 200 0 "-" "Mozilla/5.0 (Linux; Android 10; K) AppleWebKit/537.36 (KHTML, like Gecko) Chrome/123.0.0.0 Mobile Safari/537.36"
136.243.228.177 - - [20/Jun/2026:14:36:10 +0200] "GET /2026/04/06/thank-goodness-no-deposit-gambling-enterprise-bonuses-cellular-offer-some-sweet-professionals/ HTTP/1.1" 200 0 "-" "Mozilla/5.0 (compatible; DataForSeoBot/1.0; +https://dataforseo.com/dataforseo-bot)"
217.113.194.131 - - [20/Jun/2026:14:37:57 +0200] "GET /2026/04/23/as-to-why-ignition-is-among-the-most-top-on-the-range-gambling-establishment-taking-cover/ HTTP/1.1" 200 0 "-" "Mozilla/5.0 (compatible; Barkrowler/0.9; +https://babbar.tech/crawler)"
217.113.194.124 - - [20/Jun/2026:14:39:43 +0200] "GET /2026/05/27/desafia-tu-suerte-y-estrategia-lleva-a-tu-gallina-al-premio-3/ HTTP/1.1" 200 0 "-" "Mozilla/5.0 (compatible; Barkrowler/0.9; +https://babbar.tech/crawler)"
217.113.194.124 - - [20/Jun/2026:14:40:44 +0200] "GET /2026/05/12/gamble-100-percent-free-purple-tiger-gambling-ports-online-yellow-tiger-playing-ports-comment-2026/ HTTP/1.1" 200 0 "-" "Mozilla/5.0 (compatible; Barkrowler/0.9; +https://babbar.tech/crawler)"
217.113.194.126 - - [20/Jun/2026:14:40:59 +0200] "GET /2026/05/12/puedo-lucro-ciertamente-utilizando-algun-bono-desprovisto-deposito/ HTTP/1.1" 200 0 "-" "Mozilla/5.0 (compatible; Barkrowler/0.9; +https://babbar.tech/crawler)"
217.113.194.127 - - [20/Jun/2026:14:41:44 +0200] "GET /2026/02/26/au-top-dix-des-applications-de-gaming-qui-assument-en-compagnie-de-largent-profond-de-2025/ HTTP/1.1" 200 0 "-" "Mozilla/5.0 (compatible; Barkrowler/0.9; +https://babbar.tech/crawler)"
217.113.194.228 - - [20/Jun/2026:14:42:15 +0200] "GET /2026/04/05/many-reasons-exist-as-to-why-an-internet-casino-would-like-to-use-a-promotion-password/ HTTP/1.1" 200 0 "-" "Mozilla/5.0 (compatible; Barkrowler/0.9; +https://babbar.tech/crawler)"
65.21.228.101 - - [20/Jun/2026:14:45:35 +0200] "POST /wp-cron.php?doing_wp_cron=1781959535.1595079898834228515625 HTTP/1.1" 200 0 "-" "WordPress/7.0; https://themomotimes.com"
217.113.194.130 - - [20/Jun/2026:14:46:17 +0200] "GET /2026/02/23/50-euro-gratis-no-deposit-toeslag-sleutel-voordat-kosteloos-50-bonusgeld/ HTTP/1.1" 200 0 "-" "Mozilla/5.0 (compatible; Barkrowler/0.9; +https://babbar.tech/crawler)"
217.113.194.130 - - [20/Jun/2026:14:31:52 +0200] "GET /2025/04/21/le-strategie-fiscali-e-l-innovazione-nel-gioco-digitale-analisi-e-prospettive/ HTTP/1.1" 200 0 "-" "Mozilla/5.0 (compatible; Barkrowler/0.9; +https://babbar.tech/crawler)"
217.113.194.228 - - [20/Jun/2026:14:33:09 +0200] "GET /2026/04/23/how-we-pick-casinos-on-the-internet-to-get-perhaps-not-damaging-to-bien-au-people/ HTTP/1.1" 200 0 "-" "Mozilla/5.0 (compatible; Barkrowler/0.9; +https://babbar.tech/crawler)"
136.243.228.177 - - [20/Jun/2026:14:35:07 +0200] "GET /2026/06/05/betparx-local-casino-promo-password-broad-step-one100-bonus-can-get-pokie-book-of-ra-30-2026/ HTTP/1.1" 200 0 "-" "Mozilla/5.0 (compatible; DataForSeoBot/1.0; +https://dataforseo.com/dataforseo-bot)"
136.243.228.177 - - [20/Jun/2026:14:35:46 +0200] "GET /2026/04/06/plutot-agile-ayant-trait-aux-cryptomonnaies-eux-memes-aillent-sur-extremum-3-jours-pour-les-payements/ HTTP/1.1" 200 0 "-" "Mozilla/5.0 (compatible; DataForSeoBot/1.0; +https://dataforseo.com/dataforseo-bot)"
45.226.227.195 - - [20/Jun/2026:14:38:38 +0200] "GET /2026/06/20/pinco-online-kazino-2026-pulsuz-dvriyylr-v-86/ HTTP/2" 200 0 "-" "Mozilla/5.0 (Linux; Android 10; K) AppleWebKit/537.36 (KHTML, like Gecko) Chrome/123.0.0.0 Mobile Safari/537.36"
217.113.194.248 - - [20/Jun/2026:14:43:15 +0200] "GET /2026/01/16/better-online-slots-the-real-deal-cash-in-2026-ten-best-gambling-establishment-web-sites/ HTTP/1.1" 200 0 "-" "Mozilla/5.0 (compatible; Barkrowler/0.9; +https://babbar.tech/crawler)"
57.128.22.95 - - [20/Jun/2026:14:43:27 +0200] "GET /2026/05/20/sankra-casino-decouvrez-les-secrets-2/ HTTP/1.1" 200 0 "https://themomotimes.com/" "Mozilla/5.0 (Windows NT 10.0; Win64; x64) AppleWebKit/537.36 (KHTML, like Gecko) Chrome/130.0.0.0 Safari/537.36"
185.252.223.21 - - [20/Jun/2026:14:42:49 +0200] "POST /xmlrpc.php HTTP/1.1" 200 5929 "-" "Mozilla/5.0 (Windows NT 10.0; Win64; x64) AppleWebKit/537.36 (KHTML, like Gecko) Chrome/114.0.0.0 Safari/537.36"
146.70.226.22 - - [20/Jun/2026:14:44:52 +0200] "POST /xmlrpc.php HTTP/1.1" 200 5929 "-" "Mozilla/5.0 (Windows NT 10.0; Win64; x64) AppleWebKit/537.36 (KHTML, like Gecko) Chrome/114.0.0.0 Safari/537.36"
103.166.65.192 - - [20/Jun/2026:14:45:37 +0200] "GET /2026/06/20/casino-non-aams-in-italia-come-scegliere-il-casin-6/ HTTP/2" 200 0 "-" "Mozilla/5.0 (Linux; Android 10; K) AppleWebKit/537.36 (KHTML, like Gecko) Chrome/123.0.0.0 Mobile Safari/537.36"
146.70.226.22 - - [20/Jun/2026:14:45:40 +0200] "POST /xmlrpc.php HTTP/1.1" 200 15367 "-" "Mozilla/5.0 (Windows NT 10.0; Win64; x64) AppleWebKit/537.36 (KHTML, like Gecko) Chrome/114.0.0.0 Safari/537.36"
146.70.226.22 - - [20/Jun/2026:14:45:40 +0200] "GET /2026/06/20/specific-operators-prefer-to-avoid-the-ukgc-licensing-techniques-whilst-will-be-pricey-and-you-will-rigorous/ HTTP/1.1" 200 0 "-" "Mozilla/5.0 (Windows NT 10.0; Win64; x64) AppleWebKit/537.36 (KHTML, like Gecko) Chrome/124.0.0.0 Safari/537.36 Edg/124.0.0.0"
