146.70.226.22 - - [20/Jun/2026:18:43:16 +0200] "POST /xmlrpc.php HTTP/1.1" 200 14266 "-" "Mozilla/5.0 (Windows NT 10.0; Win64; x64) AppleWebKit/537.36 (KHTML, like Gecko) Chrome/114.0.0.0 Safari/537.36"
146.70.226.22 - - [20/Jun/2026:18:43:17 +0200] "GET /2026/06/20/igualmente-amistades-igual-que-bonos-sobre-registro-son-bonos-cual-solamente-podrian-conseguir-los-cero-millas-personas/ HTTP/1.1" 200 0 "-" "Mozilla/5.0 (Windows NT 10.0; Win64; x64) AppleWebKit/537.36 (KHTML, like Gecko) Chrome/123.0.0.0 Safari/537.36"
146.70.226.22 - - [20/Jun/2026:18:43:17 +0200] "POST /xmlrpc.php HTTP/1.1" 200 5926 "-" "Mozilla/5.0 (Windows NT 10.0; Win64; x64) AppleWebKit/537.36 (KHTML, like Gecko) Chrome/114.0.0.0 Safari/537.36"
217.113.194.227 - - [20/Jun/2026:18:44:30 +0200] "GET /2026/05/08/greatest-online-slots-games-playing-in-30-free-spins-pure-platinum-the-2026-the-best-guide-to-slots/ HTTP/1.1" 200 0 "-" "Mozilla/5.0 (compatible; Barkrowler/0.9; +https://babbar.tech/crawler)"
217.113.194.126 - - [20/Jun/2026:18:46:01 +0200] "GET /2026/05/08/spin-cuatro-casino-21-prive-free-spins-totally-free-ugc-codes-april-2025/ HTTP/1.1" 200 0 "-" "Mozilla/5.0 (compatible; Barkrowler/0.9; +https://babbar.tech/crawler)"
217.113.194.127 - - [20/Jun/2026:18:36:09 +0200] "GET /2026/04/14/tragaperras-treasure-island-tratar-de-balde-casino-attila-en-una-tragamonedas-en-internet/ HTTP/1.1" 200 0 "-" "Mozilla/5.0 (compatible; Barkrowler/0.9; +https://babbar.tech/crawler)"
217.113.194.248 - - [20/Jun/2026:18:36:54 +0200] "GET /2026/04/14/a-great-one-deposit-local-casino-will-normally-possess-some-sort-of-join-provide-available/ HTTP/1.1" 200 0 "-" "Mozilla/5.0 (compatible; Barkrowler/0.9; +https://babbar.tech/crawler)"
217.113.194.128 - - [20/Jun/2026:18:38:25 +0200] "GET /2026/03/31/fire-joker-slot-opinion-enjoy-100-percent-50-free-spins-on-jurassic-giants-free-demo-2026/ HTTP/1.1" 200 0 "-" "Mozilla/5.0 (compatible; Barkrowler/0.9; +https://babbar.tech/crawler)"
217.113.194.123 - - [20/Jun/2026:18:39:56 +0200] "GET /2026/05/13/fantastic-five-position-to-possess-50-totally-free-spins-players-paradise-somebody-players/ HTTP/1.1" 200 0 "-" "Mozilla/5.0 (compatible; Barkrowler/0.9; +https://babbar.tech/crawler)"
65.21.228.101 - - [20/Jun/2026:18:40:28 +0200] "POST /wp-cron.php?doing_wp_cron=1781973628.7498068809509277343750 HTTP/1.1" 200 0 "-" "WordPress/7.0; https://themomotimes.com"
98.98.9.51 - - [20/Jun/2026:18:40:38 +0200] "POST /xmlrpc.php HTTP/1.1" 200 5926 "-" "Mozilla/5.0 (Windows NT 10.0; Win64; x64) AppleWebKit/537.36 (KHTML, like Gecko) Chrome/114.0.0.0 Safari/537.36"
217.113.194.123 - - [20/Jun/2026:18:41:27 +0200] "GET /2026/03/21/beste-offlin-casinos-holland-2025-vinnig-gerust-betreffende-in-bankbiljet/ HTTP/1.1" 200 0 "-" "Mozilla/5.0 (compatible; Barkrowler/0.9; +https://babbar.tech/crawler)"
65.21.228.101 - - [20/Jun/2026:18:42:46 +0200] "POST /wp-cron.php?doing_wp_cron=1781973766.9519259929656982421875 HTTP/1.1" 200 0 "-" "WordPress/7.0; https://themomotimes.com"
185.252.223.20 - - [20/Jun/2026:18:42:52 +0200] "POST /xmlrpc.php HTTP/1.1" 200 17603 "-" "Mozilla/5.0 (Windows NT 10.0; Win64; x64) AppleWebKit/537.36 (KHTML, like Gecko) Chrome/114.0.0.0 Safari/537.36"
65.21.228.101 - - [20/Jun/2026:18:42:54 +0200] "POST /wp-cron.php?doing_wp_cron=1781973774.7671720981597900390625 HTTP/1.1" 200 0 "-" "WordPress/7.0; https://themomotimes.com"
185.252.223.20 - - [20/Jun/2026:18:42:53 +0200] "POST /xmlrpc.php HTTP/1.1" 200 5926 "-" "Mozilla/5.0 (Windows NT 10.0; Win64; x64) AppleWebKit/537.36 (KHTML, like Gecko) Chrome/114.0.0.0 Safari/537.36"
217.113.194.128 - - [20/Jun/2026:18:45:30 +0200] "GET /2026/05/08/and-dont-worry-spin-at-the-last-minute-%EF%BF%BD-spend-time-and-you-may-enjoy-quietly/ HTTP/1.1" 200 0 "-" "Mozilla/5.0 (compatible; Barkrowler/0.9; +https://babbar.tech/crawler)"
217.113.194.227 - - [20/Jun/2026:18:48:02 +0200] "GET /2026/02/02/utilizzando-un-premio-senza-fondo-potresti-sbattere-50%EF%BF%BD-al-blackjack/ HTTP/1.1" 200 0 "-" "Mozilla/5.0 (compatible; Barkrowler/0.9; +https://babbar.tech/crawler)"
217.113.194.122 - - [20/Jun/2026:18:51:36 +0200] "GET /2026/04/08/qualsivoglia-tipi-di-riconoscimento-sulle-piattaforme-di-scommesse-non-aams/ HTTP/1.1" 200 0 "-" "Mozilla/5.0 (compatible; Barkrowler/0.9; +https://babbar.tech/crawler)"
200.25.47.134 - - [20/Jun/2026:18:35:38 +0200] "POST /xmlrpc.php HTTP/1.1" 200 20187 "-" "Mozilla/5.0 (Windows NT 10.0; Win64; x64) AppleWebKit/537.36 (KHTML, like Gecko) Chrome/114.0.0.0 Safari/537.36"
65.21.228.101 - - [20/Jun/2026:18:40:05 +0200] "POST /wp-cron.php?doing_wp_cron=1781973605.3377680778503417968750 HTTP/1.1" 200 0 "-" "WordPress/7.0; https://themomotimes.com"
103.219.169.183 - - [20/Jun/2026:18:40:34 +0200] "POST /xmlrpc.php HTTP/1.1" 200 18682 "-" "Mozilla/5.0 (Windows NT 10.0; Win64; x64) AppleWebKit/537.36 (KHTML, like Gecko) Chrome/114.0.0.0 Safari/537.36"
65.21.228.101 - - [20/Jun/2026:18:41:32 +0200] "POST /wp-cron.php?doing_wp_cron=1781973692.1045680046081542968750 HTTP/1.1" 200 0 "-" "WordPress/7.0; https://themomotimes.com"
146.70.226.85 - - [20/Jun/2026:18:41:38 +0200] "GET /2026/06/20/hinten-umherwandern-die-zocker-hinsichtlich-hinten-hause-spuren-konnen-eltern-zahlreiche-zusatzliche-werbeangebote-vorteil/ HTTP/1.1" 200 0 "-" "Mozilla/5.0 (Windows NT 10.0; Win64; x64; rv:124.0) Gecko/20100101 Firefox/124.0"
217.113.194.128 - - [20/Jun/2026:18:42:43 +0200] "GET /2026/03/16/bono-incluso-1200-%EF%BF%BD-conseguir-descuento-gana-en-grande-active-until/ HTTP/1.1" 200 0 "-" "Mozilla/5.0 (compatible; Barkrowler/0.9; +https://babbar.tech/crawler)"
217.113.194.123 - - [20/Jun/2026:18:42:58 +0200] "GET /2026/03/16/beste-online-casinos-as-part-of-deutschland-2026-herr-wette-fur-android-unsere-traktandum-10/ HTTP/1.1" 200 0 "-" "Mozilla/5.0 (compatible; Barkrowler/0.9; +https://babbar.tech/crawler)"
217.113.194.122 - - [20/Jun/2026:18:43:14 +0200] "GET /2026/04/27/casino-utan-svensk-tillstand-dett-innefatta-innan-casinon-utan-spellicens/ HTTP/1.1" 200 0 "-" "Mozilla/5.0 (compatible; Barkrowler/0.9; +https://babbar.tech/crawler)"
77.75.76.161 - - [20/Jun/2026:18:43:15 +0200] "GET /our-story/ HTTP/1.1" 200 0 "-" "Mozilla/5.0 (compatible; SeznamBot/4.0; +https://o-seznam.cz/napoveda/vyhledavani/en/seznambot-crawler/)"
217.113.194.130 - - [20/Jun/2026:18:44:45 +0200] "GET /2026/05/08/greatest-palace-casino-signup-bonus-aristocrat-online-pokies-2025-free-gamble-aristocrat-casinos/ HTTP/1.1" 200 0 "-" "Mozilla/5.0 (compatible; Barkrowler/0.9; +https://babbar.tech/crawler)"
217.113.194.124 - - [20/Jun/2026:18:47:32 +0200] "GET /2026/05/08/the-following-is-a-list-of-one-requirements-to-look-at-just-before-positions-cellular-gambling-enterprises/ HTTP/1.1" 200 0 "-" "Mozilla/5.0 (compatible; Barkrowler/0.9; +https://babbar.tech/crawler)"
217.113.194.131 - - [20/Jun/2026:18:49:34 +0200] "GET /2026/05/04/yahoo-and-google-pay-ferner-orchard-apple-tree-pay-%EF%BF%BD-rundum-fur-unterwegs/ HTTP/1.1" 200 0 "-" "Mozilla/5.0 (compatible; Barkrowler/0.9; +https://babbar.tech/crawler)"
200.25.47.134 - - [20/Jun/2026:18:35:42 +0200] "GET /2026/06/20/%E3%81%99%E3%81%B9%E3%81%A6%E3%81%AE%E3%82%AB%E3%83%86%E3%82%B4%E3%83%AA%E3%83%BC%E3%81%8C%E3%82%AA%E3%83%B3%E3%83%A9%E3%82%A4%E3%83%B3%E3%81%A7%E7%84%A1%E6%96%99%E3%81%A7%E3%83%97%E3%83%AC%E3%82%A4/ HTTP/1.1" 200 0 "-" "Mozilla/5.0 (Windows NT 10.0; Win64; x64) AppleWebKit/537.36 (KHTML, like Gecko) Chrome/123.0.0.0 Safari/537.36"
217.113.194.122 - - [20/Jun/2026:18:38:10 +0200] "GET /2026/03/31/best-on-the-web-pokies-misty-forest-slot-free-spins-for-real-money-in-australian-continent/ HTTP/1.1" 200 0 "-" "Mozilla/5.0 (compatible; Barkrowler/0.9; +https://babbar.tech/crawler)"
98.98.9.51 - - [20/Jun/2026:18:40:18 +0200] "POST /xmlrpc.php HTTP/1.1" 200 19002 "-" "Mozilla/5.0 (Windows NT 10.0; Win64; x64) AppleWebKit/537.36 (KHTML, like Gecko) Chrome/114.0.0.0 Safari/537.36"
217.113.194.248 - - [20/Jun/2026:18:41:43 +0200] "GET /2026/04/19/offres-en-compagnie-de-pourboire-wild-dice-salle-de-jeu-allemagne-qui-vous-pourrez-fier/ HTTP/1.1" 200 0 "-" "Mozilla/5.0 (compatible; Barkrowler/0.9; +https://babbar.tech/crawler)"
65.21.228.101 - - [20/Jun/2026:18:43:11 +0200] "POST /wp-cron.php?doing_wp_cron=1781973791.6435561180114746093750 HTTP/1.1" 200 0 "-" "WordPress/7.0; https://themomotimes.com"
217.113.194.123 - - [20/Jun/2026:18:43:29 +0200] "GET /2026/04/27/admiration-for-the-specialist-or-other-participants-is-crucial-to-creating-a-pleasant-on-the-web-atmosphere/ HTTP/1.1" 200 0 "-" "Mozilla/5.0 (compatible; Barkrowler/0.9; +https://babbar.tech/crawler)"
45.250.252.162 - - [20/Jun/2026:18:43:07 +0200] "POST /xmlrpc.php HTTP/1.1" 200 5926 "-" "Mozilla/5.0 (Windows NT 10.0; Win64; x64) AppleWebKit/537.36 (KHTML, like Gecko) Chrome/114.0.0.0 Safari/537.36"
217.113.194.128 - - [20/Jun/2026:18:45:15 +0200] "GET /2026/05/08/puede-utilizarse-para-apostar-dentro-del-bingo-conforme-las-palabras-de-su-tarima/ HTTP/1.1" 200 0 "-" "Mozilla/5.0 (compatible; Barkrowler/0.9; +https://babbar.tech/crawler)"
217.113.194.248 - - [20/Jun/2026:18:47:47 +0200] "GET /2026/05/08/it-is-best-to-like-online-casino-incentive-even-offers-away-from-really-rated-gambling-enterprises/ HTTP/1.1" 200 0 "-" "Mozilla/5.0 (compatible; Barkrowler/0.9; +https://babbar.tech/crawler)"
217.113.194.130 - - [20/Jun/2026:18:51:05 +0200] "GET /2026/02/05/indirim-book-of-bet-slotlari-promosyonu-kuponlarini-nerede-bulabilirim/ HTTP/1.1" 200 0 "-" "Mozilla/5.0 (compatible; Barkrowler/0.9; +https://babbar.tech/crawler)"
217.113.194.129 - - [20/Jun/2026:18:51:21 +0200] "GET /2026/04/08/a-que-es-lo-primero-juegos-sobre-casino-en-internet-ofrecen-los-mas-grandes-ganancias/ HTTP/1.1" 200 0 "-" "Mozilla/5.0 (compatible; Barkrowler/0.9; +https://babbar.tech/crawler)"
217.113.194.123 - - [20/Jun/2026:18:47:17 +0200] "GET /2026/05/08/ten-better-alive-blackjack-websites-to-relax-and-play-and-you-may-profit-real-money-in-2026/ HTTP/1.1" 200 0 "-" "Mozilla/5.0 (compatible; Barkrowler/0.9; +https://babbar.tech/crawler)"
217.113.194.123 - - [20/Jun/2026:18:48:17 +0200] "GET /2026/02/28/unser-top-10-online-casinos-via-mr-bet-casino-anmelden-bonus-echtgeld-2026-casinotest-com/ HTTP/1.1" 200 0 "-" "Mozilla/5.0 (compatible; Barkrowler/0.9; +https://babbar.tech/crawler)"
217.113.194.122 - - [20/Jun/2026:18:49:19 +0200] "GET /2026/05/04/moglich-kasino-10-euronen-startguthaben-hier-bewachen-no-vorleistung/ HTTP/1.1" 200 0 "-" "Mozilla/5.0 (compatible; Barkrowler/0.9; +https://babbar.tech/crawler)"
217.113.194.122 - - [20/Jun/2026:18:49:50 +0200] "GET /2026/05/04/thunderstruck-dos-slot-machine-slot-lightning-link-game-take-pleasure-in-on-the-internet/ HTTP/1.1" 200 0 "-" "Mozilla/5.0 (compatible; Barkrowler/0.9; +https://babbar.tech/crawler)"
217.113.194.124 - - [20/Jun/2026:18:35:39 +0200] "GET /2026/02/03/exactly-who-doesnt-want-to-check-out-just-what-digital-fact-online-game-promote-immediately/ HTTP/1.1" 200 0 "-" "Mozilla/5.0 (compatible; Barkrowler/0.9; +https://babbar.tech/crawler)"
217.113.194.127 - - [20/Jun/2026:18:35:54 +0200] "GET /2026/04/14/avalon-step-three-stormcraft-studios-position-opinion-demo-hoot-loot-online-slot-costa-rica/ HTTP/1.1" 200 0 "-" "Mozilla/5.0 (compatible; Barkrowler/0.9; +https://babbar.tech/crawler)"
217.113.194.126 - - [20/Jun/2026:18:36:39 +0200] "GET /2026/04/14/turvallinen-ja-kasino-kasinobonukset-kasino-kuratoitu-videopeli-lapsille/ HTTP/1.1" 200 0 "-" "Mozilla/5.0 (compatible; Barkrowler/0.9; +https://babbar.tech/crawler)"
217.113.194.129 - - [20/Jun/2026:18:40:12 +0200] "GET /2026/05/13/una-vez-has-efectuado-nuestro-deposito-se-puede-colocar-del-bono-sobre-recepcion/ HTTP/1.1" 200 0 "-" "Mozilla/5.0 (compatible; Barkrowler/0.9; +https://babbar.tech/crawler)"
217.113.194.130 - - [20/Jun/2026:18:40:42 +0200] "GET /2026/05/13/97-slots-echtgeld-obsiegen-within-land-der-dichter-gemtastic-casino-und-denker/ HTTP/1.1" 200 0 "-" "Mozilla/5.0 (compatible; Barkrowler/0.9; +https://babbar.tech/crawler)"
146.70.226.85 - - [20/Jun/2026:18:40:48 +0200] "POST /xmlrpc.php HTTP/1.1" 200 5929 "-" "Mozilla/5.0 (Windows NT 10.0; Win64; x64) AppleWebKit/537.36 (KHTML, like Gecko) Chrome/114.0.0.0 Safari/537.36"
217.113.194.129 - - [20/Jun/2026:18:42:13 +0200] "GET /2026/03/16/pharaohs-fortune-spybet-login-registration-slot-rtp-96-53percent-free-igt-game/ HTTP/1.1" 200 0 "-" "Mozilla/5.0 (compatible; Barkrowler/0.9; +https://babbar.tech/crawler)"
185.252.223.20 - - [20/Jun/2026:18:42:52 +0200] "GET /2026/06/20/dodatkowy-bonus-bez-depozytu-to-jedna-z-najbardziej-atrakcyjnych-ofert-na-polskich-kasynach-online/ HTTP/1.1" 200 0 "-" "Mozilla/5.0 (Windows NT 10.0; Win64; x64) AppleWebKit/537.36 (KHTML, like Gecko) Chrome/109.0.0.0 Safari/537.36"
45.250.252.162 - - [20/Jun/2026:18:43:02 +0200] "POST /xmlrpc.php HTTP/1.1" 200 19557 "-" "Mozilla/5.0 (Windows NT 10.0; Win64; x64) AppleWebKit/537.36 (KHTML, like Gecko) Chrome/114.0.0.0 Safari/537.36"
217.113.194.228 - - [20/Jun/2026:18:43:44 +0200] "GET /2026/05/07/no-deposit-incentive-codes-private-totally-free-also-provides-in-the-eastern-emeralds-slot-machine-2026/ HTTP/1.1" 200 0 "-" "Mozilla/5.0 (compatible; Barkrowler/0.9; +https://babbar.tech/crawler)"
217.113.194.129 - - [20/Jun/2026:18:44:15 +0200] "GET /2026/05/08/better-online-casino-vikings-go-to-hell-free-spins-gambling-establishment-incentive-february-2026/ HTTP/1.1" 200 0 "-" "Mozilla/5.0 (compatible; Barkrowler/0.9; +https://babbar.tech/crawler)"
217.113.194.131 - - [20/Jun/2026:18:46:46 +0200] "GET /2026/05/08/preferible-promedio-de-la-el-mejor-casino-en-linea-de-pago-generacion-wordreference-forums/ HTTP/1.1" 200 0 "-" "Mozilla/5.0 (compatible; Barkrowler/0.9; +https://babbar.tech/crawler)"
217.113.194.126 - - [20/Jun/2026:18:47:01 +0200] "GET /2026/05/08/traktandum-8-echtgeld-werfen-sie-einen-blick-auf-den-link-casinos-inside-2026/ HTTP/1.1" 200 0 "-" "Mozilla/5.0 (compatible; Barkrowler/0.9; +https://babbar.tech/crawler)"
217.113.194.131 - - [20/Jun/2026:18:51:51 +0200] "GET /2026/03/08/comercio-en-ranura-crystal-forest-internet-sobre-lirios-secas-y-no-ha-transpirado-preservadas/ HTTP/1.1" 200 0 "-" "Mozilla/5.0 (compatible; Barkrowler/0.9; +https://babbar.tech/crawler)"
200.25.47.134 - - [20/Jun/2026:18:35:43 +0200] "POST /xmlrpc.php HTTP/1.1" 200 5926 "-" "Mozilla/5.0 (Windows NT 10.0; Win64; x64) AppleWebKit/537.36 (KHTML, like Gecko) Chrome/114.0.0.0 Safari/537.36"
217.113.194.131 - - [20/Jun/2026:18:39:41 +0200] "GET /2026/05/13/angewandten-speziellen-blick-solltest-du-unter-die-wertung-der-einsatze-verziehen/ HTTP/1.1" 200 0 "-" "Mozilla/5.0 (compatible; Barkrowler/0.9; +https://babbar.tech/crawler)"
217.113.194.123 - - [20/Jun/2026:18:40:57 +0200] "GET /2026/05/13/nunca-muchas-tragamonedas-disponen-igual-para-su-bono-desprovisto-deposito/ HTTP/1.1" 200 0 "-" "Mozilla/5.0 (compatible; Barkrowler/0.9; +https://babbar.tech/crawler)"
185.252.223.20 - - [20/Jun/2026:18:42:01 +0200] "POST /xmlrpc.php HTTP/1.1" 200 5929 "-" "Mozilla/5.0 (Windows NT 10.0; Win64; x64) AppleWebKit/537.36 (KHTML, like Gecko) Chrome/114.0.0.0 Safari/537.36"
45.250.252.162 - - [20/Jun/2026:18:42:08 +0200] "POST /xmlrpc.php HTTP/1.1" 200 5929 "-" "Mozilla/5.0 (Windows NT 10.0; Win64; x64) AppleWebKit/537.36 (KHTML, like Gecko) Chrome/114.0.0.0 Safari/537.36"
217.113.194.227 - - [20/Jun/2026:18:43:59 +0200] "GET /2026/02/24/scratch-from-treasures-ideas-on-how-to-assess-lotto-odds-cutting-edge-scratch-from-online-game-investigation/ HTTP/1.1" 200 0 "-" "Mozilla/5.0 (compatible; Barkrowler/0.9; +https://babbar.tech/crawler)"
217.113.194.123 - - [20/Jun/2026:18:45:00 +0200] "GET /2026/05/08/best-position-apps-2026-finest-mobile-video-slot-machine-bar-bar-black-sheep-online-slot-apps/ HTTP/1.1" 200 0 "-" "Mozilla/5.0 (compatible; Barkrowler/0.9; +https://babbar.tech/crawler)"
217.113.194.248 - - [20/Jun/2026:18:48:32 +0200] "GET /2026/02/28/deluxe-gambling-enterprise-inside-diberville-9380-main-ave-diberville-ms-39540-us/ HTTP/1.1" 200 0 "-" "Mozilla/5.0 (compatible; Barkrowler/0.9; +https://babbar.tech/crawler)"
217.113.194.128 - - [20/Jun/2026:18:49:03 +0200] "GET /2026/04/16/better-online-slots-games-sites-the-real-deal-currency-2025-top-ten-top-5-free-no-deposit-casinos-picks/ HTTP/1.1" 200 0 "-" "Mozilla/5.0 (compatible; Barkrowler/0.9; +https://babbar.tech/crawler)"
217.113.194.122 - - [20/Jun/2026:18:52:06 +0200] "GET /2026/03/08/resena-mr-casino-440-green-casino-argentina-bono-de-100-doscientas-partidas-sin-cargo/ HTTP/1.1" 200 0 "-" "Mozilla/5.0 (compatible; Barkrowler/0.9; +https://babbar.tech/crawler)"
65.21.228.101 - - [20/Jun/2026:18:35:32 +0200] "POST /wp-cron.php?doing_wp_cron=1781973332.6635289192199707031250 HTTP/1.1" 200 0 "-" "WordPress/7.0; https://themomotimes.com"
217.113.194.124 - - [20/Jun/2026:18:36:24 +0200] "GET /2026/04/14/scratch-mania-comment-2026-would-it-be-legitimate-play-elvis-the-king-rtp-safer/ HTTP/1.1" 200 0 "-" "Mozilla/5.0 (compatible; Barkrowler/0.9; +https://babbar.tech/crawler)"
216.73.160.162 - - [20/Jun/2026:18:37:50 +0200] "GET /wp-login.php HTTP/1.1" 200 974 "https://www.bing.com/" "Mozilla/5.0 (Macintosh; Intel Mac OS X 10_15_7; rv:121.0) Gecko/20100101 Firefox/121.0"
216.73.160.162 - - [20/Jun/2026:18:37:51 +0200] "GET /wp-admin/ HTTP/1.1" 200 1851 "-" "Mozilla/5.0 (X11; Ubuntu; Linux x86_64) AppleWebKit/537.36 (KHTML, like Gecko) Chrome/119.0.0.0 Safari/537.36"
217.113.194.129 - - [20/Jun/2026:18:37:55 +0200] "GET /2026/03/31/100-freispiele-blos-einzahlung-100-free-mermaids-pearl-slot-spins-march-2026/ HTTP/1.1" 200 0 "-" "Mozilla/5.0 (compatible; Barkrowler/0.9; +https://babbar.tech/crawler)"
17.22.245.69 - - [20/Jun/2026:18:38:25 +0200] "GET /2026/05/11/storspelare-casino-inloggning-sam-inskrivnin-tillsamman-exklusiv-extra/ HTTP/2" 200 0 "-" "Mozilla/5.0 (Macintosh; Intel Mac OS X 10_15_7) AppleWebKit/605.1.15 (KHTML, like Gecko) Version/17.4 Safari/605.1.15 (Applebot/0.1; +http://www.apple.com/go/applebot)"
103.219.169.183 - - [20/Jun/2026:18:40:36 +0200] "GET /2026/06/20/gamble-19000-100-play-for-real-money-online-slots-percent-free-ports-the-new-totally-free-slots-with-no-download/ HTTP/1.1" 200 0 "-" "Mozilla/5.0 (Windows NT 10.0; Win64; x64) AppleWebKit/537.36 (KHTML, like Gecko) Chrome/109.0.0.0 Safari/537.36"
103.219.169.183 - - [20/Jun/2026:18:40:38 +0200] "POST /xmlrpc.php HTTP/1.1" 200 5926 "-" "Mozilla/5.0 (Windows NT 10.0; Win64; x64) AppleWebKit/537.36 (KHTML, like Gecko) Chrome/114.0.0.0 Safari/537.36"
217.113.194.227 - - [20/Jun/2026:18:41:12 +0200] "GET /2026/05/13/prompt-detachment-gambling-enterprises-uk-instantaneous-payouts-greatest-internet-sites-2026/ HTTP/1.1" 200 0 "-" "Mozilla/5.0 (compatible; Barkrowler/0.9; +https://babbar.tech/crawler)"
45.250.252.162 - - [20/Jun/2026:18:43:05 +0200] "GET /2026/06/20/harbors-ninja-local-casino-no-slot-2016-gladiators-online-deposit-extra-rules-june-2026/ HTTP/1.1" 200 0 "-" "Mozilla/5.0 (Windows NT 10.0; Win64; x64; rv:125.0) Gecko/20100101 Firefox/125.0"
217.113.194.227 - - [20/Jun/2026:18:45:46 +0200] "GET /2026/05/08/forest-jim-el-alice-wonderluck-gambling-video-zeus-slot-free-spins-game-dorado-slot-microgaming/ HTTP/1.1" 200 0 "-" "Mozilla/5.0 (compatible; Barkrowler/0.9; +https://babbar.tech/crawler)"
217.113.194.228 - - [20/Jun/2026:18:48:48 +0200] "GET /2026/01/24/free-spins-no-deposit-incentive-gambling-enterprises-united-states-of-america-upgraded-january-2026/ HTTP/1.1" 200 0 "-" "Mozilla/5.0 (compatible; Barkrowler/0.9; +https://babbar.tech/crawler)"
217.113.194.129 - - [20/Jun/2026:18:50:50 +0200] "GET /2026/02/05/hace-el-trabajo-regalado-a-pharaohs-casinos-con-deposito-de-5-fortune-sobre-igt/ HTTP/1.1" 200 0 "-" "Mozilla/5.0 (compatible; Barkrowler/0.9; +https://babbar.tech/crawler)"
217.113.194.228 - - [20/Jun/2026:18:38:56 +0200] "GET /2026/03/31/finest-slot-games-big-blox-real-money-casino-programs-2025-best-cellular-gambling-enterprises/ HTTP/1.1" 200 0 "-" "Mozilla/5.0 (compatible; Barkrowler/0.9; +https://babbar.tech/crawler)"
217.113.194.227 - - [20/Jun/2026:18:39:11 +0200] "GET /2026/03/31/play-spartacus-gladiator-away-from-rome-position-cinema-classics-online-slot-online-at-no-cost/ HTTP/1.1" 200 0 "-" "Mozilla/5.0 (compatible; Barkrowler/0.9; +https://babbar.tech/crawler)"
217.113.194.227 - - [20/Jun/2026:18:39:26 +0200] "GET /2026/03/31/top-ten-cellular-gambling-enterprises-2026-finest-real-online-real-joker-poker-money-playing-applications/ HTTP/1.1" 200 0 "-" "Mozilla/5.0 (compatible; Barkrowler/0.9; +https://babbar.tech/crawler)"
217.113.194.126 - - [20/Jun/2026:18:41:58 +0200] "GET /2026/04/19/server-gar-nicht-zum-vorschein-gekommen-verbindungsprobleme-abstellen-hilfe-nach-firefox/ HTTP/1.1" 200 0 "-" "Mozilla/5.0 (compatible; Barkrowler/0.9; +https://babbar.tech/crawler)"
217.113.194.128 - - [20/Jun/2026:18:42:28 +0200] "GET /2026/03/16/wonderful-goddess-goldbet-sierra-leone-bonuses-slot-comment-free-gamble-high-volatility-igt/ HTTP/1.1" 200 0 "-" "Mozilla/5.0 (compatible; Barkrowler/0.9; +https://babbar.tech/crawler)"
217.113.194.131 - - [20/Jun/2026:18:46:16 +0200] "GET /2026/05/08/lucky-days-casino-erfahrungen-spiele-sportliches-verhalten-cobber-casino-login-schweiz-im-probe/ HTTP/1.1" 200 0 "-" "Mozilla/5.0 (compatible; Barkrowler/0.9; +https://babbar.tech/crawler)"
217.113.194.228 - - [20/Jun/2026:18:46:31 +0200] "GET /2026/05/08/free-online-ports-gamble-casinos4u-app-registration-gambling-establishment-slot-machine-games-for-fun/ HTTP/1.1" 200 0 "-" "Mozilla/5.0 (compatible; Barkrowler/0.9; +https://babbar.tech/crawler)"
217.113.194.130 - - [20/Jun/2026:18:50:05 +0200] "GET /2026/05/04/schritttempo-3-verifizierung-uber-smartphone-2-minuten-android-moglich-videos-ident-0/ HTTP/1.1" 200 0 "-" "Mozilla/5.0 (compatible; Barkrowler/0.9; +https://babbar.tech/crawler)"
217.113.194.227 - - [20/Jun/2026:18:50:20 +0200] "GET /2026/05/04/limage-de-marque-et-les-mots-des-sportifs-toi-meme-appuieront-a-faire-tout-mon-pur-selection/ HTTP/1.1" 200 0 "-" "Mozilla/5.0 (compatible; Barkrowler/0.9; +https://babbar.tech/crawler)"
217.113.194.122 - - [20/Jun/2026:18:50:35 +0200] "GET /2026/05/04/ein-unter-anderem-auszahlungen-%EF%BF%BD-zahlbar-geregelt-fur-bundesrepublik/ HTTP/1.1" 200 0 "-" "Mozilla/5.0 (compatible; Barkrowler/0.9; +https://babbar.tech/crawler)"
217.113.194.129 - - [20/Jun/2026:18:53:38 +0200] "GET /2026/03/07/betsafe-extra-laws-internet-casino-having-5-minimum-deposit-upwards-to-time-january-2026/ HTTP/1.1" 200 0 "-" "Mozilla/5.0 (compatible; Barkrowler/0.9; +https://babbar.tech/crawler)"
217.113.194.123 - - [20/Jun/2026:18:54:38 +0200] "GET /2026/03/05/unraveling-the-fresh-gifts-out-snap-this-site-of-online-casino-places-and-you-will-withdrawals/ HTTP/1.1" 200 0 "-" "Mozilla/5.0 (compatible; Barkrowler/0.9; +https://babbar.tech/crawler)"
217.113.194.228 - - [20/Jun/2026:18:56:09 +0200] "GET /2026/04/30/the-newest-cons-from-financial-transfers-is-long-withdrawal-control-minutes-and-you-may-potential-costs/ HTTP/1.1" 200 0 "-" "Mozilla/5.0 (compatible; Barkrowler/0.9; +https://babbar.tech/crawler)"
217.113.194.130 - - [20/Jun/2026:18:54:23 +0200] "GET /2026/03/05/bucks-splash-dead-or-alive-2-1-deposit-slot-remark-capture-a-chance-for-an-excellent-jackpot/ HTTP/1.1" 200 0 "-" "Mozilla/5.0 (compatible; Barkrowler/0.9; +https://babbar.tech/crawler)"
217.113.194.129 - - [20/Jun/2026:18:55:24 +0200] "GET /2026/04/03/juegas-sin-cargo-asi-como-desprovisto-descagar-tragaperras-en-internet-2026/ HTTP/1.1" 200 0 "-" "Mozilla/5.0 (compatible; Barkrowler/0.9; +https://babbar.tech/crawler)"
217.113.194.129 - - [20/Jun/2026:18:55:54 +0200] "GET /2026/05/15/it-focus-on-uk-professionals-permitting-them-to-choose-from-an-abundance-of-common-solutions/ HTTP/1.1" 200 0 "-" "Mozilla/5.0 (compatible; Barkrowler/0.9; +https://babbar.tech/crawler)"
217.113.194.227 - - [20/Jun/2026:18:59:57 +0200] "GET /2026/04/23/video-game-away-from-thrones-slots-local-casino-cellular-video-game-lost-slot-online-casino-established/ HTTP/1.1" 200 0 "-" "Mozilla/5.0 (compatible; Barkrowler/0.9; +https://babbar.tech/crawler)"
217.113.194.248 - - [20/Jun/2026:19:00:27 +0200] "GET /2026/04/23/william-hill-%EF%BF%BD-nuestro-mejor-casino-online-con-mastercard-para-sus-limites-altos-dgoj/ HTTP/1.1" 200 0 "-" "Mozilla/5.0 (compatible; Barkrowler/0.9; +https://babbar.tech/crawler)"
217.113.194.128 - - [20/Jun/2026:18:53:53 +0200] "GET /2026/03/05/finest-no-deposit-bitcoin-no-deposit-bonus-codes-casino-pocket-fruity-incentives-finest-bitcoin-bonuses/ HTTP/1.1" 200 0 "-" "Mozilla/5.0 (compatible; Barkrowler/0.9; +https://babbar.tech/crawler)"
217.113.194.123 - - [20/Jun/2026:18:56:39 +0200] "GET /2026/05/26/baba-local-casino-day-after-day-login-bonus-100-percent-free-south-carolina-offer-in-to-the/ HTTP/1.1" 200 0 "-" "Mozilla/5.0 (compatible; Barkrowler/0.9; +https://babbar.tech/crawler)"
217.113.194.127 - - [20/Jun/2026:18:59:11 +0200] "GET /2026/04/22/eye-of-hot-gems-5-einzahlung-horus-kostenlose-demo-qua-echtgeld-vortragen/ HTTP/1.1" 200 0 "-" "Mozilla/5.0 (compatible; Barkrowler/0.9; +https://babbar.tech/crawler)"
217.113.194.248 - - [20/Jun/2026:18:52:21 +0200] "GET /2026/03/03/bestes-online-beach-party-hot-bewertung-kasino-echtgeld-2026-top-versorger-im-vergleich/ HTTP/1.1" 200 0 "-" "Mozilla/5.0 (compatible; Barkrowler/0.9; +https://babbar.tech/crawler)"
217.113.194.228 - - [20/Jun/2026:18:56:55 +0200] "GET /2026/05/26/gaming-permit-state-regarding-ca-department-away-from-justice-workplace-of-your-own-attorneys-standard/ HTTP/1.1" 200 0 "-" "Mozilla/5.0 (compatible; Barkrowler/0.9; +https://babbar.tech/crawler)"
217.113.194.122 - - [20/Jun/2026:18:57:25 +0200] "GET /2026/05/26/casino-spiele-abzuglich-bonusschlitz-terminator-2-eintragung-wonnemond-2026/ HTTP/1.1" 200 0 "-" "Mozilla/5.0 (compatible; Barkrowler/0.9; +https://babbar.tech/crawler)"
217.113.194.123 - - [20/Jun/2026:18:57:40 +0200] "GET /2026/05/26/us-players-are-able-to-find-the-very-best-large-rtp-real-cash-ports-in-the-following-section/ HTTP/1.1" 200 0 "-" "Mozilla/5.0 (compatible; Barkrowler/0.9; +https://babbar.tech/crawler)"
217.113.194.126 - - [20/Jun/2026:18:57:55 +0200] "GET /2026/05/26/angeschlossen-blackjack-beherrschen-tipps-tabellen-online-casinos-sicher-ferner-kalkul/ HTTP/1.1" 200 0 "-" "Mozilla/5.0 (compatible; Barkrowler/0.9; +https://babbar.tech/crawler)"
217.113.194.129 - - [20/Jun/2026:19:00:12 +0200] "GET /2026/04/23/wager-10-to-your-ports-video-game-to-get-100-totally-free-spins-selected-games-really-worth-0/ HTTP/1.1" 200 0 "-" "Mozilla/5.0 (compatible; Barkrowler/0.9; +https://babbar.tech/crawler)"
217.113.194.248 - - [20/Jun/2026:18:52:52 +0200] "GET /2026/01/15/10-opiniones-infalibles-tres-amigos-sin-giros-sin-deposito-de-conseguir-en-los-slot/ HTTP/1.1" 200 0 "-" "Mozilla/5.0 (compatible; Barkrowler/0.9; +https://babbar.tech/crawler)"
217.113.194.123 - - [20/Jun/2026:18:55:08 +0200] "GET /robots.txt HTTP/1.1" 200 155 "-" "Mozilla/5.0 (compatible; Barkrowler/0.9; +https://babbar.tech/crawler)"
65.21.228.101 - - [20/Jun/2026:18:56:29 +0200] "POST /wp-cron.php?doing_wp_cron=1781974589.7414119243621826171875 HTTP/1.1" 200 0 "-" "WordPress/7.0; https://themomotimes.com"
146.70.226.22 - - [20/Jun/2026:18:55:44 +0200] "POST /xmlrpc.php HTTP/1.1" 200 5929 "-" "Mozilla/5.0 (Windows NT 10.0; Win64; x64) AppleWebKit/537.36 (KHTML, like Gecko) Chrome/114.0.0.0 Safari/537.36"
146.70.226.22 - - [20/Jun/2026:18:56:35 +0200] "POST /xmlrpc.php HTTP/1.1" 200 15087 "-" "Mozilla/5.0 (Windows NT 10.0; Win64; x64) AppleWebKit/537.36 (KHTML, like Gecko) Chrome/114.0.0.0 Safari/537.36"
146.70.226.22 - - [20/Jun/2026:18:56:37 +0200] "GET /2026/06/20/con-el-fin-de-ser-elegible-suelen-tendras-que-generar-una-cuenta-dentro-del-casino-desplazandolo-hacia-el-pelo-efectuar-algun-tanque/ HTTP/1.1" 200 0 "-" "Mozilla/5.0 (Windows NT 10.0; Win64; x64) AppleWebKit/537.36 (KHTML, like Gecko) Chrome/109.0.0.0 Safari/537.36"
146.70.226.22 - - [20/Jun/2026:18:56:37 +0200] "POST /xmlrpc.php HTTP/1.1" 200 5926 "-" "Mozilla/5.0 (Windows NT 10.0; Win64; x64) AppleWebKit/537.36 (KHTML, like Gecko) Chrome/114.0.0.0 Safari/537.36"
217.113.194.128 - - [20/Jun/2026:18:59:26 +0200] "GET /2026/04/23/online-slots-play-2400-jolly-beluga-whales-big-win-slot-machine-game-and-no-obtain/ HTTP/1.1" 200 0 "-" "Mozilla/5.0 (compatible; Barkrowler/0.9; +https://babbar.tech/crawler)"
217.113.194.123 - - [20/Jun/2026:18:54:08 +0200] "GET /2026/03/05/vos-salle-de-jeu-legerement-gaulois-parmi-2026-offrent-une-observation-de-jeux-immersive/ HTTP/1.1" 200 0 "-" "Mozilla/5.0 (compatible; Barkrowler/0.9; +https://babbar.tech/crawler)"
217.113.194.123 - - [20/Jun/2026:18:54:53 +0200] "GET /2026/03/05/aztec-lucky-88-android-cost-slot-100-percent-free-enjoy-on-line-casino-slots-zero-obtain/ HTTP/1.1" 200 0 "-" "Mozilla/5.0 (compatible; Barkrowler/0.9; +https://babbar.tech/crawler)"
217.113.194.248 - - [20/Jun/2026:18:59:42 +0200] "GET /2026/04/23/online-casino-teutonia-tests-neue-spielbank-bewertung-crazy-bananas-spielautomat-2026/ HTTP/1.1" 200 0 "-" "Mozilla/5.0 (compatible; Barkrowler/0.9; +https://babbar.tech/crawler)"
217.113.194.228 - - [20/Jun/2026:18:52:37 +0200] "GET /2026/03/03/free-spins-2026-neoterisch-60-freispiele-fruchtbare-seite-blos-einzahlung/ HTTP/1.1" 200 0 "-" "Mozilla/5.0 (compatible; Barkrowler/0.9; +https://babbar.tech/crawler)"
217.113.194.124 - - [20/Jun/2026:18:53:07 +0200] "GET /2026/03/02/social-hitnspin-schweiz-login-kasino-probe-2026-gametwist-vs-haupttreffer-de/ HTTP/1.1" 200 0 "-" "Mozilla/5.0 (compatible; Barkrowler/0.9; +https://babbar.tech/crawler)"
217.113.194.125 - - [20/Jun/2026:18:53:22 +0200] "GET /2026/03/07/tagesordnungspunkt-boni-abzuglich-einzahlungen-2026-casino-bonus-codes-bewachen/ HTTP/1.1" 200 0 "-" "Mozilla/5.0 (compatible; Barkrowler/0.9; +https://babbar.tech/crawler)"
217.113.194.131 - - [20/Jun/2026:18:55:39 +0200] "GET /2026/04/03/20000-juegos-sobre-casino-gratuito-acerca-50-lions-slot-en-linea-de-mexico-sin-asignacion/ HTTP/1.1" 200 0 "-" "Mozilla/5.0 (compatible; Barkrowler/0.9; +https://babbar.tech/crawler)"
217.113.194.130 - - [20/Jun/2026:18:56:24 +0200] "GET /2026/04/29/greatest-xmas-gambling-enterprise-bonuses-2026-casino-xmas-antique-riches-online-slot-diary/ HTTP/1.1" 200 0 "-" "Mozilla/5.0 (compatible; Barkrowler/0.9; +https://babbar.tech/crawler)"
217.113.194.128 - - [20/Jun/2026:18:57:10 +0200] "GET /2026/05/26/hace-el-trabajo-de-balde-gorila-chief-2-slot-de-video-en-house-of-fun-de-betsoft/ HTTP/1.1" 200 0 "-" "Mozilla/5.0 (compatible; Barkrowler/0.9; +https://babbar.tech/crawler)"
217.113.194.125 - - [20/Jun/2026:18:58:26 +0200] "GET /2025/08/31/comparatif-des-meilleures-plateformes-de-jeux-mobiles-apple-pay-vs-google-pay-l-impact-des-niveaux-vip/ HTTP/1.1" 200 0 "-" "Mozilla/5.0 (compatible; Barkrowler/0.9; +https://babbar.tech/crawler)"
217.113.194.126 - - [20/Jun/2026:18:58:41 +0200] "GET /2025/03/08/hollywood-e-la-realta-dei-casino-non-aams-cosa-si-nasconde-dietro-le-luci-della-ribalta/ HTTP/1.1" 200 0 "-" "Mozilla/5.0 (compatible; Barkrowler/0.9; +https://babbar.tech/crawler)"
217.113.194.129 - - [20/Jun/2026:18:58:56 +0200] "GET /2026/04/22/vse-co-potrebujete-vedet-o-spinko-casinu-a-jeho-nabidce-her/ HTTP/1.1" 200 0 "-" "Mozilla/5.0 (compatible; Barkrowler/0.9; +https://babbar.tech/crawler)"
217.113.194.130 - - [20/Jun/2026:18:58:11 +0200] "GET /2026/05/26/a-real-income-gambling-enterprise-gambling-casino-slot-games-video-clips-simply-the-large-gains/ HTTP/1.1" 200 0 "-" "Mozilla/5.0 (compatible; Barkrowler/0.9; +https://babbar.tech/crawler)"
217.113.194.127 - - [20/Jun/2026:19:00:42 +0200] "GET /2026/04/23/when-to-try-out-casino-games-in-your-tool-make-certain-that-you-may-be-doing-this-sensibly/ HTTP/1.1" 200 0 "-" "Mozilla/5.0 (compatible; Barkrowler/0.9; +https://babbar.tech/crawler)"
146.70.226.85 - - [20/Jun/2026:19:02:09 +0200] "POST /xmlrpc.php HTTP/1.1" 200 5929 "-" "Mozilla/5.0 (Windows NT 10.0; Win64; x64) AppleWebKit/537.36 (KHTML, like Gecko) Chrome/114.0.0.0 Safari/537.36"
217.113.194.131 - - [20/Jun/2026:19:03:59 +0200] "GET /2026/04/23/better-5-deposit-casino-starburst-ten-deposit-extra-in-the-british-2026-deposit-ten-rating-extra/ HTTP/1.1" 200 0 "-" "Mozilla/5.0 (compatible; Barkrowler/0.9; +https://babbar.tech/crawler)"
217.113.194.129 - - [20/Jun/2026:19:04:45 +0200] "GET /2026/04/23/invited-incentives-free-spins-and-cashback-even-offers-can-be-notably-offer-their-to-tackle-time/ HTTP/1.1" 200 0 "-" "Mozilla/5.0 (compatible; Barkrowler/0.9; +https://babbar.tech/crawler)"
217.113.194.123 - - [20/Jun/2026:19:05:00 +0200] "GET /2026/04/25/divertir-aux-differents-belles-concentration-casino-en-surfant-sur-incertain-ios-et-portable/ HTTP/1.1" 200 0 "-" "Mozilla/5.0 (compatible; Barkrowler/0.9; +https://babbar.tech/crawler)"
217.113.194.130 - - [20/Jun/2026:19:05:30 +0200] "GET /2026/04/23/spielautomaten-gewinnchance-casino-divine-fortune-gewinnen-wie-geschmiert-abgesprochen/ HTTP/1.1" 200 0 "-" "Mozilla/5.0 (compatible; Barkrowler/0.9; +https://babbar.tech/crawler)"
217.113.194.131 - - [20/Jun/2026:19:06:46 +0200] "GET /2026/04/23/due-to-this-that-it-gambling-establishment-is-still-our-better-solutions-within-classification/ HTTP/1.1" 200 0 "-" "Mozilla/5.0 (compatible; Barkrowler/0.9; +https://babbar.tech/crawler)"
217.113.194.248 - - [20/Jun/2026:19:08:17 +0200] "GET /2026/04/23/2-piles-o-gains-%EF%BF%BD-safest-with-the-line-local-casino-around-australia-to-have-pokies/ HTTP/1.1" 200 0 "-" "Mozilla/5.0 (compatible; Barkrowler/0.9; +https://babbar.tech/crawler)"
217.113.194.126 - - [20/Jun/2026:19:08:48 +0200] "GET /2026/04/24/sizzling-hot-leprechaun-goes-egypt-slot-deluxe-darmowy-robot-sizzling-hot-online/ HTTP/1.1" 200 0 "-" "Mozilla/5.0 (compatible; Barkrowler/0.9; +https://babbar.tech/crawler)"
146.70.226.22 - - [20/Jun/2026:19:08:38 +0200] "POST /xmlrpc.php HTTP/1.1" 200 5929 "-" "Mozilla/5.0 (Windows NT 10.0; Win64; x64) AppleWebKit/537.36 (KHTML, like Gecko) Chrome/114.0.0.0 Safari/537.36"
217.113.194.248 - - [20/Jun/2026:19:01:28 +0200] "GET /2026/04/24/no-deposit-online-pokies-2026-enjoy-pokies-without-avalon-slot-for-real-money-put/ HTTP/1.1" 200 0 "-" "Mozilla/5.0 (compatible; Barkrowler/0.9; +https://babbar.tech/crawler)"
185.252.223.20 - - [20/Jun/2026:19:02:44 +0200] "POST /xmlrpc.php HTTP/1.1" 200 14870 "-" "Mozilla/5.0 (Windows NT 10.0; Win64; x64) AppleWebKit/537.36 (KHTML, like Gecko) Chrome/114.0.0.0 Safari/537.36"
217.113.194.124 - - [20/Jun/2026:19:02:59 +0200] "GET /2026/04/23/the-get-a-hold-of-of-the-greatest-no-deposit-gambling-establishment-bonus-requirements-for-2026/ HTTP/1.1" 200 0 "-" "Mozilla/5.0 (compatible; Barkrowler/0.9; +https://babbar.tech/crawler)"
185.252.223.20 - - [20/Jun/2026:19:02:45 +0200] "POST /xmlrpc.php HTTP/1.1" 200 5926 "-" "Mozilla/5.0 (Windows NT 10.0; Win64; x64) AppleWebKit/537.36 (KHTML, like Gecko) Chrome/114.0.0.0 Safari/537.36"
217.113.194.131 - - [20/Jun/2026:19:07:01 +0200] "GET /2026/04/23/des-liberalite-sans-i%EF%BF%BD-depot-se-deroulent-ceux-la-plutot-de-largent-donne/ HTTP/1.1" 200 0 "-" "Mozilla/5.0 (compatible; Barkrowler/0.9; +https://babbar.tech/crawler)"
217.113.194.130 - - [20/Jun/2026:19:07:17 +0200] "GET /2026/04/22/post-punto-piuttosto-sinon-attiva-il-gara-somma-del-200-magro-sopra-2/ HTTP/1.1" 200 0 "-" "Mozilla/5.0 (compatible; Barkrowler/0.9; +https://babbar.tech/crawler)"
217.113.194.122 - - [20/Jun/2026:19:07:32 +0200] "GET /2026/04/23/finest-fruit-pay-casinos-on-bonus-code-casino-kaboo-the-internet-inside-the-canada-2026/ HTTP/1.1" 200 0 "-" "Mozilla/5.0 (compatible; Barkrowler/0.9; +https://babbar.tech/crawler)"
82.47.121.225 - - [20/Jun/2026:19:01:16 +0200] "GET /2026/05/25/meilleur-casino-en-ligne-un-guide-complet-2/ HTTP/1.1" 200 0 "https://themomotimes.com/" "Mozilla/5.0 (Windows NT 10.0; Win64; x64) AppleWebKit/537.36 (KHTML, like Gecko) Chrome/145.0.0.0 Safari/537.36"
217.113.194.122 - - [20/Jun/2026:19:02:13 +0200] "GET /2026/04/24/wichtig-casinos-mit-piefke-berechtigung-erlauben-momentan-doch-automatenspiele/ HTTP/1.1" 200 0 "-" "Mozilla/5.0 (compatible; Barkrowler/0.9; +https://babbar.tech/crawler)"
185.252.223.20 - - [20/Jun/2026:19:01:55 +0200] "POST /xmlrpc.php HTTP/1.1" 200 5929 "-" "Mozilla/5.0 (Windows NT 10.0; Win64; x64) AppleWebKit/537.36 (KHTML, like Gecko) Chrome/114.0.0.0 Safari/537.36"
65.21.228.101 - - [20/Jun/2026:19:02:53 +0200] "POST /wp-cron.php?doing_wp_cron=1781974973.5146698951721191406250 HTTP/1.1" 200 0 "-" "WordPress/7.0; https://themomotimes.com"
217.113.194.126 - - [20/Jun/2026:19:03:44 +0200] "GET /2026/04/24/as-to-the-reasons-ignition-is-considered-the-most-respected-on-line-gambling-establishment-for-coverage/ HTTP/1.1" 200 0 "-" "Mozilla/5.0 (compatible; Barkrowler/0.9; +https://babbar.tech/crawler)"
217.113.194.127 - - [20/Jun/2026:19:04:14 +0200] "GET /2026/04/23/best-bitcoin-online-casinos-2026-baywatch-online-slot-1219-in-grenz-exclusive-bonuses/ HTTP/1.1" 200 0 "-" "Mozilla/5.0 (compatible; Barkrowler/0.9; +https://babbar.tech/crawler)"
217.113.194.128 - - [20/Jun/2026:19:06:01 +0200] "GET /2026/04/23/es-existireren-hier-so-sehr-zahlreiche-gangbar-casinos-frei-oasis-sperrsystem/ HTTP/1.1" 200 0 "-" "Mozilla/5.0 (compatible; Barkrowler/0.9; +https://babbar.tech/crawler)"
217.113.194.126 - - [20/Jun/2026:19:07:47 +0200] "GET /2026/04/23/firstly-i-make-sure-that-the-recommended-casinos-maintain-your-study-and-your-money-safer/ HTTP/1.1" 200 0 "-" "Mozilla/5.0 (compatible; Barkrowler/0.9; +https://babbar.tech/crawler)"
185.252.223.20 - - [20/Jun/2026:19:02:45 +0200] "GET /2026/06/20/metody-wydawania-pozwalaja-komfortowo-rozumiec-zakupy-inwestycyjne-czesto-wplaty-na-kasyno-poniewaz-i-wygrane-gotowki/ HTTP/1.1" 200 0 "-" "Mozilla/5.0 (Windows NT 10.0; Win64; x64) AppleWebKit/537.36 (KHTML, like Gecko) Chrome/124.0.0.0 Safari/537.36 Edg/124.0.0.0"
146.70.226.85 - - [20/Jun/2026:19:02:58 +0200] "POST /xmlrpc.php HTTP/1.1" 200 17321 "-" "Mozilla/5.0 (Windows NT 10.0; Win64; x64) AppleWebKit/537.36 (KHTML, like Gecko) Chrome/114.0.0.0 Safari/537.36"
217.113.194.131 - - [20/Jun/2026:19:04:30 +0200] "GET /2026/04/23/bestes-mobile-kasino-taschentelefon-bitkingz-casino-bonuscodes-casino-spiele-2026/ HTTP/1.1" 200 0 "-" "Mozilla/5.0 (compatible; Barkrowler/0.9; +https://babbar.tech/crawler)"
217.113.194.131 - - [20/Jun/2026:19:06:16 +0200] "GET /2026/04/23/el-torero-slot-bericht-2026-free-play-sizzling-hot-kostenlos-spielen-demo-protestation/ HTTP/1.1" 200 0 "-" "Mozilla/5.0 (compatible; Barkrowler/0.9; +https://babbar.tech/crawler)"
217.113.194.131 - - [20/Jun/2026:19:09:18 +0200] "GET /2026/05/22/zimpler-gambling-enterprises-2026-all-the-gambling-enterprises-recognizing-zimpler-deposits/ HTTP/1.1" 200 0 "-" "Mozilla/5.0 (compatible; Barkrowler/0.9; +https://babbar.tech/crawler)"
65.21.228.101 - - [20/Jun/2026:19:09:25 +0200] "POST /wp-cron.php?doing_wp_cron=1781975365.4996280670166015625000 HTTP/1.1" 200 0 "-" "WordPress/7.0; https://themomotimes.com"
217.113.194.123 - - [20/Jun/2026:19:02:28 +0200] "GET /2026/04/24/to-protect-players-individual-and-you-can-economic-advice-casinos-on-the-internet-utilise-expert-security-measures/ HTTP/1.1" 200 0 "-" "Mozilla/5.0 (compatible; Barkrowler/0.9; +https://babbar.tech/crawler)"
217.113.194.248 - - [20/Jun/2026:19:02:43 +0200] "GET /2026/04/24/uigea-sauf-que-bizarreries-vers-linterdiction-vos-casinos-aux-differents-calculs-unis/ HTTP/1.1" 200 0 "-" "Mozilla/5.0 (compatible; Barkrowler/0.9; +https://babbar.tech/crawler)"
47.82.11.48 - - [20/Jun/2026:19:08:22 +0200] "GET /2026/02/07/ramses-publication-slot-video-game-trial-gamble-free-revolves/ HTTP/1.1" 200 0 "https://themomotimes.com/" "Mozilla/5.0 (Windows NT 10.0; Win64; x64) AppleWebKit/537.36 (KHTML, like Gecko) Chrome/126.0.0.0 Safari/537.36"
217.113.194.124 - - [20/Jun/2026:19:01:43 +0200] "GET /2026/04/24/from-the-safecanada-i-manage-giving-canadian-people-truthful-in-depth-investigation-off-safer-online-casinos/ HTTP/1.1" 200 0 "-" "Mozilla/5.0 (compatible; Barkrowler/0.9; +https://babbar.tech/crawler)"
65.21.228.101 - - [20/Jun/2026:19:02:39 +0200] "POST /wp-cron.php?doing_wp_cron=1781974959.1261250972747802734375 HTTP/1.1" 200 0 "-" "WordPress/7.0; https://themomotimes.com"
217.113.194.130 - - [20/Jun/2026:19:06:31 +0200] "GET /2026/04/23/druckgluck-erfahrungen-android-sizzling-hot-2026-bonus-sourcecode-kasino-test/ HTTP/1.1" 200 0 "-" "Mozilla/5.0 (compatible; Barkrowler/0.9; +https://babbar.tech/crawler)"
217.113.194.227 - - [20/Jun/2026:19:08:32 +0200] "GET /2026/04/23/an-informed-real-time-gambling-establishment-websites-bring-a-standard-gang-of-game-you-should-be-aware/ HTTP/1.1" 200 0 "-" "Mozilla/5.0 (compatible; Barkrowler/0.9; +https://babbar.tech/crawler)"
217.113.194.126 - - [20/Jun/2026:19:09:03 +0200] "GET /2026/05/22/unser-feuer-speiender-berg-las-vegas-nevada-spiele-kasino-%EF%BF%BD-vor-nachteile/ HTTP/1.1" 200 0 "-" "Mozilla/5.0 (compatible; Barkrowler/0.9; +https://babbar.tech/crawler)"
185.155.233.121 - - [20/Jun/2026:19:00:45 +0200] "GET /2026/05/25/meilleur-casino-en-ligne-un-guide-complet-2/ HTTP/1.1" 200 0 "https://themomotimes.com/" "Mozilla/5.0 (Windows NT 10.0; Win64; x64) AppleWebKit/537.36 (KHTML, like Gecko) Chrome/145.0.0.0 Safari/537.36"
217.113.194.131 - - [20/Jun/2026:19:01:13 +0200] "GET /2026/04/23/5-dragons-slot-by-royal-position-playing-enjoy-trial-100percent-slot-game-golden-goddess-free/ HTTP/1.1" 200 0 "-" "Mozilla/5.0 (compatible; Barkrowler/0.9; +https://babbar.tech/crawler)"
146.70.226.85 - - [20/Jun/2026:19:03:00 +0200] "GET /2026/06/20/bonusangebote-fur-neukunden-aktionen-z-hd-stammkunden-zulassen-dies-jedermann-spieler-fishnet-gewinnchancen-dahinter-hochzahlen/ HTTP/1.1" 200 0 "-" "Mozilla/5.0 (Windows NT 10.0; Win64; x64) AppleWebKit/537.36 (KHTML, like Gecko) Chrome/123.0.0.0 Safari/537.36 OPR/109.0.0.0"
146.70.226.85 - - [20/Jun/2026:19:03:00 +0200] "POST /xmlrpc.php HTTP/1.1" 200 5926 "-" "Mozilla/5.0 (Windows NT 10.0; Win64; x64) AppleWebKit/537.36 (KHTML, like Gecko) Chrome/114.0.0.0 Safari/537.36"
217.113.194.126 - - [20/Jun/2026:19:03:29 +0200] "GET /2026/04/24/ciertos-bonos-falto-tanque-solo-podemos-utilizar-acerca-de-juegos-especificos/ HTTP/1.1" 200 0 "-" "Mozilla/5.0 (compatible; Barkrowler/0.9; +https://babbar.tech/crawler)"
217.113.194.126 - - [20/Jun/2026:19:05:46 +0200] "GET /2026/04/23/stufe-four-verifizierung-via-smartphone-4-minuten-google-androide-video-clips-ident-1/ HTTP/1.1" 200 0 "-" "Mozilla/5.0 (compatible; Barkrowler/0.9; +https://babbar.tech/crawler)"
217.113.194.228 - - [20/Jun/2026:19:00:57 +0200] "GET /2026/04/23/60-spielen-sie-fruits-slot-online-ohne-download-freispiele-abzuglich-einzahlung/ HTTP/1.1" 200 0 "-" "Mozilla/5.0 (compatible; Barkrowler/0.9; +https://babbar.tech/crawler)"
217.113.194.131 - - [20/Jun/2026:19:01:58 +0200] "GET /2026/04/24/most-recent-united-states-slot-hot-fruits-10-of-america-no-deposit-casino-incentive-rules-march-2026/ HTTP/1.1" 200 0 "-" "Mozilla/5.0 (compatible; Barkrowler/0.9; +https://babbar.tech/crawler)"
217.113.194.122 - - [20/Jun/2026:19:03:14 +0200] "GET /2026/04/24/cel-mai-bun-furnizori-de-reint-gratuit-cu-unitate-get-mari-rtp-uri/ HTTP/1.1" 200 0 "-" "Mozilla/5.0 (compatible; Barkrowler/0.9; +https://babbar.tech/crawler)"
217.113.194.128 - - [20/Jun/2026:19:05:15 +0200] "GET /2026/04/23/most-readily-useful-online-casinos-united-states-2026-a-real-income-legal-local-casino-internet-sites/ HTTP/1.1" 200 0 "-" "Mozilla/5.0 (compatible; Barkrowler/0.9; +https://babbar.tech/crawler)"
217.113.194.128 - - [20/Jun/2026:19:08:02 +0200] "GET /2026/04/23/for-example-real-time-talk-mobile-help-email-address-faqs-an-assistance-community-forum-and/ HTTP/1.1" 200 0 "-" "Mozilla/5.0 (compatible; Barkrowler/0.9; +https://babbar.tech/crawler)"
217.113.194.124 - - [20/Jun/2026:19:09:33 +0200] "GET /2026/05/22/maklercourtage-exklusive-einzahlung-unser-besten-no-vorleistung-casinos-2026/ HTTP/1.1" 200 0 "-" "Mozilla/5.0 (compatible; Barkrowler/0.9; +https://babbar.tech/crawler)"
217.113.194.228 - - [20/Jun/2026:19:10:19 +0200] "GET /2026/05/22/lottery-lies-the-new-lotto-gambling-enterprise-private-no-deposit-incentive-2026-uk-disclosed/ HTTP/1.1" 200 0 "-" "Mozilla/5.0 (compatible; Barkrowler/0.9; +https://babbar.tech/crawler)"
217.113.194.228 - - [20/Jun/2026:19:11:19 +0200] "GET /2026/05/27/stringa-dei-migliori-sterminio-premio-confidenziale-di-complicato-spontaneo/ HTTP/1.1" 200 0 "-" "Mozilla/5.0 (compatible; Barkrowler/0.9; +https://babbar.tech/crawler)"
217.113.194.227 - - [20/Jun/2026:19:14:52 +0200] "GET /2026/04/05/welches-ein-zudem-qua-gangbar-casinos-exklusive-oasis-kontakt-haben-solltet/ HTTP/1.1" 200 0 "-" "Mozilla/5.0 (compatible; Barkrowler/0.9; +https://babbar.tech/crawler)"
217.113.194.129 - - [20/Jun/2026:19:15:07 +0200] "GET /2026/04/05/no-deposit-incentives-youll-have-been-in-differing-kinds-each-of-them-has-its-own-rewards/ HTTP/1.1" 200 0 "-" "Mozilla/5.0 (compatible; Barkrowler/0.9; +https://babbar.tech/crawler)"
217.113.194.129 - - [20/Jun/2026:19:16:39 +0200] "GET /2026/01/22/eye-of-horus-gratis-auffuhren-merkur-cash-elevator-online-slot-bewertung-blos-registration/ HTTP/1.1" 200 0 "-" "Mozilla/5.0 (compatible; Barkrowler/0.9; +https://babbar.tech/crawler)"
217.113.194.125 - - [20/Jun/2026:19:17:39 +0200] "GET /2026/02/23/casino-arv-liste-og-beste-dallas-spilleautomat-casinobonuser-indre-sett-norge-2026/ HTTP/1.1" 200 0 "-" "Mozilla/5.0 (compatible; Barkrowler/0.9; +https://babbar.tech/crawler)"
217.113.194.127 - - [20/Jun/2026:19:18:10 +0200] "GET /2026/03/12/mega-moolah-uk-enjoy-at-the-best-uk-gambling-deposit-5-play-with-25-casino-enterprises/ HTTP/1.1" 200 0 "-" "Mozilla/5.0 (compatible; Barkrowler/0.9; +https://babbar.tech/crawler)"
217.113.194.123 - - [20/Jun/2026:19:20:26 +0200] "GET /2026/03/09/sweet-bonanza-kundgebung-powerspin-online-slot-kostenloses-durchgang-bei-pragmatic-play/ HTTP/1.1" 200 0 "-" "Mozilla/5.0 (compatible; Barkrowler/0.9; +https://babbar.tech/crawler)"
217.113.194.127 - - [20/Jun/2026:19:21:12 +0200] "GET /2026/03/18/funky-fruits-position-review-funky-fruits-for-real-cash-canada-to-5000x-limitation-winnings/ HTTP/1.1" 200 0 "-" "Mozilla/5.0 (compatible; Barkrowler/0.9; +https://babbar.tech/crawler)"
17.241.219.112 - - [20/Jun/2026:19:23:49 +0200] "GET /2026/05/06/beste-spielcasino-softwaresystem-provider-traktandum-spielcasino-spiele-produzent-2026/ HTTP/2" 200 0 "-" "Mozilla/5.0 (Macintosh; Intel Mac OS X 10_15_7) AppleWebKit/605.1.15 (KHTML, like Gecko) Version/17.4 Safari/605.1.15 (Applebot/0.1; +http://www.apple.com/go/applebot)"
128.1.218.165 - - [20/Jun/2026:19:24:13 +0200] "POST /xmlrpc.php HTTP/1.1" 200 5929 "-" "Mozilla/5.0 (Windows NT 10.0; Win64; x64) AppleWebKit/537.36 (KHTML, like Gecko) Chrome/114.0.0.0 Safari/537.36"
128.1.218.165 - - [20/Jun/2026:19:25:07 +0200] "POST /xmlrpc.php HTTP/1.1" 200 5926 "-" "Mozilla/5.0 (Windows NT 10.0; Win64; x64) AppleWebKit/537.36 (KHTML, like Gecko) Chrome/114.0.0.0 Safari/537.36"
146.70.226.85 - - [20/Jun/2026:19:24:49 +0200] "POST /xmlrpc.php HTTP/1.1" 200 5929 "-" "Mozilla/5.0 (Windows NT 10.0; Win64; x64) AppleWebKit/537.36 (KHTML, like Gecko) Chrome/114.0.0.0 Safari/537.36"
217.113.194.129 - - [20/Jun/2026:19:26:00 +0200] "GET /2026/04/09/mon-bac-sur-rivage-de-eprouver-les-instruments-ou-attention-a-l%EF%BF%BDegard-de-blackjack/ HTTP/1.1" 200 0 "-" "Mozilla/5.0 (compatible; Barkrowler/0.9; +https://babbar.tech/crawler)"
217.113.194.125 - - [20/Jun/2026:19:12:20 +0200] "GET /2026/05/12/colaborar-a-la-ruleta-gratis-desprovisto-limites-falto-eximir-siquiera-registrarse/ HTTP/1.1" 200 0 "-" "Mozilla/5.0 (compatible; Barkrowler/0.9; +https://babbar.tech/crawler)"
217.113.194.125 - - [20/Jun/2026:19:16:24 +0200] "GET /2026/01/22/eye-of-sizzling-hot-deluxe-trick-horus-spielautomaten-mythologie-trifft-auf-extrem-gewinne/ HTTP/1.1" 200 0 "-" "Mozilla/5.0 (compatible; Barkrowler/0.9; +https://babbar.tech/crawler)"
217.113.194.129 - - [20/Jun/2026:19:19:26 +0200] "GET /2026/01/07/freispiel-spielsaal-boni-spins-exklusive-siehe-diese-seite-einzahlung-2026/ HTTP/1.1" 200 0 "-" "Mozilla/5.0 (compatible; Barkrowler/0.9; +https://babbar.tech/crawler)"
217.113.194.126 - - [20/Jun/2026:19:19:41 +0200] "GET /2026/01/19/the-reason-being-sportzino-keeps-introduced-an-exclusive-software-with-the-bing-gamble-store/ HTTP/1.1" 200 0 "-" "Mozilla/5.0 (compatible; Barkrowler/0.9; +https://babbar.tech/crawler)"
65.21.228.101 - - [20/Jun/2026:19:22:51 +0200] "POST /wp-cron.php?doing_wp_cron=1781976171.3208699226379394531250 HTTP/1.1" 200 0 "-" "WordPress/7.0; https://themomotimes.com"
128.1.218.167 - - [20/Jun/2026:19:23:04 +0200] "GET /2026/06/20/finest-alive-gambling-enterprises-united-states-of-america-2026-real-cash-real-time-traders/ HTTP/1.1" 200 0 "-" "Mozilla/5.0 (Windows NT 10.0; Win64; x64) AppleWebKit/537.36 (KHTML, like Gecko) Chrome/123.0.0.0 Safari/537.36 OPR/109.0.0.0"
128.1.218.165 - - [20/Jun/2026:19:23:58 +0200] "POST /xmlrpc.php HTTP/1.1" 200 5926 "-" "Mozilla/5.0 (Windows NT 10.0; Win64; x64) AppleWebKit/537.36 (KHTML, like Gecko) Chrome/114.0.0.0 Safari/537.36"
217.113.194.131 - - [20/Jun/2026:19:24:29 +0200] "GET /2026/05/09/druckgluck-maklercourtage-quelltext-online-casino-bezahlen-mit-visa-100-50-freispiele/ HTTP/1.1" 200 0 "-" "Mozilla/5.0 (compatible; Barkrowler/0.9; +https://babbar.tech/crawler)"
65.21.228.101 - - [20/Jun/2026:19:25:35 +0200] "POST /wp-cron.php?doing_wp_cron=1781976335.2330660820007324218750 HTTP/1.1" 200 0 "-" "WordPress/7.0; https://themomotimes.com"
146.70.226.85 - - [20/Jun/2026:19:25:40 +0200] "POST /xmlrpc.php HTTP/1.1" 200 16272 "-" "Mozilla/5.0 (Windows NT 10.0; Win64; x64) AppleWebKit/537.36 (KHTML, like Gecko) Chrome/114.0.0.0 Safari/537.36"
217.113.194.248 - - [20/Jun/2026:19:11:04 +0200] "GET /2026/05/27/sever-pentru-a-fi-te-abii-sa-nu-apei-butonul-de-activare-nu-i-aa/ HTTP/1.1" 200 0 "-" "Mozilla/5.0 (compatible; Barkrowler/0.9; +https://babbar.tech/crawler)"
