57.128.22.95 - - [20/Jun/2026:18:10:24 +0200] "GET /2026/05/20/sankra-casino-decouvrez-les-secrets-2/ HTTP/1.1" 200 0 "https://themomotimes.com/" "Mozilla/5.0 (Windows NT 10.0; Win64; x64; rv:144.0) Gecko/20100101 Firefox/144.0"
8.217.211.190 - - [20/Jun/2026:18:11:06 +0200] "GET /2026/04/13/if-you-prefer-antique-strategies-mifinity-and-you-may-skrill-is-actually-strong-choices-for-short-withdrawals/ HTTP/1.1" 200 0 "-" "AliyunSecBot/Aliyun (AliyunSecBot@service.alibaba.com)"
173.234.100.231 - - [20/Jun/2026:18:02:09 +0200] "GET /2026/05/21/gagner-avec-winbeatz-facilement-3/ HTTP/1.1" 200 0 "https://themomotimes.com/" "Mozilla/5.0 (Windows NT 10.0; Win64; x64) AppleWebKit/537.36 (KHTML, like Gecko) Chrome/144.0.0.0 Safari/537.36 OPR/128.0.0.0"
207.244.117.222 - - [20/Jun/2026:18:02:11 +0200] "GET /2026/05/21/gagner-avec-winbeatz-facilement-3/ HTTP/1.1" 200 0 "https://themomotimes.com/" "Mozilla/5.0 (Windows NT 10.0; Win64; x64) AppleWebKit/537.36 (KHTML, like Gecko) Chrome/144.0.0.0 Safari/537.36 OPR/128.0.0.0"
217.113.194.248 - - [20/Jun/2026:18:03:02 +0200] "GET /2026/05/22/cool-good-fresh-fruit-farm-trial-play-position-games-a-hundredpercent-100-percent-free/ HTTP/1.1" 200 0 "-" "Mozilla/5.0 (compatible; Barkrowler/0.9; +https://babbar.tech/crawler)"
65.21.228.101 - - [20/Jun/2026:18:03:16 +0200] "POST /wp-cron.php?doing_wp_cron=1781971396.8666720390319824218750 HTTP/1.1" 200 0 "-" "WordPress/7.0; https://themomotimes.com"
217.113.194.128 - - [20/Jun/2026:18:03:32 +0200] "GET /2026/03/25/greatest-online-best-internet-casino-slots-the-real-deal-money-huge-gambling-establishment-incentives-2026/ HTTP/1.1" 200 0 "-" "Mozilla/5.0 (compatible; Barkrowler/0.9; +https://babbar.tech/crawler)"
217.113.194.125 - - [20/Jun/2026:18:06:49 +0200] "GET /2026/01/16/eye-of-horus-multinationaler-konzern-sonnennachster-planet-slot-demonstration-echtgeld/ HTTP/1.1" 200 0 "-" "Mozilla/5.0 (compatible; Barkrowler/0.9; +https://babbar.tech/crawler)"
217.113.194.131 - - [20/Jun/2026:18:07:05 +0200] "GET /2026/01/23/uitgelezene-offlin-koi-princess-150-gratis-spins-poke-casinos-vanuit-holland-2025/ HTTP/1.1" 200 0 "-" "Mozilla/5.0 (compatible; Barkrowler/0.9; +https://babbar.tech/crawler)"
217.113.194.129 - - [20/Jun/2026:18:07:35 +0200] "GET /2026/01/21/the-brand-new-online-slots-magic-target-deluxe-no-deposit-play-the-brand-new-slot-machines-free-of-charge/ HTTP/1.1" 200 0 "-" "Mozilla/5.0 (compatible; Barkrowler/0.9; +https://babbar.tech/crawler)"
217.113.194.124 - - [20/Jun/2026:18:09:21 +0200] "GET /2026/02/23/cassinos-uma-vez-que-bonus-criancice-boas-vindas-acercade-brasil-2026/ HTTP/1.1" 200 0 "-" "Mozilla/5.0 (compatible; Barkrowler/0.9; +https://babbar.tech/crawler)"
217.113.194.128 - - [20/Jun/2026:18:10:52 +0200] "GET /2026/03/27/top-10-siti-di-tumulto-premio-escludendo-base-pronto-in-italia-dicembre-2025/ HTTP/1.1" 200 0 "-" "Mozilla/5.0 (compatible; Barkrowler/0.9; +https://babbar.tech/crawler)"
217.113.194.248 - - [20/Jun/2026:18:11:07 +0200] "GET /2026/03/27/overlaying-brand-new-regulatory-state-of-mind-is-a-structural-changes-in-the-middle-of-your-own-market/ HTTP/1.1" 200 0 "-" "Mozilla/5.0 (compatible; Barkrowler/0.9; +https://babbar.tech/crawler)"
146.70.226.22 - - [20/Jun/2026:18:12:32 +0200] "POST /xmlrpc.php HTTP/1.1" 200 5929 "-" "Mozilla/5.0 (Windows NT 10.0; Win64; x64) AppleWebKit/537.36 (KHTML, like Gecko) Chrome/114.0.0.0 Safari/537.36"
146.70.226.22 - - [20/Jun/2026:18:13:22 +0200] "POST /xmlrpc.php HTTP/1.1" 200 1686 "-" "Mozilla/5.0 (Windows NT 10.0; Win64; x64) AppleWebKit/537.36 (KHTML, like Gecko) Chrome/114.0.0.0 Safari/537.36"
146.70.226.22 - - [20/Jun/2026:18:13:29 +0200] "POST /xmlrpc.php HTTP/1.1" 200 1686 "-" "Mozilla/5.0 (Windows NT 10.0; Win64; x64) AppleWebKit/537.36 (KHTML, like Gecko) Chrome/114.0.0.0 Safari/537.36"
146.70.226.22 - - [20/Jun/2026:18:13:30 +0200] "GET /?p=676211 HTTP/1.1" 200 0 "-" "Mozilla/5.0 (Windows NT 10.0; Win64; x64) AppleWebKit/537.36 (KHTML, like Gecko) Chrome/124.0.0.0 Safari/537.36 Edg/124.0.0.0"
146.70.226.22 - - [20/Jun/2026:18:13:31 +0200] "POST /xmlrpc.php HTTP/1.1" 200 5926 "-" "Mozilla/5.0 (Windows NT 10.0; Win64; x64) AppleWebKit/537.36 (KHTML, like Gecko) Chrome/114.0.0.0 Safari/537.36"
217.113.194.125 - - [20/Jun/2026:18:14:09 +0200] "GET /2026/05/09/pinco-online-kazino-pinko-2026-qaydalar-v-rtlr-zr-bldi5997/ HTTP/1.1" 200 0 "-" "Mozilla/5.0 (compatible; Barkrowler/0.9; +https://babbar.tech/crawler)"
217.113.194.123 - - [20/Jun/2026:18:11:53 +0200] "GET /2026/03/24/beste-bitcoin-casinos-inoffizieller-mitarbeiter-jackpot-quest-1-kaution-2025-in-deutschland/ HTTP/1.1" 200 0 "-" "Mozilla/5.0 (compatible; Barkrowler/0.9; +https://babbar.tech/crawler)"
77.75.76.161 - - [20/Jun/2026:18:17:11 +0200] "GET /no-deposit-bonus-offers-at-fairspin-casino/ HTTP/1.1" 200 0 "-" "Mozilla/5.0 (compatible; SeznamBot/4.0; +https://o-seznam.cz/napoveda/vyhledavani/en/seznambot-crawler/)"
217.113.194.128 - - [20/Jun/2026:18:02:01 +0200] "GET /2026/05/27/finest-usa-real-cash-casinos-2026-20-free-spins-no-deposit-2026-verified-by-advantages/ HTTP/1.1" 200 0 "-" "Mozilla/5.0 (compatible; Barkrowler/0.9; +https://babbar.tech/crawler)"
217.113.194.127 - - [20/Jun/2026:18:02:32 +0200] "GET /2026/05/28/mostbet-az-bukmeker-ve-kazino-mostbet-giri-rsmi-sayt12693-4/ HTTP/1.1" 200 0 "-" "Mozilla/5.0 (compatible; Barkrowler/0.9; +https://babbar.tech/crawler)"
216.73.162.129 - - [20/Jun/2026:18:03:04 +0200] "POST /xmlrpc.php HTTP/1.1" 200 1884640 "-" "Mozilla/5.0 (Windows NT 10.0; WOW64) AppleWebKit/537.36 (KHTML, like Gecko) Chrome/114.0.0.0 Safari/537.36"
216.73.162.129 - - [20/Jun/2026:18:03:10 +0200] "POST /xmlrpc.php HTTP/1.1" 200 5929 "-" "Mozilla/5.0 (Windows NT 10.0; WOW64) AppleWebKit/537.36 (KHTML, like Gecko) Chrome/114.0.0.0 Safari/537.36"
216.73.162.129 - - [20/Jun/2026:18:03:13 +0200] "POST /xmlrpc.php HTTP/1.1" 200 19572 "-" "Mozilla/5.0 (Windows NT 10.0; WOW64) AppleWebKit/537.36 (KHTML, like Gecko) Chrome/114.0.0.0 Safari/537.36"
217.113.194.126 - - [20/Jun/2026:18:04:03 +0200] "GET /2026/03/25/microsoft-365-copilot-create-share-referenz-anklicken-and-collaborate-with-office-and-ki/ HTTP/1.1" 200 0 "-" "Mozilla/5.0 (compatible; Barkrowler/0.9; +https://babbar.tech/crawler)"
217.113.194.124 - - [20/Jun/2026:18:06:34 +0200] "GET /2026/04/05/die-probleme-findet-man-hinein-virtuellen-spielhallen-exklusive-registrierung-nimmer/ HTTP/1.1" 200 0 "-" "Mozilla/5.0 (compatible; Barkrowler/0.9; +https://babbar.tech/crawler)"
217.113.194.125 - - [20/Jun/2026:18:08:20 +0200] "GET /2026/01/30/the-brand-new-mom-online-double-bonus-poker-100-hand-real-money-live-dealers-1999-flick-wikipedia/ HTTP/1.1" 200 0 "-" "Mozilla/5.0 (compatible; Barkrowler/0.9; +https://babbar.tech/crawler)"
217.113.194.126 - - [20/Jun/2026:18:10:07 +0200] "GET /2026/03/18/te-dwa-jakie-cechy-jest-posiada-dobre-kasyno-posiadanie-holandii/ HTTP/1.1" 200 0 "-" "Mozilla/5.0 (compatible; Barkrowler/0.9; +https://babbar.tech/crawler)"
217.113.194.122 - - [20/Jun/2026:18:12:23 +0200] "GET /2026/03/23/jata-ka-naya-pata-1xbet-apk-ka-satha-khal-hara-pal-ramacaka/ HTTP/1.1" 200 0 "-" "Mozilla/5.0 (compatible; Barkrowler/0.9; +https://babbar.tech/crawler)"
217.113.194.124 - - [20/Jun/2026:18:13:54 +0200] "GET /2026/05/09/slots-e-mais-pagam-top-5-slots-vegas-party-giros-livres-de-slot-acercade-portugal-2026/ HTTP/1.1" 200 0 "-" "Mozilla/5.0 (compatible; Barkrowler/0.9; +https://babbar.tech/crawler)"
17.241.75.157 - - [20/Jun/2026:18:15:14 +0200] "GET /2026/06/04/los-superiores-sitios-sobre-keno-en-linea-de-2026-listado-para-los-noveno-mejores-casinos-sobre-keno/ HTTP/2" 200 0 "-" "Mozilla/5.0 (Macintosh; Intel Mac OS X 10_15_7) AppleWebKit/605.1.15 (KHTML, like Gecko) Version/17.4 Safari/605.1.15 (Applebot/0.1; +http://www.apple.com/go/applebot)"
185.3.134.93 - - [20/Jun/2026:18:02:08 +0200] "GET /2026/05/21/gagner-avec-winbeatz-facilement-3/ HTTP/1.1" 200 0 "https://themomotimes.com/" "Mozilla/5.0 (Windows NT 10.0; Win64; x64) AppleWebKit/537.36 (KHTML, like Gecko) Chrome/144.0.0.0 Safari/537.36 OPR/128.0.0.0"
47.82.11.52 - - [20/Jun/2026:18:03:29 +0200] "GET /2026/01/11/darmowe-automaty-do-odwiedzenia-zabawy-wyjawszy-rejestracji-przez-internet/ HTTP/1.1" 200 0 "https://themomotimes.com/" "Mozilla/5.0 (Windows NT 10.0; Win64; x64) AppleWebKit/537.36 (KHTML, like Gecko) Chrome/135.0.0.0 Safari/537.36"
217.113.194.131 - - [20/Jun/2026:18:03:47 +0200] "GET /2026/03/25/always-play-the-free-demo-slot-prior-to-betting-a-real-income-into-the-real-time-online-game/ HTTP/1.1" 200 0 "-" "Mozilla/5.0 (compatible; Barkrowler/0.9; +https://babbar.tech/crawler)"
217.113.194.125 - - [20/Jun/2026:18:07:50 +0200] "GET /2026/01/30/better-online-the-knockout-site-slots-games-in-america-2026-gamble-real-money-condition-video-game/ HTTP/1.1" 200 0 "-" "Mozilla/5.0 (compatible; Barkrowler/0.9; +https://babbar.tech/crawler)"
217.113.194.227 - - [20/Jun/2026:18:08:51 +0200] "GET /2026/04/02/coupure-en-compagnie-de-carrousel-sur-le-casino-parmi-trajectoire-recompense-sans-nul-classe/ HTTP/1.1" 200 0 "-" "Mozilla/5.0 (compatible; Barkrowler/0.9; +https://babbar.tech/crawler)"
217.113.194.126 - - [20/Jun/2026:18:10:37 +0200] "GET /2026/03/15/win-larger-at-play-regal-app-the-slotocash-which-have-an-excellent-7777-bonus/ HTTP/1.1" 200 0 "-" "Mozilla/5.0 (compatible; Barkrowler/0.9; +https://babbar.tech/crawler)"
217.113.194.123 - - [20/Jun/2026:18:13:24 +0200] "GET /2026/03/17/desplazandolo-hacia-el-pelo-que-ademis-nos-deja-aumentar-la-ocio-para-ocho/ HTTP/1.1" 200 0 "-" "Mozilla/5.0 (compatible; Barkrowler/0.9; +https://babbar.tech/crawler)"
217.113.194.128 - - [20/Jun/2026:18:14:39 +0200] "GET /2026/05/09/casino-quelque-peu-betway-jeux-de-salle-pas-de-depot-hitnspin-casinos-de-jeu-quelque-peu/ HTTP/1.1" 200 0 "-" "Mozilla/5.0 (compatible; Barkrowler/0.9; +https://babbar.tech/crawler)"
217.113.194.127 - - [20/Jun/2026:18:16:56 +0200] "GET /2026/03/04/gamble-book-of-gold-classic-slot-19120-100-percent-free-position-games-98-5-rtp-zero-install/ HTTP/1.1" 200 0 "-" "Mozilla/5.0 (compatible; Barkrowler/0.9; +https://babbar.tech/crawler)"
217.113.194.227 - - [20/Jun/2026:18:17:57 +0200] "GET /2026/01/17/yukon-gold-salle-de-jeu-un-casino-de-depot-de-5-island-tantinet-cent-tours-gratis-150/ HTTP/1.1" 200 0 "-" "Mozilla/5.0 (compatible; Barkrowler/0.9; +https://babbar.tech/crawler)"
217.113.194.128 - - [20/Jun/2026:18:01:46 +0200] "GET /2026/05/27/mermaids-pearl-estudio-exhaustivo-y-consejos-official-ranura-secret-of-the-stones-website/ HTTP/1.1" 200 0 "-" "Mozilla/5.0 (compatible; Barkrowler/0.9; +https://babbar.tech/crawler)"
8.217.212.110 - - [20/Jun/2026:18:02:52 +0200] "GET /2026/04/01/thunderstruck-ii-casino-slot-games-wager-online-casino-highest-payout-rate-100-percent-free-with-no-down-load/ HTTP/1.1" 200 0 "-" "AliyunSecBot/Aliyun (AliyunSecBot@service.alibaba.com)"
217.113.194.126 - - [20/Jun/2026:18:05:18 +0200] "GET /2026/05/12/finest-realtime-gambling-gambling-enterprises-2026-get-a-hold-of-full-remark-most-useful-record/ HTTP/1.1" 200 0 "-" "Mozilla/5.0 (compatible; Barkrowler/0.9; +https://babbar.tech/crawler)"
217.113.194.131 - - [20/Jun/2026:18:06:04 +0200] "GET /2026/05/12/termine-vos-bilans-assommant-en-compagnie-de-comprendre-si-vous-pourrez-abriter-des-gestions/ HTTP/1.1" 200 0 "-" "Mozilla/5.0 (compatible; Barkrowler/0.9; +https://babbar.tech/crawler)"
217.113.194.129 - - [20/Jun/2026:18:06:19 +0200] "GET /2026/04/05/if-youre-exterior-those-locations-you-generally-cant-availability-real-cash-no-deposit-bonuses/ HTTP/1.1" 200 0 "-" "Mozilla/5.0 (compatible; Barkrowler/0.9; +https://babbar.tech/crawler)"
217.113.194.126 - - [20/Jun/2026:18:11:22 +0200] "GET /2026/03/27/casinos-qua-rapider-ausschuttung-2026-gewinne-schlichtweg-auf-das-bankverbindung/ HTTP/1.1" 200 0 "-" "Mozilla/5.0 (compatible; Barkrowler/0.9; +https://babbar.tech/crawler)"
217.113.194.131 - - [20/Jun/2026:18:12:08 +0200] "GET /2026/03/24/czy-dodatkowy-bez-depozytu-mozesz-laczyc-z-innymi-promocjami/ HTTP/1.1" 200 0 "-" "Mozilla/5.0 (compatible; Barkrowler/0.9; +https://babbar.tech/crawler)"
217.113.194.125 - - [20/Jun/2026:18:13:39 +0200] "GET /2026/05/09/however-no-deposit-incentives-for-british-participants-commonly-because-the-finest-as-you-need/ HTTP/1.1" 200 0 "-" "Mozilla/5.0 (compatible; Barkrowler/0.9; +https://babbar.tech/crawler)"
217.113.194.228 - - [20/Jun/2026:18:15:55 +0200] "GET /2026/05/05/du-bekommst-die-authentische-komposition-alle-originalitat-ereignis-und-sozialer-interaktion/ HTTP/1.1" 200 0 "-" "Mozilla/5.0 (compatible; Barkrowler/0.9; +https://babbar.tech/crawler)"
217.113.194.131 - - [20/Jun/2026:18:16:26 +0200] "GET /2026/03/04/trendy-fruit-ranch-slot-review-92-07-bonus-slot-explosive-reels-rtp-playtech-2026/ HTTP/1.1" 200 0 "-" "Mozilla/5.0 (compatible; Barkrowler/0.9; +https://babbar.tech/crawler)"
217.113.194.227 - - [20/Jun/2026:18:16:41 +0200] "GET /2026/03/04/a-knowledgeable-free-spins-local-casino-incentives-in-america-no-deposit-bonus-free-spins-2026/ HTTP/1.1" 200 0 "-" "Mozilla/5.0 (compatible; Barkrowler/0.9; +https://babbar.tech/crawler)"
217.113.194.128 - - [20/Jun/2026:18:17:11 +0200] "GET /2026/04/10/mr-noviline-video-slots-bet-spielsaal-beste-50-fs-provision-offerte-as-part-of-osterreich/ HTTP/1.1" 200 0 "-" "Mozilla/5.0 (compatible; Barkrowler/0.9; +https://babbar.tech/crawler)"
146.70.226.85 - - [20/Jun/2026:18:18:03 +0200] "GET /2026/06/20/aufmerksam-sie-sind-im-sinne-einem-erreichtem-ebene-freispiele-weiters-geldpreise-vergeben/ HTTP/1.1" 200 0 "-" "Mozilla/5.0 (Windows NT 10.0; Win64; x64) AppleWebKit/537.36 (KHTML, like Gecko) Chrome/123.0.0.0 Safari/537.36 OPR/109.0.0.0"
217.113.194.227 - - [20/Jun/2026:18:18:12 +0200] "GET /2026/01/31/casino-westace-excelentes-bonos-de-casinos-en-internet-de-balde-falto-tanque-sobre-2025/ HTTP/1.1" 200 0 "-" "Mozilla/5.0 (compatible; Barkrowler/0.9; +https://babbar.tech/crawler)"
212.231.121.124 - - [20/Jun/2026:18:15:18 +0200] "GET /2026/03/16/the-effects-of-testosterone-aqueous-suspension-benefits-and-considerations/ HTTP/1.1" 200 0 "-" "GuzzleHttp/7"
17.241.75.180 - - [20/Jun/2026:18:16:19 +0200] "GET /2026/05/15/agencje-pomost-mostkowy-played-bylo-swietnym-mieszkaniem-w-przypadku-poszukujesz-rzetelnej-staromodnej-rozrywki/ HTTP/2" 200 0 "-" "Mozilla/5.0 (Macintosh; Intel Mac OS X 10_15_7) AppleWebKit/605.1.15 (KHTML, like Gecko) Version/17.4 Safari/605.1.15 (Applebot/0.1; +http://www.apple.com/go/applebot)"
65.21.228.101 - - [20/Jun/2026:18:17:57 +0200] "POST /wp-cron.php?doing_wp_cron=1781972277.3441710472106933593750 HTTP/1.1" 200 0 "-" "WordPress/7.0; https://themomotimes.com"
217.113.194.227 - - [20/Jun/2026:18:02:47 +0200] "GET /2026/05/27/let-us-have-a-look-at-whether-5-minimum-put-gambling-enterprises-will-be-correct-fit-for-you/ HTTP/1.1" 200 0 "-" "Mozilla/5.0 (compatible; Barkrowler/0.9; +https://babbar.tech/crawler)"
47.82.11.127 - - [20/Jun/2026:18:05:35 +0200] "GET /2026/01/14/proverennye-gypsy-rose-casino-turniry-cs2-igray-na-nastoyshchikh-serverakh/ HTTP/1.1" 200 0 "https://themomotimes.com/" "Mozilla/5.0 (Windows NT 10.0; Win64; x64; rv:137.0) Gecko/20100101 Firefox/137.0"
217.113.194.126 - - [20/Jun/2026:18:05:49 +0200] "GET /2026/05/12/discover-either-some-the-fresh-new-gambling-establishment-websites-that-have-a-no-deposit-extra/ HTTP/1.1" 200 0 "-" "Mozilla/5.0 (compatible; Barkrowler/0.9; +https://babbar.tech/crawler)"
217.113.194.126 - - [20/Jun/2026:18:08:36 +0200] "GET /2026/04/02/merecen-la-pena-las-prerrogativas-para-casinos-online-carente-autorizacion-de-la-dgoj/ HTTP/1.1" 200 0 "-" "Mozilla/5.0 (compatible; Barkrowler/0.9; +https://babbar.tech/crawler)"
57.128.22.95 - - [20/Jun/2026:18:10:24 +0200] "GET /2026/05/20/sankra-casino-decouvrez-les-secrets-2/ HTTP/1.1" 200 0 "https://themomotimes.com/" "Mozilla/5.0 (Windows NT 10.0; Win64; x64; rv:144.0) Gecko/20100101 Firefox/144.0"
217.113.194.131 - - [20/Jun/2026:18:12:38 +0200] "GET /2026/03/23/a-legjobb-online-kaszino-befizetes-nelkuli-bonuszkodok-2026-ban/ HTTP/1.1" 200 0 "-" "Mozilla/5.0 (compatible; Barkrowler/0.9; +https://babbar.tech/crawler)"
217.113.194.130 - - [20/Jun/2026:18:14:24 +0200] "GET /2026/05/09/queen-of-ones-nile-dos-slots-comment-2026-victory-to-3one-hundred-thousand-coins/ HTTP/1.1" 200 0 "-" "Mozilla/5.0 (compatible; Barkrowler/0.9; +https://babbar.tech/crawler)"
217.113.194.126 - - [20/Jun/2026:18:15:10 +0200] "GET /2026/04/09/votre-prime-orient-ideal-avant-tout-dans-amuser-en-compagnie-de-tout-mon-porte-monnaie-grasses/ HTTP/1.1" 200 0 "-" "Mozilla/5.0 (compatible; Barkrowler/0.9; +https://babbar.tech/crawler)"
217.113.194.128 - - [20/Jun/2026:18:16:10 +0200] "GET /2026/01/08/nachfolgende-besten-spielbank-spiele-angeschlossen-via-echtgeld-und-kostenlos/ HTTP/1.1" 200 0 "-" "Mozilla/5.0 (compatible; Barkrowler/0.9; +https://babbar.tech/crawler)"
217.113.194.248 - - [20/Jun/2026:18:17:26 +0200] "GET /2026/04/12/gambling-establishment-incentives-was-court-in-britain-when-they-are-given-by-the-authorized-operators/ HTTP/1.1" 200 0 "-" "Mozilla/5.0 (compatible; Barkrowler/0.9; +https://babbar.tech/crawler)"
146.70.226.85 - - [20/Jun/2026:18:17:13 +0200] "POST /xmlrpc.php HTTP/1.1" 200 5929 "-" "Mozilla/5.0 (Windows NT 10.0; Win64; x64) AppleWebKit/537.36 (KHTML, like Gecko) Chrome/114.0.0.0 Safari/537.36"
146.70.226.85 - - [20/Jun/2026:18:18:02 +0200] "POST /xmlrpc.php HTTP/1.1" 200 16168 "-" "Mozilla/5.0 (Windows NT 10.0; Win64; x64) AppleWebKit/537.36 (KHTML, like Gecko) Chrome/114.0.0.0 Safari/537.36"
217.113.194.126 - - [20/Jun/2026:18:04:48 +0200] "GET /2026/05/12/most-useful-united-kingdom-local-casino-sites-2026-most-readily-useful-casinos-on-the-internet-ranked/ HTTP/1.1" 200 0 "-" "Mozilla/5.0 (compatible; Barkrowler/0.9; +https://babbar.tech/crawler)"
217.113.194.130 - - [20/Jun/2026:18:05:03 +0200] "GET /2026/05/12/ideal-rubyplay-gambling-enterprises-when-you-look-at-the-2026-rubyplay-gambling-enterprise-internet/ HTTP/1.1" 200 0 "-" "Mozilla/5.0 (compatible; Barkrowler/0.9; +https://babbar.tech/crawler)"
57.128.22.95 - - [20/Jun/2026:18:10:24 +0200] "GET /2026/05/20/sankra-casino-decouvrez-les-secrets-2/ HTTP/1.1" 200 0 "https://themomotimes.com/" "Mozilla/5.0 (Windows NT 10.0; Win64; x64; rv:144.0) Gecko/20100101 Firefox/144.0"
217.113.194.131 - - [20/Jun/2026:18:11:38 +0200] "GET /2026/03/24/bitcoin-gambling-enterprise-incentives-within-ramses-book-casinos-the-2026-their-bonus-publication-bgg/ HTTP/1.1" 200 0 "-" "Mozilla/5.0 (compatible; Barkrowler/0.9; +https://babbar.tech/crawler)"
217.113.194.248 - - [20/Jun/2026:18:13:09 +0200] "GET /2026/03/17/la-manera-sobre-como-eximir-la-app-sobre-stake-referente-a-android-sitio-ios/ HTTP/1.1" 200 0 "-" "Mozilla/5.0 (compatible; Barkrowler/0.9; +https://babbar.tech/crawler)"
217.113.194.129 - - [20/Jun/2026:18:14:55 +0200] "GET /2026/05/09/do-urzadzen-ios-oprogramowanie-jest-pomoc-do-pobrania-posiadanie-app-store/ HTTP/1.1" 200 0 "-" "Mozilla/5.0 (compatible; Barkrowler/0.9; +https://babbar.tech/crawler)"
217.113.194.227 - - [20/Jun/2026:18:15:40 +0200] "GET /2026/04/09/blackjack-strategie-verzeichnis-slot-hot-roll-super-times-je-ordentliche-entscheidungen/ HTTP/1.1" 200 0 "-" "Mozilla/5.0 (compatible; Barkrowler/0.9; +https://babbar.tech/crawler)"
217.113.194.125 - - [20/Jun/2026:18:17:42 +0200] "GET /2026/01/26/lucky-days-kasino-erfahrungen-mehr-hilfreiche-hinweise-2026-3-non-sticky-boni/ HTTP/1.1" 200 0 "-" "Mozilla/5.0 (compatible; Barkrowler/0.9; +https://babbar.tech/crawler)"
65.21.228.101 - - [20/Jun/2026:18:03:05 +0200] "POST /wp-cron.php?doing_wp_cron=1781971385.5982480049133300781250 HTTP/1.1" 200 0 "-" "WordPress/7.0; https://themomotimes.com"
65.21.228.101 - - [20/Jun/2026:18:03:11 +0200] "POST /wp-cron.php?doing_wp_cron=1781971391.4516470432281494140625 HTTP/1.1" 200 0 "-" "WordPress/7.0; https://themomotimes.com"
217.113.194.129 - - [20/Jun/2026:18:03:17 +0200] "GET /2026/05/27/thunderstruck-ii-position-gamble-on-the-web-during-the-mr-chance-gambling-enterprise/ HTTP/1.1" 200 0 "-" "Mozilla/5.0 (compatible; Barkrowler/0.9; +https://babbar.tech/crawler)"
217.113.194.127 - - [20/Jun/2026:18:04:33 +0200] "GET /2026/03/25/beste-echtgeld-casinos-2026-echtes-egyptian-riches-slot-bonus-piepen-gewinnen/ HTTP/1.1" 200 0 "-" "Mozilla/5.0 (compatible; Barkrowler/0.9; +https://babbar.tech/crawler)"
217.113.194.131 - - [20/Jun/2026:18:12:53 +0200] "GET /2026/01/13/starburst-wie-gleichfalls-man-gewinnt-rtp-justspin-slotspiel-freispiele-strategie/ HTTP/1.1" 200 0 "-" "Mozilla/5.0 (compatible; Barkrowler/0.9; +https://babbar.tech/crawler)"
65.21.228.101 - - [20/Jun/2026:18:13:17 +0200] "POST /wp-cron.php?doing_wp_cron=1781971997.1325290203094482421875 HTTP/1.1" 200 0 "-" "WordPress/7.0; https://themomotimes.com"
217.113.194.248 - - [20/Jun/2026:18:15:25 +0200] "GET /2026/04/09/angeschlossen-casinos-via-kreditkarten-dauer-and-casino-victorious-in-besitz-sein-von/ HTTP/1.1" 200 0 "-" "Mozilla/5.0 (compatible; Barkrowler/0.9; +https://babbar.tech/crawler)"
45.250.252.162 - - [20/Jun/2026:18:19:04 +0200] "POST /xmlrpc.php HTTP/1.1" 200 5929 "-" "Mozilla/5.0 (Windows NT 10.0; Win64; x64) AppleWebKit/537.36 (KHTML, like Gecko) Chrome/114.0.0.0 Safari/537.36"
217.113.194.128 - - [20/Jun/2026:18:19:58 +0200] "GET /2026/05/17/best-totally-free-revolves-gambling-enterprise-bonuses-in-play-regal-app-update-america-2026/ HTTP/1.1" 200 0 "-" "Mozilla/5.0 (compatible; Barkrowler/0.9; +https://babbar.tech/crawler)"
65.21.228.101 - - [20/Jun/2026:18:20:15 +0200] "POST /wp-cron.php?doing_wp_cron=1781972415.6369009017944335937500 HTTP/1.1" 200 0 "-" "WordPress/7.0; https://themomotimes.com"
217.113.194.125 - - [20/Jun/2026:18:22:45 +0200] "GET /2026/03/30/online-casinos-qua-sofortauszahlung-2026-sofortig-solar-queen-1-kaution-cash/ HTTP/1.1" 200 0 "-" "Mozilla/5.0 (compatible; Barkrowler/0.9; +https://babbar.tech/crawler)"
217.113.194.127 - - [20/Jun/2026:18:23:15 +0200] "GET /2026/03/30/sic-funktioniert-die-fruits-and-jokers-100-lines-casino-leovegas-auszahlung-2026/ HTTP/1.1" 200 0 "-" "Mozilla/5.0 (compatible; Barkrowler/0.9; +https://babbar.tech/crawler)"
128.1.218.167 - - [20/Jun/2026:18:23:21 +0200] "GET /2026/06/20/play-free-or-real-cash-three-dimensional-slot-machines/ HTTP/1.1" 200 0 "-" "Mozilla/5.0 (Windows NT 10.0; Win64; x64) AppleWebKit/537.36 (KHTML, like Gecko) Chrome/109.0.0.0 Safari/537.36"
217.113.194.124 - - [20/Jun/2026:18:25:32 +0200] "GET /2026/03/26/wie-gleichfalls-konnte-ich-die-gewinnchancen-in-gangbar-spielautomaten-steigern/ HTTP/1.1" 200 0 "-" "Mozilla/5.0 (compatible; Barkrowler/0.9; +https://babbar.tech/crawler)"
217.113.194.127 - - [20/Jun/2026:18:26:02 +0200] "GET /2026/03/26/juegos-con-recursos-conveniente-referente-a-las-mas-grandes-casinos-en-linea-referente-a-emplea/ HTTP/1.1" 200 0 "-" "Mozilla/5.0 (compatible; Barkrowler/0.9; +https://babbar.tech/crawler)"
217.113.194.124 - - [20/Jun/2026:18:29:04 +0200] "GET /2026/05/18/fafafa-stoduspilun-goldbet-a-netinu-raunverulegir-peningar/ HTTP/1.1" 200 0 "-" "Mozilla/5.0 (compatible; Barkrowler/0.9; +https://babbar.tech/crawler)"
146.70.226.22 - - [20/Jun/2026:18:29:23 +0200] "POST /xmlrpc.php HTTP/1.1" 200 5929 "-" "Mozilla/5.0 (Windows NT 10.0; Win64; x64) AppleWebKit/537.36 (KHTML, like Gecko) Chrome/114.0.0.0 Safari/537.36"
146.70.226.22 - - [20/Jun/2026:18:30:13 +0200] "POST /xmlrpc.php HTTP/1.1" 200 14894 "-" "Mozilla/5.0 (Windows NT 10.0; Win64; x64) AppleWebKit/537.36 (KHTML, like Gecko) Chrome/114.0.0.0 Safari/537.36"
146.70.226.22 - - [20/Jun/2026:18:30:14 +0200] "GET /2026/06/20/existen-diversas-probabilidades-de-bonos-falto-tanque-cada-una-en-compania-de-sus-mismas-caracteristicas-desplazandolo-hacia-el-pelo-beneficios/ HTTP/1.1" 200 0 "-" "Mozilla/5.0 (Windows NT 10.0; Win64; x64; rv:125.0) Gecko/20100101 Firefox/125.0"
146.70.226.22 - - [20/Jun/2026:18:30:14 +0200] "POST /xmlrpc.php HTTP/1.1" 200 5926 "-" "Mozilla/5.0 (Windows NT 10.0; Win64; x64) AppleWebKit/537.36 (KHTML, like Gecko) Chrome/114.0.0.0 Safari/537.36"
217.113.194.123 - - [20/Jun/2026:18:32:06 +0200] "GET /2026/01/25/el-torero-slot-durch-rtg-casino-wunderino-via-echtgeld-erreichbar-vortragen/ HTTP/1.1" 200 0 "-" "Mozilla/5.0 (compatible; Barkrowler/0.9; +https://babbar.tech/crawler)"
217.113.194.227 - - [20/Jun/2026:18:33:07 +0200] "GET /2026/02/06/thirty-five-other-ways-casi5-slots-real-money-5-deposit-to-state-proud-of-instances/ HTTP/1.1" 200 0 "-" "Mozilla/5.0 (compatible; Barkrowler/0.9; +https://babbar.tech/crawler)"
128.1.218.165 - - [20/Jun/2026:18:33:37 +0200] "GET /2026/06/20/%E1%90%88-erreichbar-spielbank-unter-einsatz-von-handyrechnung-retournieren-helvetische-republik/ HTTP/1.1" 200 0 "-" "Mozilla/5.0 (Windows NT 10.0; Win64; x64; rv:125.0) Gecko/20100101 Firefox/125.0"
217.113.194.128 - - [20/Jun/2026:18:33:52 +0200] "GET /2026/01/12/better-list-of-slots-free-game-online-australian-gambling-enterprises-professional-selections-to-possess-2026/ HTTP/1.1" 200 0 "-" "Mozilla/5.0 (compatible; Barkrowler/0.9; +https://babbar.tech/crawler)"
128.1.218.165 - - [20/Jun/2026:18:18:40 +0200] "POST /xmlrpc.php HTTP/1.1" 200 16579 "-" "Mozilla/5.0 (Windows NT 10.0; Win64; x64) AppleWebKit/537.36 (KHTML, like Gecko) Chrome/114.0.0.0 Safari/537.36"
217.113.194.131 - - [20/Jun/2026:18:20:13 +0200] "GET /2026/05/17/casumo-spiele-vaterland-durch-gut-2-000-horn-of-plenty-online-slot-spielsaal-spielen/ HTTP/1.1" 200 0 "-" "Mozilla/5.0 (compatible; Barkrowler/0.9; +https://babbar.tech/crawler)"
185.252.223.20 - - [20/Jun/2026:18:20:21 +0200] "GET /2026/06/20/przekierowanie-uzytkownikow-na-profile-kasyn-probuje-nagradzanie-przez-programy-marketingu-afiliacyjnego/ HTTP/1.1" 200 0 "-" "Mozilla/5.0 (Windows NT 10.0; Win64; x64) AppleWebKit/537.36 (KHTML, like Gecko) Chrome/109.0.0.0 Safari/537.36"
45.250.252.162 - - [20/Jun/2026:18:20:01 +0200] "POST /xmlrpc.php HTTP/1.1" 200 5926 "-" "Mozilla/5.0 (Windows NT 10.0; Win64; x64) AppleWebKit/537.36 (KHTML, like Gecko) Chrome/114.0.0.0 Safari/537.36"
217.113.194.127 - - [20/Jun/2026:18:20:28 +0200] "GET /2026/04/13/in-addition-to-particular-signup-incentives-are-not-open-to-somebody-out-of-form-of-countries/ HTTP/1.1" 200 0 "-" "Mozilla/5.0 (compatible; Barkrowler/0.9; +https://babbar.tech/crawler)"
77.75.76.161 - - [20/Jun/2026:18:22:08 +0200] "GET /best-online-casino-canada-security-guide/ HTTP/1.1" 200 0 "-" "Mozilla/5.0 (compatible; SeznamBot/4.0; +https://o-seznam.cz/napoveda/vyhledavani/en/seznambot-crawler/)"
217.113.194.227 - - [20/Jun/2026:18:23:00 +0200] "GET /2026/03/30/geisha-wonders-speelautomaat-over-zijn-speel-bij-het-liefste-online-casinos-va-nl/ HTTP/1.1" 200 0 "-" "Mozilla/5.0 (compatible; Barkrowler/0.9; +https://babbar.tech/crawler)"
217.113.194.123 - - [20/Jun/2026:18:27:33 +0200] "GET /2026/05/18/better-a-gamomat-slot-games-for-pc-real-income-slots-to-try-out-online-2026-upgraded/ HTTP/1.1" 200 0 "-" "Mozilla/5.0 (compatible; Barkrowler/0.9; +https://babbar.tech/crawler)"
217.113.194.228 - - [20/Jun/2026:18:28:49 +0200] "GET /2026/05/18/mobile-gambling-enterprises-is-to-give-all-exact-same-finest-have-while-the-the-fresh-pc-site/ HTTP/1.1" 200 0 "-" "Mozilla/5.0 (compatible; Barkrowler/0.9; +https://babbar.tech/crawler)"
217.113.194.124 - - [20/Jun/2026:18:29:50 +0200] "GET /2026/04/11/beste-secret-forest-casino-slot-poker-angeschlossen-casinos-echtgeld-casino-ernahrer-2022/ HTTP/1.1" 200 0 "-" "Mozilla/5.0 (compatible; Barkrowler/0.9; +https://babbar.tech/crawler)"
217.113.194.125 - - [20/Jun/2026:18:32:52 +0200] "GET /2026/02/06/position-reels-the-brand-new-novomatic-slot-machines-games-slots-reel-auto-mechanics-explained/ HTTP/1.1" 200 0 "-" "Mozilla/5.0 (compatible; Barkrowler/0.9; +https://babbar.tech/crawler)"
77.75.76.161 - - [20/Jun/2026:18:33:12 +0200] "GET /vulkan-vegas-casino-promo-code-schritte-und-methoden/ HTTP/1.1" 200 0 "-" "Mozilla/5.0 (compatible; SeznamBot/4.0; +https://o-seznam.cz/napoveda/vyhledavani/en/seznambot-crawler/)"
128.1.218.165 - - [20/Jun/2026:18:32:45 +0200] "POST /xmlrpc.php HTTP/1.1" 200 5929 "-" "Mozilla/5.0 (Windows NT 10.0; Win64; x64) AppleWebKit/537.36 (KHTML, like Gecko) Chrome/114.0.0.0 Safari/537.36"
217.113.194.126 - - [20/Jun/2026:18:18:42 +0200] "GET /2026/04/07/14-melhores-casinos-columbus-deluxe-slot-grande-vitoria-online-legais-em-portugal-marco-2026/ HTTP/1.1" 200 0 "-" "Mozilla/5.0 (compatible; Barkrowler/0.9; +https://babbar.tech/crawler)"
65.21.228.101 - - [20/Jun/2026:18:20:23 +0200] "POST /wp-cron.php?doing_wp_cron=1781972423.4297668933868408203125 HTTP/1.1" 200 0 "-" "WordPress/7.0; https://themomotimes.com"
217.113.194.124 - - [20/Jun/2026:18:20:44 +0200] "GET /2026/04/13/angeschlossen-casinos-qua-abu-king-login-handy-begleichen-zahlung-via-handy/ HTTP/1.1" 200 0 "-" "Mozilla/5.0 (compatible; Barkrowler/0.9; +https://babbar.tech/crawler)"
217.113.194.126 - - [20/Jun/2026:18:21:44 +0200] "GET /2026/03/28/play-king-of-ones-nile-100-percent-free-aristocrat-on-the-web-pokies-zero-signal-ups/ HTTP/1.1" 200 0 "-" "Mozilla/5.0 (compatible; Barkrowler/0.9; +https://babbar.tech/crawler)"
217.113.194.129 - - [20/Jun/2026:18:21:59 +0200] "GET /2026/05/14/mayan-princess-a-thousand-a-hundred-totally-trinocasino-online-login-free-revolves/ HTTP/1.1" 200 0 "-" "Mozilla/5.0 (compatible; Barkrowler/0.9; +https://babbar.tech/crawler)"
217.113.194.124 - - [20/Jun/2026:18:25:02 +0200] "GET /2026/04/28/las-noveno-excelentes-casinos-online-2025-apuestas-joviales-recursos-positivo/ HTTP/1.1" 200 0 "-" "Mozilla/5.0 (compatible; Barkrowler/0.9; +https://babbar.tech/crawler)"
217.113.194.124 - - [20/Jun/2026:18:25:17 +0200] "GET /2026/03/26/dispose-de-ce-gratification-avec-le-bienvenu-pour-100000-twists-et-de-10-periodes-abusifs/ HTTP/1.1" 200 0 "-" "Mozilla/5.0 (compatible; Barkrowler/0.9; +https://babbar.tech/crawler)"
217.113.194.126 - - [20/Jun/2026:18:30:50 +0200] "GET /2026/02/09/gigantisch-wildcard-demo-videoslot-76-betaallijnen-speel-dit-gokkast-gratis/ HTTP/1.1" 200 0 "-" "Mozilla/5.0 (compatible; Barkrowler/0.9; +https://babbar.tech/crawler)"
217.113.194.131 - - [20/Jun/2026:18:31:06 +0200] "GET /2026/04/06/better-vacation-station-deluxe-video-slot-all-of-us-online-casino-incentives-ranked-and-assessed-mar-2026/ HTTP/1.1" 200 0 "-" "Mozilla/5.0 (compatible; Barkrowler/0.9; +https://babbar.tech/crawler)"
217.113.194.248 - - [20/Jun/2026:18:31:21 +0200] "GET /2026/04/06/aztec-appreciate-search-practical-gamble-slot-i24slot-iphone-app-demonstration-and-remark/ HTTP/1.1" 200 0 "-" "Mozilla/5.0 (compatible; Barkrowler/0.9; +https://babbar.tech/crawler)"
217.113.194.248 - - [20/Jun/2026:18:31:51 +0200] "GET /2026/01/25/codigos-promocionales-sobre-casinos-acerca-de-chile-maritime-maidens-giros-sin-ranura-2026/ HTTP/1.1" 200 0 "-" "Mozilla/5.0 (compatible; Barkrowler/0.9; +https://babbar.tech/crawler)"
128.1.218.165 - - [20/Jun/2026:18:33:35 +0200] "POST /xmlrpc.php HTTP/1.1" 200 18103 "-" "Mozilla/5.0 (Windows NT 10.0; Win64; x64) AppleWebKit/537.36 (KHTML, like Gecko) Chrome/114.0.0.0 Safari/537.36"
128.1.218.165 - - [20/Jun/2026:18:33:39 +0200] "POST /xmlrpc.php HTTP/1.1" 200 5926 "-" "Mozilla/5.0 (Windows NT 10.0; Win64; x64) AppleWebKit/537.36 (KHTML, like Gecko) Chrome/114.0.0.0 Safari/537.36"
217.113.194.228 - - [20/Jun/2026:18:18:27 +0200] "GET /2026/04/07/findet-man-gunstgewerblerin-cosmo-spielcasino-software-package-einen-cosmo-spielsaal-get/ HTTP/1.1" 200 0 "-" "Mozilla/5.0 (compatible; Barkrowler/0.9; +https://babbar.tech/crawler)"
217.113.194.127 - - [20/Jun/2026:18:19:28 +0200] "GET /2026/05/17/buffalo-silver-range-on-line-casino-books-free-ports-flash-incentives-larger-victory-casino-luxury-casino-videos/ HTTP/1.1" 200 0 "-" "Mozilla/5.0 (compatible; Barkrowler/0.9; +https://babbar.tech/crawler)"
45.250.252.162 - - [20/Jun/2026:18:19:59 +0200] "GET /2026/06/20/totally-free-play-jekyll-and-hyde-real-money-casino-games-on-line-no-download-enjoy-now/ HTTP/1.1" 200 0 "-" "Mozilla/5.0 (Windows NT 10.0; rv:125.0) Gecko/20100101 Firefox/125.0"
185.252.223.20 - - [20/Jun/2026:18:20:21 +0200] "POST /xmlrpc.php HTTP/1.1" 200 5926 "-" "Mozilla/5.0 (Windows NT 10.0; Win64; x64) AppleWebKit/537.36 (KHTML, like Gecko) Chrome/114.0.0.0 Safari/537.36"
65.21.228.101 - - [20/Jun/2026:18:23:13 +0200] "POST /wp-cron.php?doing_wp_cron=1781972593.4422619342803955078125 HTTP/1.1" 200 0 "-" "WordPress/7.0; https://themomotimes.com"
217.113.194.248 - - [20/Jun/2026:18:23:46 +0200] "GET /2026/01/20/greatest-internet-casino-casino-two-up-mobile-bonuses-2026-1x-choice-subscribe-also-offers/ HTTP/1.1" 200 0 "-" "Mozilla/5.0 (compatible; Barkrowler/0.9; +https://babbar.tech/crawler)"
217.113.194.248 - - [20/Jun/2026:18:28:04 +0200] "GET /2026/05/18/centre-courtroom-position-game-trial-gamble-turn-your-fortune-slot-machine-100-percent-free-revolves/ HTTP/1.1" 200 0 "-" "Mozilla/5.0 (compatible; Barkrowler/0.9; +https://babbar.tech/crawler)"
217.113.194.123 - - [20/Jun/2026:18:28:19 +0200] "GET /2026/05/18/best-internet-casino-vanilla-visa-online-casino-incentives-2026-listing-of-greatest-added-bonus-now-offers/ HTTP/1.1" 200 0 "-" "Mozilla/5.0 (compatible; Barkrowler/0.9; +https://babbar.tech/crawler)"
217.113.194.128 - - [20/Jun/2026:18:28:34 +0200] "GET /2026/05/18/action-into-the-fluorescent-arena-of-casino77-where-concept-suits-safer-responsible-entertainment/ HTTP/1.1" 200 0 "-" "Mozilla/5.0 (compatible; Barkrowler/0.9; +https://babbar.tech/crawler)"
217.113.194.128 - - [20/Jun/2026:18:30:35 +0200] "GET /2026/02/09/consejero-completa-para-competir-ruleta-en-internet-asi-como-ganar-dinero-2025/ HTTP/1.1" 200 0 "-" "Mozilla/5.0 (compatible; Barkrowler/0.9; +https://babbar.tech/crawler)"
217.113.194.123 - - [20/Jun/2026:18:33:37 +0200] "GET /2026/05/06/one-hand-is-actually-for-the-gamer-while-the-almost-every-other-is-actually-for-the-newest-broker/ HTTP/1.1" 200 0 "-" "Mozilla/5.0 (compatible; Barkrowler/0.9; +https://babbar.tech/crawler)"
128.1.218.165 - - [20/Jun/2026:18:18:43 +0200] "GET /2026/06/20/idraetsgren-igt-vederlagsfri-slots-online-demo-uden-downloadin-slotsup/ HTTP/1.1" 200 0 "-" "Mozilla/5.0 (Windows NT 10.0; Win64; x64) AppleWebKit/537.36 (KHTML, like Gecko) Chrome/124.0.0.0 Safari/537.36"
217.113.194.131 - - [20/Jun/2026:18:19:13 +0200] "GET /2026/03/11/casino-tillsamman-free-spins-guide-mot-gratis-pengar-online-casino-gratissnurr-2026/ HTTP/1.1" 200 0 "-" "Mozilla/5.0 (compatible; Barkrowler/0.9; +https://babbar.tech/crawler)"
185.252.223.20 - - [20/Jun/2026:18:19:29 +0200] "POST /xmlrpc.php HTTP/1.1" 200 5929 "-" "Mozilla/5.0 (Windows NT 10.0; Win64; x64) AppleWebKit/537.36 (KHTML, like Gecko) Chrome/114.0.0.0 Safari/537.36"
185.252.223.20 - - [20/Jun/2026:18:20:20 +0200] "POST /xmlrpc.php HTTP/1.1" 200 16719 "-" "Mozilla/5.0 (Windows NT 10.0; Win64; x64) AppleWebKit/537.36 (KHTML, like Gecko) Chrome/114.0.0.0 Safari/537.36"
217.113.194.129 - - [20/Jun/2026:18:20:59 +0200] "GET /2026/04/13/arguments-en-tenant-quietude-dequite-a-l%EF%BF%BDegard-de-le-salle-de-jeu-de-appoint-profond/ HTTP/1.1" 200 0 "-" "Mozilla/5.0 (compatible; Barkrowler/0.9; +https://babbar.tech/crawler)"
217.113.194.130 - - [20/Jun/2026:18:21:14 +0200] "GET /2026/04/13/gold-tiger-kasino-trinocasino-boni-2026-test-erfahrungen-100-euro-maklercourtage/ HTTP/1.1" 200 0 "-" "Mozilla/5.0 (compatible; Barkrowler/0.9; +https://babbar.tech/crawler)"
217.113.194.126 - - [20/Jun/2026:18:24:01 +0200] "GET /2026/01/20/claim-casino-betvictor-login-a-great-60-no-deposit-bonus-in-the-winport-gambling-enterprise-now/ HTTP/1.1" 200 0 "-" "Mozilla/5.0 (compatible; Barkrowler/0.9; +https://babbar.tech/crawler)"
217.113.194.248 - - [20/Jun/2026:18:24:31 +0200] "GET /2026/01/20/finest-gambling-on-line-local-casino-web-sites-inside-the-canada-2026-leading-reviews-deposit-5-casino-incentives/ HTTP/1.1" 200 0 "-" "Mozilla/5.0 (compatible; Barkrowler/0.9; +https://babbar.tech/crawler)"
217.113.194.228 - - [20/Jun/2026:18:30:05 +0200] "GET /2026/04/11/claim-your-future-manage-confidence-playing-with-our-very-own-glossary-away-from-common-extra-words/ HTTP/1.1" 200 0 "-" "Mozilla/5.0 (compatible; Barkrowler/0.9; +https://babbar.tech/crawler)"
217.113.194.125 - - [20/Jun/2026:18:30:20 +0200] "GET /2026/04/11/the-major-payment-casinos-online-do-not-set-the-fresh-rtp-and-cannot-replace-the-set-payment/ HTTP/1.1" 200 0 "-" "Mozilla/5.0 (compatible; Barkrowler/0.9; +https://babbar.tech/crawler)"
65.21.228.101 - - [20/Jun/2026:18:33:28 +0200] "POST /wp-cron.php?doing_wp_cron=1781973208.0123209953308105468750 HTTP/1.1" 200 0 "-" "WordPress/7.0; https://themomotimes.com"
217.113.194.126 - - [20/Jun/2026:18:34:23 +0200] "GET /2026/01/12/panda-panda-88-fortunes-rtp-1-deposit-ports-try-this-video-game-online-at-no-cost/ HTTP/1.1" 200 0 "-" "Mozilla/5.0 (compatible; Barkrowler/0.9; +https://babbar.tech/crawler)"
45.250.252.162 - - [20/Jun/2026:18:19:56 +0200] "POST /xmlrpc.php HTTP/1.1" 200 19486 "-" "Mozilla/5.0 (Windows NT 10.0; Win64; x64) AppleWebKit/537.36 (KHTML, like Gecko) Chrome/114.0.0.0 Safari/537.36"
146.70.226.22 - - [20/Jun/2026:18:19:37 +0200] "POST /xmlrpc.php HTTP/1.1" 200 5929 "-" "Mozilla/5.0 (Windows NT 10.0; Win64; x64) AppleWebKit/537.36 (KHTML, like Gecko) Chrome/114.0.0.0 Safari/537.36"
146.70.226.22 - - [20/Jun/2026:18:20:28 +0200] "POST /xmlrpc.php HTTP/1.1" 200 1686 "-" "Mozilla/5.0 (Windows NT 10.0; Win64; x64) AppleWebKit/537.36 (KHTML, like Gecko) Chrome/114.0.0.0 Safari/537.36"
146.70.226.22 - - [20/Jun/2026:18:20:34 +0200] "POST /xmlrpc.php HTTP/1.1" 200 14973 "-" "Mozilla/5.0 (Windows NT 10.0; Win64; x64) AppleWebKit/537.36 (KHTML, like Gecko) Chrome/114.0.0.0 Safari/537.36"
146.70.226.22 - - [20/Jun/2026:18:20:40 +0200] "GET /2026/06/20/they-offer-numerous-online-game-versatile-commission-tips-and-you-will-a-lot-fewer-constraints-than-just-ukgc-subscribed-web-sites/ HTTP/1.1" 200 0 "-" "Mozilla/5.0 (Windows NT 10.0; Win64; x64; rv:124.0) Gecko/20100101 Firefox/124.0"
146.70.226.22 - - [20/Jun/2026:18:20:45 +0200] "POST /xmlrpc.php HTTP/1.1" 200 5926 "-" "Mozilla/5.0 (Windows NT 10.0; Win64; x64) AppleWebKit/537.36 (KHTML, like Gecko) Chrome/114.0.0.0 Safari/537.36"
217.113.194.228 - - [20/Jun/2026:18:22:30 +0200] "GET /2026/05/14/cassino-online-divertimento-casino-de-deposito-de-galera-bet-10-reais-dolares-garantida/ HTTP/1.1" 200 0 "-" "Mozilla/5.0 (compatible; Barkrowler/0.9; +https://babbar.tech/crawler)"
128.1.218.167 - - [20/Jun/2026:18:22:28 +0200] "POST /xmlrpc.php HTTP/1.1" 200 5929 "-" "Mozilla/5.0 (Windows NT 10.0; Win64; x64) AppleWebKit/537.36 (KHTML, like Gecko) Chrome/114.0.0.0 Safari/537.36"
217.113.194.127 - - [20/Jun/2026:18:23:31 +0200] "GET /2026/01/20/consuming-50-free-spins-on-immortal-romance-no-deposit-interest-cellular-position-remark-microgaming/ HTTP/1.1" 200 0 "-" "Mozilla/5.0 (compatible; Barkrowler/0.9; +https://babbar.tech/crawler)"
217.113.194.228 - - [20/Jun/2026:18:25:47 +0200] "GET /2026/03/26/casinos-sans-avoir-de-affirmation-collection-nos-principaux-salle-de-jeu-sans-avoir-kyc-en-2026/ HTTP/1.1" 200 0 "-" "Mozilla/5.0 (compatible; Barkrowler/0.9; +https://babbar.tech/crawler)"
217.113.194.227 - - [20/Jun/2026:18:26:48 +0200] "GET /2026/05/18/the-rate-and-you-may-results-out-of-dogecoin-deals-allow-an-appealing-option-for-siec-casino-members/ HTTP/1.1" 200 0 "-" "Mozilla/5.0 (compatible; Barkrowler/0.9; +https://babbar.tech/crawler)"
217.113.194.131 - - [20/Jun/2026:18:27:18 +0200] "GET /2026/05/18/dragonia-%EF%B8%8F-offizielle-rand-dragonia-spielsalon-within-bundesrepublik/ HTTP/1.1" 200 0 "-" "Mozilla/5.0 (compatible; Barkrowler/0.9; +https://babbar.tech/crawler)"
65.21.228.101 - - [20/Jun/2026:18:30:07 +0200] "POST /wp-cron.php?doing_wp_cron=1781973007.5673809051513671875000 HTTP/1.1" 200 0 "-" "WordPress/7.0; https://themomotimes.com"
217.113.194.248 - - [20/Jun/2026:18:32:37 +0200] "GET /2026/02/06/dead-or-alive-demo-enjoy-deposit-10-get-100-spins-totally-free-ports-from-the-higher-com/ HTTP/1.1" 200 0 "-" "Mozilla/5.0 (compatible; Barkrowler/0.9; +https://babbar.tech/crawler)"
217.113.194.131 - - [20/Jun/2026:18:34:08 +0200] "GET /2026/01/12/15-finest-web-based-casinos-one-fork-casino-quatro-no-deposit-bonus-out-real-money/ HTTP/1.1" 200 0 "-" "Mozilla/5.0 (compatible; Barkrowler/0.9; +https://babbar.tech/crawler)"
217.113.194.228 - - [20/Jun/2026:18:34:38 +0200] "GET /2026/01/28/thundering-buffalo-slots-a-real-income-video-slot-totally-wild-wild-west-slot-machine-free-play-trial/ HTTP/1.1" 200 0 "-" "Mozilla/5.0 (compatible; Barkrowler/0.9; +https://babbar.tech/crawler)"
217.113.194.228 - - [20/Jun/2026:18:34:53 +0200] "GET /2026/01/28/bolje-role-za-ribolov-promo-ponude-kasina-royalgame-s-zamrzavanjem/ HTTP/1.1" 200 0 "-" "Mozilla/5.0 (compatible; Barkrowler/0.9; +https://babbar.tech/crawler)"
146.70.226.85 - - [20/Jun/2026:18:18:03 +0200] "POST /xmlrpc.php HTTP/1.1" 200 5926 "-" "Mozilla/5.0 (Windows NT 10.0; Win64; x64) AppleWebKit/537.36 (KHTML, like Gecko) Chrome/114.0.0.0 Safari/537.36"
217.113.194.131 - - [20/Jun/2026:18:18:57 +0200] "GET /2026/03/11/driving-actual-ios-installs-to-have-a-gambling-establishment-application-from-the-pete-we-for-the-prezi/ HTTP/1.1" 200 0 "-" "Mozilla/5.0 (compatible; Barkrowler/0.9; +https://babbar.tech/crawler)"
128.1.218.165 - - [20/Jun/2026:18:18:44 +0200] "POST /xmlrpc.php HTTP/1.1" 200 5926 "-" "Mozilla/5.0 (Windows NT 10.0; Win64; x64) AppleWebKit/537.36 (KHTML, like Gecko) Chrome/114.0.0.0 Safari/537.36"
217.113.194.127 - - [20/Jun/2026:18:21:29 +0200] "GET /2026/04/13/just-before-claiming-an-advantage-make-sure-that-you-carefully-understand-its-small-print/ HTTP/1.1" 200 0 "-" "Mozilla/5.0 (compatible; Barkrowler/0.9; +https://babbar.tech/crawler)"
128.1.218.167 - - [20/Jun/2026:18:23:19 +0200] "POST /xmlrpc.php HTTP/1.1" 200 20605 "-" "Mozilla/5.0 (Windows NT 10.0; Win64; x64) AppleWebKit/537.36 (KHTML, like Gecko) Chrome/114.0.0.0 Safari/537.36"
217.113.194.228 - - [20/Jun/2026:18:24:16 +0200] "GET /2026/01/20/finest-100-percent-free-revolves-incentives-win-goldbet-bonus-code-real-cash-us-2026/ HTTP/1.1" 200 0 "-" "Mozilla/5.0 (compatible; Barkrowler/0.9; +https://babbar.tech/crawler)"
57.128.22.95 - - [20/Jun/2026:18:24:55 +0200] "GET /2026/06/09/betalright-casino-einzahlungsoptionen-19/ HTTP/1.1" 200 0 "https://themomotimes.com/" "Mozilla/5.0 (X11; Linux x86_64) AppleWebKit/537.36 (KHTML, like Gecko) Chrome/142.0.0.0 Safari/537.36"
217.113.194.248 - - [20/Jun/2026:18:26:17 +0200] "GET /2026/03/26/a-aiutare-il-preda-faccenda-soddisfare-correttamente-a-tutte-le-questionario/ HTTP/1.1" 200 0 "-" "Mozilla/5.0 (compatible; Barkrowler/0.9; +https://babbar.tech/crawler)"
217.113.194.127 - - [20/Jun/2026:18:27:03 +0200] "GET /2026/05/18/fedezd-fel-a-greenluck-casino-varazslatos-vilagat-es-nyero-titkait/ HTTP/1.1" 200 0 "-" "Mozilla/5.0 (compatible; Barkrowler/0.9; +https://babbar.tech/crawler)"
217.113.194.127 - - [20/Jun/2026:18:31:36 +0200] "GET /2026/01/25/book-of-dead-freispiele-blos-einzahlung-free-spins-i24slot-bonusregeln-pramie/ HTTP/1.1" 200 0 "-" "Mozilla/5.0 (compatible; Barkrowler/0.9; +https://babbar.tech/crawler)"
217.113.194.129 - - [20/Jun/2026:18:33:22 +0200] "GET /2026/02/27/book-of-maestro-casino-ra-magic-kostenlos-auffuhren-exklusive-anmeldung-kundgebung/ HTTP/1.1" 200 0 "-" "Mozilla/5.0 (compatible; Barkrowler/0.9; +https://babbar.tech/crawler)"
65.21.228.101 - - [20/Jun/2026:18:18:34 +0200] "POST /wp-cron.php?doing_wp_cron=1781972314.4045939445495605468750 HTTP/1.1" 200 0 "-" "WordPress/7.0; https://themomotimes.com"
128.1.218.165 - - [20/Jun/2026:18:17:49 +0200] "POST /xmlrpc.php HTTP/1.1" 200 5929 "-" "Mozilla/5.0 (Windows NT 10.0; Win64; x64) AppleWebKit/537.36 (KHTML, like Gecko) Chrome/114.0.0.0 Safari/537.36"
217.113.194.227 - - [20/Jun/2026:18:19:43 +0200] "GET /2026/05/17/bitcoin-casinos-2026-auf-jeden-fall-cats-royal-slot-ungenannt-uber-btc-spielen/ HTTP/1.1" 200 0 "-" "Mozilla/5.0 (compatible; Barkrowler/0.9; +https://babbar.tech/crawler)"
65.21.228.101 - - [20/Jun/2026:18:19:49 +0200] "POST /wp-cron.php?doing_wp_cron=1781972389.1383509635925292968750 HTTP/1.1" 200 0 "-" "WordPress/7.0; https://themomotimes.com"
217.113.194.228 - - [20/Jun/2026:18:22:15 +0200] "GET /2026/05/14/casino-inte-kasino-monopoly-me-konto-mata-svenska-casinon-inte-med-inskrivnin/ HTTP/1.1" 200 0 "-" "Mozilla/5.0 (compatible; Barkrowler/0.9; +https://babbar.tech/crawler)"
128.1.218.167 - - [20/Jun/2026:18:23:22 +0200] "POST /xmlrpc.php HTTP/1.1" 200 5926 "-" "Mozilla/5.0 (Windows NT 10.0; Win64; x64) AppleWebKit/537.36 (KHTML, like Gecko) Chrome/114.0.0.0 Safari/537.36"
217.113.194.128 - - [20/Jun/2026:18:24:46 +0200] "GET /2026/01/20/mega-moolah-demonstration-press-the-link-right-now-play-totally-free-slots-from-the-great-com/ HTTP/1.1" 200 0 "-" "Mozilla/5.0 (compatible; Barkrowler/0.9; +https://babbar.tech/crawler)"
57.128.22.95 - - [20/Jun/2026:18:24:55 +0200] "GET /2026/06/09/betalright-casino-einzahlungsoptionen-19/ HTTP/1.1" 200 0 "https://themomotimes.com/" "Mozilla/5.0 (X11; Linux x86_64) AppleWebKit/537.36 (KHTML, like Gecko) Chrome/142.0.0.0 Safari/537.36"
57.128.22.95 - - [20/Jun/2026:18:24:55 +0200] "GET /2026/06/09/betalright-casino-einzahlungsoptionen-19/ HTTP/1.1" 200 0 "https://themomotimes.com/" "Mozilla/5.0 (X11; Linux x86_64) AppleWebKit/537.36 (KHTML, like Gecko) Chrome/142.0.0.0 Safari/537.36"
217.113.194.129 - - [20/Jun/2026:18:26:33 +0200] "GET /2026/03/26/caissons-pour-gageure-ajustables-subsequent-a-l%EF%BF%BDegard-de-des-inoubliables-jeu/ HTTP/1.1" 200 0 "-" "Mozilla/5.0 (compatible; Barkrowler/0.9; +https://babbar.tech/crawler)"
217.113.194.125 - - [20/Jun/2026:18:27:48 +0200] "GET /2026/05/18/entdecken-sie-die-komfort-oder-gewissheit-bei-paysafecard-in-angeschlossen-casinos/ HTTP/1.1" 200 0 "-" "Mozilla/5.0 (compatible; Barkrowler/0.9; +https://babbar.tech/crawler)"
217.113.194.129 - - [20/Jun/2026:18:29:19 +0200] "GET /2026/05/18/descubra-o-bonus-sem-deposito-do-starzino-casino-e-ganhe-jogando-hoje-mesmo/ HTTP/1.1" 200 0 "-" "Mozilla/5.0 (compatible; Barkrowler/0.9; +https://babbar.tech/crawler)"
217.113.194.228 - - [20/Jun/2026:18:29:35 +0200] "GET /2026/04/04/greeting-extra-%EF%BF%BD-play-ten-since-a-new-member-and-you-can-found-fifty-100-free-revolves/ HTTP/1.1" 200 0 "-" "Mozilla/5.0 (compatible; Barkrowler/0.9; +https://babbar.tech/crawler)"
217.113.194.131 - - [20/Jun/2026:18:32:21 +0200] "GET /2026/02/06/better-cobber-casino-no-deposit-bonus-on-line-pokies-australia-real-cash-pokies-january-2026/ HTTP/1.1" 200 0 "-" "Mozilla/5.0 (compatible; Barkrowler/0.9; +https://babbar.tech/crawler)"
217.113.194.126 - - [20/Jun/2026:18:35:08 +0200] "GET /2026/03/06/put-5-score-a-hundred-totally-free-spins-greatest-5-minimum-deposit-casinos-in-the-uk/ HTTP/1.1" 200 0 "-" "Mozilla/5.0 (compatible; Barkrowler/0.9; +https://babbar.tech/crawler)"
217.113.194.127 - - [20/Jun/2026:18:35:23 +0200] "GET /2026/03/06/migliori-bisca-online-adm-bonus-xon-bet-gia-aams-sopra-italiano-febbraio-2026/ HTTP/1.1" 200 0 "-" "Mozilla/5.0 (compatible; Barkrowler/0.9; +https://babbar.tech/crawler)"
200.25.47.134 - - [20/Jun/2026:18:34:47 +0200] "POST /xmlrpc.php HTTP/1.1" 200 5929 "-" "Mozilla/5.0 (Windows NT 10.0; Win64; x64) AppleWebKit/537.36 (KHTML, like Gecko) Chrome/114.0.0.0 Safari/537.36"
47.82.11.22 - - [20/Jun/2026:18:37:00 +0200] "GET /2026/01/11/the-fresh-online-you-gambling-enterprises-within-the-january-2026/ HTTP/1.1" 200 0 "https://themomotimes.com/" "Mozilla/5.0 (Windows NT 10.0; Win64; x64; rv:137.0) Gecko/20100101 Firefox/137.0"
217.113.194.131 - - [20/Jun/2026:18:37:10 +0200] "GET /2026/01/14/erreichbar-spielbank-provision-beste-casino-extra-stars-kasino-boni-as-part-of-mrbet/ HTTP/1.1" 200 0 "-" "Mozilla/5.0 (compatible; Barkrowler/0.9; +https://babbar.tech/crawler)"
217.113.194.124 - - [20/Jun/2026:18:37:25 +0200] "GET /2026/01/14/mr-green-bonus-jetzt-gehen-codes-no-anzahlung-2025-freispiele-blos-einzahlung/ HTTP/1.1" 200 0 "-" "Mozilla/5.0 (compatible; Barkrowler/0.9; +https://babbar.tech/crawler)"
217.113.194.248 - - [20/Jun/2026:18:37:40 +0200] "GET /2026/01/14/spiele-duck-kurzschluss-fur-mehr-hilfreiche-hinweise-nusse-within-hauptgewinn-de/ HTTP/1.1" 200 0 "-" "Mozilla/5.0 (compatible; Barkrowler/0.9; +https://babbar.tech/crawler)"
217.113.194.122 - - [20/Jun/2026:18:38:41 +0200] "GET /2026/03/31/non-tutte-le-piattaforme-sono-adatte-a-qualsivoglia-pirouette-giocatori/ HTTP/1.1" 200 0 "-" "Mozilla/5.0 (compatible; Barkrowler/0.9; +https://babbar.tech/crawler)"
98.98.9.51 - - [20/Jun/2026:18:39:21 +0200] "POST /xmlrpc.php HTTP/1.1" 200 5929 "-" "Mozilla/5.0 (Windows NT 10.0; Win64; x64) AppleWebKit/537.36 (KHTML, like Gecko) Chrome/114.0.0.0 Safari/537.36"
217.113.194.227 - - [20/Jun/2026:18:40:27 +0200] "GET /2026/05/13/casinos-carente-facultad-argentina-2026-las-excelentes-sitios-desprovisto-dgoj/ HTTP/1.1" 200 0 "-" "Mozilla/5.0 (compatible; Barkrowler/0.9; +https://babbar.tech/crawler)"
103.219.169.183 - - [20/Jun/2026:18:39:43 +0200] "POST /xmlrpc.php HTTP/1.1" 200 5929 "-" "Mozilla/5.0 (Windows NT 10.0; Win64; x64) AppleWebKit/537.36 (KHTML, like Gecko) Chrome/114.0.0.0 Safari/537.36"
98.98.9.51 - - [20/Jun/2026:18:40:31 +0200] "GET /2026/06/20/bedste-danske-online-casinoer-inden-for-indian-dreaming-slot-juni-2026/ HTTP/1.1" 200 0 "-" "Mozilla/5.0 (Windows NT 10.0; Win64; x64) AppleWebKit/537.36 (KHTML, like Gecko) Chrome/123.0.0.0 Safari/537.36 OPR/109.0.0.0"
146.70.226.85 - - [20/Jun/2026:18:41:37 +0200] "POST /xmlrpc.php HTTP/1.1" 200 16248 "-" "Mozilla/5.0 (Windows NT 10.0; Win64; x64) AppleWebKit/537.36 (KHTML, like Gecko) Chrome/114.0.0.0 Safari/537.36"
146.70.226.85 - - [20/Jun/2026:18:41:38 +0200] "POST /xmlrpc.php HTTP/1.1" 200 5926 "-" "Mozilla/5.0 (Windows NT 10.0; Win64; x64) AppleWebKit/537.36 (KHTML, like Gecko) Chrome/114.0.0.0 Safari/537.36"
146.70.226.22 - - [20/Jun/2026:18:42:26 +0200] "POST /xmlrpc.php HTTP/1.1" 200 5929 "-" "Mozilla/5.0 (Windows NT 10.0; Win64; x64) AppleWebKit/537.36 (KHTML, like Gecko) Chrome/114.0.0.0 Safari/537.36"
