217.113.194.228 - - [20/Jun/2026:20:25:25 +0200] "GET /2026/03/27/de-que-manera-apostar-en-golden-goddess-gratis-o-con-el-pasar-del-tiempo-recursos-conveniente/ HTTP/1.1" 200 0 "-" "Mozilla/5.0 (compatible; Barkrowler/0.9; +https://babbar.tech/crawler)"
65.21.228.101 - - [20/Jun/2026:20:25:40 +0200] "POST /wp-cron.php?doing_wp_cron=1781979940.6862521171569824218750 HTTP/1.1" 200 0 "-" "WordPress/7.0; https://themomotimes.com"
185.252.223.20 - - [20/Jun/2026:20:25:45 +0200] "POST /xmlrpc.php HTTP/1.1" 200 15245 "-" "Mozilla/5.0 (Windows NT 10.0; Win64; x64) AppleWebKit/537.36 (KHTML, like Gecko) Chrome/114.0.0.0 Safari/537.36"
185.252.223.20 - - [20/Jun/2026:20:25:47 +0200] "POST /xmlrpc.php HTTP/1.1" 200 5926 "-" "Mozilla/5.0 (Windows NT 10.0; Win64; x64) AppleWebKit/537.36 (KHTML, like Gecko) Chrome/114.0.0.0 Safari/537.36"
217.113.194.227 - - [20/Jun/2026:20:21:07 +0200] "GET /2026/03/12/free-spins-crypto-gambling-enterprises-2026-no-deposit-revolves-to-the-bitcoin-money-game-casino-ports/ HTTP/1.1" 200 0 "-" "Mozilla/5.0 (compatible; Barkrowler/0.9; +https://babbar.tech/crawler)"
217.113.194.131 - - [20/Jun/2026:20:25:10 +0200] "GET /2026/03/15/blackjack-schlachtplan-21-tesla-power-kostenlose-spins-150-tipps-tricks-fur-deinen-triumph/ HTTP/1.1" 200 0 "-" "Mozilla/5.0 (compatible; Barkrowler/0.9; +https://babbar.tech/crawler)"
217.113.194.125 - - [20/Jun/2026:20:25:40 +0200] "GET /2026/03/24/toi-meme-comprendrez-le-terme-pactole-entier-efficace-sot-rabbit-ou-razor-shark/ HTTP/1.1" 200 0 "-" "Mozilla/5.0 (compatible; Barkrowler/0.9; +https://babbar.tech/crawler)"
217.113.194.123 - - [20/Jun/2026:20:21:53 +0200] "GET /2026/03/12/best-us-online-casinos-with-a-hundred-no-deposit-added-free-spins-spinal-tap-no-deposit-bonus/ HTTP/1.1" 200 0 "-" "Mozilla/5.0 (compatible; Barkrowler/0.9; +https://babbar.tech/crawler)"
217.113.194.126 - - [20/Jun/2026:20:24:25 +0200] "GET /2026/03/09/seriose-angeschlossen-casinos-tagesordnungspunkt-10-sichere-faire-casino-casino-hugo-seiten/ HTTP/1.1" 200 0 "-" "Mozilla/5.0 (compatible; Barkrowler/0.9; +https://babbar.tech/crawler)"
185.252.223.20 - - [20/Jun/2026:20:25:46 +0200] "GET /2026/06/20/zblizanie-sie-ta-dostane-coraz-popularniejsza-wsrod-polskich-graczy-ze-wzgledu-na-poziom-zaawansowany-bezpieczenstwa/ HTTP/1.1" 200 0 "-" "Mozilla/5.0 (Windows NT 10.0; Win64; x64) AppleWebKit/537.36 (KHTML, like Gecko) Chrome/109.0.0.0 Safari/537.36"
217.113.194.122 - - [20/Jun/2026:20:26:26 +0200] "GET /2026/01/13/google-pay-im-verbunden-casino-bestenliste-roman-legion-1-kaution-unter-anderem-kollation-2026/ HTTP/1.1" 200 0 "-" "Mozilla/5.0 (compatible; Barkrowler/0.9; +https://babbar.tech/crawler)"
47.82.11.55 - - [20/Jun/2026:20:26:57 +0200] "GET /2026/03/20/casino-med-hogst-aterbetalning-rtp-utraknad-pa-villig-112-casinon/ HTTP/1.1" 200 0 "https://themomotimes.com/" "Mozilla/5.0 (Windows NT 10.0; Win64; x64) AppleWebKit/537.36 (KHTML, like Gecko) Chrome/134.0.0.0 Safari/537.36 Edg/134.0.0.0"
162.241.62.252 - - [20/Jun/2026:20:28:15 +0200] "GET /2023/11/14/die-besten-tipps-fur-verantwortungsbewusstes/ HTTP/1.1" 200 0 "-" "WordPress/7.0; https://dravanessatonetto.com.br"
217.113.194.126 - - [20/Jun/2026:20:31:30 +0200] "GET /2026/01/17/king-kong-bankbiljet-offlin-gokkast-optreden-gratis-en-met-poen-kurmanci/ HTTP/1.1" 200 0 "-" "Mozilla/5.0 (compatible; Barkrowler/0.9; +https://babbar.tech/crawler)"
217.113.194.130 - - [20/Jun/2026:20:28:42 +0200] "GET /2026/04/09/gta-erreichbar-geld-zulegen-alle-online-spielen-poker-infos-zum-erwerb-durch-shark-cards/ HTTP/1.1" 200 0 "-" "Mozilla/5.0 (compatible; Barkrowler/0.9; +https://babbar.tech/crawler)"
217.113.194.131 - - [20/Jun/2026:20:30:44 +0200] "GET /2026/01/26/spielbank-freispiele-ohne-einzahlung-dolphins-pearl-deluxe-tipps-2026-sofort-free-spins/ HTTP/1.1" 200 0 "-" "Mozilla/5.0 (compatible; Barkrowler/0.9; +https://babbar.tech/crawler)"
217.113.194.227 - - [20/Jun/2026:20:30:59 +0200] "GET /2026/01/17/speel-rechtstreeks-golden-wealth-baccarat-offlin-gedurende-een-evolution-gaming-casino/ HTTP/1.1" 200 0 "-" "Mozilla/5.0 (compatible; Barkrowler/0.9; +https://babbar.tech/crawler)"
217.113.194.228 - - [20/Jun/2026:20:31:45 +0200] "GET /2026/04/01/die-besten-verbunden-casinos-qua-lastschrift-%EF%BF%BD-traktandum-10-anbieter-2026/ HTTP/1.1" 200 0 "-" "Mozilla/5.0 (compatible; Barkrowler/0.9; +https://babbar.tech/crawler)"
200.25.47.134 - - [20/Jun/2026:20:32:14 +0200] "POST /xmlrpc.php HTTP/1.1" 200 19865 "-" "Mozilla/5.0 (Windows NT 10.0; Win64; x64) AppleWebKit/537.36 (KHTML, like Gecko) Chrome/114.0.0.0 Safari/537.36"
200.25.47.134 - - [20/Jun/2026:20:32:16 +0200] "GET /2026/06/20/%D3%A9z-te%D2%A3%D1%96z-oyyn-avtomattaryny%D2%A3-ies%D1%96-na%D2%9Bty-a%D2%9Bshalay-kazino-oyyn-avtomattary-zh%D3%99ne-100-goldbet-onlayn-k%D1%96ru-payyz-teg%D1%96n-syna%D2%9B-n%D2%B1s%D2%9Basy/ HTTP/1.1" 200 0 "-" "Mozilla/5.0 (Windows NT 10.0; Win64; x64) AppleWebKit/537.36 (KHTML, like Gecko) Chrome/124.0.0.0 Safari/537.36"
217.113.194.227 - - [20/Jun/2026:20:27:11 +0200] "GET /2026/03/17/best-free-revolves-no-deposit-bonus-offers-inside-pokie-big-red-web-based-casinos-2026/ HTTP/1.1" 200 0 "-" "Mozilla/5.0 (compatible; Barkrowler/0.9; +https://babbar.tech/crawler)"
217.113.194.131 - - [20/Jun/2026:20:29:58 +0200] "GET /2026/05/05/hanamikoji-board-game-japanese-geisha-inspired-a-couple-of-player-credit-games-asmodee-usa/ HTTP/1.1" 200 0 "-" "Mozilla/5.0 (compatible; Barkrowler/0.9; +https://babbar.tech/crawler)"
217.113.194.126 - - [20/Jun/2026:20:30:29 +0200] "GET /2026/01/26/koproq-foyda-olishni-osonlashtiradigan-thunderstruck-maslahatlari/ HTTP/1.1" 200 0 "-" "Mozilla/5.0 (compatible; Barkrowler/0.9; +https://babbar.tech/crawler)"
217.113.194.126 - - [20/Jun/2026:20:32:00 +0200] "GET /2026/04/07/with-a-few-on-line-casino-zero-put-bonuses-you-do-not-get-to-decide-and-therefore-game-your-play/ HTTP/1.1" 200 0 "-" "Mozilla/5.0 (compatible; Barkrowler/0.9; +https://babbar.tech/crawler)"
217.113.194.123 - - [20/Jun/2026:20:28:12 +0200] "GET /2026/05/09/le-savoir-faire-sur-le-website-constitue-disponible-7-journees-via-7-de-8h00-sur-16h00/ HTTP/1.1" 200 0 "-" "Mozilla/5.0 (compatible; Barkrowler/0.9; +https://babbar.tech/crawler)"
217.113.194.125 - - [20/Jun/2026:20:29:28 +0200] "GET /2026/04/09/portfolio-gier-obejmuje-wiecej-niz-8000-tytulow-z-wielu-kategorii/ HTTP/1.1" 200 0 "-" "Mozilla/5.0 (compatible; Barkrowler/0.9; +https://babbar.tech/crawler)"
200.25.47.134 - - [20/Jun/2026:20:32:18 +0200] "POST /xmlrpc.php HTTP/1.1" 200 5926 "-" "Mozilla/5.0 (Windows NT 10.0; Win64; x64) AppleWebKit/537.36 (KHTML, like Gecko) Chrome/114.0.0.0 Safari/537.36"
217.113.194.248 - - [20/Jun/2026:20:33:16 +0200] "GET /2026/01/29/aristocrat-mk6-emulator-webpage-step-the-fruity-grooves-slot-machine-three-videos-arcade/ HTTP/1.1" 200 0 "-" "Mozilla/5.0 (compatible; Barkrowler/0.9; +https://babbar.tech/crawler)"
217.113.194.125 - - [20/Jun/2026:20:33:31 +0200] "GET /2026/01/29/cat-shine-slot-casino-kaboo-casino-sign-up-bonus-opinion-larger-victories-that-have-30-paylines/ HTTP/1.1" 200 0 "-" "Mozilla/5.0 (compatible; Barkrowler/0.9; +https://babbar.tech/crawler)"
217.113.194.248 - - [20/Jun/2026:20:26:41 +0200] "GET /2026/03/17/korzystaj-z-kodu-promocyjnego-vox-casino-i-zagraj-w-kasyno-online/ HTTP/1.1" 200 0 "-" "Mozilla/5.0 (compatible; Barkrowler/0.9; +https://babbar.tech/crawler)"
217.113.194.228 - - [20/Jun/2026:20:26:56 +0200] "GET /2026/03/17/finn-hemsida-nya-casinon-innan-2025-sam-dom-ultimata-natcasinon-av-2025/ HTTP/1.1" 200 0 "-" "Mozilla/5.0 (compatible; Barkrowler/0.9; +https://babbar.tech/crawler)"
217.113.194.123 - - [20/Jun/2026:20:27:27 +0200] "GET /2026/05/09/beste-erreichbar-spielbank-2026-50-spielsaal-test-in-goldbet-promo-2026-deutschland/ HTTP/1.1" 200 0 "-" "Mozilla/5.0 (compatible; Barkrowler/0.9; +https://babbar.tech/crawler)"
217.113.194.129 - - [20/Jun/2026:20:27:42 +0200] "GET /2026/05/09/nye-casino-2025-topp-10-beste-nye-norske-casinoer-verde-casino-norge-bonus-pa-nett/ HTTP/1.1" 200 0 "-" "Mozilla/5.0 (compatible; Barkrowler/0.9; +https://babbar.tech/crawler)"
217.113.194.248 - - [20/Jun/2026:20:27:57 +0200] "GET /2026/05/09/av-den-grunn-har-internett-avslepen-i-egen-beste-siden-person-brukervennlig/ HTTP/1.1" 200 0 "-" "Mozilla/5.0 (compatible; Barkrowler/0.9; +https://babbar.tech/crawler)"
178.159.37.83 - - [20/Jun/2026:20:30:40 +0200] "GET /2026/06/19/10-luchshih-kazino-onlajn-s-chestnymi-vyplatami-20/ HTTP/1.1" 200 0 "-" "Screaming Frog SEO Spider/19.8"
217.113.194.248 - - [20/Jun/2026:20:31:14 +0200] "GET /2026/01/17/inferno-accessoire-a-dessous-un-peu-en-compagnie-de-jouer-sans-aucun-frais-genre-demo-novomatic/ HTTP/1.1" 200 0 "-" "Mozilla/5.0 (compatible; Barkrowler/0.9; +https://babbar.tech/crawler)"
65.21.228.101 - - [20/Jun/2026:20:32:08 +0200] "POST /wp-cron.php?doing_wp_cron=1781980328.0494780540466308593750 HTTP/1.1" 200 0 "-" "WordPress/7.0; https://themomotimes.com"
217.113.194.228 - - [20/Jun/2026:20:26:11 +0200] "GET /2026/03/23/fre-spins-casinos-wegens-30-gratis-spins-rooks-revenge-nederland-2946x-noppes-spelen/ HTTP/1.1" 200 0 "-" "Mozilla/5.0 (compatible; Barkrowler/0.9; +https://babbar.tech/crawler)"
217.113.194.129 - - [20/Jun/2026:20:28:27 +0200] "GET /2026/04/09/salle-de-jeu-pourboire-sans-avoir-i-archive-top-douze-emploi-dans-des-depister-en-2026/ HTTP/1.1" 200 0 "-" "Mozilla/5.0 (compatible; Barkrowler/0.9; +https://babbar.tech/crawler)"
217.113.194.128 - - [20/Jun/2026:20:33:01 +0200] "GET /2026/04/07/mobile-slots-2026-play-bonusspor-wild-water-the-golden-legend-dans-vinner-mobile-slot-games-online/ HTTP/1.1" 200 0 "-" "Mozilla/5.0 (compatible; Barkrowler/0.9; +https://babbar.tech/crawler)"
195.63.4.203 - - [20/Jun/2026:20:28:23 +0200] "GET /2026/03/18/kulturnye-aspekty-vosprijatija-azartnyh-igr-v/ HTTP/1.1" 200 0 "https://themomotimes.com/" "Mozilla/5.0 (Macintosh; Intel Mac OS X 10_15_7) AppleWebKit/537.36 (KHTML, like Gecko) Chrome/144.0.0.0 Safari/537.36"
217.113.194.125 - - [20/Jun/2026:20:29:43 +0200] "GET /2026/04/09/50-freispiele-ohne-einzahlung-sofort-lost-island-spielautomat-erhaltlich-teutonia/ HTTP/1.1" 200 0 "-" "Mozilla/5.0 (compatible; Barkrowler/0.9; +https://babbar.tech/crawler)"
37.222.90.218 - - [20/Jun/2026:20:31:09 +0200] "GET /2026/04/15/halotestin-nel-culturismo-potenzialita-e-rischi/ HTTP/1.1" 200 0 "-" "GuzzleHttp/7"
217.113.194.123 - - [20/Jun/2026:20:32:30 +0200] "GET /2026/04/07/step-1-deposit-us-web-triple-edge-studios-slot-games-for-ipad-based-casinos-within-the-february-2026/ HTTP/1.1" 200 0 "-" "Mozilla/5.0 (compatible; Barkrowler/0.9; +https://babbar.tech/crawler)"
217.181.78.54 - - [20/Jun/2026:20:28:22 +0200] "GET /2026/03/18/kulturnye-aspekty-vosprijatija-azartnyh-igr-v/ HTTP/1.1" 200 0 "https://themomotimes.com/" "Mozilla/5.0 (Macintosh; Intel Mac OS X 10_15_7) AppleWebKit/537.36 (KHTML, like Gecko) Chrome/144.0.0.0 Safari/537.36"
217.181.69.191 - - [20/Jun/2026:20:28:23 +0200] "GET /2026/03/18/kulturnye-aspekty-vosprijatija-azartnyh-igr-v/ HTTP/1.1" 200 0 "https://themomotimes.com/" "Mozilla/5.0 (Macintosh; Intel Mac OS X 10_15_7) AppleWebKit/537.36 (KHTML, like Gecko) Chrome/144.0.0.0 Safari/537.36"
217.113.194.127 - - [20/Jun/2026:20:28:58 +0200] "GET /2026/04/09/bonificaciones-promociones-desplazandolo-hacia-nuestro-pelo-rebajas-en-los-dados-online/ HTTP/1.1" 200 0 "-" "Mozilla/5.0 (compatible; Barkrowler/0.9; +https://babbar.tech/crawler)"
217.113.194.128 - - [20/Jun/2026:20:29:13 +0200] "GET /2026/04/09/best-3d-slots-on-the-web-casino-prospect-hall-login-canada-play-100-percent-free-or-a-real-income-2026/ HTTP/1.1" 200 0 "-" "Mozilla/5.0 (compatible; Barkrowler/0.9; +https://babbar.tech/crawler)"
217.113.194.129 - - [20/Jun/2026:20:30:13 +0200] "GET /2026/03/04/mega-medusa-gambling-enterprise-150-100-crazy-time-online-slot-percent-free-revolves-no-deposit-bonus/ HTTP/1.1" 200 0 "-" "Mozilla/5.0 (compatible; Barkrowler/0.9; +https://babbar.tech/crawler)"
200.25.47.134 - - [20/Jun/2026:20:31:24 +0200] "POST /xmlrpc.php HTTP/1.1" 200 5929 "-" "Mozilla/5.0 (Windows NT 10.0; Win64; x64) AppleWebKit/537.36 (KHTML, like Gecko) Chrome/114.0.0.0 Safari/537.36"
217.113.194.248 - - [20/Jun/2026:20:32:15 +0200] "GET /2026/04/07/da-vinci-expensive-diamonds-pokie-dragon-scrolls-slot-machine-because-of-the-igt-position-evaluation-and-has/ HTTP/1.1" 200 0 "-" "Mozilla/5.0 (compatible; Barkrowler/0.9; +https://babbar.tech/crawler)"
217.113.194.125 - - [20/Jun/2026:20:32:45 +0200] "GET /2026/04/07/cryptowild-casino-150-totally-play-cleopatra-ii-slots-free-spins-and-you-may-150-acceptance-bonus/ HTTP/1.1" 200 0 "-" "Mozilla/5.0 (compatible; Barkrowler/0.9; +https://babbar.tech/crawler)"
217.113.194.130 - - [20/Jun/2026:20:34:16 +0200] "GET /2026/03/11/happiest-christmas-time-forest-position-canada-play-biggest-no-deposit-ladbrokes-demonstration-2026/ HTTP/1.1" 200 0 "-" "Mozilla/5.0 (compatible; Barkrowler/0.9; +https://babbar.tech/crawler)"
217.113.194.127 - - [20/Jun/2026:20:35:02 +0200] "GET /2026/03/14/1win-oficialnyi-sait-bukmekera-obzor-i-zerkalo-dlia-vxoda1552/ HTTP/1.1" 200 0 "-" "Mozilla/5.0 (compatible; Barkrowler/0.9; +https://babbar.tech/crawler)"
217.113.194.127 - - [20/Jun/2026:20:37:03 +0200] "GET /2026/05/14/winnings-you-will-be-making-on-totally-free-spins-no-deposit-offer-have-a-great-10x-betting-criteria/ HTTP/1.1" 200 0 "-" "Mozilla/5.0 (compatible; Barkrowler/0.9; +https://babbar.tech/crawler)"
217.113.194.227 - - [20/Jun/2026:20:38:04 +0200] "GET /2026/05/14/once-more-abreast-of-a-period-of-superhero-bonus-time-betsoft-demonstration-and-position-remark/ HTTP/1.1" 200 0 "-" "Mozilla/5.0 (compatible; Barkrowler/0.9; +https://babbar.tech/crawler)"
185.252.223.20 - - [20/Jun/2026:20:37:43 +0200] "POST /xmlrpc.php HTTP/1.1" 200 5929 "-" "Mozilla/5.0 (Windows NT 10.0; Win64; x64) AppleWebKit/537.36 (KHTML, like Gecko) Chrome/114.0.0.0 Safari/537.36"
217.113.194.124 - - [20/Jun/2026:20:38:50 +0200] "GET /2026/03/30/quali-fattori-vengono-considerati-a-mappare-volte-migliori-casa-da-gioco-online/ HTTP/1.1" 200 0 "-" "Mozilla/5.0 (compatible; Barkrowler/0.9; +https://babbar.tech/crawler)"
217.113.194.124 - - [20/Jun/2026:20:39:20 +0200] "GET /2026/03/30/bet365-e-personalita-dei-bookmakers-con-laggiunta-di-famosi-dai-giocatori-al-mondo/ HTTP/1.1" 200 0 "-" "Mozilla/5.0 (compatible; Barkrowler/0.9; +https://babbar.tech/crawler)"
217.113.194.228 - - [20/Jun/2026:20:40:21 +0200] "GET /2026/01/20/claim-kong-casinos-a-hundred-matchup-incentive-fifty-100-percent-free-slot-coyote-moon-spins/ HTTP/1.1" 200 0 "-" "Mozilla/5.0 (compatible; Barkrowler/0.9; +https://babbar.tech/crawler)"
217.113.194.127 - - [20/Jun/2026:20:41:06 +0200] "GET /2026/01/20/best-no-deposit-casino-foxy-bonus-codes-2026-incentive-uk-free-online-casino-extra-2025/ HTTP/1.1" 200 0 "-" "Mozilla/5.0 (compatible; Barkrowler/0.9; +https://babbar.tech/crawler)"
217.113.194.124 - - [20/Jun/2026:20:42:37 +0200] "GET /2026/03/26/nos-jeux-offerts-sur-le-casino-representent-confirmes-accordent-vers-la-plupart-leurs-normes-necessaires/ HTTP/1.1" 200 0 "-" "Mozilla/5.0 (compatible; Barkrowler/0.9; +https://babbar.tech/crawler)"
217.113.194.227 - - [20/Jun/2026:20:44:23 +0200] "GET /2026/05/18/jugar-miss-kitty-hace-lord-of-the-ocean-maquina-tragamonedas-el-trabajo-sin-cargo-2026/ HTTP/1.1" 200 0 "-" "Mozilla/5.0 (compatible; Barkrowler/0.9; +https://babbar.tech/crawler)"
167.179.13.152 - - [20/Jun/2026:20:45:20 +0200] "GET /2026/05/21/gagner-avec-winbeatz-facilement-3/ HTTP/1.1" 200 0 "https://themomotimes.com/" "Mozilla/5.0 (Windows NT 10.0; Win64; x64) AppleWebKit/537.36 (KHTML, like Gecko) Chrome/145.0.0.0 Safari/537.36"
178.159.37.83 - - [20/Jun/2026:20:45:23 +0200] "GET /2026/06/19/kazino-igrat-onlajn-v-luchshie-azartnye-igry-30/ HTTP/1.1" 200 0 "-" "Screaming Frog SEO Spider/19.8"
217.113.194.126 - - [20/Jun/2026:20:45:24 +0200] "GET /2026/04/06/birthday-bonus-gambling-enterprise-most-useful-british-gambling-enterprises-that-have-birthday-free-revolves-extra/ HTTP/1.1" 200 0 "-" "Mozilla/5.0 (compatible; Barkrowler/0.9; +https://babbar.tech/crawler)"
217.113.194.128 - - [20/Jun/2026:20:46:40 +0200] "GET /2026/05/06/compare-ideal-australian-gambling-enterprises-pokies-and-you-will-bookies-desired-a-lot-more-from-2025/ HTTP/1.1" 200 0 "-" "Mozilla/5.0 (compatible; Barkrowler/0.9; +https://babbar.tech/crawler)"
217.113.194.124 - - [20/Jun/2026:20:47:26 +0200] "GET /2026/01/12/house-out-of-enjoyable-unlocking-100-percent-free-coins-casino-smart-mobile-login-to-have-endless-fun/ HTTP/1.1" 200 0 "-" "Mozilla/5.0 (compatible; Barkrowler/0.9; +https://babbar.tech/crawler)"
217.113.194.122 - - [20/Jun/2026:20:34:32 +0200] "GET /2026/03/11/persoanele-dvs-ar-putea-primi-bune-soluii-de-cazino-care-au-aplicaii-android/ HTTP/1.1" 200 0 "-" "Mozilla/5.0 (compatible; Barkrowler/0.9; +https://babbar.tech/crawler)"
217.113.194.129 - - [20/Jun/2026:20:37:49 +0200] "GET /2026/05/14/even-when-unusual-you-can-find-brands-that-will-accept-a-reduced-earliest-go-out-deposit-only/ HTTP/1.1" 200 0 "-" "Mozilla/5.0 (compatible; Barkrowler/0.9; +https://babbar.tech/crawler)"
185.252.223.20 - - [20/Jun/2026:20:38:33 +0200] "POST /xmlrpc.php HTTP/1.1" 200 5926 "-" "Mozilla/5.0 (Windows NT 10.0; Win64; x64) AppleWebKit/537.36 (KHTML, like Gecko) Chrome/114.0.0.0 Safari/537.36"
217.113.194.125 - - [20/Jun/2026:20:40:51 +0200] "GET /2026/01/20/top-10-online-casinos-to-try-out-a-real-income-game-slot-happy-holidays-in-the-united-states-of-america-2026/ HTTP/1.1" 200 0 "-" "Mozilla/5.0 (compatible; Barkrowler/0.9; +https://babbar.tech/crawler)"
217.113.194.123 - - [20/Jun/2026:20:42:53 +0200] "GET /2026/03/26/finest-pokies-incentives-2026-essential-link-most-significant-bien-au-local-casino-incentives/ HTTP/1.1" 200 0 "-" "Mozilla/5.0 (compatible; Barkrowler/0.9; +https://babbar.tech/crawler)"
47.82.11.52 - - [20/Jun/2026:20:45:02 +0200] "GET /2026/01/15/extra-ice-picks-1-deposit-codes-to-possess-australians/ HTTP/1.1" 200 0 "https://themomotimes.com/" "Mozilla/5.0 (X11; CrOS x86_64 14541.0.0) AppleWebKit/537.36 (KHTML, like Gecko) Chrome/134.0.0.0 Safari/537.36"
193.58.104.171 - - [20/Jun/2026:20:46:00 +0200] "GET /2026/06/01/bdmbets-casino-zanesljivost-igre/ HTTP/1.1" 200 0 "https://themomotimes.com/" "Mozilla/5.0 (X11; Ubuntu; Linux x86_64; rv:136.0) Gecko/20100101 Firefox/136.0"
217.113.194.130 - - [20/Jun/2026:20:47:56 +0200] "GET /2026/01/28/ghostbusters-your-entire-self-help-guide-keks-slot-no-deposit-bonus-to-the-fresh-technology-products/ HTTP/1.1" 200 0 "-" "Mozilla/5.0 (compatible; Barkrowler/0.9; +https://babbar.tech/crawler)"
217.113.194.124 - - [20/Jun/2026:20:48:57 +0200] "GET /2026/04/14/andhra-cm-now-offers-cotton-robes-aladdin-slots-online-casino-in-order-to-lord-balaji/ HTTP/1.1" 200 0 "-" "Mozilla/5.0 (compatible; Barkrowler/0.9; +https://babbar.tech/crawler)"
217.113.194.124 - - [20/Jun/2026:20:49:27 +0200] "GET /2026/04/14/steps-to-make-on-line-casino-distributions-bikini-party-slot-free-spins-and-now-have-paid-back-whenever/ HTTP/1.1" 200 0 "-" "Mozilla/5.0 (compatible; Barkrowler/0.9; +https://babbar.tech/crawler)"
217.113.194.128 - - [20/Jun/2026:20:35:17 +0200] "GET /2026/03/14/play-pharaohs-casino-lucky-free-spins-chance-totally-free-report-on-pharaohs-fortune/ HTTP/1.1" 200 0 "-" "Mozilla/5.0 (compatible; Barkrowler/0.9; +https://babbar.tech/crawler)"
217.113.194.248 - - [20/Jun/2026:20:35:32 +0200] "GET /2026/03/14/ocena-brezplacne-demonstracije-igralnega-goldbet-bonus-avtomata-flames-joker/ HTTP/1.1" 200 0 "-" "Mozilla/5.0 (compatible; Barkrowler/0.9; +https://babbar.tech/crawler)"
146.70.226.85 - - [20/Jun/2026:20:35:35 +0200] "POST /xmlrpc.php HTTP/1.1" 200 18382 "-" "Mozilla/5.0 (Windows NT 10.0; Win64; x64) AppleWebKit/537.36 (KHTML, like Gecko) Chrome/114.0.0.0 Safari/537.36"
217.113.194.248 - - [20/Jun/2026:20:35:47 +0200] "GET /2026/05/17/wunderino-probe-jedweder-bf-games-slots-ipad-erfahrungen-zum-glucksspielanbieter/ HTTP/1.1" 200 0 "-" "Mozilla/5.0 (compatible; Barkrowler/0.9; +https://babbar.tech/crawler)"
146.70.226.85 - - [20/Jun/2026:20:35:36 +0200] "POST /xmlrpc.php HTTP/1.1" 200 5926 "-" "Mozilla/5.0 (Windows NT 10.0; Win64; x64) AppleWebKit/537.36 (KHTML, like Gecko) Chrome/114.0.0.0 Safari/537.36"
217.113.194.123 - - [20/Jun/2026:20:36:03 +0200] "GET /2026/05/17/shes-a-wealthy-girl-position-opinion-try-this-igt-games-for-best-online-live-dealer-bingo-totally-free/ HTTP/1.1" 200 0 "-" "Mozilla/5.0 (compatible; Barkrowler/0.9; +https://babbar.tech/crawler)"
217.113.194.127 - - [20/Jun/2026:20:39:05 +0200] "GET /2026/03/30/affare-sono-volte-mobilio-casino-ed-che-tipo-di-funzionano-le-app-casa-da-gioco/ HTTP/1.1" 200 0 "-" "Mozilla/5.0 (compatible; Barkrowler/0.9; +https://babbar.tech/crawler)"
217.113.194.131 - - [20/Jun/2026:20:40:36 +0200] "GET /2026/01/20/on-line-casino-bonuses-greatest-added-bonus-web-1xslot-bonus-code-2024-sites-january-2026/ HTTP/1.1" 200 0 "-" "Mozilla/5.0 (compatible; Barkrowler/0.9; +https://babbar.tech/crawler)"
217.113.194.131 - - [20/Jun/2026:20:44:08 +0200] "GET /2026/05/18/there-are-many-reasons-why-paypal-is-a-superb-selection-for-members-playing-with-an-on-line-casino/ HTTP/1.1" 200 0 "-" "Mozilla/5.0 (compatible; Barkrowler/0.9; +https://babbar.tech/crawler)"
217.113.194.131 - - [20/Jun/2026:20:45:39 +0200] "GET /2026/02/06/100-percent-free-harbors-no-down-load-zero-membership-cobber-casino-login-new-zealand-immediate-gamble/ HTTP/1.1" 200 0 "-" "Mozilla/5.0 (compatible; Barkrowler/0.9; +https://babbar.tech/crawler)"
217.113.194.124 - - [20/Jun/2026:20:48:42 +0200] "GET /2026/02/03/better-the-new-web-based-casinos-and-the-brand-new-gambling-establishment-web-sites-rated-to-have-january-2026/ HTTP/1.1" 200 0 "-" "Mozilla/5.0 (compatible; Barkrowler/0.9; +https://babbar.tech/crawler)"
217.113.194.228 - - [20/Jun/2026:20:33:46 +0200] "GET /2026/03/11/if-you-are-only-getting-started-off-with-casinos-on-the-internet-expertise-bonuses-are-a-game-title-changer/ HTTP/1.1" 200 0 "-" "Mozilla/5.0 (compatible; Barkrowler/0.9; +https://babbar.tech/crawler)"
146.70.226.85 - - [20/Jun/2026:20:34:47 +0200] "POST /xmlrpc.php HTTP/1.1" 200 5929 "-" "Mozilla/5.0 (Windows NT 10.0; Win64; x64) AppleWebKit/537.36 (KHTML, like Gecko) Chrome/114.0.0.0 Safari/537.36"
217.113.194.124 - - [20/Jun/2026:20:36:18 +0200] "GET /2026/04/13/eh-bien-quetant-votre-attroupement-des-dangers-interieurs-i%EF%BF%BD-ce-genre-de-sportifs/ HTTP/1.1" 200 0 "-" "Mozilla/5.0 (compatible; Barkrowler/0.9; +https://babbar.tech/crawler)"
217.113.194.248 - - [20/Jun/2026:20:36:48 +0200] "GET /2026/04/13/when-score-real-money-web-sites-i-fool-around-with-a-long-list-of-factors-and-you-will-examining-products/ HTTP/1.1" 200 0 "-" "Mozilla/5.0 (compatible; Barkrowler/0.9; +https://babbar.tech/crawler)"
217.113.194.126 - - [20/Jun/2026:20:37:18 +0200] "GET /2026/05/14/revoili%EF%BF%BD-quelques-unes-vos-informations-davantage-souvent-accrochees-et-tous-les-breves/ HTTP/1.1" 200 0 "-" "Mozilla/5.0 (compatible; Barkrowler/0.9; +https://babbar.tech/crawler)"
217.113.194.128 - - [20/Jun/2026:20:41:52 +0200] "GET /2026/03/20/melhores-provedores-criancice-cassino-sobre-sites-brasileiros-a-maquina-de-slot-halloween-2026/ HTTP/1.1" 200 0 "-" "Mozilla/5.0 (compatible; Barkrowler/0.9; +https://babbar.tech/crawler)"
217.113.194.227 - - [20/Jun/2026:20:42:22 +0200] "GET /2026/03/26/greatest-ten-deposit-incentive-british-greatest-ten-deposit-gambling-enterprises-to-own-march-2026/ HTTP/1.1" 200 0 "-" "Mozilla/5.0 (compatible; Barkrowler/0.9; +https://babbar.tech/crawler)"
217.113.194.131 - - [20/Jun/2026:20:44:39 +0200] "GET /2026/05/18/dunder-spielbank-erfahrungen-testbericht-all-lucky-clovers-40-spielautomat-bewertung-2026/ HTTP/1.1" 200 0 "-" "Mozilla/5.0 (compatible; Barkrowler/0.9; +https://babbar.tech/crawler)"
185.213.246.15 - - [20/Jun/2026:20:46:01 +0200] "GET /2026/06/01/bdmbets-casino-zanesljivost-igre/ HTTP/1.1" 200 0 "https://themomotimes.com/" "Mozilla/5.0 (X11; Ubuntu; Linux x86_64; rv:136.0) Gecko/20100101 Firefox/136.0"
216.73.216.128 - - [20/Jun/2026:20:46:59 +0200] "GET /2026/03/18/kulturnye-aspekty-vosprijatija-azartnyh-igr-v/ HTTP/2" 200 0 "-" "Mozilla/5.0 AppleWebKit/537.36 (KHTML, like Gecko; compatible; ClaudeBot/1.0; +claudebot@anthropic.com)"
217.113.194.128 - - [20/Jun/2026:20:49:57 +0200] "GET /2026/04/14/entsprechend-die-leser-ermitteln-inwieweit-der-kostenloses-slot-gebot-gut-sei/ HTTP/1.1" 200 0 "-" "Mozilla/5.0 (compatible; Barkrowler/0.9; +https://babbar.tech/crawler)"
212.192.55.207 - - [20/Jun/2026:20:35:00 +0200] "GET /2026/06/11/betista-casino-ein-sicherer-spielplatz/ HTTP/1.1" 200 0 "https://themomotimes.com/" "Mozilla/5.0 (Windows NT 10.0; Win64; x64) AppleWebKit/537.36 (KHTML, like Gecko) Chrome/146.0.0.0 Safari/537.36"
217.113.194.123 - - [20/Jun/2026:20:38:19 +0200] "GET /2026/04/15/very-uk-casinos-on-the-internet-deal-with-basic-debit-cards-as-well-as-visa-and-you-can-bank-card/ HTTP/1.1" 200 0 "-" "Mozilla/5.0 (compatible; Barkrowler/0.9; +https://babbar.tech/crawler)"
65.21.228.101 - - [20/Jun/2026:20:38:27 +0200] "POST /wp-cron.php?doing_wp_cron=1781980707.2867109775543212890625 HTTP/1.1" 200 0 "-" "WordPress/7.0; https://themomotimes.com"
185.252.223.20 - - [20/Jun/2026:20:38:33 +0200] "GET /2026/06/20/te-narzedzia-nie-nieodlaczne-jakims-zapomnianym-notatki-jest-wlasciwie-w-pierwszym-planie/ HTTP/1.1" 200 0 "-" "Mozilla/5.0 (Windows NT 10.0; Win64; x64) AppleWebKit/537.36 (KHTML, like Gecko) Chrome/124.0.0.0 Safari/537.36"
217.113.194.122 - - [20/Jun/2026:20:39:35 +0200] "GET /2026/03/30/score-three-butterfly-staxx-1-deposit-hundred-no-deposit-totally-free-spins-to-have-march-2026/ HTTP/1.1" 200 0 "-" "Mozilla/5.0 (compatible; Barkrowler/0.9; +https://babbar.tech/crawler)"
217.113.194.127 - - [20/Jun/2026:20:41:21 +0200] "GET /2026/01/20/top-rated-real-cash-web-based-casinos-mr-bet-australia-cashback-our-picks-within-the-canada-2026/ HTTP/1.1" 200 0 "-" "Mozilla/5.0 (compatible; Barkrowler/0.9; +https://babbar.tech/crawler)"
217.113.194.123 - - [20/Jun/2026:20:46:10 +0200] "GET /2026/02/27/sool-buck-slot-online-immersive-roulette-dealer-ao-vivo-acessivel-para-apostar-online/ HTTP/1.1" 200 0 "-" "Mozilla/5.0 (compatible; Barkrowler/0.9; +https://babbar.tech/crawler)"
217.113.194.127 - - [20/Jun/2026:20:46:25 +0200] "GET /2026/05/06/access-numerous-payment-solutions-enables-you-to-like-an-excellent-strategy-thats-simpler-for-your-requirements/ HTTP/1.1" 200 0 "-" "Mozilla/5.0 (compatible; Barkrowler/0.9; +https://babbar.tech/crawler)"
217.113.194.130 - - [20/Jun/2026:20:47:10 +0200] "GET /2026/01/12/better-real-money-gambling-establishment-apps-2025-greatest-casino-no-deposit-60-free-spins-mobile-gaming/ HTTP/1.1" 200 0 "-" "Mozilla/5.0 (compatible; Barkrowler/0.9; +https://babbar.tech/crawler)"
217.113.194.248 - - [20/Jun/2026:20:48:11 +0200] "GET /2026/01/09/online-slots-games-online-casino-aristocrat-slots-web-sites-the-best-places-to-play-ports-game-on-the-internet/ HTTP/1.1" 200 0 "-" "Mozilla/5.0 (compatible; Barkrowler/0.9; +https://babbar.tech/crawler)"
217.113.194.124 - - [20/Jun/2026:20:48:26 +0200] "GET /2026/03/06/mai-aplicativo-original-do-bruce-bet-goal-concetto-addirittura-migliori-quote-online/ HTTP/1.1" 200 0 "-" "Mozilla/5.0 (compatible; Barkrowler/0.9; +https://babbar.tech/crawler)"
217.113.194.228 - - [20/Jun/2026:20:49:42 +0200] "GET /2026/04/14/trouver-le-plus-bas-salle-a-legard-de-jeu-legerement-tous-les-francais-des-cles-en-tenant-faire-le-bon-choix/ HTTP/1.1" 200 0 "-" "Mozilla/5.0 (compatible; Barkrowler/0.9; +https://babbar.tech/crawler)"
217.113.194.248 - - [20/Jun/2026:20:34:47 +0200] "GET /2026/02/07/guide-of-deceased-free-spins-jimi-hendrix-online-slot-touch-1-deposit-also-provides-2026/ HTTP/1.1" 200 0 "-" "Mozilla/5.0 (compatible; Barkrowler/0.9; +https://babbar.tech/crawler)"
212.192.55.207 - - [20/Jun/2026:20:35:00 +0200] "GET /2026/06/11/betista-casino-ein-sicherer-spielplatz/ HTTP/1.1" 200 0 "https://themomotimes.com/" "Mozilla/5.0 (Windows NT 10.0; Win64; x64) AppleWebKit/537.36 (KHTML, like Gecko) Chrome/146.0.0.0 Safari/537.36"
74.7.228.32 - - [20/Jun/2026:20:36:11 +0200] "GET /robots.txt HTTP/2" 200 135 "-" "Mozilla/5.0 (Macintosh; Intel Mac OS X 10_15_7) AppleWebKit/537.36 (KHTML, like Gecko) Chrome/131.0.0.0 Safari/537.36; compatible; OAI-SearchBot/1.4; robots.txt; +https://openai.com/searchbot"
185.252.223.20 - - [20/Jun/2026:20:38:32 +0200] "POST /xmlrpc.php HTTP/1.1" 200 15422 "-" "Mozilla/5.0 (Windows NT 10.0; Win64; x64) AppleWebKit/537.36 (KHTML, like Gecko) Chrome/114.0.0.0 Safari/537.36"
217.113.194.129 - - [20/Jun/2026:20:40:06 +0200] "GET /2026/03/30/would-it-be-legal-so-youre-able-to-enjoy-throughout-the-real-cash-function-during-the-online-casinos/ HTTP/1.1" 200 0 "-" "Mozilla/5.0 (compatible; Barkrowler/0.9; +https://babbar.tech/crawler)"
217.113.194.124 - - [20/Jun/2026:20:45:09 +0200] "GET /2026/04/11/autentycznosc-i-bedziesz-mozesz-ekspert-haslo-bonusowy-bet-on-red/ HTTP/1.1" 200 0 "-" "Mozilla/5.0 (compatible; Barkrowler/0.9; +https://babbar.tech/crawler)"
167.179.13.152 - - [20/Jun/2026:20:45:18 +0200] "GET /2026/05/21/gagner-avec-winbeatz-facilement-3/ HTTP/1.1" 200 0 "https://themomotimes.com/" "Mozilla/5.0 (Windows NT 10.0; Win64; x64) AppleWebKit/537.36 (KHTML, like Gecko) Chrome/145.0.0.0 Safari/537.36"
217.113.194.122 - - [20/Jun/2026:20:45:54 +0200] "GET /2026/02/27/eye-of-horus-verbunden-hydrargyrum-uber-echtgeld-live-handler-bitcoin-casinos-spielen/ HTTP/1.1" 200 0 "-" "Mozilla/5.0 (compatible; Barkrowler/0.9; +https://babbar.tech/crawler)"
217.113.194.228 - - [20/Jun/2026:20:34:01 +0200] "GET /2026/03/11/giros-gratuito-desprovisto-deposito-bono-casino-de-51-free-montezuma-mega-jackpot-spins/ HTTP/1.1" 200 0 "-" "Mozilla/5.0 (compatible; Barkrowler/0.9; +https://babbar.tech/crawler)"
212.192.55.207 - - [20/Jun/2026:20:35:00 +0200] "GET /2026/06/11/betista-casino-ein-sicherer-spielplatz/ HTTP/1.1" 200 0 "https://themomotimes.com/" "Mozilla/5.0 (Windows NT 10.0; Win64; x64) AppleWebKit/537.36 (KHTML, like Gecko) Chrome/146.0.0.0 Safari/537.36"
217.113.194.122 - - [20/Jun/2026:20:36:33 +0200] "GET /2026/04/13/le-toilettage-en-compagnie-de-tables-ne-semblent-pas-du-tout-lelement-forteresse-damonbet/ HTTP/1.1" 200 0 "-" "Mozilla/5.0 (compatible; Barkrowler/0.9; +https://babbar.tech/crawler)"
217.113.194.126 - - [20/Jun/2026:20:41:37 +0200] "GET /2026/01/20/100-percent-free-casino-games-you-to-definitely-pay-a-real-income-with-no-bitcoin-casinos-deposit/ HTTP/1.1" 200 0 "-" "Mozilla/5.0 (compatible; Barkrowler/0.9; +https://babbar.tech/crawler)"
217.113.194.123 - - [20/Jun/2026:20:42:07 +0200] "GET /2026/03/26/step-towards-a-world-in-which-the-thrill-is-really-as-hot-as-this-new-well-spiced-salsa/ HTTP/1.1" 200 0 "-" "Mozilla/5.0 (compatible; Barkrowler/0.9; +https://babbar.tech/crawler)"
217.113.194.123 - - [20/Jun/2026:20:43:08 +0200] "GET /2026/03/26/not-all-the-casinos-promote-this-stand-out-feature-providing-users-much-more-diversity-and-you-can-personal-posts/ HTTP/1.1" 200 0 "-" "Mozilla/5.0 (compatible; Barkrowler/0.9; +https://babbar.tech/crawler)"
217.113.194.130 - - [20/Jun/2026:20:43:23 +0200] "GET /2026/05/18/competir-jack-hammer-2-codigo-de-promocion-de-spinsy-ranuras-tratar-gratuito-2026/ HTTP/1.1" 200 0 "-" "Mozilla/5.0 (compatible; Barkrowler/0.9; +https://babbar.tech/crawler)"
217.113.194.227 - - [20/Jun/2026:20:43:38 +0200] "GET /2026/05/18/odkryj-magiczny-swiat-spinstar-casino-w-naszej-pasjonujacej-recenzji/ HTTP/1.1" 200 0 "-" "Mozilla/5.0 (compatible; Barkrowler/0.9; +https://babbar.tech/crawler)"
185.213.246.186 - - [20/Jun/2026:20:45:58 +0200] "GET /2026/06/01/bdmbets-casino-zanesljivost-igre/ HTTP/1.1" 200 0 "https://themomotimes.com/" "Mozilla/5.0 (X11; Ubuntu; Linux x86_64; rv:136.0) Gecko/20100101 Firefox/136.0"
217.113.194.123 - - [20/Jun/2026:20:49:12 +0200] "GET /2026/04/14/scorching-deluxe-position-casino-with-gala-100-free-spins-comment-added-bonus-guide-of-ra-play-com/ HTTP/1.1" 200 0 "-" "Mozilla/5.0 (compatible; Barkrowler/0.9; +https://babbar.tech/crawler)"
217.113.194.124 - - [20/Jun/2026:20:50:13 +0200] "GET /2026/01/14/ultimata-casino-verajohn-recension-casinos-online-2025-topplista-for-svenska-spraket-spelare/ HTTP/1.1" 200 0 "-" "Mozilla/5.0 (compatible; Barkrowler/0.9; +https://babbar.tech/crawler)"
47.82.11.55 - - [20/Jun/2026:20:34:04 +0200] "GET /2026/01/08/better-sportsbook-promos-december-wagering-incentives-and-santastic-online-discounts/ HTTP/1.1" 200 0 "https://themomotimes.com/" "Mozilla/5.0 (Macintosh; Intel Mac OS X 10.15; rv:137.0) Gecko/20100101 Firefox/137.0"
65.21.228.101 - - [20/Jun/2026:20:35:30 +0200] "POST /wp-cron.php?doing_wp_cron=1781980530.1227390766143798828125 HTTP/1.1" 200 0 "-" "WordPress/7.0; https://themomotimes.com"
146.70.226.85 - - [20/Jun/2026:20:35:36 +0200] "GET /2026/06/20/ebendiese-bonusbedingungen-hinschlagen-einfach-deine-spielerfahrung-die-wege-gewinne-auszuzahlen/ HTTP/1.1" 200 0 "-" "Mozilla/5.0 (Windows NT 10.0; Win64; x64; rv:124.0) Gecko/20100101 Firefox/124.0"
217.113.194.125 - - [20/Jun/2026:20:37:34 +0200] "GET /2026/05/14/slots-an-algum-efetivo-jogue-as-melhores-betnacional-apostas-slots-sobre-2026/ HTTP/1.1" 200 0 "-" "Mozilla/5.0 (compatible; Barkrowler/0.9; +https://babbar.tech/crawler)"
217.113.194.131 - - [20/Jun/2026:20:38:35 +0200] "GET /2026/03/30/sportpesa-very-jackpot-anticipate-%EF%BF%BD-17-sure-games-now-delivering-huge-wins/ HTTP/1.1" 200 0 "-" "Mozilla/5.0 (compatible; Barkrowler/0.9; +https://babbar.tech/crawler)"
217.113.194.127 - - [20/Jun/2026:20:39:50 +0200] "GET /2026/03/30/confusione-%EF%BF%BD-riconoscimento-di-considerazione-%EF%BF%BD-ybets-bonus-senza-deposito/ HTTP/1.1" 200 0 "-" "Mozilla/5.0 (compatible; Barkrowler/0.9; +https://babbar.tech/crawler)"
84.233.216.142 - - [20/Jun/2026:20:41:49 +0200] "GET /wp-content/plugins/fix/up.php HTTP/1.1" 200 0 "-" "Mozilla/5.0"
217.113.194.130 - - [20/Jun/2026:20:43:53 +0200] "GET /2026/05/18/aadar-unele-dintre-acestea-sunt-transferate-direct-in-balana-care-au-numerar-real/ HTTP/1.1" 200 0 "-" "Mozilla/5.0 (compatible; Barkrowler/0.9; +https://babbar.tech/crawler)"
217.113.194.248 - - [20/Jun/2026:20:44:54 +0200] "GET /2026/05/18/10-beste-moglich-casinos-bei-teutonia-inoffizieller-mitarbeiter-abmachung-2026/ HTTP/1.1" 200 0 "-" "Mozilla/5.0 (compatible; Barkrowler/0.9; +https://babbar.tech/crawler)"
167.179.13.152 - - [20/Jun/2026:20:45:19 +0200] "GET /2026/05/21/gagner-avec-winbeatz-facilement-3/ HTTP/1.1" 200 0 "https://themomotimes.com/" "Mozilla/5.0 (Windows NT 10.0; Win64; x64) AppleWebKit/537.36 (KHTML, like Gecko) Chrome/145.0.0.0 Safari/537.36"
217.113.194.125 - - [20/Jun/2026:20:46:55 +0200] "GET /2026/01/12/better-online-slot-games-desert-treasure-2-online-casino-sites-skillfully-analyzed-finest-gambling-enterprises/ HTTP/1.1" 200 0 "-" "Mozilla/5.0 (compatible; Barkrowler/0.9; +https://babbar.tech/crawler)"
217.113.194.123 - - [20/Jun/2026:20:47:41 +0200] "GET /2026/01/12/15-greatest-web-based-casinos-the-real-deal-money-new-no-deposit-slotsmillion-2023-december-2025/ HTTP/1.1" 200 0 "-" "Mozilla/5.0 (compatible; Barkrowler/0.9; +https://babbar.tech/crawler)"
47.82.11.94 - - [20/Jun/2026:20:47:54 +0200] "GET /2026/03/09/unlock-your-next-casino-bonus-and-boost-your-9/ HTTP/1.1" 200 0 "https://themomotimes.com/" "Mozilla/5.0 (Macintosh; Intel Mac OS X 10_15_7) AppleWebKit/605.1.15 (KHTML, like Gecko) Version/18.3.1 Safari/605.1.15"
8.217.188.167 - - [20/Jun/2026:20:50:28 +0200] "GET /2026/04/30/totally-free-pharaohs-chance-slots-video-game-eye-of-horus-rtp-slot-real-money-no-install-html5-pharaoh-slots/ HTTP/1.1" 200 0 "-" "AliyunSecBot/Aliyun (AliyunSecBot@service.alibaba.com)"
128.1.218.184 - - [20/Jun/2026:20:51:44 +0200] "POST /xmlrpc.php HTTP/1.1" 200 5929 "-" "Mozilla/5.0 (Windows NT 10.0; Win64; x64) AppleWebKit/537.36 (KHTML, like Gecko) Chrome/114.0.0.0 Safari/537.36"
65.21.228.101 - - [20/Jun/2026:20:52:35 +0200] "POST /wp-cron.php?doing_wp_cron=1781981555.2375729084014892578125 HTTP/1.1" 200 0 "-" "WordPress/7.0; https://themomotimes.com"
128.1.218.184 - - [20/Jun/2026:20:52:34 +0200] "POST /xmlrpc.php HTTP/1.1" 200 22631 "-" "Mozilla/5.0 (Windows NT 10.0; Win64; x64) AppleWebKit/537.36 (KHTML, like Gecko) Chrome/114.0.0.0 Safari/537.36"
200.25.47.134 - - [20/Jun/2026:20:52:39 +0200] "GET /2026/06/20/100-payyz-larris-omarmaniyasynan-aryldy-%D2%B1lybritaniyada-esh%D2%9Banday-ta%D2%A3dau-zho%D2%9B-2026-zhyly-kolledzh-nemese-universitett%D1%96-filosofiya-psikhologiya-zh%D3%99ne-kod-%D2%93ylymdarynan/ HTTP/1.1" 200 0 "-" "Mozilla/5.0 (Windows NT 10.0; Win64; x64; rv:125.0) Gecko/20100101 Firefox/125.0"
217.113.194.126 - - [20/Jun/2026:20:54:15 +0200] "GET /2026/04/27/merkur-slot-eye-of-horus-fur-nusse-abzuglich-anmeldung-zum-besten-geben/ HTTP/1.1" 200 0 "-" "Mozilla/5.0 (compatible; Barkrowler/0.9; +https://babbar.tech/crawler)"
217.113.194.129 - - [20/Jun/2026:20:54:30 +0200] "GET /2026/05/11/neue-erreichbar-casinos-wonnemonat-halloween-fortune-slot-rtp-2026-fur-deutsche-spieler/ HTTP/1.1" 200 0 "-" "Mozilla/5.0 (compatible; Barkrowler/0.9; +https://babbar.tech/crawler)"
65.21.228.101 - - [20/Jun/2026:20:54:46 +0200] "POST /wp-cron.php?doing_wp_cron=1781981686.0532689094543457031250 HTTP/1.1" 200 0 "-" "WordPress/7.0; https://themomotimes.com"
65.21.228.101 - - [20/Jun/2026:20:54:49 +0200] "POST /wp-cron.php?doing_wp_cron=1781981689.0183689594268798828125 HTTP/1.1" 200 0 "-" "WordPress/7.0; https://themomotimes.com"
217.113.194.131 - - [20/Jun/2026:20:55:01 +0200] "GET /2026/02/24/una-app-bitiento-agradable-y-intuitivo-lo-tanto-con-el-fin-de-personas-para-negocios/ HTTP/1.1" 200 0 "-" "Mozilla/5.0 (compatible; Barkrowler/0.9; +https://babbar.tech/crawler)"
217.113.194.126 - - [20/Jun/2026:20:56:01 +0200] "GET /2026/05/08/loaded-7s-slot-by-igt-100-percent-1-wild-heist-at-peacock-manor-free-demo-gamble/ HTTP/1.1" 200 0 "-" "Mozilla/5.0 (compatible; Barkrowler/0.9; +https://babbar.tech/crawler)"
217.113.194.248 - - [20/Jun/2026:20:57:48 +0200] "GET /2026/02/02/premio-mucchio-con-italia-stringa-aggiornata-di-october-impara-i-fatti-qui-ora-2025/ HTTP/1.1" 200 0 "-" "Mozilla/5.0 (compatible; Barkrowler/0.9; +https://babbar.tech/crawler)"
217.113.194.131 - - [20/Jun/2026:20:58:18 +0200] "GET /2026/02/22/die-geheimnisse-des-casino-erfolgs-entschlusseln-strategien-zur-maximierung-ihrer-gewinne/ HTTP/1.1" 200 0 "-" "Mozilla/5.0 (compatible; Barkrowler/0.9; +https://babbar.tech/crawler)"
65.21.228.101 - - [20/Jun/2026:20:58:58 +0200] "POST /wp-cron.php?doing_wp_cron=1781981938.1359319686889648437500 HTTP/1.1" 200 0 "-" "WordPress/7.0; https://themomotimes.com"
200.25.47.134 - - [20/Jun/2026:20:58:15 +0200] "POST /xmlrpc.php HTTP/1.1" 200 5929 "-" "Mozilla/5.0 (Windows NT 10.0; Win64; x64) AppleWebKit/537.36 (KHTML, like Gecko) Chrome/114.0.0.0 Safari/537.36"
193.24.208.14 - - [20/Jun/2026:21:00:09 +0200] "GET /2026/05/21/gagner-avec-winbeatz-facilement-3/ HTTP/1.1" 200 0 "https://themomotimes.com" "Mozilla/5.0 (Windows NT 10.0; Win64; x64) AppleWebKit/537.36 (KHTML, like Gecko) Chrome/62.0.3202.94 Safari/537.36"
217.113.194.130 - - [20/Jun/2026:21:01:05 +0200] "GET /2026/03/10/vzryv-adrenalina-i-bolsie-vyigrysi-zdut-vas-na-httpsredmedusaru/ HTTP/1.1" 200 0 "-" "Mozilla/5.0 (compatible; Barkrowler/0.9; +https://babbar.tech/crawler)"
98.98.9.22 - - [20/Jun/2026:21:01:35 +0200] "POST /xmlrpc.php HTTP/1.1" 200 19916 "-" "Mozilla/5.0 (Windows NT 10.0; Win64; x64) AppleWebKit/537.36 (KHTML, like Gecko) Chrome/114.0.0.0 Safari/537.36"
217.113.194.228 - - [20/Jun/2026:20:50:28 +0200] "GET /2026/03/31/eye-of-horus-kundgebung-vortragen-casino-maklercourtage-red-flag-fleet-spielplatz-2026/ HTTP/1.1" 200 0 "-" "Mozilla/5.0 (compatible; Barkrowler/0.9; +https://babbar.tech/crawler)"
217.113.194.248 - - [20/Jun/2026:20:51:13 +0200] "GET /2026/03/31/100-percent-free-multiplayer-or-unicamente-on-the-internet-yahtzee-big-chef-game-games/ HTTP/1.1" 200 0 "-" "Mozilla/5.0 (compatible; Barkrowler/0.9; +https://babbar.tech/crawler)"
217.113.194.248 - - [20/Jun/2026:20:53:30 +0200] "GET /2026/04/27/mars-spielcasino-erfahrungen-%EF%BF%BD-novoline-sonnennachster-planet-netent-einiges-mehrere/ HTTP/1.1" 200 0 "-" "Mozilla/5.0 (compatible; Barkrowler/0.9; +https://babbar.tech/crawler)"
185.252.223.20 - - [20/Jun/2026:20:54:35 +0200] "POST /xmlrpc.php HTTP/1.1" 200 16269 "-" "Mozilla/5.0 (Windows NT 10.0; Win64; x64) AppleWebKit/537.36 (KHTML, like Gecko) Chrome/114.0.0.0 Safari/537.36"
185.252.223.20 - - [20/Jun/2026:20:54:36 +0200] "GET /2026/06/20/do-pokaz-tydzien-kalendarzowy-tygodnia-przygotowano-powiazane-casino-total-reklama/ HTTP/1.1" 200 0 "-" "Mozilla/5.0 (Windows NT 10.0; Win64; x64) AppleWebKit/537.36 (KHTML, like Gecko) Chrome/124.0.0.0 Safari/537.36 Edg/124.0.0.0"
217.113.194.129 - - [20/Jun/2026:20:54:46 +0200] "GET /2026/05/07/ustawowe-kasyna-online-na-terytorium-polski-2026-oraz-dobre-porady-gracza/ HTTP/1.1" 200 0 "-" "Mozilla/5.0 (compatible; Barkrowler/0.9; +https://babbar.tech/crawler)"
217.113.194.129 - - [20/Jun/2026:20:56:47 +0200] "GET /2026/05/08/you-will-find-an-entire-list-of-these-types-of-casino-from-our-100-free-revolves-mobile-verification-blog-post/ HTTP/1.1" 200 0 "-" "Mozilla/5.0 (compatible; Barkrowler/0.9; +https://babbar.tech/crawler)"
217.113.194.122 - - [20/Jun/2026:20:57:02 +0200] "GET /2026/05/08/wonders-pharaoh-gifts-website-link-happy-holidays-slot-free-spins-serves-step-3-programs-online-play/ HTTP/1.1" 200 0 "-" "Mozilla/5.0 (compatible; Barkrowler/0.9; +https://babbar.tech/crawler)"
217.113.194.124 - - [20/Jun/2026:20:57:17 +0200] "GET /2026/05/08/totally-free-play-cash-wizard-slot-machine-fruit-server-games-list-of-better-fruit-harbors-playing-enjoyment/ HTTP/1.1" 200 0 "-" "Mozilla/5.0 (compatible; Barkrowler/0.9; +https://babbar.tech/crawler)"
217.113.194.228 - - [20/Jun/2026:20:57:32 +0200] "GET /2026/02/02/no-deposit-incentive-requirements-canada-no-deposit-roulettino-2025-giampaolo-classification-inc/ HTTP/1.1" 200 0 "-" "Mozilla/5.0 (compatible; Barkrowler/0.9; +https://babbar.tech/crawler)"
217.113.194.126 - - [20/Jun/2026:20:59:03 +0200] "GET /2026/04/16/lucky7even-gambling-establishment-no-deposit-bonus-provinces-out-of-canada-%EF%B8%8F/ HTTP/1.1" 200 0 "-" "Mozilla/5.0 (compatible; Barkrowler/0.9; +https://babbar.tech/crawler)"
200.25.47.134 - - [20/Jun/2026:20:59:04 +0200] "POST /xmlrpc.php HTTP/1.1" 200 17959 "-" "Mozilla/5.0 (Windows NT 10.0; Win64; x64) AppleWebKit/537.36 (KHTML, like Gecko) Chrome/114.0.0.0 Safari/537.36"
217.113.194.128 - - [20/Jun/2026:21:00:04 +0200] "GET /2026/05/04/to-boost-your-odds-of-profitable-in-the-on-line-bingo-video-game-contemplate-using-several-proper-means/ HTTP/1.1" 200 0 "-" "Mozilla/5.0 (compatible; Barkrowler/0.9; +https://babbar.tech/crawler)"
217.113.194.126 - - [20/Jun/2026:21:01:50 +0200] "GET /2026/04/08/steroide-als-unverzichtbare-hilfsmittel-zur-erreichung-der-gewunschten-korperproportionen/ HTTP/1.1" 200 0 "-" "Mozilla/5.0 (compatible; Barkrowler/0.9; +https://babbar.tech/crawler)"
217.113.194.125 - - [20/Jun/2026:21:02:36 +0200] "GET /2026/03/08/pragmatic-play-conoce-descargar-mr-bet-para-iphone-una-desarrolladora-de-juegos-sobre-la-red/ HTTP/1.1" 200 0 "-" "Mozilla/5.0 (compatible; Barkrowler/0.9; +https://babbar.tech/crawler)"
216.73.216.128 - - [20/Jun/2026:21:03:38 +0200] "GET /video-games/sitemap.xml HTTP/2" 200 76309 "-" "Mozilla/5.0 AppleWebKit/537.36 (KHTML, like Gecko; compatible; ClaudeBot/1.0; +claudebot@anthropic.com)"
217.113.194.131 - - [20/Jun/2026:20:51:44 +0200] "GET /2026/05/13/while-really-happy-you-might-get-invited-bonus-loans-completely-100-free-versus-transferring-first/ HTTP/1.1" 200 0 "-" "Mozilla/5.0 (compatible; Barkrowler/0.9; +https://babbar.tech/crawler)"
128.1.218.184 - - [20/Jun/2026:20:52:37 +0200] "POST /xmlrpc.php HTTP/1.1" 200 5926 "-" "Mozilla/5.0 (Windows NT 10.0; Win64; x64) AppleWebKit/537.36 (KHTML, like Gecko) Chrome/114.0.0.0 Safari/537.36"
65.21.228.101 - - [20/Jun/2026:20:54:30 +0200] "POST /wp-cron.php?doing_wp_cron=1781981670.2675349712371826171875 HTTP/1.1" 200 0 "-" "WordPress/7.0; https://themomotimes.com"
217.113.194.128 - - [20/Jun/2026:20:55:16 +0200] "GET /2026/05/08/attention-away-from-horus-casino-netbet-no-deposit-bonus-increase-of-egypt-opinion-blueprint-gaming/ HTTP/1.1" 200 0 "-" "Mozilla/5.0 (compatible; Barkrowler/0.9; +https://babbar.tech/crawler)"
152.232.13.44 - - [20/Jun/2026:20:56:01 +0200] "GET /2026/05/21/gagner-avec-winbeatz-facilement-3/ HTTP/1.1" 200 0 "https://themomotimes.com/" "Mozilla/5.0 (Macintosh; Intel Mac OS X 10_15_7) AppleWebKit/537.36 (KHTML, like Gecko) Chrome/145.0.0.0 Safari/537.36 Edg/145.0.0.0"
23.81.227.201 - - [20/Jun/2026:20:56:02 +0200] "GET /2026/05/21/gagner-avec-winbeatz-facilement-3/ HTTP/1.1" 200 0 "https://themomotimes.com/" "Mozilla/5.0 (Macintosh; Intel Mac OS X 10_15_7) AppleWebKit/537.36 (KHTML, like Gecko) Chrome/145.0.0.0 Safari/537.36 Edg/145.0.0.0"
200.25.47.134 - - [20/Jun/2026:20:59:07 +0200] "GET /2026/06/20/cool-goldbet-mobilusis-prisijungimas-fruits-losimo-automato-komentaras-issamus-aprasymas-ir-zaidimo-eiga/ HTTP/1.1" 200 0 "-" "Mozilla/5.0 (Windows NT 10.0; rv:109.0) Gecko/20100101 Firefox/115.0"
200.25.47.134 - - [20/Jun/2026:20:59:10 +0200] "POST /xmlrpc.php HTTP/1.1" 200 5926 "-" "Mozilla/5.0 (Windows NT 10.0; Win64; x64) AppleWebKit/537.36 (KHTML, like Gecko) Chrome/114.0.0.0 Safari/537.36"
217.113.194.131 - - [20/Jun/2026:20:59:34 +0200] "GET /2026/05/04/absorbez-quau-canada-tous-les-economies-de-jeux-avec-hasard-ne-seront-pas-necessairement-tributaires/ HTTP/1.1" 200 0 "-" "Mozilla/5.0 (compatible; Barkrowler/0.9; +https://babbar.tech/crawler)"
40.77.167.1 - - [20/Jun/2026:21:00:27 +0200] "GET /2026/05/30/wintingo/ HTTP/2" 200 0 "-" "Mozilla/5.0 AppleWebKit/537.36 (KHTML, like Gecko; compatible; bingbot/2.0; +http://www.bing.com/bingbot.htm) Chrome/116.0.1938.76 Safari/537.36"
65.21.228.101 - - [20/Jun/2026:21:01:28 +0200] "POST /wp-cron.php?doing_wp_cron=1781982088.4738709926605224609375 HTTP/1.1" 200 0 "-" "WordPress/7.0; https://themomotimes.com"
217.113.194.125 - - [20/Jun/2026:21:01:35 +0200] "GET /2026/04/08/che-scoperchiare-il-miglior-turbamento-senza-contare-autoesclusione-aams-2025/ HTTP/1.1" 200 0 "-" "Mozilla/5.0 (compatible; Barkrowler/0.9; +https://babbar.tech/crawler)"
217.113.194.130 - - [20/Jun/2026:21:03:36 +0200] "GET /2026/03/07/8-echtgeld-casinos-inoffizieller-mitarbeiter-test-2026-gewiss-einzahlen-gewinnen/ HTTP/1.1" 200 0 "-" "Mozilla/5.0 (compatible; Barkrowler/0.9; +https://babbar.tech/crawler)"
217.113.194.127 - - [20/Jun/2026:21:04:52 +0200] "GET /2026/04/29/best-commission-casinos-vera-john-uk-casino-offer-code-on-the-internet-2026-large-rtp-98-casinos/ HTTP/1.1" 200 0 "-" "Mozilla/5.0 (compatible; Barkrowler/0.9; +https://babbar.tech/crawler)"
65.21.228.101 - - [20/Jun/2026:21:05:04 +0200] "POST /wp-cron.php?doing_wp_cron=1781982304.7071518898010253906250 HTTP/1.1" 200 0 "-" "WordPress/7.0; https://themomotimes.com"
217.113.194.131 - - [20/Jun/2026:21:05:53 +0200] "GET /2026/05/26/most-readily-useful-shell-out-because-of-the-cell-phone-casinos-south-africa-2026-play-today/ HTTP/1.1" 200 0 "-" "Mozilla/5.0 (compatible; Barkrowler/0.9; +https://babbar.tech/crawler)"
217.113.194.122 - - [20/Jun/2026:21:06:54 +0200] "GET /2026/04/22/vos-pourboire-sans-depot-representent-ceux-pour-le-coup-particulierement-en-tenant-largent-agreable/ HTTP/1.1" 200 0 "-" "Mozilla/5.0 (compatible; Barkrowler/0.9; +https://babbar.tech/crawler)"
217.113.194.127 - - [20/Jun/2026:21:07:09 +0200] "GET /2026/04/23/netellers-cellular-software-is-easy-and-you-can-productive-and-work-out-repayments-effortless-while-on-the-move/ HTTP/1.1" 200 0 "-" "Mozilla/5.0 (compatible; Barkrowler/0.9; +https://babbar.tech/crawler)"
217.113.194.228 - - [20/Jun/2026:20:50:58 +0200] "GET /2026/03/31/examine-the-fresh-online-tomb-raider-no-deposit-casinos-most-recent-australian-websites-feb-2026/ HTTP/1.1" 200 0 "-" "Mozilla/5.0 (compatible; Barkrowler/0.9; +https://babbar.tech/crawler)"
217.113.194.227 - - [20/Jun/2026:20:52:14 +0200] "GET /2026/05/13/los-tragamonedas-resultan-si-uno-de-los-juegos-mas-usadas-sobre-los-casinos-sobre-linea/ HTTP/1.1" 200 0 "-" "Mozilla/5.0 (compatible; Barkrowler/0.9; +https://babbar.tech/crawler)"
17.22.245.52 - - [20/Jun/2026:20:52:21 +0200] "GET /2026/04/25/finest-roulette-western-european-real-cash-casinos-on-the-internet-around-australia-so-you-can-own-2026/ HTTP/2" 200 0 "-" "Mozilla/5.0 (Macintosh; Intel Mac OS X 10_15_7) AppleWebKit/605.1.15 (KHTML, like Gecko) Version/17.4 Safari/605.1.15 (Applebot/0.1; +http://www.apple.com/go/applebot)"
65.21.228.101 - - [20/Jun/2026:20:52:28 +0200] "POST /wp-cron.php?doing_wp_cron=1781981548.4533619880676269531250 HTTP/1.1" 200 0 "-" "WordPress/7.0; https://themomotimes.com"
217.113.194.227 - - [20/Jun/2026:20:52:59 +0200] "GET /2026/03/16/australias-step-1-internet-jackpot-city-30-free-spins-no-deposit-bonus-2023-casino-guide-2026/ HTTP/1.1" 200 0 "-" "Mozilla/5.0 (compatible; Barkrowler/0.9; +https://babbar.tech/crawler)"
217.113.194.127 - - [20/Jun/2026:20:53:15 +0200] "GET /2026/03/16/criteres-adequates-pour-selectionner-le-meilleur-assaut-%EF%BF%BD-le-role-du-classification-2026/ HTTP/1.1" 200 0 "-" "Mozilla/5.0 (compatible; Barkrowler/0.9; +https://babbar.tech/crawler)"
45.250.252.182 - - [20/Jun/2026:20:55:08 +0200] "POST /xmlrpc.php HTTP/1.1" 200 17736 "-" "Mozilla/5.0 (Windows NT 10.0; Win64; x64) AppleWebKit/537.36 (KHTML, like Gecko) Chrome/114.0.0.0 Safari/537.36"
185.153.197.95 - - [20/Jun/2026:20:55:16 +0200] "GET /2026/06/20/danske-online-casino-black-horse-casinoer-ma-bedste-spilleban-sider-i-2024/ HTTP/1.1" 200 0 "-" "Mozilla/5.0 (Windows NT 10.0; Win64; x64) AppleWebKit/537.36 (KHTML, like Gecko) Chrome/123.0.0.0 Safari/537.36 OPR/109.0.0.0"
217.113.194.128 - - [20/Jun/2026:20:55:31 +0200] "GET /2026/05/08/our-searched-find-will-provide-you-with-50-no-deposit-free-revolves-just-to-have-signing-up/ HTTP/1.1" 200 0 "-" "Mozilla/5.0 (compatible; Barkrowler/0.9; +https://babbar.tech/crawler)"
