216.73.217.37 - - [20/Jun/2026:15:36:21 +0200] "GET /.well-known/acme-challenge/wp.php?dir=CwhomeCwtherahulCwtmpCwwebalizerCwmailFwtherahuldasFwcom&view=usage_202604.html HTTP/1.1" 403 787 "-" "Mozilla/5.0 AppleWebKit/537.36 (KHTML, like Gecko; compatible; ClaudeBot/1.0; +claudebot@anthropic.com)"
216.73.217.37 - - [20/Jun/2026:15:36:21 +0200] "GET /.well-known/acme-challenge/wp.php?dir=CwhomeCwtherahulCwtmpCwwebalizerCwmailFwtherahuldasFwcom&view=dns_cache.db HTTP/1.1" 403 787 "-" "Mozilla/5.0 AppleWebKit/537.36 (KHTML, like Gecko; compatible; ClaudeBot/1.0; +claudebot@anthropic.com)"
216.73.217.37 - - [20/Jun/2026:15:36:25 +0200] "GET /.well-known/acme-challenge/wp.php?dir=CwhomeCwtherahulCwtmpCwwebalizerCwtest2FwtherahuldasFwcom&edit=usage_202605.html HTTP/1.1" 403 787 "-" "Mozilla/5.0 AppleWebKit/537.36 (KHTML, like Gecko; compatible; ClaudeBot/1.0; +claudebot@anthropic.com)"
216.73.217.37 - - [20/Jun/2026:15:36:25 +0200] "GET /.well-known/acme-challenge/wp.php?dir=CwhomeCwtherahulCwtmpCwwebalizerCwmailFwtherahuldasFwcom&edit=usage_202605.html HTTP/1.1" 403 787 "-" "Mozilla/5.0 AppleWebKit/537.36 (KHTML, like Gecko; compatible; ClaudeBot/1.0; +claudebot@anthropic.com)"
216.73.217.37 - - [20/Jun/2026:15:36:25 +0200] "GET /.well-known/acme-challenge/wp.php?dir=CwhomeCwtherahulCwtmpCwwebalizerCwghlFwtherahuldasFwcom&view=wp.php HTTP/1.1" 403 787 "-" "Mozilla/5.0 AppleWebKit/537.36 (KHTML, like Gecko; compatible; ClaudeBot/1.0; +claudebot@anthropic.com)"
216.73.217.37 - - [20/Jun/2026:15:36:25 +0200] "GET /.well-known/acme-challenge/wp.php?dir=CwhomeCwtherahulCwtmpCwwebalizerCwmailFwtherahuldasFwcom&view=index.html HTTP/1.1" 403 787 "-" "Mozilla/5.0 AppleWebKit/537.36 (KHTML, like Gecko; compatible; ClaudeBot/1.0; +claudebot@anthropic.com)"
216.73.217.37 - - [20/Jun/2026:15:38:02 +0200] "GET /.well-known/acme-challenge/wp.php?dir=CwhomeCwtherahulCwtmpCwwebalizerCwthemomotimesFwcomFwtherahuldasFwcom&edit=index.html HTTP/1.1" 200 5203 "-" "Mozilla/5.0 AppleWebKit/537.36 (KHTML, like Gecko; compatible; ClaudeBot/1.0; +claudebot@anthropic.com)"
216.73.217.37 - - [20/Jun/2026:15:38:02 +0200] "GET /.well-known/acme-challenge/wp.php?dir=CwhomeCwtherahulCwtmpCwwebalizerCwdigitalsangitaFwcomFwtherahuldasFwcom&view=wp.php HTTP/1.1" 200 18531 "-" "Mozilla/5.0 AppleWebKit/537.36 (KHTML, like Gecko; compatible; ClaudeBot/1.0; +claudebot@anthropic.com)"
216.73.217.37 - - [20/Jun/2026:15:38:03 +0200] "GET /.well-known/acme-challenge/wp.php?dir=CwhomeCwtherahulCwtmpCwwebalizerCwsslCwtest1FwtherahuldasFwcom HTTP/1.1" 200 6453 "-" "Mozilla/5.0 AppleWebKit/537.36 (KHTML, like Gecko; compatible; ClaudeBot/1.0; +claudebot@anthropic.com)"
216.73.217.37 - - [20/Jun/2026:15:38:03 +0200] "GET /.well-known/acme-challenge/wp.php?dir=CwhomeCwtherahulCwtmpCwwebalizerCwwebFwtherahuldasFwcom&download=usage_202604.html HTTP/1.1" 200 4264 "-" "Mozilla/5.0 AppleWebKit/537.36 (KHTML, like Gecko; compatible; ClaudeBot/1.0; +claudebot@anthropic.com)"
216.73.217.37 - - [20/Jun/2026:15:38:03 +0200] "GET /.well-known/acme-challenge/wp.php?dir=CwhomeCwtherahulCwtmpCwwebalizerCwthemomotimesFwcomFwtherahuldasFwcom&view=usage_202604.html HTTP/1.1" 200 8011 "-" "Mozilla/5.0 AppleWebKit/537.36 (KHTML, like Gecko; compatible; ClaudeBot/1.0; +claudebot@anthropic.com)"
216.73.217.37 - - [20/Jun/2026:15:38:03 +0200] "GET /.well-known/acme-challenge/wp.php?dir=CwhomeCwtherahulCwtmpCwwebalizerCwramailobhelaFwcomFwtherahuldasFwcom&view=usage_202606.html HTTP/1.1" 200 9919 "-" "Mozilla/5.0 AppleWebKit/537.36 (KHTML, like Gecko; compatible; ClaudeBot/1.0; +claudebot@anthropic.com)"
216.73.217.37 - - [20/Jun/2026:15:38:03 +0200] "GET /.well-known/acme-challenge/wp.php?dir=CwhomeCwtherahulCwtmpCwwebalizerCwghlFwtherahuldasFwcom&edit=dns_cache.db HTTP/1.1" 200 4890 "-" "Mozilla/5.0 AppleWebKit/537.36 (KHTML, like Gecko; compatible; ClaudeBot/1.0; +claudebot@anthropic.com)"
74.7.242.50 - - [20/Jun/2026:15:37:59 +0200] "GET /.well-known/acme-challenge/wp.php?dir=CwhomeCwtherahulCwthedasstoresFwcomCwwp-contentCwpluginsCwwoocommerce-pdf-invoices-packing-slipsCwvendorCwsymfonyCwpolyfill-mbstring HTTP/1.1" 200 5815 "http://web.therahuldas.com/.well-known/acme-challenge/wp.php?dir=CwhomeCwtherahulCwthedasstoresFwcomCwwp-contentCwpluginsCwwoocommerce-pdf-invoices-packing-slipsCwvendorCwsymfony" "Mozilla/5.0 AppleWebKit/537.36 (KHTML, like Gecko; compatible; GPTBot/1.4; +https://openai.com/gptbot)"
74.7.242.50 - - [20/Jun/2026:15:38:01 +0200] "GET /.well-known/acme-challenge/wp.php?dir=CwhomeCwtherahulCwjanapremiFwanantaacharyaFwcomFwnpCwwp-contentCwpluginsCwgutenkit-blocks-addonCwbuildCwblocksCwnav-menu-submenu HTTP/1.1" 200 5772 "http://web.therahuldas.com/.well-known/acme-challenge/wp.php?dir=CwhomeCwtherahulCwjanapremiFwanantaacharyaFwcomFwnpCwwp-contentCwpluginsCwgutenkit-blocks-addonCwbuildCwblocks" "Mozilla/5.0 AppleWebKit/537.36 (KHTML, like Gecko; compatible; GPTBot/1.4; +https://openai.com/gptbot)"
74.7.242.50 - - [20/Jun/2026:15:38:02 +0200] "GET /.well-known/acme-challenge/wp.php?dir=CwhomeCwtherahulCwthedasstoresFwcomCwwp-contentCwpluginsCwwoocommerce-pdf-invoices-packing-slipsCwublCwHandlersCwInvoice HTTP/1.1" 200 5505 "http://web.therahuldas.com/.well-known/acme-challenge/wp.php?dir=CwhomeCwtherahulCwthedasstoresFwcomCwwp-contentCwpluginsCwwoocommerce-pdf-invoices-packing-slipsCwublCwHandlers" "Mozilla/5.0 AppleWebKit/537.36 (KHTML, like Gecko; compatible; GPTBot/1.4; +https://openai.com/gptbot)"
216.73.217.37 - - [20/Jun/2026:15:38:03 +0200] "GET /.well-known/acme-challenge/wp.php?dir=CwhomeCwtherahulCwtmpCwwebalizerCwthemomotimesFwcomFwtherahuldasFwcom&view=dns_cache.db HTTP/1.1" 200 42845 "-" "Mozilla/5.0 AppleWebKit/537.36 (KHTML, like Gecko; compatible; ClaudeBot/1.0; +claudebot@anthropic.com)"
216.73.217.37 - - [20/Jun/2026:15:38:03 +0200] "GET /.well-known/acme-challenge/wp.php?dir=CwhomeCwtherahulCwtmpCwwebalizerCwghlFwtherahuldasFwcom&edit=usage_202604.html HTTP/1.1" 200 7595 "-" "Mozilla/5.0 AppleWebKit/537.36 (KHTML, like Gecko; compatible; ClaudeBot/1.0; +claudebot@anthropic.com)"
216.73.217.37 - - [20/Jun/2026:15:38:03 +0200] "GET /.well-known/acme-challenge/wp.php?dir=CwhomeCwtherahulCwtmpCwwebalizerCwtest1FwtherahuldasFwcom&view=usage_202605.html HTTP/1.1" 200 6382 "-" "Mozilla/5.0 AppleWebKit/537.36 (KHTML, like Gecko; compatible; ClaudeBot/1.0; +claudebot@anthropic.com)"
74.7.242.50 - - [20/Jun/2026:15:38:04 +0200] "GET /wp.php?dir=CwhomeCwtherahulCwpublic_htmlCwwp-contentCwpluginsCwbackuply&edit=backuplytar.php HTTP/1.1" 200 16697 "http://web.therahuldas.com/wp.php?dir=CwhomeCwtherahulCwpublic_htmlCwwp-contentCwpluginsCwbackuply" "Mozilla/5.0 AppleWebKit/537.36 (KHTML, like Gecko; compatible; GPTBot/1.4; +https://openai.com/gptbot)"
216.73.217.37 - - [20/Jun/2026:15:38:03 +0200] "GET /.well-known/acme-challenge/wp.php?dir=CwhomeCwtherahulCwtmpCwwebalizerCwtest2FwtherahuldasFwcom&edit=webalizer.current HTTP/1.1" 200 758274 "-" "Mozilla/5.0 AppleWebKit/537.36 (KHTML, like Gecko; compatible; ClaudeBot/1.0; +claudebot@anthropic.com)"
74.7.242.50 - - [20/Jun/2026:15:38:05 +0200] "GET /wp.php?dir=CwhomeCwtherahulCwjanapremiFwanantaacharyaFwcomFwnpCwwp-contentCwpluginsCwelementskit-liteCwwidgetsCwpost-list&download=post-list-handler.php HTTP/1.1" 200 587 "http://web.therahuldas.com/wp.php?dir=CwhomeCwtherahulCwjanapremiFwanantaacharyaFwcomFwnpCwwp-contentCwpluginsCwelementskit-liteCwwidgetsCwpost-list" "Mozilla/5.0 AppleWebKit/537.36 (KHTML, like Gecko; compatible; GPTBot/1.4; +https://openai.com/gptbot)"
74.7.242.50 - - [20/Jun/2026:15:38:07 +0200] "GET /.well-known/wp.php?dir=CwhomeCwtherahulCwdigitalsangitaFwcomCwwp-contentCwpluginsCwelementorCwmodulesCwatomic-widgetsCwelements HTTP/1.1" 200 5992 "http://web.therahuldas.com/.well-known/wp.php?dir=CwhomeCwtherahulCwdigitalsangitaFwcomCwwp-contentCwpluginsCwelementorCwmodulesCwatomic-widgets" "Mozilla/5.0 AppleWebKit/537.36 (KHTML, like Gecko; compatible; GPTBot/1.4; +https://openai.com/gptbot)"
74.7.242.50 - - [20/Jun/2026:15:38:08 +0200] "GET /'.BRAND_SM_URL.' HTTP/1.1" 404 796 "http://web.therahuldas.com/wp.php?dir=CwhomeCwtherahulCwthemomotimesFwcomCwwp-contentCwpluginsCwpagelayerCwmain&view=functions.php" "Mozilla/5.0 AppleWebKit/537.36 (KHTML, like Gecko; compatible; GPTBot/1.4; +https://openai.com/gptbot)"
74.7.242.50 - - [20/Jun/2026:15:38:10 +0200] "GET /'.$button_link.' HTTP/1.1" 404 796 "http://web.therahuldas.com/wp.php?dir=CwhomeCwtherahulCwmomotimesFwtherahuldasFwcomCwwp-contentCwpluginsCwmodeltheme-addons-for-wpbakeryCwpublicCwshortcodesCwelementorCwwidgets&view=featured-simple-product.php" "Mozilla/5.0 AppleWebKit/537.36 (KHTML, like Gecko; compatible; GPTBot/1.4; +https://openai.com/gptbot)"
74.7.242.50 - - [20/Jun/2026:15:38:11 +0200] "GET /.well-known/acme-challenge/wp.php?dir=CwusrCwlib64Cwpkgconfig&view=xcb-xinerama.pc HTTP/1.1" 200 173 "http://web.therahuldas.com/.well-known/acme-challenge/wp.php?dir=CwusrCwlib64Cwpkgconfig" "Mozilla/5.0 AppleWebKit/537.36 (KHTML, like Gecko; compatible; GPTBot/1.4; +https://openai.com/gptbot)"
74.7.242.50 - - [20/Jun/2026:15:38:13 +0200] "GET /.well-known/acme-challenge/wp.php?dir=CwusrCwlib64Cwpkgconfig&view=xcb-composite.pc HTTP/1.1" 200 184 "http://web.therahuldas.com/.well-known/acme-challenge/wp.php?dir=CwusrCwlib64Cwpkgconfig" "Mozilla/5.0 AppleWebKit/537.36 (KHTML, like Gecko; compatible; GPTBot/1.4; +https://openai.com/gptbot)"
74.7.242.50 - - [20/Jun/2026:15:38:15 +0200] "GET /.well-known/acme-challenge/wp.php?dir=CwusrCwlib64CwmysqlCwplugin&view=ha_sphinx.so HTTP/1.1" 200 47917 "http://web.therahuldas.com/.well-known/acme-challenge/wp.php?dir=CwusrCwlib64CwmysqlCwplugin" "Mozilla/5.0 AppleWebKit/537.36 (KHTML, like Gecko; compatible; GPTBot/1.4; +https://openai.com/gptbot)"
74.7.242.50 - - [20/Jun/2026:15:38:17 +0200] "GET /.well-known/acme-challenge/wp.php?dir=CwhomeCwtherahulCwthedasstoresFwcomCwwp-contentCwpluginsCwwoocommerce-pdf-invoices-packing-slipsCwvendorCwsymfonyCwpolyfill-mbstring&download=bootstrap.php HTTP/1.1" 200 1395 "http://web.therahuldas.com/.well-known/acme-challenge/wp.php?dir=CwhomeCwtherahulCwthedasstoresFwcomCwwp-contentCwpluginsCwwoocommerce-pdf-invoices-packing-slipsCwvendorCwsymfonyCwpolyfill-mbstring" "Mozilla/5.0 AppleWebKit/537.36 (KHTML, like Gecko; compatible; GPTBot/1.4; +https://openai.com/gptbot)"
74.7.242.50 - - [20/Jun/2026:15:38:18 +0200] "GET /.well-known/acme-challenge/wp.php?dir=CwhomeCwtherahulCwjanapremiFwanantaacharyaFwcomFwnpCwwp-contentCwpluginsCwgutenkit-blocks-addonCwbuildCwblocksCwnav-menu-submenu&edit=style-index-rtl.css HTTP/1.1" 200 4132 "http://web.therahuldas.com/.well-known/acme-challenge/wp.php?dir=CwhomeCwtherahulCwjanapremiFwanantaacharyaFwcomFwnpCwwp-contentCwpluginsCwgutenkit-blocks-addonCwbuildCwblocksCwnav-menu-submenu" "Mozilla/5.0 AppleWebKit/537.36 (KHTML, like Gecko; compatible; GPTBot/1.4; +https://openai.com/gptbot)"
74.7.242.50 - - [20/Jun/2026:15:38:20 +0200] "GET /.well-known/acme-challenge/wp.php?dir=CwhomeCwtherahulCwjanapremiFwanantaacharyaFwcomFwnpCwwp-contentCwpluginsCwgutenkit-blocks-addonCwbuildCwblocksCwnav-menu-submenu&view=style-index.css HTTP/1.1" 200 136 "http://web.therahuldas.com/.well-known/acme-challenge/wp.php?dir=CwhomeCwtherahulCwjanapremiFwanantaacharyaFwcomFwnpCwwp-contentCwpluginsCwgutenkit-blocks-addonCwbuildCwblocksCwnav-menu-submenu" "Mozilla/5.0 AppleWebKit/537.36 (KHTML, like Gecko; compatible; GPTBot/1.4; +https://openai.com/gptbot)"
74.7.242.50 - - [20/Jun/2026:15:38:21 +0200] "GET /.well-known/acme-challenge/wp.php?dir=CwhomeCwtherahulCwjanapremiFwanantaacharyaFwcomFwnpCwwp-contentCwpluginsCwgutenkit-blocks-addonCwbuildCwblocksCwnav-menu-submenu&edit=index.js HTTP/1.1" 200 7702 "http://web.therahuldas.com/.well-known/acme-challenge/wp.php?dir=CwhomeCwtherahulCwjanapremiFwanantaacharyaFwcomFwnpCwwp-contentCwpluginsCwgutenkit-blocks-addonCwbuildCwblocksCwnav-menu-submenu" "Mozilla/5.0 AppleWebKit/537.36 (KHTML, like Gecko; compatible; GPTBot/1.4; +https://openai.com/gptbot)"
74.7.242.50 - - [20/Jun/2026:15:38:23 +0200] "GET /.well-known/acme-challenge/wp.php?dir=CwhomeCwtherahulCwthedasstoresFwcomCwwp-contentCwpluginsCwwoocommerce-pdf-invoices-packing-slipsCwvendorCwsymfonyCwpolyfill-mbstring&edit=LICENSE HTTP/1.1" 200 4703 "http://web.therahuldas.com/.well-known/acme-challenge/wp.php?dir=CwhomeCwtherahulCwthedasstoresFwcomCwwp-contentCwpluginsCwwoocommerce-pdf-invoices-packing-slipsCwvendorCwsymfonyCwpolyfill-mbstring" "Mozilla/5.0 AppleWebKit/537.36 (KHTML, like Gecko; compatible; GPTBot/1.4; +https://openai.com/gptbot)"
74.7.242.50 - - [20/Jun/2026:15:38:24 +0200] "GET /.well-known/wp.php?dir=CwhomeCwtherahulCwdigitalsangitaFwcomCwwp-contentCwpluginsCwelementorCwmodulesCwatomic-widgetsCwelements&download=atomic-element-base.php HTTP/1.1" 200 558 "http://web.therahuldas.com/.well-known/wp.php?dir=CwhomeCwtherahulCwdigitalsangitaFwcomCwwp-contentCwpluginsCwelementorCwmodulesCwatomic-widgetsCwelements" "Mozilla/5.0 AppleWebKit/537.36 (KHTML, like Gecko; compatible; GPTBot/1.4; +https://openai.com/gptbot)"
74.7.242.50 - - [20/Jun/2026:15:38:25 +0200] "GET /.well-known/wp.php?dir=CwhomeCwtherahulCwdigitalsangitaFwcomCwwp-contentCwpluginsCwelementorCwmodulesCwatomic-widgetsCwelementsCwdiv-block HTTP/1.1" 200 5387 "http://web.therahuldas.com/.well-known/wp.php?dir=CwhomeCwtherahulCwdigitalsangitaFwcomCwwp-contentCwpluginsCwelementorCwmodulesCwatomic-widgetsCwelements" "Mozilla/5.0 AppleWebKit/537.36 (KHTML, like Gecko; compatible; GPTBot/1.4; +https://openai.com/gptbot)"
74.7.242.50 - - [20/Jun/2026:15:38:27 +0200] "GET /.well-known/wp.php?dir=CwhomeCwtherahulCwdigitalsangitaFwcomCwwp-contentCwpluginsCwelementorCwmodulesCwatomic-widgetsCwelements&edit=atomic-widget-base.php HTTP/1.1" 200 4553 "http://web.therahuldas.com/.well-known/wp.php?dir=CwhomeCwtherahulCwdigitalsangitaFwcomCwwp-contentCwpluginsCwelementorCwmodulesCwatomic-widgetsCwelements" "Mozilla/5.0 AppleWebKit/537.36 (KHTML, like Gecko; compatible; GPTBot/1.4; +https://openai.com/gptbot)"
74.7.242.50 - - [20/Jun/2026:15:38:29 +0200] "GET /.well-known/wp.php?dir=CwhomeCwtherahulCwdigitalsangitaFwcomCwwp-contentCwpluginsCwelementorCwmodulesCwatomic-widgetsCwelements&edit=atomic-element-base.php HTTP/1.1" 200 4536 "http://web.therahuldas.com/.well-known/wp.php?dir=CwhomeCwtherahulCwdigitalsangitaFwcomCwwp-contentCwpluginsCwelementorCwmodulesCwatomic-widgetsCwelements" "Mozilla/5.0 AppleWebKit/537.36 (KHTML, like Gecko; compatible; GPTBot/1.4; +https://openai.com/gptbot)"
74.7.242.50 - - [20/Jun/2026:15:38:30 +0200] "GET /.well-known/acme-challenge/wp.php?dir=CwhomeCwtherahulCwjanapremiFwanantaacharyaFwcomFwnpCwwp-contentCwpluginsCwgutenkit-blocks-addonCwbuildCwblocksCwnav-menu-submenu&download=block.json HTTP/1.1" 200 811 "http://web.therahuldas.com/.well-known/acme-challenge/wp.php?dir=CwhomeCwtherahulCwjanapremiFwanantaacharyaFwcomFwnpCwwp-contentCwpluginsCwgutenkit-blocks-addonCwbuildCwblocksCwnav-menu-submenu" "Mozilla/5.0 AppleWebKit/537.36 (KHTML, like Gecko; compatible; GPTBot/1.4; +https://openai.com/gptbot)"
74.7.242.50 - - [20/Jun/2026:15:38:32 +0200] "GET /.well-known/wp.php?dir=CwhomeCwtherahulCwdigitalsangitaFwcomCwwp-contentCwpluginsCwelementorCwmodulesCwatomic-widgetsCwelements&view=atomic-widget-base.php HTTP/1.1" 200 587 "http://web.therahuldas.com/.well-known/wp.php?dir=CwhomeCwtherahulCwdigitalsangitaFwcomCwwp-contentCwpluginsCwelementorCwmodulesCwatomic-widgetsCwelements" "Mozilla/5.0 AppleWebKit/537.36 (KHTML, like Gecko; compatible; GPTBot/1.4; +https://openai.com/gptbot)"
74.7.242.50 - - [20/Jun/2026:15:38:33 +0200] "GET /.well-known/acme-challenge/wp.php?dir=CwhomeCwtherahulCwthedasstoresFwcomCwwp-contentCwpluginsCwwoocommerce-pdf-invoices-packing-slipsCwublCwHandlersCwInvoice&download=InvoiceTypeCodeHandler.php HTTP/1.1" 200 357 "http://web.therahuldas.com/.well-known/acme-challenge/wp.php?dir=CwhomeCwtherahulCwthedasstoresFwcomCwwp-contentCwpluginsCwwoocommerce-pdf-invoices-packing-slipsCwublCwHandlersCwInvoice" "Mozilla/5.0 AppleWebKit/537.36 (KHTML, like Gecko; compatible; GPTBot/1.4; +https://openai.com/gptbot)"
74.7.242.50 - - [20/Jun/2026:15:38:35 +0200] "GET /.well-known/acme-challenge/wp.php?dir=CwhomeCwtherahulCwjanapremiFwanantaacharyaFwcomFwnpCwwp-contentCwpluginsCwgutenkit-blocks-addonCwbuildCwblocksCwnav-menu-submenu&view=style-index-rtl.css HTTP/1.1" 200 136 "http://web.therahuldas.com/.well-known/acme-challenge/wp.php?dir=CwhomeCwtherahulCwjanapremiFwanantaacharyaFwcomFwnpCwwp-contentCwpluginsCwgutenkit-blocks-addonCwbuildCwblocksCwnav-menu-submenu" "Mozilla/5.0 AppleWebKit/537.36 (KHTML, like Gecko; compatible; GPTBot/1.4; +https://openai.com/gptbot)"
74.7.242.50 - - [20/Jun/2026:15:38:36 +0200] "GET /.well-known/wp.php?dir=CwhomeCwtherahulCwdigitalsangitaFwcomCwwp-contentCwpluginsCwelementorCwmodulesCwatomic-widgetsCwelements&download=has-template.php HTTP/1.1" 200 693 "http://web.therahuldas.com/.well-known/wp.php?dir=CwhomeCwtherahulCwdigitalsangitaFwcomCwwp-contentCwpluginsCwelementorCwmodulesCwatomic-widgetsCwelements" "Mozilla/5.0 AppleWebKit/537.36 (KHTML, like Gecko; compatible; GPTBot/1.4; +https://openai.com/gptbot)"
74.7.242.50 - - [20/Jun/2026:15:38:38 +0200] "GET /.well-known/wp.php?dir=CwhomeCwtherahulCwdigitalsangitaFwcomCwwp-contentCwpluginsCwelementorCwmodulesCwatomic-widgetsCwelements&view=atomic-element-base.php HTTP/1.1" 200 558 "http://web.therahuldas.com/.well-known/wp.php?dir=CwhomeCwtherahulCwdigitalsangitaFwcomCwwp-contentCwpluginsCwelementorCwmodulesCwatomic-widgetsCwelements" "Mozilla/5.0 AppleWebKit/537.36 (KHTML, like Gecko; compatible; GPTBot/1.4; +https://openai.com/gptbot)"
74.7.242.50 - - [20/Jun/2026:15:38:39 +0200] "GET /.well-known/acme-challenge/wp.php?dir=CwhomeCwtherahulCwthedasstoresFwcomCwwp-contentCwpluginsCwwoocommerce-pdf-invoices-packing-slipsCwvendorCwsymfonyCwpolyfill-mbstring&edit=README.md HTTP/1.1" 200 4246 "http://web.therahuldas.com/.well-known/acme-challenge/wp.php?dir=CwhomeCwtherahulCwthedasstoresFwcomCwwp-contentCwpluginsCwwoocommerce-pdf-invoices-packing-slipsCwvendorCwsymfonyCwpolyfill-mbstring" "Mozilla/5.0 AppleWebKit/537.36 (KHTML, like Gecko; compatible; GPTBot/1.4; +https://openai.com/gptbot)"
74.7.242.50 - - [20/Jun/2026:15:38:41 +0200] "GET /.well-known/acme-challenge/wp.php?dir=CwhomeCwtherahulCwjanapremiFwanantaacharyaFwcomFwnpCwwp-contentCwpluginsCwgutenkit-blocks-addonCwbuildCwblocksCwnav-menu-submenu&edit=index.asset.php HTTP/1.1" 200 4199 "http://web.therahuldas.com/.well-known/acme-challenge/wp.php?dir=CwhomeCwtherahulCwjanapremiFwanantaacharyaFwcomFwnpCwwp-contentCwpluginsCwgutenkit-blocks-addonCwbuildCwblocksCwnav-menu-submenu" "Mozilla/5.0 AppleWebKit/537.36 (KHTML, like Gecko; compatible; GPTBot/1.4; +https://openai.com/gptbot)"
74.7.242.50 - - [20/Jun/2026:15:38:43 +0200] "GET /.well-known/wp.php?dir=CwhomeCwtherahulCwdigitalsangitaFwcomCwwp-contentCwpluginsCwelementorCwmodulesCwatomic-widgetsCwelementsCwdiv-block&view=div-block.php HTTP/1.1" 200 1175 "http://web.therahuldas.com/.well-known/wp.php?dir=CwhomeCwtherahulCwdigitalsangitaFwcomCwwp-contentCwpluginsCwelementorCwmodulesCwatomic-widgetsCwelementsCwdiv-block" "Mozilla/5.0 AppleWebKit/537.36 (KHTML, like Gecko; compatible; GPTBot/1.4; +https://openai.com/gptbot)"
74.7.242.50 - - [20/Jun/2026:15:38:44 +0200] "GET /.well-known/acme-challenge/wp.php?dir=CwhomeCwtherahulCwthedasstoresFwcomCwwp-contentCwpluginsCwwoocommerce-pdf-invoices-packing-slipsCwvendorCwsymfonyCwpolyfill-mbstring&view=LICENSE HTTP/1.1" 200 655 "http://web.therahuldas.com/.well-known/acme-challenge/wp.php?dir=CwhomeCwtherahulCwthedasstoresFwcomCwwp-contentCwpluginsCwwoocommerce-pdf-invoices-packing-slipsCwvendorCwsymfonyCwpolyfill-mbstring" "Mozilla/5.0 AppleWebKit/537.36 (KHTML, like Gecko; compatible; GPTBot/1.4; +https://openai.com/gptbot)"
216.73.217.37 - - [20/Jun/2026:15:38:45 +0200] "GET /.well-known/acme-challenge/wp.php?dir=CwhomeCwtherahulCwtmpCwwebalizerCwtest2FwtherahuldasFwcom&view=webalizer.current HTTP/1.1" 403 787 "-" "Mozilla/5.0 AppleWebKit/537.36 (KHTML, like Gecko; compatible; ClaudeBot/1.0; +claudebot@anthropic.com)"
216.73.217.37 - - [20/Jun/2026:15:38:45 +0200] "GET /.well-known/acme-challenge/wp.php?dir=CwhomeCwtherahulCwtmpCwwebalizerCwmailFwtherahuldasFwcom&view=webalizer.current HTTP/1.1" 403 787 "-" "Mozilla/5.0 AppleWebKit/537.36 (KHTML, like Gecko; compatible; ClaudeBot/1.0; +claudebot@anthropic.com)"
216.73.217.37 - - [20/Jun/2026:15:38:45 +0200] "GET /.well-known/acme-challenge/wp.php?dir=CwhomeCwtherahulCwtmpCwwebalizerCwemailFwtherahuldasFwcom&download=wp.php HTTP/1.1" 403 787 "-" "Mozilla/5.0 AppleWebKit/537.36 (KHTML, like Gecko; compatible; ClaudeBot/1.0; +claudebot@anthropic.com)"
74.7.242.50 - - [20/Jun/2026:15:38:45 +0200] "GET /.well-known/acme-challenge/wp.php?dir=CwhomeCwtherahulCwjanapremiFwanantaacharyaFwcomFwnpCwwp-contentCwpluginsCwgutenkit-blocks-addonCwbuildCwblocksCwnav-menu-submenu&download=index.asset.php HTTP/1.1" 200 162 "http://web.therahuldas.com/.well-known/acme-challenge/wp.php?dir=CwhomeCwtherahulCwjanapremiFwanantaacharyaFwcomFwnpCwwp-contentCwpluginsCwgutenkit-blocks-addonCwbuildCwblocksCwnav-menu-submenu" "Mozilla/5.0 AppleWebKit/537.36 (KHTML, like Gecko; compatible; GPTBot/1.4; +https://openai.com/gptbot)"
74.7.242.50 - - [20/Jun/2026:15:38:47 +0200] "GET /.well-known/wp.php?dir=CwhomeCwtherahulCwdigitalsangitaFwcomCwwp-contentCwpluginsCwelementorCwmodulesCwatomic-widgetsCwelementsCwatomic-svg HTTP/1.1" 200 5419 "http://web.therahuldas.com/.well-known/wp.php?dir=CwhomeCwtherahulCwdigitalsangitaFwcomCwwp-contentCwpluginsCwelementorCwmodulesCwatomic-widgetsCwelements" "Mozilla/5.0 AppleWebKit/537.36 (KHTML, like Gecko; compatible; GPTBot/1.4; +https://openai.com/gptbot)"
74.7.242.50 - - [20/Jun/2026:15:38:48 +0200] "GET /.well-known/acme-challenge/wp.php?dir=CwhomeCwtherahulCwthedasstoresFwcomCwwp-contentCwpluginsCwwoocommerce-pdf-invoices-packing-slipsCwvendorCwsymfonyCwpolyfill-mbstring&edit=bootstrap80.php HTTP/1.1" 200 5680 "http://web.therahuldas.com/.well-known/acme-challenge/wp.php?dir=CwhomeCwtherahulCwthedasstoresFwcomCwwp-contentCwpluginsCwwoocommerce-pdf-invoices-packing-slipsCwvendorCwsymfonyCwpolyfill-mbstring" "Mozilla/5.0 AppleWebKit/537.36 (KHTML, like Gecko; compatible; GPTBot/1.4; +https://openai.com/gptbot)"
74.7.242.50 - - [20/Jun/2026:15:38:50 +0200] "GET /.well-known/wp.php?dir=CwhomeCwtherahulCwdigitalsangitaFwcomCwwp-contentCwpluginsCwelementorCwmodulesCwatomic-widgetsCwelements&edit=has-atomic-base.php HTTP/1.1" 200 5418 "http://web.therahuldas.com/.well-known/wp.php?dir=CwhomeCwtherahulCwdigitalsangitaFwcomCwwp-contentCwpluginsCwelementorCwmodulesCwatomic-widgetsCwelements" "Mozilla/5.0 AppleWebKit/537.36 (KHTML, like Gecko; compatible; GPTBot/1.4; +https://openai.com/gptbot)"
74.7.242.50 - - [20/Jun/2026:15:38:51 +0200] "GET /.well-known/acme-challenge/wp.php?dir=CwhomeCwtherahulCwthedasstoresFwcomCwwp-contentCwpluginsCwwoocommerce-pdf-invoices-packing-slipsCwvendorCwsymfonyCwpolyfill-mbstring&download=LICENSE HTTP/1.1" 200 655 "http://web.therahuldas.com/.well-known/acme-challenge/wp.php?dir=CwhomeCwtherahulCwthedasstoresFwcomCwwp-contentCwpluginsCwwoocommerce-pdf-invoices-packing-slipsCwvendorCwsymfonyCwpolyfill-mbstring" "Mozilla/5.0 AppleWebKit/537.36 (KHTML, like Gecko; compatible; GPTBot/1.4; +https://openai.com/gptbot)"
74.7.242.50 - - [20/Jun/2026:15:38:53 +0200] "GET /.well-known/wp.php?dir=CwhomeCwtherahulCwdigitalsangitaFwcomCwwp-contentCwpluginsCwelementorCwmodulesCwatomic-widgetsCwelements&download=has-base-styles.php HTTP/1.1" 200 494 "http://web.therahuldas.com/.well-known/wp.php?dir=CwhomeCwtherahulCwdigitalsangitaFwcomCwwp-contentCwpluginsCwelementorCwmodulesCwatomic-widgetsCwelements" "Mozilla/5.0 AppleWebKit/537.36 (KHTML, like Gecko; compatible; GPTBot/1.4; +https://openai.com/gptbot)"
74.7.242.50 - - [20/Jun/2026:15:38:55 +0200] "GET /.well-known/wp.php?dir=CwhomeCwtherahulCwdigitalsangitaFwcomCwwp-contentCwpluginsCwelementorCwmodulesCwatomic-widgetsCwelements&download=has-atomic-base.php HTTP/1.1" 200 1399 "http://web.therahuldas.com/.well-known/wp.php?dir=CwhomeCwtherahulCwdigitalsangitaFwcomCwwp-contentCwpluginsCwelementorCwmodulesCwatomic-widgetsCwelements" "Mozilla/5.0 AppleWebKit/537.36 (KHTML, like Gecko; compatible; GPTBot/1.4; +https://openai.com/gptbot)"
74.7.242.50 - - [20/Jun/2026:15:38:56 +0200] "GET /.well-known/wp.php?dir=CwhomeCwtherahulCwdigitalsangitaFwcomCwwp-contentCwpluginsCwelementorCwmodulesCwatomic-widgetsCwelementsCwdiv-block&download=div-block.php HTTP/1.1" 200 1175 "http://web.therahuldas.com/.well-known/wp.php?dir=CwhomeCwtherahulCwdigitalsangitaFwcomCwwp-contentCwpluginsCwelementorCwmodulesCwatomic-widgetsCwelementsCwdiv-block" "Mozilla/5.0 AppleWebKit/537.36 (KHTML, like Gecko; compatible; GPTBot/1.4; +https://openai.com/gptbot)"
74.7.242.50 - - [20/Jun/2026:15:38:58 +0200] "GET /.well-known/acme-challenge/wp.php?dir=CwusrCwlib64Cwpkgconfig&view=pthread-stubs.pc HTTP/1.1" 200 137 "http://web.therahuldas.com/.well-known/acme-challenge/wp.php?dir=CwusrCwlib64Cwpkgconfig" "Mozilla/5.0 AppleWebKit/537.36 (KHTML, like Gecko; compatible; GPTBot/1.4; +https://openai.com/gptbot)"
74.7.242.50 - - [20/Jun/2026:15:38:59 +0200] "GET /.well-known/acme-challenge/wp.php?dir=CwusrCwlib64CwmysqlCwplugin&view=wsrep_info.so HTTP/1.1" 200 7865 "http://web.therahuldas.com/.well-known/acme-challenge/wp.php?dir=CwusrCwlib64CwmysqlCwplugin" "Mozilla/5.0 AppleWebKit/537.36 (KHTML, like Gecko; compatible; GPTBot/1.4; +https://openai.com/gptbot)"
74.7.242.50 - - [20/Jun/2026:15:39:01 +0200] "GET /.well-known/acme-challenge/wp.php?dir=CwusrCwlib64CwmysqlCwplugin&view=ha_spider.so HTTP/1.1" 200 391701 "http://web.therahuldas.com/.well-known/acme-challenge/wp.php?dir=CwusrCwlib64CwmysqlCwplugin" "Mozilla/5.0 AppleWebKit/537.36 (KHTML, like Gecko; compatible; GPTBot/1.4; +https://openai.com/gptbot)"
216.73.217.37 - - [20/Jun/2026:15:39:02 +0200] "GET /.well-known/acme-challenge/wp.php?dir=CwhomeCwtherahulCwtmpCwwebalizerCwghlFwtherahuldasFwcom&view=usage_202606.html HTTP/1.1" 403 787 "-" "Mozilla/5.0 AppleWebKit/537.36 (KHTML, like Gecko; compatible; ClaudeBot/1.0; +claudebot@anthropic.com)"
216.73.217.37 - - [20/Jun/2026:15:39:02 +0200] "GET /.well-known/acme-challenge/wp.php?dir=CwhomeCwtherahulCwtmpCwwebalizerCwghlFwtherahuldasFwcom&view=index.html HTTP/1.1" 403 787 "-" "Mozilla/5.0 AppleWebKit/537.36 (KHTML, like Gecko; compatible; ClaudeBot/1.0; +claudebot@anthropic.com)"
216.73.217.37 - - [20/Jun/2026:15:39:02 +0200] "GET /.well-known/acme-challenge/wp.php?dir=CwhomeCwtherahulCwtmpCwwebalizerCwashishFwtherahuldasFwcom&view=usage_202604.html HTTP/1.1" 403 787 "-" "Mozilla/5.0 AppleWebKit/537.36 (KHTML, like Gecko; compatible; ClaudeBot/1.0; +claudebot@anthropic.com)"
216.73.217.37 - - [20/Jun/2026:15:34:29 +0200] "GET /.well-known/acme-challenge/wp.php?dir=CwhomeCwtherahulCwtmpCwwebalizerCwwebFwtherahuldasFwcom&view=wp.php HTTP/1.1" 200 18531 "-" "Mozilla/5.0 AppleWebKit/537.36 (KHTML, like Gecko; compatible; ClaudeBot/1.0; +claudebot@anthropic.com)"
216.73.217.37 - - [20/Jun/2026:15:36:25 +0200] "GET /.well-known/acme-challenge/wp.php?dir=CwhomeCwtherahulCwtmpCwwebalizerCwashishFwtherahuldasFwcom&edit=wp.php HTTP/1.1" 403 787 "-" "Mozilla/5.0 AppleWebKit/537.36 (KHTML, like Gecko; compatible; ClaudeBot/1.0; +claudebot@anthropic.com)"
216.73.217.37 - - [20/Jun/2026:15:37:25 +0200] "GET /.well-known/acme-challenge/wp.php?dir=CwhomeCwtherahulCwtmpCwwebalizerCwthemomotimesFwcomFwtherahuldasFwcom&edit=usage_202604.html HTTP/1.1" 403 787 "-" "Mozilla/5.0 AppleWebKit/537.36 (KHTML, like Gecko; compatible; ClaudeBot/1.0; +claudebot@anthropic.com)"
216.73.217.37 - - [20/Jun/2026:15:37:26 +0200] "GET /.well-known/acme-challenge/wp.php?dir=CwhomeCwtherahulCwtmpCwwebalizerCwramailobhelaFwcomFwtherahuldasFwcom&view=usage_202604.html HTTP/1.1" 403 787 "-" "Mozilla/5.0 AppleWebKit/537.36 (KHTML, like Gecko; compatible; ClaudeBot/1.0; +claudebot@anthropic.com)"
216.73.217.37 - - [20/Jun/2026:15:37:26 +0200] "GET /.well-known/acme-challenge/wp.php?dir=CwhomeCwtherahulCwtmpCwwebalizerCwtest1FwtherahuldasFwcom&view=usage_202606.html HTTP/1.1" 403 787 "-" "Mozilla/5.0 AppleWebKit/537.36 (KHTML, like Gecko; compatible; ClaudeBot/1.0; +claudebot@anthropic.com)"
216.73.217.37 - - [20/Jun/2026:15:37:26 +0200] "GET /.well-known/acme-challenge/wp.php?dir=CwhomeCwtherahulCwtmpCwwebalizerCwtest1FwtherahuldasFwcom&view=index.html HTTP/1.1" 403 787 "-" "Mozilla/5.0 AppleWebKit/537.36 (KHTML, like Gecko; compatible; ClaudeBot/1.0; +claudebot@anthropic.com)"
216.73.217.37 - - [20/Jun/2026:15:39:02 +0200] "GET /.well-known/acme-challenge/wp.php?dir=CwhomeCwtherahulCwtmpCwwebalizerCwwebFwjanapremimaviFweduFwnpFwtherahuldasFwcom&edit=wp.php HTTP/1.1" 403 787 "-" "Mozilla/5.0 AppleWebKit/537.36 (KHTML, like Gecko; compatible; ClaudeBot/1.0; +claudebot@anthropic.com)"
216.73.217.37 - - [20/Jun/2026:15:39:02 +0200] "GET /.well-known/acme-challenge/wp.php?dir=CwhomeCwtherahulCwtmpCwwebalizerCwthemomotimesFwcomFwtherahuldasFwcom&view=usage_202605.html HTTP/1.1" 403 787 "-" "Mozilla/5.0 AppleWebKit/537.36 (KHTML, like Gecko; compatible; ClaudeBot/1.0; +claudebot@anthropic.com)"
216.73.217.37 - - [20/Jun/2026:15:39:02 +0200] "GET /.well-known/acme-challenge/wp.php?dir=CwhomeCwtherahulCwtmpCwwebalizerCwashishFwtherahuldasFwcom&edit=usage_202606.html HTTP/1.1" 403 787 "-" "Mozilla/5.0 AppleWebKit/537.36 (KHTML, like Gecko; compatible; ClaudeBot/1.0; +claudebot@anthropic.com)"
216.73.217.37 - - [20/Jun/2026:15:39:02 +0200] "GET /.well-known/acme-challenge/wp.php?dir=CwhomeCwtherahulCwtmpCwwebalizerCwashishFwtherahuldasFwcom&view=dns_cache.db HTTP/1.1" 403 787 "-" "Mozilla/5.0 AppleWebKit/537.36 (KHTML, like Gecko; compatible; ClaudeBot/1.0; +claudebot@anthropic.com)"
216.73.217.37 - - [20/Jun/2026:15:39:02 +0200] "GET /.well-known/acme-challenge/wp.php?dir=CwhomeCwtherahulCwtmpCwwebalizerCwtest1FwtherahuldasFwcom&download=wp.php HTTP/1.1" 403 787 "-" "Mozilla/5.0 AppleWebKit/537.36 (KHTML, like Gecko; compatible; ClaudeBot/1.0; +claudebot@anthropic.com)"
216.73.217.37 - - [20/Jun/2026:15:39:02 +0200] "GET /.well-known/acme-challenge/wp.php?dir=CwhomeCwtherahulCwtmpCwwebalizerCwthemomotimesFwcomFwtherahuldasFwcom&edit=usage_202605.html HTTP/1.1" 403 787 "-" "Mozilla/5.0 AppleWebKit/537.36 (KHTML, like Gecko; compatible; ClaudeBot/1.0; +claudebot@anthropic.com)"
216.73.217.37 - - [20/Jun/2026:15:39:02 +0200] "GET /.well-known/acme-challenge/wp.php?dir=CwhomeCwtherahulCwtmpCwwebalizerCwghlFwtherahuldasFwcom&edit=usage_202606.html HTTP/1.1" 403 787 "-" "Mozilla/5.0 AppleWebKit/537.36 (KHTML, like Gecko; compatible; ClaudeBot/1.0; +claudebot@anthropic.com)"
216.73.217.37 - - [20/Jun/2026:15:39:02 +0200] "GET /.well-known/acme-challenge/wp.php?dir=CwhomeCwtherahulCwtmpCwwebalizerCwashishFwtherahuldasFwcom&edit=index.html HTTP/1.1" 403 787 "-" "Mozilla/5.0 AppleWebKit/537.36 (KHTML, like Gecko; compatible; ClaudeBot/1.0; +claudebot@anthropic.com)"
216.73.217.37 - - [20/Jun/2026:15:39:02 +0200] "GET /.well-known/acme-challenge/wp.php?dir=CwhomeCwtherahulCwtmpCwwebalizerCwthemomotimesFwcomFwtherahuldasFwcom&view=index.html HTTP/1.1" 403 787 "-" "Mozilla/5.0 AppleWebKit/537.36 (KHTML, like Gecko; compatible; ClaudeBot/1.0; +claudebot@anthropic.com)"
216.73.217.37 - - [20/Jun/2026:15:39:02 +0200] "GET /.well-known/acme-challenge/wp.php?dir=CwhomeCwtherahulCwtmpCwwebalizerCwramailobhelaFwcomFwtherahuldasFwcom&view=usage_202605.html HTTP/1.1" 403 787 "-" "Mozilla/5.0 AppleWebKit/537.36 (KHTML, like Gecko; compatible; ClaudeBot/1.0; +claudebot@anthropic.com)"
74.7.242.50 - - [20/Jun/2026:15:39:03 +0200] "GET /.well-known/acme-challenge/wp.php?dir=CwusrCwlib64Cwpkgconfig&view=xcb-xselinux.pc HTTP/1.1" 200 176 "http://web.therahuldas.com/.well-known/acme-challenge/wp.php?dir=CwusrCwlib64Cwpkgconfig" "Mozilla/5.0 AppleWebKit/537.36 (KHTML, like Gecko; compatible; GPTBot/1.4; +https://openai.com/gptbot)"
216.73.217.37 - - [20/Jun/2026:15:39:03 +0200] "GET /.well-known/acme-challenge/wp.php?dir=CwhomeCwtherahulCwtmpCwwebalizerCwwebFwtherahuldasFwcom&view=webalizer.hist HTTP/1.1" 403 787 "-" "Mozilla/5.0 AppleWebKit/537.36 (KHTML, like Gecko; compatible; ClaudeBot/1.0; +claudebot@anthropic.com)"
74.7.242.50 - - [20/Jun/2026:15:39:05 +0200] "GET /.well-known/wp.php?dir=CwhomeCwtherahulCwdigitalsangitaFwcomCwwp-contentCwpluginsCwelementorCwmodulesCwatomic-widgetsCwelementsCwatomic-svg&view=atomic-svg.php HTTP/1.1" 200 1319 "http://web.therahuldas.com/.well-known/wp.php?dir=CwhomeCwtherahulCwdigitalsangitaFwcomCwwp-contentCwpluginsCwelementorCwmodulesCwatomic-widgetsCwelementsCwatomic-svg" "Mozilla/5.0 AppleWebKit/537.36 (KHTML, like Gecko; compatible; GPTBot/1.4; +https://openai.com/gptbot)"
74.7.242.50 - - [20/Jun/2026:15:39:06 +0200] "GET /.well-known/wp.php?dir=CwhomeCwtherahulCwdigitalsangitaFwcomCwwp-contentCwpluginsCwelementorCwmodulesCwatomic-widgetsCwelementsCwatomic-svg&download=atomic-svg.php HTTP/1.1" 200 1319 "http://web.therahuldas.com/.well-known/wp.php?dir=CwhomeCwtherahulCwdigitalsangitaFwcomCwwp-contentCwpluginsCwelementorCwmodulesCwatomic-widgetsCwelementsCwatomic-svg" "Mozilla/5.0 AppleWebKit/537.36 (KHTML, like Gecko; compatible; GPTBot/1.4; +https://openai.com/gptbot)"
216.73.217.37 - - [20/Jun/2026:15:39:07 +0200] "GET /.well-known/acme-challenge/wp.php?dir=CwhomeCwtherahulCwtmpCwwebalizerCwmomotimesFwtherahuldasFwcom&edit=usage_202604.html HTTP/1.1" 403 787 "-" "Mozilla/5.0 AppleWebKit/537.36 (KHTML, like Gecko; compatible; ClaudeBot/1.0; +claudebot@anthropic.com)"
216.73.217.37 - - [20/Jun/2026:15:39:07 +0200] "GET /.well-known/acme-challenge/wp.php?dir=CwhomeCwtherahulCwtmpCwwebalizerCwashishFwtherahuldasFwcom&view=index.html HTTP/1.1" 403 787 "-" "Mozilla/5.0 AppleWebKit/537.36 (KHTML, like Gecko; compatible; ClaudeBot/1.0; +claudebot@anthropic.com)"
216.73.217.37 - - [20/Jun/2026:15:39:08 +0200] "GET /.well-known/acme-challenge/wp.php?dir=CwhomeCwtherahulCwtmpCwwebalizerCwwebFwjanapremimaviFweduFwnpFwtherahuldasFwcom&view=wp.php HTTP/1.1" 403 787 "-" "Mozilla/5.0 AppleWebKit/537.36 (KHTML, like Gecko; compatible; ClaudeBot/1.0; +claudebot@anthropic.com)"
216.73.217.37 - - [20/Jun/2026:15:39:08 +0200] "GET /.well-known/acme-challenge/wp.php?dir=CwhomeCwtherahulCwtmpCwwebalizerCwashishFwtherahuldasFwcom&edit=usage_202605.html HTTP/1.1" 403 787 "-" "Mozilla/5.0 AppleWebKit/537.36 (KHTML, like Gecko; compatible; ClaudeBot/1.0; +claudebot@anthropic.com)"
74.7.242.50 - - [20/Jun/2026:15:39:08 +0200] "GET /.well-known/acme-challenge/wp.php?dir=CwusrCwlib64CwmysqlCwplugin&view=ha_mroonga.so HTTP/1.1" 200 1628788 "http://web.therahuldas.com/.well-known/acme-challenge/wp.php?dir=CwusrCwlib64CwmysqlCwplugin" "Mozilla/5.0 AppleWebKit/537.36 (KHTML, like Gecko; compatible; GPTBot/1.4; +https://openai.com/gptbot)"
216.73.217.37 - - [20/Jun/2026:15:39:08 +0200] "GET /.well-known/acme-challenge/wp.php?dir=CwhomeCwtherahulCwtmpCwwebalizerCwramailobhelaFwcomFwtherahuldasFwcom&edit=webalizer.current HTTP/1.1" 403 787 "-" "Mozilla/5.0 AppleWebKit/537.36 (KHTML, like Gecko; compatible; ClaudeBot/1.0; +claudebot@anthropic.com)"
216.73.217.37 - - [20/Jun/2026:15:39:08 +0200] "GET /.well-known/acme-challenge/wp.php?dir=CwhomeCwtherahulCwtmpCwwebalizerCwtest1FwtherahuldasFwcom&view=webalizer.current HTTP/1.1" 403 787 "-" "Mozilla/5.0 AppleWebKit/537.36 (KHTML, like Gecko; compatible; ClaudeBot/1.0; +claudebot@anthropic.com)"
74.7.242.50 - - [20/Jun/2026:15:39:11 +0200] "GET /.well-known/acme-challenge/wp.php?dir=CwusrCwlib64Cwpkgconfig&view=harfbuzz-icu.pc HTTP/1.1" 200 201 "http://web.therahuldas.com/.well-known/acme-challenge/wp.php?dir=CwusrCwlib64Cwpkgconfig" "Mozilla/5.0 AppleWebKit/537.36 (KHTML, like Gecko; compatible; GPTBot/1.4; +https://openai.com/gptbot)"
74.7.242.50 - - [20/Jun/2026:15:39:12 +0200] "GET /.well-known/acme-challenge/wp.php?dir=CwusrCwincludeCwlinuxCwnetfilter&view=xt_u32.h HTTP/1.1" 200 393 "http://web.therahuldas.com/.well-known/acme-challenge/wp.php?dir=CwusrCwincludeCwlinuxCwnetfilter" "Mozilla/5.0 AppleWebKit/537.36 (KHTML, like Gecko; compatible; GPTBot/1.4; +https://openai.com/gptbot)"
74.7.242.50 - - [20/Jun/2026:15:39:14 +0200] "GET /.well-known/acme-challenge/wp.php?dir=CwusrCwlib64CwmysqlCwplugin&view=ha_archive.so HTTP/1.1" 200 30363 "http://web.therahuldas.com/.well-known/acme-challenge/wp.php?dir=CwusrCwlib64CwmysqlCwplugin" "Mozilla/5.0 AppleWebKit/537.36 (KHTML, like Gecko; compatible; GPTBot/1.4; +https://openai.com/gptbot)"
74.7.242.50 - - [20/Jun/2026:15:39:15 +0200] "GET /.well-known/acme-challenge/wp.php?dir=CwusrCwlib64CwmysqlCwplugin&view=auth_pam.so HTTP/1.1" 200 4599 "http://web.therahuldas.com/.well-known/acme-challenge/wp.php?dir=CwusrCwlib64CwmysqlCwplugin" "Mozilla/5.0 AppleWebKit/537.36 (KHTML, like Gecko; compatible; GPTBot/1.4; +https://openai.com/gptbot)"
74.7.242.50 - - [20/Jun/2026:15:39:17 +0200] "GET /.well-known/acme-challenge/wp.php?dir=CwusrCwlib64CwmysqlCwplugin&view=query_cache_info.so HTTP/1.1" 200 5404 "http://web.therahuldas.com/.well-known/acme-challenge/wp.php?dir=CwusrCwlib64CwmysqlCwplugin" "Mozilla/5.0 AppleWebKit/537.36 (KHTML, like Gecko; compatible; GPTBot/1.4; +https://openai.com/gptbot)"
74.7.242.50 - - [20/Jun/2026:15:39:18 +0200] "GET /.well-known/wp.php?dir=CwhomeCwtherahulCwtest1FwtherahuldasFwcomCwwp-contentCwpluginsCwwoocommerceCwvendorCwautomatticCwjetpack-connectionCwsrcCwsso&download=jetpack-sso-login.css HTTP/1.1" 200 735 "http://web.therahuldas.com/.well-known/wp.php?dir=CwhomeCwtherahulCwtest1FwtherahuldasFwcomCwwp-contentCwpluginsCwwoocommerceCwvendorCwautomatticCwjetpack-connectionCwsrcCwsso" "Mozilla/5.0 AppleWebKit/537.36 (KHTML, like Gecko; compatible; GPTBot/1.4; +https://openai.com/gptbot)"
74.7.242.50 - - [20/Jun/2026:15:39:20 +0200] "GET /wp.php?dir=CwusrCwlibCwfirewalldCwservices&edit=redis.xml HTTP/1.1" 200 4092 "http://web.therahuldas.com/wp.php?dir=CwusrCwlibCwfirewalldCwservices" "Mozilla/5.0 AppleWebKit/537.36 (KHTML, like Gecko; compatible; GPTBot/1.4; +https://openai.com/gptbot)"
74.7.242.50 - - [20/Jun/2026:15:39:21 +0200] "GET /wp.php?dir=CwhomeCwtherahulCwjanapremiFwanantaacharyaFwcomFwnpCwwp-contentCwpluginsCwall-in-one-wp-migrationCwlibCwviewCwmain&view=storage-index-php-notice.php HTTP/1.1" 200 956 "http://web.therahuldas.com/wp.php?dir=CwhomeCwtherahulCwjanapremiFwanantaacharyaFwcomFwnpCwwp-contentCwpluginsCwall-in-one-wp-migrationCwlibCwviewCwmain" "Mozilla/5.0 AppleWebKit/537.36 (KHTML, like Gecko; compatible; GPTBot/1.4; +https://openai.com/gptbot)"
74.7.242.50 - - [20/Jun/2026:15:39:23 +0200] "GET /.well-known/acme-challenge/wp.php?dir=CwhomeCwtherahulCwthemomotimesFwcomCwwp-includesCwcollaboration&edit=class-wp-sync-post-meta-storage.php HTTP/1.1" 200 6344 "http://web.therahuldas.com/.well-known/acme-challenge/wp.php?dir=CwhomeCwtherahulCwthemomotimesFwcomCwwp-includesCwcollaboration" "Mozilla/5.0 AppleWebKit/537.36 (KHTML, like Gecko; compatible; GPTBot/1.4; +https://openai.com/gptbot)"
74.7.242.50 - - [20/Jun/2026:15:39:25 +0200] "GET /wp.php?dir=CwhomeCwtherahulCwjanapremiFwanantaacharyaFwcomFwnpCwwp-contentCwpluginsCwelementorCwcoreCwpage-assetsCwdata-managersCwfont-icon-svg HTTP/1.1" 200 5678 "http://web.therahuldas.com/wp.php?dir=CwhomeCwtherahulCwjanapremiFwanantaacharyaFwcomFwnpCwwp-contentCwpluginsCwelementorCwcoreCwpage-assetsCwdata-managers" "Mozilla/5.0 AppleWebKit/537.36 (KHTML, like Gecko; compatible; GPTBot/1.4; +https://openai.com/gptbot)"
74.7.242.50 - - [20/Jun/2026:15:39:26 +0200] "GET /.well-known/wp.php?dir=CwhomeCwtherahulCwdigitalsangitaFwcomCwwp-includesCwRequestsCwsrcCwUtility&edit=CaseInsensitiveDictionary.php HTTP/1.1" 200 4731 "http://web.therahuldas.com/.well-known/wp.php?dir=CwhomeCwtherahulCwdigitalsangitaFwcomCwwp-includesCwRequestsCwsrcCwUtility" "Mozilla/5.0 AppleWebKit/537.36 (KHTML, like Gecko; compatible; GPTBot/1.4; +https://openai.com/gptbot)"
74.7.242.50 - - [20/Jun/2026:15:39:28 +0200] "GET /.well-known/acme-challenge/wp.php?dir=CwusrCwlib64Cwpython3Fw9Cwmultiprocessing&edit=managers.py HTTP/1.1" 200 16006 "http://web.therahuldas.com/.well-known/acme-challenge/wp.php?dir=CwusrCwlib64Cwpython3Fw9Cwmultiprocessing" "Mozilla/5.0 AppleWebKit/537.36 (KHTML, like Gecko; compatible; GPTBot/1.4; +https://openai.com/gptbot)"
74.7.242.50 - - [20/Jun/2026:15:39:29 +0200] "GET /wp.php?dir=CwhomeCwtherahulCwpublic_htmlCwwp-contentCwpluginsCwwoocommerceCwincludesCwadminCwimportersCwviews&edit=html-csv-import-mapping.php HTTP/1.1" 200 5116 "http://web.therahuldas.com/wp.php?dir=CwhomeCwtherahulCwpublic_htmlCwwp-contentCwpluginsCwwoocommerceCwincludesCwadminCwimportersCwviews" "Mozilla/5.0 AppleWebKit/537.36 (KHTML, like Gecko; compatible; GPTBot/1.4; +https://openai.com/gptbot)"
74.7.242.50 - - [20/Jun/2026:15:39:31 +0200] "GET /.well-known/acme-challenge/wp.php?dir=CwusrCwincludeCwc%2B%2BCw11Cwparallel&download=partition.h HTTP/1.1" 200 3959 "http://web.therahuldas.com/.well-known/acme-challenge/wp.php?dir=CwusrCwincludeCwc%2B%2BCw11Cwparallel" "Mozilla/5.0 AppleWebKit/537.36 (KHTML, like Gecko; compatible; GPTBot/1.4; +https://openai.com/gptbot)"
74.7.242.50 - - [20/Jun/2026:15:39:32 +0200] "GET /.well-known/acme-challenge/wp.php?dir=CwusrCwincludeCwc%2B%2BCw11Cwparallel&download=quicksort.h HTTP/1.1" 200 1848 "http://web.therahuldas.com/.well-known/acme-challenge/wp.php?dir=CwusrCwincludeCwc%2B%2BCw11Cwparallel" "Mozilla/5.0 AppleWebKit/537.36 (KHTML, like Gecko; compatible; GPTBot/1.4; +https://openai.com/gptbot)"
74.7.242.50 - - [20/Jun/2026:15:39:34 +0200] "GET /wp.php?dir=CwusrCwshareCwlocaleCwcsCwLC_MESSAGES&view=pulseaudio.mo HTTP/1.1" 200 17153 "http://web.therahuldas.com/wp.php?dir=CwusrCwshareCwlocaleCwcsCwLC_MESSAGES" "Mozilla/5.0 AppleWebKit/537.36 (KHTML, like Gecko; compatible; GPTBot/1.4; +https://openai.com/gptbot)"
74.7.242.50 - - [20/Jun/2026:15:39:36 +0200] "GET /wp.php?dir=CwusrCwshareCwlocaleCwcaCwLC_MESSAGES&view=pulseaudio.mo HTTP/1.1" 200 11143 "http://web.therahuldas.com/wp.php?dir=CwusrCwshareCwlocaleCwcaCwLC_MESSAGES" "Mozilla/5.0 AppleWebKit/537.36 (KHTML, like Gecko; compatible; GPTBot/1.4; +https://openai.com/gptbot)"
74.7.242.50 - - [20/Jun/2026:15:39:37 +0200] "GET /wp.php?dir=CwusrCwshareCwghostscriptCwResourceCwCMap&view=GBK-EUC-V HTTP/1.1" 200 1339 "http://web.therahuldas.com/wp.php?dir=CwusrCwshareCwghostscriptCwResourceCwCMap" "Mozilla/5.0 AppleWebKit/537.36 (KHTML, like Gecko; compatible; GPTBot/1.4; +https://openai.com/gptbot)"
74.7.242.50 - - [20/Jun/2026:15:39:39 +0200] "GET /wp.php?dir=CwusrCwshareCwlocaleCwruCwLC_MESSAGES&view=pulseaudio.mo HTTP/1.1" 200 23115 "http://web.therahuldas.com/wp.php?dir=CwusrCwshareCwlocaleCwruCwLC_MESSAGES" "Mozilla/5.0 AppleWebKit/537.36 (KHTML, like Gecko; compatible; GPTBot/1.4; +https://openai.com/gptbot)"
74.7.242.50 - - [20/Jun/2026:15:39:40 +0200] "GET /wp.php?dir=CwusrCwshareCwghostscriptCwResourceCwCMap&view=GBT-EUC-H HTTP/1.1" 200 16371 "http://web.therahuldas.com/wp.php?dir=CwusrCwshareCwghostscriptCwResourceCwCMap" "Mozilla/5.0 AppleWebKit/537.36 (KHTML, like Gecko; compatible; GPTBot/1.4; +https://openai.com/gptbot)"
74.7.242.50 - - [20/Jun/2026:15:39:42 +0200] "GET /wp.php?dir=CwhomeCwtherahulCwjanapremiFwanantaacharyaFwcomFwnpCwwp-contentCwpluginsCwelementorCwcoreCwpage-assetsCwdata-managersCwfont-icon-svg&download=base.php HTTP/1.1" 200 290 "http://web.therahuldas.com/wp.php?dir=CwhomeCwtherahulCwjanapremiFwanantaacharyaFwcomFwnpCwwp-contentCwpluginsCwelementorCwcoreCwpage-assetsCwdata-managersCwfont-icon-svg" "Mozilla/5.0 AppleWebKit/537.36 (KHTML, like Gecko; compatible; GPTBot/1.4; +https://openai.com/gptbot)"
74.7.242.50 - - [20/Jun/2026:15:39:43 +0200] "GET /wp.php?dir=CwhomeCwtherahulCwjanapremiFwanantaacharyaFwcomFwnpCwwp-contentCwpluginsCwelementorCwcoreCwpage-assetsCwdata-managersCwfont-icon-svg&download=manager.php HTTP/1.1" 200 532 "http://web.therahuldas.com/wp.php?dir=CwhomeCwtherahulCwjanapremiFwanantaacharyaFwcomFwnpCwwp-contentCwpluginsCwelementorCwcoreCwpage-assetsCwdata-managersCwfont-icon-svg" "Mozilla/5.0 AppleWebKit/537.36 (KHTML, like Gecko; compatible; GPTBot/1.4; +https://openai.com/gptbot)"
74.7.242.50 - - [20/Jun/2026:15:39:45 +0200] "GET /wp.php?dir=CwhomeCwtherahulCwjanapremiFwanantaacharyaFwcomFwnpCwwp-contentCwpluginsCwelementorCwcoreCwpage-assetsCwdata-managersCwfont-icon-svg&edit=font-awesome.php HTTP/1.1" 200 4679 "http://web.therahuldas.com/wp.php?dir=CwhomeCwtherahulCwjanapremiFwanantaacharyaFwcomFwnpCwwp-contentCwpluginsCwelementorCwcoreCwpage-assetsCwdata-managersCwfont-icon-svg" "Mozilla/5.0 AppleWebKit/537.36 (KHTML, like Gecko; compatible; GPTBot/1.4; +https://openai.com/gptbot)"
74.7.242.50 - - [20/Jun/2026:15:39:46 +0200] "GET /wp.php?dir=CwusrCwshareCwlocaleCwdeCwLC_MESSAGES&view=pulseaudio.mo HTTP/1.1" 200 16098 "http://web.therahuldas.com/wp.php?dir=CwusrCwshareCwlocaleCwdeCwLC_MESSAGES" "Mozilla/5.0 AppleWebKit/537.36 (KHTML, like Gecko; compatible; GPTBot/1.4; +https://openai.com/gptbot)"
74.7.242.50 - - [20/Jun/2026:15:39:48 +0200] "GET /wp.php?dir=CwusrCwshareCwlocaleCweoCwLC_MESSAGES&view=pulseaudio.mo HTTP/1.1" 200 2905 "http://web.therahuldas.com/wp.php?dir=CwusrCwshareCwlocaleCweoCwLC_MESSAGES" "Mozilla/5.0 AppleWebKit/537.36 (KHTML, like Gecko; compatible; GPTBot/1.4; +https://openai.com/gptbot)"
74.7.242.50 - - [20/Jun/2026:15:39:50 +0200] "GET /wp.php?dir=CwusrCwshareCwlocaleCwidCwLC_MESSAGES&view=pulseaudio.mo HTTP/1.1" 200 15017 "http://web.therahuldas.com/wp.php?dir=CwusrCwshareCwlocaleCwidCwLC_MESSAGES" "Mozilla/5.0 AppleWebKit/537.36 (KHTML, like Gecko; compatible; GPTBot/1.4; +https://openai.com/gptbot)"
74.7.242.50 - - [20/Jun/2026:15:39:51 +0200] "GET /wp.php?dir=CwusrCwshareCwlocaleCwmrCwLC_MESSAGES&view=pulseaudio.mo HTTP/1.1" 200 10442 "http://web.therahuldas.com/wp.php?dir=CwusrCwshareCwlocaleCwmrCwLC_MESSAGES" "Mozilla/5.0 AppleWebKit/537.36 (KHTML, like Gecko; compatible; GPTBot/1.4; +https://openai.com/gptbot)"
74.7.242.50 - - [20/Jun/2026:15:39:53 +0200] "GET /wp.php?dir=CwusrCwshareCwghostscriptCwResourceCwCMap&view=GBK-EUC-H HTTP/1.1" 200 28455 "http://web.therahuldas.com/wp.php?dir=CwusrCwshareCwghostscriptCwResourceCwCMap" "Mozilla/5.0 AppleWebKit/537.36 (KHTML, like Gecko; compatible; GPTBot/1.4; +https://openai.com/gptbot)"
216.73.217.37 - - [20/Jun/2026:15:35:03 +0200] "GET /.well-known/acme-challenge/wp.php?dir=CwhomeCwtherahulCwtmpCwwebalizerCwthemomotimesFwcomFwtherahuldasFwcom&edit=wp.php HTTP/1.1" 200 22655 "-" "Mozilla/5.0 AppleWebKit/537.36 (KHTML, like Gecko; compatible; ClaudeBot/1.0; +claudebot@anthropic.com)"
216.73.217.37 - - [20/Jun/2026:15:35:03 +0200] "GET /.well-known/acme-challenge/wp.php?dir=CwhomeCwtherahulCwtmpCwwebalizerCwmailFwtherahuldasFwcom&edit=dns_cache.db HTTP/1.1" 200 5321 "-" "Mozilla/5.0 AppleWebKit/537.36 (KHTML, like Gecko; compatible; ClaudeBot/1.0; +claudebot@anthropic.com)"
216.73.217.37 - - [20/Jun/2026:15:35:04 +0200] "GET /.well-known/acme-challenge/wp.php?dir=CwhomeCwtherahulCwtmpCwwebalizerCwwebFwtherahuldasFwcom&edit=usage_202605.html HTTP/1.1" 403 787 "-" "Mozilla/5.0 AppleWebKit/537.36 (KHTML, like Gecko; compatible; ClaudeBot/1.0; +claudebot@anthropic.com)"
216.73.217.37 - - [20/Jun/2026:15:35:04 +0200] "GET /.well-known/acme-challenge/wp.php?dir=CwhomeCwtherahulCwtmpCwwebalizerCwwebFwtherahuldasFwcom&view=usage_202606.html HTTP/1.1" 403 787 "-" "Mozilla/5.0 AppleWebKit/537.36 (KHTML, like Gecko; compatible; ClaudeBot/1.0; +claudebot@anthropic.com)"
216.73.217.37 - - [20/Jun/2026:15:35:04 +0200] "GET /.well-known/acme-challenge/usage.png HTTP/1.1" 404 796 "-" "Mozilla/5.0 AppleWebKit/537.36 (KHTML, like Gecko; compatible; ClaudeBot/1.0; +claudebot@anthropic.com)"
216.73.217.37 - - [20/Jun/2026:15:35:04 +0200] "GET /.well-known/acme-challenge/wp.php?dir=CwhomeCwtherahulCwtmpCwwebalizerCwtest1FwtherahuldasFwcom&view=wp.php HTTP/1.1" 403 787 "-" "Mozilla/5.0 AppleWebKit/537.36 (KHTML, like Gecko; compatible; ClaudeBot/1.0; +claudebot@anthropic.com)"
216.73.217.37 - - [20/Jun/2026:15:36:25 +0200] "GET /.well-known/acme-challenge/wp.php?dir=CwhomeCwtherahulCwtmpCwwebalizerCwemailFwtherahuldasFwcom&view=dns_cache.db HTTP/1.1" 200 1275 "-" "Mozilla/5.0 AppleWebKit/537.36 (KHTML, like Gecko; compatible; ClaudeBot/1.0; +claudebot@anthropic.com)"
216.73.217.37 - - [20/Jun/2026:15:37:25 +0200] "GET /.well-known/acme-challenge/wp.php?dir=CwhomeCwtherahulCwtmpCwwebalizerCwsslCwemailFwtherahuldasFwcom HTTP/1.1" 200 6471 "-" "Mozilla/5.0 AppleWebKit/537.36 (KHTML, like Gecko; compatible; ClaudeBot/1.0; +claudebot@anthropic.com)"
216.73.217.37 - - [20/Jun/2026:15:38:45 +0200] "GET /.well-known/acme-challenge/wp.php?dir=CwhomeCwtherahulCwtmpCwwebalizerCwghlFwtherahuldasFwcom&edit=index.html HTTP/1.1" 403 787 "-" "Mozilla/5.0 AppleWebKit/537.36 (KHTML, like Gecko; compatible; ClaudeBot/1.0; +claudebot@anthropic.com)"
216.73.217.37 - - [20/Jun/2026:15:38:45 +0200] "GET /.well-known/acme-challenge/wp.php?dir=CwhomeCwtherahulCwtmpCwwebalizerCwghlFwtherahuldasFwcom&view=dns_cache.db HTTP/1.1" 403 787 "-" "Mozilla/5.0 AppleWebKit/537.36 (KHTML, like Gecko; compatible; ClaudeBot/1.0; +claudebot@anthropic.com)"
216.73.217.37 - - [20/Jun/2026:15:38:45 +0200] "GET /.well-known/acme-challenge/wp.php?dir=CwhomeCwtherahulCwtmpCwwebalizerCwashishFwtherahuldasFwcom&edit=dns_cache.db HTTP/1.1" 403 787 "-" "Mozilla/5.0 AppleWebKit/537.36 (KHTML, like Gecko; compatible; ClaudeBot/1.0; +claudebot@anthropic.com)"
216.73.217.37 - - [20/Jun/2026:15:39:02 +0200] "GET /.well-known/acme-challenge/wp.php?dir=CwhomeCwtherahulCwtmpCwwebalizerCwemailFwtherahuldasFwcom&view=webalizer.current HTTP/1.1" 403 787 "-" "Mozilla/5.0 AppleWebKit/537.36 (KHTML, like Gecko; compatible; ClaudeBot/1.0; +claudebot@anthropic.com)"
