74.7.242.50 - - [20/Jun/2026:15:41:54 +0200] "GET /.well-known/wp.php?dir=CwhomeCwtherahulCwtest1FwtherahuldasFwcomCwwp-contentCwuploadsCw2026Cw01 HTTP/1.1" 200 5006 "http://web.therahuldas.com/.well-known/wp.php?dir=CwhomeCwtherahulCwtest1FwtherahuldasFwcomCwwp-contentCwuploadsCw2026" "Mozilla/5.0 AppleWebKit/537.36 (KHTML, like Gecko; compatible; GPTBot/1.4; +https://openai.com/gptbot)"
74.7.242.50 - - [20/Jun/2026:15:41:56 +0200] "GET /.well-known/wp.php?dir=CwhomeCwtherahulCwtest2FwtherahuldasFwcomCwwp-contentCwuploadsCw2025Cw08 HTTP/1.1" 200 5009 "http://web.therahuldas.com/.well-known/wp.php?dir=CwhomeCwtherahulCwtest2FwtherahuldasFwcomCwwp-contentCwuploadsCw2025" "Mozilla/5.0 AppleWebKit/537.36 (KHTML, like Gecko; compatible; GPTBot/1.4; +https://openai.com/gptbot)"
74.7.242.50 - - [20/Jun/2026:15:41:57 +0200] "GET /.well-known/wp.php?dir=CwhomeCwtherahulCwtest2FwtherahuldasFwcomCwwp-contentCwuploadsCw2026Cw01 HTTP/1.1" 200 5008 "http://web.therahuldas.com/.well-known/wp.php?dir=CwhomeCwtherahulCwtest2FwtherahuldasFwcomCwwp-contentCwuploadsCw2026" "Mozilla/5.0 AppleWebKit/537.36 (KHTML, like Gecko; compatible; GPTBot/1.4; +https://openai.com/gptbot)"
74.7.242.50 - - [20/Jun/2026:15:41:59 +0200] "GET /.well-known/wp.php?dir=CwhomeCwtherahulCwtest2FwtherahuldasFwcomCwwp-contentCwuploadsCw2026Cw04 HTTP/1.1" 200 5008 "http://web.therahuldas.com/.well-known/wp.php?dir=CwhomeCwtherahulCwtest2FwtherahuldasFwcomCwwp-contentCwuploadsCw2026" "Mozilla/5.0 AppleWebKit/537.36 (KHTML, like Gecko; compatible; GPTBot/1.4; +https://openai.com/gptbot)"
74.7.242.50 - - [20/Jun/2026:15:42:00 +0200] "GET /.well-known/wp.php?dir=CwhomeCwtherahulCwtest2FwtherahuldasFwcomCwwp-contentCwuploadsCw2025Cw06 HTTP/1.1" 200 5009 "http://web.therahuldas.com/.well-known/wp.php?dir=CwhomeCwtherahulCwtest2FwtherahuldasFwcomCwwp-contentCwuploadsCw2025" "Mozilla/5.0 AppleWebKit/537.36 (KHTML, like Gecko; compatible; GPTBot/1.4; +https://openai.com/gptbot)"
74.7.242.50 - - [20/Jun/2026:15:42:02 +0200] "GET /.well-known/wp.php?dir=CwhomeCwtherahulCwtest1FwtherahuldasFwcomCwwp-contentCwuploadsCw2025Cw10&view=the-goat-294x300.gif HTTP/1.1" 200 54206 "http://web.therahuldas.com/.well-known/wp.php?dir=CwhomeCwtherahulCwtest1FwtherahuldasFwcomCwwp-contentCwuploadsCw2025Cw10" "Mozilla/5.0 AppleWebKit/537.36 (KHTML, like Gecko; compatible; GPTBot/1.4; +https://openai.com/gptbot)"
74.7.242.50 - - [20/Jun/2026:15:42:03 +0200] "GET /.well-known/wp.php?dir=CwhomeCwtherahulCwtest1FwtherahuldasFwcomCwwp-contentCwuploadsCw2025Cw10&view=the-goat-150x150.gif HTTP/1.1" 200 15579 "http://web.therahuldas.com/.well-known/wp.php?dir=CwhomeCwtherahulCwtest1FwtherahuldasFwcomCwwp-contentCwuploadsCw2025Cw10" "Mozilla/5.0 AppleWebKit/537.36 (KHTML, like Gecko; compatible; GPTBot/1.4; +https://openai.com/gptbot)"
74.7.242.50 - - [20/Jun/2026:15:42:05 +0200] "GET /.well-known/wp.php?dir=CwhomeCwtherahulCwtest1FwtherahuldasFwcomCwwp-contentCwuploadsCw2025Cw10&view=the-goat-100x100.gif HTTP/1.1" 200 7931 "http://web.therahuldas.com/.well-known/wp.php?dir=CwhomeCwtherahulCwtest1FwtherahuldasFwcomCwwp-contentCwuploadsCw2025Cw10" "Mozilla/5.0 AppleWebKit/537.36 (KHTML, like Gecko; compatible; GPTBot/1.4; +https://openai.com/gptbot)"
74.7.242.50 - - [20/Jun/2026:15:42:06 +0200] "GET /.well-known/wp.php?dir=CwhomeCwtherahulCwtest1FwtherahuldasFwcomCwwp-contentCwuploadsCw2025Cw10&view=the-goat-300x300.gif HTTP/1.1" 200 55212 "http://web.therahuldas.com/.well-known/wp.php?dir=CwhomeCwtherahulCwtest1FwtherahuldasFwcomCwwp-contentCwuploadsCw2025Cw10" "Mozilla/5.0 AppleWebKit/537.36 (KHTML, like Gecko; compatible; GPTBot/1.4; +https://openai.com/gptbot)"
74.7.242.50 - - [20/Jun/2026:15:42:08 +0200] "GET /.well-known/wp.php?dir=CwhomeCwtherahulCwtest1FwtherahuldasFwcomCwwp-contentCwuploadsCw2025Cw10&edit=Gemini_Generated_Image_rttd74rttd74rttd-1.png HTTP/1.1" 200 1341286 "http://web.therahuldas.com/.well-known/wp.php?dir=CwhomeCwtherahulCwtest1FwtherahuldasFwcomCwwp-contentCwuploadsCw2025Cw10" "Mozilla/5.0 AppleWebKit/537.36 (KHTML, like Gecko; compatible; GPTBot/1.4; +https://openai.com/gptbot)"
74.7.242.50 - - [20/Jun/2026:15:42:10 +0200] "GET /.well-known/wp.php?dir=CwhomeCwtherahulCwtest1FwtherahuldasFwcomCwwp-contentCwuploadsCw2025Cw10&view=Gemini_Generated_Image_rttd74rttd74rttd-1.png HTTP/1.1" 200 1544767 "http://web.therahuldas.com/.well-known/wp.php?dir=CwhomeCwtherahulCwtest1FwtherahuldasFwcomCwwp-contentCwuploadsCw2025Cw10" "Mozilla/5.0 AppleWebKit/537.36 (KHTML, like Gecko; compatible; GPTBot/1.4; +https://openai.com/gptbot)"
74.7.242.50 - - [20/Jun/2026:15:42:12 +0200] "GET /.well-known/wp.php?dir=CwhomeCwtherahulCwtest1FwtherahuldasFwcomCwwp-contentCwuploadsCw2025Cw10&edit=the-goat.gif HTTP/1.1" 200 3877133 "http://web.therahuldas.com/.well-known/wp.php?dir=CwhomeCwtherahulCwtest1FwtherahuldasFwcomCwwp-contentCwuploadsCw2025Cw10" "Mozilla/5.0 AppleWebKit/537.36 (KHTML, like Gecko; compatible; GPTBot/1.4; +https://openai.com/gptbot)"
74.7.242.50 - - [20/Jun/2026:15:42:14 +0200] "GET /.well-known/wp.php?dir=CwhomeCwtherahulCwtest1FwtherahuldasFwcomCwwp-contentCwuploadsCw2025Cw10&download=the-goat.gif HTTP/1.1" 200 4323313 "http://web.therahuldas.com/.well-known/wp.php?dir=CwhomeCwtherahulCwtest1FwtherahuldasFwcomCwwp-contentCwuploadsCw2025Cw10" "Mozilla/5.0 AppleWebKit/537.36 (KHTML, like Gecko; compatible; GPTBot/1.4; +https://openai.com/gptbot)"
216.73.217.37 - - [20/Jun/2026:15:38:04 +0200] "GET /.well-known/acme-challenge/wp.php?dir=CwhomeCwtherahulCwtmpCwwebalizerCwmailFwtherahuldasFwcom&edit=webalizer.current HTTP/1.1" 403 787 "-" "Mozilla/5.0 AppleWebKit/537.36 (KHTML, like Gecko; compatible; ClaudeBot/1.0; +claudebot@anthropic.com)"
216.73.217.37 - - [20/Jun/2026:15:39:56 +0200] "GET /.well-known/acme-challenge/wp.php?dir=CwhomeCwtherahulCwtmpCwwebalizerCwthemomotimesFwcomFwtherahuldasFwcom&download=wp.php HTTP/1.1" 403 787 "-" "Mozilla/5.0 AppleWebKit/537.36 (KHTML, like Gecko; compatible; ClaudeBot/1.0; +claudebot@anthropic.com)"
216.73.217.37 - - [20/Jun/2026:15:39:56 +0200] "GET /.well-known/acme-challenge/wp.php?dir=CwhomeCwtherahulCwtmpCwwebalizerCwdigitalsangitaFwcomFwtherahuldasFwcom&view=dns_cache.db HTTP/1.1" 403 787 "-" "Mozilla/5.0 AppleWebKit/537.36 (KHTML, like Gecko; compatible; ClaudeBot/1.0; +claudebot@anthropic.com)"
216.73.217.37 - - [20/Jun/2026:15:39:57 +0200] "GET /.well-known/acme-challenge/wp.php?dir=CwhomeCwtherahulCwtmpCwwebalizerCwsslCwghlFwtherahuldasFwcom HTTP/1.1" 403 787 "-" "Mozilla/5.0 AppleWebKit/537.36 (KHTML, like Gecko; compatible; ClaudeBot/1.0; +claudebot@anthropic.com)"
216.73.217.37 - - [20/Jun/2026:15:39:57 +0200] "GET /.well-known/acme-challenge/wp.php?dir=CwhomeCwtherahulCwtmpCwwebalizerCwtest2FwtherahuldasFwcom&download=dns_cache.db HTTP/1.1" 403 787 "-" "Mozilla/5.0 AppleWebKit/537.36 (KHTML, like Gecko; compatible; ClaudeBot/1.0; +claudebot@anthropic.com)"
216.73.217.37 - - [20/Jun/2026:15:39:57 +0200] "GET /.well-known/acme-challenge/wp.php?dir=CwhomeCwtherahulCwtmpCwwebalizerCwmomotimesFwtherahuldasFwcom&view=dns_cache.db HTTP/1.1" 403 787 "-" "Mozilla/5.0 AppleWebKit/537.36 (KHTML, like Gecko; compatible; ClaudeBot/1.0; +claudebot@anthropic.com)"
216.73.217.37 - - [20/Jun/2026:15:39:58 +0200] "GET /.well-known/acme-challenge/wp.php?dir=CwhomeCwtherahulCwtmpCwwebalizerCwmomotimesFwtherahuldasFwcom&edit=usage_202606.html HTTP/1.1" 403 787 "-" "Mozilla/5.0 AppleWebKit/537.36 (KHTML, like Gecko; compatible; ClaudeBot/1.0; +claudebot@anthropic.com)"
216.73.217.37 - - [20/Jun/2026:15:39:58 +0200] "GET /.well-known/acme-challenge/wp.php?dir=CwhomeCwtherahulCwtmpCwwebalizerCwtest2FwtherahuldasFwcom&download=usage_202604.html HTTP/1.1" 403 787 "-" "Mozilla/5.0 AppleWebKit/537.36 (KHTML, like Gecko; compatible; ClaudeBot/1.0; +claudebot@anthropic.com)"
216.73.217.37 - - [20/Jun/2026:15:39:58 +0200] "GET /.well-known/acme-challenge/wp.php?dir=CwhomeCwtherahulCwtmpCwwebalizerCwmomotimesFwtherahuldasFwcom&view=usage_202604.html HTTP/1.1" 403 787 "-" "Mozilla/5.0 AppleWebKit/537.36 (KHTML, like Gecko; compatible; ClaudeBot/1.0; +claudebot@anthropic.com)"
216.73.217.37 - - [20/Jun/2026:15:41:25 +0200] "GET /.well-known/acme-challenge/wp.php?dir=CwhomeCwtherahulCwtmpCwwebalizerCwemailFwtherahuldasFwcom&download=dns_cache.db HTTP/1.1" 403 787 "-" "Mozilla/5.0 AppleWebKit/537.36 (KHTML, like Gecko; compatible; ClaudeBot/1.0; +claudebot@anthropic.com)"
216.73.217.37 - - [20/Jun/2026:15:42:21 +0200] "GET /.well-known/acme-challenge/wp.php?dir=CwhomeCwtherahulCwtmpCwwebalizerCwthemomotimesFwcomFwtherahuldasFwcom&download=usage_202604.html HTTP/1.1" 403 787 "-" "Mozilla/5.0 AppleWebKit/537.36 (KHTML, like Gecko; compatible; ClaudeBot/1.0; +claudebot@anthropic.com)"
216.73.217.37 - - [20/Jun/2026:15:42:21 +0200] "GET /.well-known/acme-challenge/wp.php?dir=CwhomeCwtherahulCwtmpCwwebalizerCwwebFwjanapremimaviFweduFwnpFwtherahuldasFwcom&edit=usage_202606.html HTTP/1.1" 403 787 "-" "Mozilla/5.0 AppleWebKit/537.36 (KHTML, like Gecko; compatible; ClaudeBot/1.0; +claudebot@anthropic.com)"
216.73.217.37 - - [20/Jun/2026:15:42:21 +0200] "GET /.well-known/acme-challenge/wp.php?dir=CwhomeCwtherahulCwtmpCwwebalizerCwramailobhelaFwcomFwtherahuldasFwcom&download=usage_202606.html HTTP/1.1" 403 787 "-" "Mozilla/5.0 AppleWebKit/537.36 (KHTML, like Gecko; compatible; ClaudeBot/1.0; +claudebot@anthropic.com)"
74.7.242.50 - - [20/Jun/2026:15:42:16 +0200] "GET /.well-known/wp.php?dir=CwhomeCwtherahulCwtest1FwtherahuldasFwcomCwwp-contentCwuploadsCw2025Cw10&view=Gemini_Generated_Image_rttd74rttd74rttd.png HTTP/1.1" 200 1544767 "http://web.therahuldas.com/.well-known/wp.php?dir=CwhomeCwtherahulCwtest1FwtherahuldasFwcomCwwp-contentCwuploadsCw2025Cw10" "Mozilla/5.0 AppleWebKit/537.36 (KHTML, like Gecko; compatible; GPTBot/1.4; +https://openai.com/gptbot)"
74.7.242.50 - - [20/Jun/2026:15:42:18 +0200] "GET /.well-known/wp.php?dir=CwhomeCwtherahulCwtest1FwtherahuldasFwcomCwwp-contentCwuploadsCw2025Cw10&view=Gemini_Generated_Image_rttd74rttd74rttd-150x150.png HTTP/1.1" 200 43239 "http://web.therahuldas.com/.well-known/wp.php?dir=CwhomeCwtherahulCwtest1FwtherahuldasFwcomCwwp-contentCwuploadsCw2025Cw10" "Mozilla/5.0 AppleWebKit/537.36 (KHTML, like Gecko; compatible; GPTBot/1.4; +https://openai.com/gptbot)"
74.7.242.50 - - [20/Jun/2026:15:42:19 +0200] "GET /.well-known/wp.php?dir=CwhomeCwtherahulCwtest1FwtherahuldasFwcomCwwp-contentCwuploadsCw2025Cw10&view=Gemini_Generated_Image_rttd74rttd74rttd-1-600x600.png HTTP/1.1" 200 595037 "http://web.therahuldas.com/.well-known/wp.php?dir=CwhomeCwtherahulCwtest1FwtherahuldasFwcomCwwp-contentCwuploadsCw2025Cw10" "Mozilla/5.0 AppleWebKit/537.36 (KHTML, like Gecko; compatible; GPTBot/1.4; +https://openai.com/gptbot)"
216.73.217.37 - - [20/Jun/2026:15:42:21 +0200] "GET /.well-known/acme-challenge/wp.php?dir=CwhomeCwtherahulCwtmpCwwebalizerCwwebFwjanapremimaviFweduFwnpFwtherahuldasFwcom&view=usage_202604.html HTTP/1.1" 403 787 "-" "Mozilla/5.0 AppleWebKit/537.36 (KHTML, like Gecko; compatible; ClaudeBot/1.0; +claudebot@anthropic.com)"
74.7.242.50 - - [20/Jun/2026:15:42:21 +0200] "GET /.well-known/wp.php?dir=CwhomeCwtherahulCwtest1FwtherahuldasFwcomCwwp-contentCwuploadsCw2025Cw10&view=Gemini_Generated_Image_rttd74rttd74rttd-1-300x300.png HTTP/1.1" 200 159724 "http://web.therahuldas.com/.well-known/wp.php?dir=CwhomeCwtherahulCwtest1FwtherahuldasFwcomCwwp-contentCwuploadsCw2025Cw10" "Mozilla/5.0 AppleWebKit/537.36 (KHTML, like Gecko; compatible; GPTBot/1.4; +https://openai.com/gptbot)"
216.73.217.37 - - [20/Jun/2026:15:42:21 +0200] "GET /.well-known/acme-challenge/wp.php?dir=CwhomeCwtherahulCwtmpCwwebalizerCwsslCwdigitalsangitaFwcomFwtherahuldasFwcom HTTP/1.1" 403 787 "-" "Mozilla/5.0 AppleWebKit/537.36 (KHTML, like Gecko; compatible; ClaudeBot/1.0; +claudebot@anthropic.com)"
74.7.242.50 - - [20/Jun/2026:15:42:23 +0200] "GET /.well-known/wp.php?dir=CwhomeCwtherahulCwtest1FwtherahuldasFwcomCwwp-contentCwuploadsCw2025Cw10&view=Gemini_Generated_Image_rttd74rttd74rttd-1-100x100.png HTTP/1.1" 200 20813 "http://web.therahuldas.com/.well-known/wp.php?dir=CwhomeCwtherahulCwtest1FwtherahuldasFwcomCwwp-contentCwuploadsCw2025Cw10" "Mozilla/5.0 AppleWebKit/537.36 (KHTML, like Gecko; compatible; GPTBot/1.4; +https://openai.com/gptbot)"
74.7.242.50 - - [20/Jun/2026:15:42:25 +0200] "GET /.well-known/wp.php?dir=CwhomeCwtherahulCwtest1FwtherahuldasFwcomCwwp-contentCwuploadsCw2025Cw10&view=Gemini_Generated_Image_rttd74rttd74rttd-1-150x150.png HTTP/1.1" 200 43239 "http://web.therahuldas.com/.well-known/wp.php?dir=CwhomeCwtherahulCwtest1FwtherahuldasFwcomCwwp-contentCwuploadsCw2025Cw10" "Mozilla/5.0 AppleWebKit/537.36 (KHTML, like Gecko; compatible; GPTBot/1.4; +https://openai.com/gptbot)"
74.7.242.50 - - [20/Jun/2026:15:42:26 +0200] "GET /.well-known/wp.php?dir=CwhomeCwtherahulCwtest1FwtherahuldasFwcomCwwp-contentCwuploadsCw2025Cw10&view=Gemini_Generated_Image_rttd74rttd74rttd-100x100.png HTTP/1.1" 200 20813 "http://web.therahuldas.com/.well-known/wp.php?dir=CwhomeCwtherahulCwtest1FwtherahuldasFwcomCwwp-contentCwuploadsCw2025Cw10" "Mozilla/5.0 AppleWebKit/537.36 (KHTML, like Gecko; compatible; GPTBot/1.4; +https://openai.com/gptbot)"
74.7.242.50 - - [20/Jun/2026:15:42:28 +0200] "GET /.well-known/wp.php?dir=CwhomeCwtherahulCwtest1FwtherahuldasFwcomCwwp-contentCwuploadsCw2025Cw10&view=Gemini_Generated_Image_rttd74rttd74rttd-600x600.png HTTP/1.1" 200 595037 "http://web.therahuldas.com/.well-known/wp.php?dir=CwhomeCwtherahulCwtest1FwtherahuldasFwcomCwwp-contentCwuploadsCw2025Cw10" "Mozilla/5.0 AppleWebKit/537.36 (KHTML, like Gecko; compatible; GPTBot/1.4; +https://openai.com/gptbot)"
74.7.242.50 - - [20/Jun/2026:15:42:30 +0200] "GET /.well-known/wp.php?dir=CwhomeCwtherahulCwtest1FwtherahuldasFwcomCwwp-contentCwuploadsCw2025Cw10&download=the-goat-100x100.gif HTTP/1.1" 200 7931 "http://web.therahuldas.com/.well-known/wp.php?dir=CwhomeCwtherahulCwtest1FwtherahuldasFwcomCwwp-contentCwuploadsCw2025Cw10" "Mozilla/5.0 AppleWebKit/537.36 (KHTML, like Gecko; compatible; GPTBot/1.4; +https://openai.com/gptbot)"
74.7.242.50 - - [20/Jun/2026:15:42:31 +0200] "GET /.well-known/wp.php?dir=CwhomeCwtherahulCwtest1FwtherahuldasFwcomCwwp-contentCwuploadsCw2025Cw10&download=the-goat-150x150.gif HTTP/1.1" 200 15579 "http://web.therahuldas.com/.well-known/wp.php?dir=CwhomeCwtherahulCwtest1FwtherahuldasFwcomCwwp-contentCwuploadsCw2025Cw10" "Mozilla/5.0 AppleWebKit/537.36 (KHTML, like Gecko; compatible; GPTBot/1.4; +https://openai.com/gptbot)"
74.7.242.50 - - [20/Jun/2026:15:42:33 +0200] "GET /.well-known/wp.php?dir=CwhomeCwtherahulCwtest1FwtherahuldasFwcomCwwp-contentCwuploadsCw2025Cw10&download=the-goat-300x300.gif HTTP/1.1" 200 55212 "http://web.therahuldas.com/.well-known/wp.php?dir=CwhomeCwtherahulCwtest1FwtherahuldasFwcomCwwp-contentCwuploadsCw2025Cw10" "Mozilla/5.0 AppleWebKit/537.36 (KHTML, like Gecko; compatible; GPTBot/1.4; +https://openai.com/gptbot)"
74.7.242.50 - - [20/Jun/2026:15:42:35 +0200] "GET /.well-known/wp.php?dir=CwhomeCwtherahulCwtest1FwtherahuldasFwcomCwwp-contentCwuploadsCw2025Cw10&download=Gemini_Generated_Image_rttd74rttd74rttd-768x768.png HTTP/1.1" 200 950224 "http://web.therahuldas.com/.well-known/wp.php?dir=CwhomeCwtherahulCwtest1FwtherahuldasFwcomCwwp-contentCwuploadsCw2025Cw10" "Mozilla/5.0 AppleWebKit/537.36 (KHTML, like Gecko; compatible; GPTBot/1.4; +https://openai.com/gptbot)"
74.7.242.50 - - [20/Jun/2026:15:42:37 +0200] "GET /.well-known/wp.php?dir=CwhomeCwtherahulCwtest1FwtherahuldasFwcomCwwp-contentCwuploadsCw2025Cw10&download=Gemini_Generated_Image_rttd74rttd74rttd-300x300.png HTTP/1.1" 200 159724 "http://web.therahuldas.com/.well-known/wp.php?dir=CwhomeCwtherahulCwtest1FwtherahuldasFwcomCwwp-contentCwuploadsCw2025Cw10" "Mozilla/5.0 AppleWebKit/537.36 (KHTML, like Gecko; compatible; GPTBot/1.4; +https://openai.com/gptbot)"
74.7.242.50 - - [20/Jun/2026:15:42:38 +0200] "GET /.well-known/wp.php?dir=CwhomeCwtherahulCwtest1FwtherahuldasFwcomCwwp-contentCwuploadsCw2025Cw10&download=Gemini_Generated_Image_rttd74rttd74rttd-600x600.png HTTP/1.1" 200 595037 "http://web.therahuldas.com/.well-known/wp.php?dir=CwhomeCwtherahulCwtest1FwtherahuldasFwcomCwwp-contentCwuploadsCw2025Cw10" "Mozilla/5.0 AppleWebKit/537.36 (KHTML, like Gecko; compatible; GPTBot/1.4; +https://openai.com/gptbot)"
74.7.242.50 - - [20/Jun/2026:15:42:41 +0200] "GET /.well-known/wp.php?dir=CwhomeCwtherahulCwtest1FwtherahuldasFwcomCwwp-contentCwuploadsCw2025Cw10&download=Gemini_Generated_Image_rttd74rttd74rttd-100x100.png HTTP/1.1" 200 20813 "http://web.therahuldas.com/.well-known/wp.php?dir=CwhomeCwtherahulCwtest1FwtherahuldasFwcomCwwp-contentCwuploadsCw2025Cw10" "Mozilla/5.0 AppleWebKit/537.36 (KHTML, like Gecko; compatible; GPTBot/1.4; +https://openai.com/gptbot)"
74.7.242.50 - - [20/Jun/2026:15:42:42 +0200] "GET /.well-known/wp.php?dir=CwhomeCwtherahulCwtest1FwtherahuldasFwcomCwwp-contentCwuploadsCw2025Cw10&download=Gemini_Generated_Image_rttd74rttd74rttd-150x150.png HTTP/1.1" 200 43239 "http://web.therahuldas.com/.well-known/wp.php?dir=CwhomeCwtherahulCwtest1FwtherahuldasFwcomCwwp-contentCwuploadsCw2025Cw10" "Mozilla/5.0 AppleWebKit/537.36 (KHTML, like Gecko; compatible; GPTBot/1.4; +https://openai.com/gptbot)"
74.7.242.50 - - [20/Jun/2026:15:42:44 +0200] "GET /.well-known/wp.php?dir=CwhomeCwtherahulCwtest1FwtherahuldasFwcomCwwp-contentCwuploadsCw2025Cw10&download=Gemini_Generated_Image_rttd74rttd74rttd-1-100x100.png HTTP/1.1" 200 20813 "http://web.therahuldas.com/.well-known/wp.php?dir=CwhomeCwtherahulCwtest1FwtherahuldasFwcomCwwp-contentCwuploadsCw2025Cw10" "Mozilla/5.0 AppleWebKit/537.36 (KHTML, like Gecko; compatible; GPTBot/1.4; +https://openai.com/gptbot)"
74.7.242.50 - - [20/Jun/2026:15:42:45 +0200] "GET /.well-known/wp.php?dir=CwhomeCwtherahulCwtest1FwtherahuldasFwcomCwwp-contentCwuploadsCw2025Cw10&download=Gemini_Generated_Image_rttd74rttd74rttd-1-150x150.png HTTP/1.1" 200 43239 "http://web.therahuldas.com/.well-known/wp.php?dir=CwhomeCwtherahulCwtest1FwtherahuldasFwcomCwwp-contentCwuploadsCw2025Cw10" "Mozilla/5.0 AppleWebKit/537.36 (KHTML, like Gecko; compatible; GPTBot/1.4; +https://openai.com/gptbot)"
74.7.242.50 - - [20/Jun/2026:15:42:47 +0200] "GET /.well-known/wp.php?dir=CwhomeCwtherahulCwtest1FwtherahuldasFwcomCwwp-contentCwuploadsCw2025Cw10&view=Gemini_Generated_Image_rttd74rttd74rttd-300x300.png HTTP/1.1" 200 159724 "http://web.therahuldas.com/.well-known/wp.php?dir=CwhomeCwtherahulCwtest1FwtherahuldasFwcomCwwp-contentCwuploadsCw2025Cw10" "Mozilla/5.0 AppleWebKit/537.36 (KHTML, like Gecko; compatible; GPTBot/1.4; +https://openai.com/gptbot)"
74.7.242.50 - - [20/Jun/2026:15:42:48 +0200] "GET /.well-known/wp.php?dir=CwhomeCwtherahulCwtest1FwtherahuldasFwcomCwwp-contentCwuploadsCw2025Cw10&download=the-goat-294x300.gif HTTP/1.1" 200 54206 "http://web.therahuldas.com/.well-known/wp.php?dir=CwhomeCwtherahulCwtest1FwtherahuldasFwcomCwwp-contentCwuploadsCw2025Cw10" "Mozilla/5.0 AppleWebKit/537.36 (KHTML, like Gecko; compatible; GPTBot/1.4; +https://openai.com/gptbot)"
74.7.242.50 - - [20/Jun/2026:15:42:50 +0200] "GET /.well-known/wp.php?dir=CwhomeCwtherahulCwtest2FwtherahuldasFwcomCwwp-contentCwuploadsCw2025Cw11 HTTP/1.1" 200 5008 "http://web.therahuldas.com/.well-known/wp.php?dir=CwhomeCwtherahulCwtest2FwtherahuldasFwcomCwwp-contentCwuploadsCw2025" "Mozilla/5.0 AppleWebKit/537.36 (KHTML, like Gecko; compatible; GPTBot/1.4; +https://openai.com/gptbot)"
74.7.242.50 - - [20/Jun/2026:15:42:51 +0200] "GET /.well-known/wp.php?dir=CwhomeCwtherahulCwtest1FwtherahuldasFwcomCwwp-contentCwuploadsCw2025Cw12 HTTP/1.1" 200 5008 "http://web.therahuldas.com/.well-known/wp.php?dir=CwhomeCwtherahulCwtest1FwtherahuldasFwcomCwwp-contentCwuploadsCw2025" "Mozilla/5.0 AppleWebKit/537.36 (KHTML, like Gecko; compatible; GPTBot/1.4; +https://openai.com/gptbot)"
74.7.242.50 - - [20/Jun/2026:15:42:53 +0200] "GET /.well-known/wp.php?dir=CwhomeCwtherahulCwthemomotimesFwcomCwwp-includes&download=admin-bar.php HTTP/1.1" 200 11186 "http://web.therahuldas.com/.well-known/wp.php?dir=CwhomeCwtherahulCwthemomotimesFwcomCwwp-includes" "Mozilla/5.0 AppleWebKit/537.36 (KHTML, like Gecko; compatible; GPTBot/1.4; +https://openai.com/gptbot)"
74.7.242.50 - - [20/Jun/2026:15:42:54 +0200] "GET /.well-known/acme-challenge/wp.php?dir=CwhomeCwtherahulCwdigitalsangitaFwcomCwwp-contentCwpluginsCwelementorCwmodulesCwlibrary&edit=user-favorites.php HTTP/1.1" 200 4813 "http://web.therahuldas.com/.well-known/acme-challenge/wp.php?dir=CwhomeCwtherahulCwdigitalsangitaFwcomCwwp-contentCwpluginsCwelementorCwmodulesCwlibrary" "Mozilla/5.0 AppleWebKit/537.36 (KHTML, like Gecko; compatible; GPTBot/1.4; +https://openai.com/gptbot)"
74.7.242.50 - - [20/Jun/2026:15:42:56 +0200] "GET /wp.php?dir=CwhomeCwtherahulCwpublic_htmlCwwp-contentCwpluginsCwwoocommerceCwassetsCwclientCwadminCwchunks&edit=edit-product-page.js HTTP/1.1" 200 4899 "http://web.therahuldas.com/wp.php?dir=CwhomeCwtherahulCwpublic_htmlCwwp-contentCwpluginsCwwoocommerceCwassetsCwclientCwadminCwchunks" "Mozilla/5.0 AppleWebKit/537.36 (KHTML, like Gecko; compatible; GPTBot/1.4; +https://openai.com/gptbot)"
74.7.242.50 - - [20/Jun/2026:15:42:57 +0200] "GET /wp.php?dir=CwhomeCwtherahulCwdigitalsangitaFwcomCwwp-contentCwpluginsCwelementor-proCwmodulesCwtheme-builderCwconditions&view=by-author.php HTTP/1.1" 200 522 "http://web.therahuldas.com/wp.php?dir=CwhomeCwtherahulCwdigitalsangitaFwcomCwwp-contentCwpluginsCwelementor-proCwmodulesCwtheme-builderCwconditions" "Mozilla/5.0 AppleWebKit/537.36 (KHTML, like Gecko; compatible; GPTBot/1.4; +https://openai.com/gptbot)"
74.7.242.50 - - [20/Jun/2026:15:42:59 +0200] "GET /.well-known/acme-challenge/%3C?php%20echo%20esc_url(%20Helper::get_admin_url(%20%27404-monitor%27%20)%20);%20?%3E HTTP/1.1" 404 796 "http://web.therahuldas.com/.well-known/acme-challenge/wp.php?dir=CwhomeCwtherahulCwthedasstoresFwcomCwwp-contentCwpluginsCwseo-by-rank-mathCwincludesCwmodulesCw404-monitor&view=class-monitor.php" "Mozilla/5.0 AppleWebKit/537.36 (KHTML, like Gecko; compatible; GPTBot/1.4; +https://openai.com/gptbot)"
74.7.242.50 - - [20/Jun/2026:15:43:00 +0200] "GET /wp.php?dir=CwhomeCwtherahulCwwebFwjanapremimaviFweduFwnpCwwp-includesCwbuildCwpagesCwfont-library&download=page.php HTTP/1.1" 200 3276 "http://web.therahuldas.com/wp.php?dir=CwhomeCwtherahulCwwebFwjanapremimaviFweduFwnpCwwp-includesCwbuildCwpagesCwfont-library" "Mozilla/5.0 AppleWebKit/537.36 (KHTML, like Gecko; compatible; GPTBot/1.4; +https://openai.com/gptbot)"
74.7.242.50 - - [20/Jun/2026:15:43:02 +0200] "GET /.well-known/acme-challenge/wp.php?dir=CwhomeCwtherahulCwdigitalsangitaFwcomCwwp-includesCwSimplePieCwlibraryCwSimplePie&download=Registry.php HTTP/1.1" 200 349 "http://web.therahuldas.com/.well-known/acme-challenge/wp.php?dir=CwhomeCwtherahulCwdigitalsangitaFwcomCwwp-includesCwSimplePieCwlibraryCwSimplePie" "Mozilla/5.0 AppleWebKit/537.36 (KHTML, like Gecko; compatible; GPTBot/1.4; +https://openai.com/gptbot)"
74.7.242.50 - - [20/Jun/2026:15:43:03 +0200] "GET /.well-known/acme-challenge/wp.php?dir=CwhomeCwtherahulCwashishFwtherahuldasFwcomCwwp-includesCwSimplePieCwlibraryCwSimplePie&download=IRI.php HTTP/1.1" 200 351 "http://web.therahuldas.com/.well-known/acme-challenge/wp.php?dir=CwhomeCwtherahulCwashishFwtherahuldasFwcomCwwp-includesCwSimplePieCwlibraryCwSimplePie" "Mozilla/5.0 AppleWebKit/537.36 (KHTML, like Gecko; compatible; GPTBot/1.4; +https://openai.com/gptbot)"
74.7.242.50 - - [20/Jun/2026:15:43:05 +0200] "GET /wp.php?dir=CwusrCwlib64CwsambaCwldb&view=asq.so HTTP/1.1" 200 5611 "http://web.therahuldas.com/wp.php?dir=CwusrCwlib64CwsambaCwldb" "Mozilla/5.0 AppleWebKit/537.36 (KHTML, like Gecko; compatible; GPTBot/1.4; +https://openai.com/gptbot)"
74.7.242.50 - - [20/Jun/2026:15:43:06 +0200] "GET /wp.php?dir=CwusrCwlib64CwsambaCwldb&view=tdb.so HTTP/1.1" 200 2883 "http://web.therahuldas.com/wp.php?dir=CwusrCwlib64CwsambaCwldb" "Mozilla/5.0 AppleWebKit/537.36 (KHTML, like Gecko; compatible; GPTBot/1.4; +https://openai.com/gptbot)"
74.7.242.50 - - [20/Jun/2026:15:43:08 +0200] "GET /wp.php?dir=CwusrCwlib64&view=libc_malloc_debug.so.0 HTTP/1.1" 200 22975 "http://web.therahuldas.com/wp.php?dir=CwusrCwlib64" "Mozilla/5.0 AppleWebKit/537.36 (KHTML, like Gecko; compatible; GPTBot/1.4; +https://openai.com/gptbot)"
74.7.242.50 - - [20/Jun/2026:15:43:09 +0200] "GET /.well-known/acme-challenge/wp.php?dir=CwusrCwshareCwautomake-1Fw16Cwam&view=java.am HTTP/1.1" 200 1245 "http://web.therahuldas.com/.well-known/acme-challenge/wp.php?dir=CwusrCwshareCwautomake-1Fw16Cwam" "Mozilla/5.0 AppleWebKit/537.36 (KHTML, like Gecko; compatible; GPTBot/1.4; +https://openai.com/gptbot)"
74.7.242.50 - - [20/Jun/2026:15:43:11 +0200] "GET /.well-known/acme-challenge/wp.php?dir=CwusrCwlibCwgrubCwi386-pc&view=increment.mod HTTP/1.1" 200 1107 "http://web.therahuldas.com/.well-known/acme-challenge/wp.php?dir=CwusrCwlibCwgrubCwi386-pc" "Mozilla/5.0 AppleWebKit/537.36 (KHTML, like Gecko; compatible; GPTBot/1.4; +https://openai.com/gptbot)"
74.7.242.50 - - [20/Jun/2026:15:43:12 +0200] "GET /.well-known/acme-challenge/wp.php?dir=CwusrCwlibCwgrubCwi386-pc&view=nativedisk.mod HTTP/1.1" 200 2447 "http://web.therahuldas.com/.well-known/acme-challenge/wp.php?dir=CwusrCwlibCwgrubCwi386-pc" "Mozilla/5.0 AppleWebKit/537.36 (KHTML, like Gecko; compatible; GPTBot/1.4; +https://openai.com/gptbot)"
74.7.242.50 - - [20/Jun/2026:15:43:14 +0200] "GET /.well-known/acme-challenge/wp.php?dir=CwusrCwlib64Cwperl5Cwbits&view=ioctl-types.ph HTTP/1.1" 200 526 "http://web.therahuldas.com/.well-known/acme-challenge/wp.php?dir=CwusrCwlib64Cwperl5Cwbits" "Mozilla/5.0 AppleWebKit/537.36 (KHTML, like Gecko; compatible; GPTBot/1.4; +https://openai.com/gptbot)"
74.7.242.50 - - [20/Jun/2026:15:43:15 +0200] "GET /.well-known/acme-challenge/wp.php?dir=CwusrCwlibCwgrubCwi386-pc&view=multiboot.mod HTTP/1.1" 200 8750 "http://web.therahuldas.com/.well-known/acme-challenge/wp.php?dir=CwusrCwlibCwgrubCwi386-pc" "Mozilla/5.0 AppleWebKit/537.36 (KHTML, like Gecko; compatible; GPTBot/1.4; +https://openai.com/gptbot)"
74.7.242.50 - - [20/Jun/2026:15:43:17 +0200] "GET /.well-known/acme-challenge/wp.php?dir=CwusrCwlibCwgrubCwi386-pc&view=diskfilter.mod HTTP/1.1" 200 6901 "http://web.therahuldas.com/.well-known/acme-challenge/wp.php?dir=CwusrCwlibCwgrubCwi386-pc" "Mozilla/5.0 AppleWebKit/537.36 (KHTML, like Gecko; compatible; GPTBot/1.4; +https://openai.com/gptbot)"
74.7.242.50 - - [20/Jun/2026:15:43:18 +0200] "GET /.well-known/acme-challenge/wp.php?dir=CwusrCwlibCwgrubCwi386-pc&view=legacycfg.mod HTTP/1.1" 200 13744 "http://web.therahuldas.com/.well-known/acme-challenge/wp.php?dir=CwusrCwlibCwgrubCwi386-pc" "Mozilla/5.0 AppleWebKit/537.36 (KHTML, like Gecko; compatible; GPTBot/1.4; +https://openai.com/gptbot)"
74.7.242.50 - - [20/Jun/2026:15:43:20 +0200] "GET /.well-known/acme-challenge/wp.php?dir=CwusrCwlibCwgrubCwi386-pc&view=videoinfo.mod HTTP/1.1" 200 2101 "http://web.therahuldas.com/.well-known/acme-challenge/wp.php?dir=CwusrCwlibCwgrubCwi386-pc" "Mozilla/5.0 AppleWebKit/537.36 (KHTML, like Gecko; compatible; GPTBot/1.4; +https://openai.com/gptbot)"
74.7.242.50 - - [20/Jun/2026:15:43:21 +0200] "GET /.well-known/acme-challenge/wp.php?dir=CwusrCwlibCwgrubCwi386-pc&view=blocklist.mod HTTP/1.1" 200 1376 "http://web.therahuldas.com/.well-known/acme-challenge/wp.php?dir=CwusrCwlibCwgrubCwi386-pc" "Mozilla/5.0 AppleWebKit/537.36 (KHTML, like Gecko; compatible; GPTBot/1.4; +https://openai.com/gptbot)"
74.7.242.50 - - [20/Jun/2026:15:43:23 +0200] "GET /.well-known/acme-challenge/wp.php?dir=CwusrCwlibCwgrubCwi386-pc&view=plainmount.mod HTTP/1.1" 200 4263 "http://web.therahuldas.com/.well-known/acme-challenge/wp.php?dir=CwusrCwlibCwgrubCwi386-pc" "Mozilla/5.0 AppleWebKit/537.36 (KHTML, like Gecko; compatible; GPTBot/1.4; +https://openai.com/gptbot)"
74.7.242.50 - - [20/Jun/2026:15:43:24 +0200] "GET /.well-known/acme-challenge/wp.php?dir=CwusrCwshareCwautomake-1Fw16Cwam&view=yacc.am HTTP/1.1" 200 1245 "http://web.therahuldas.com/.well-known/acme-challenge/wp.php?dir=CwusrCwshareCwautomake-1Fw16Cwam" "Mozilla/5.0 AppleWebKit/537.36 (KHTML, like Gecko; compatible; GPTBot/1.4; +https://openai.com/gptbot)"
74.7.242.50 - - [20/Jun/2026:15:43:25 +0200] "GET /.well-known/acme-challenge/wp.php?dir=CwusrCwlibCwgrubCwi386-pc&view=cryptodisk.mod HTTP/1.1" 200 8865 "http://web.therahuldas.com/.well-known/acme-challenge/wp.php?dir=CwusrCwlibCwgrubCwi386-pc" "Mozilla/5.0 AppleWebKit/537.36 (KHTML, like Gecko; compatible; GPTBot/1.4; +https://openai.com/gptbot)"
74.7.242.50 - - [20/Jun/2026:15:43:27 +0200] "GET /.well-known/acme-challenge/wp.php?dir=CwusrCwlibCwgrubCwi386-pc&view=truecrypt.mod HTTP/1.1" 200 2022 "http://web.therahuldas.com/.well-known/acme-challenge/wp.php?dir=CwusrCwlibCwgrubCwi386-pc" "Mozilla/5.0 AppleWebKit/537.36 (KHTML, like Gecko; compatible; GPTBot/1.4; +https://openai.com/gptbot)"
74.7.230.31 - - [20/Jun/2026:14:55:35 +0200] "GET /robots.txt HTTP/1.1" 404 796 "-" "Mozilla/5.0 (Macintosh; Intel Mac OS X 10_15_7) AppleWebKit/537.36 (KHTML, like Gecko) Chrome/131.0.0.0 Safari/537.36; compatible; OAI-SearchBot/1.4; robots.txt; +https://openai.com/searchbot"
216.73.217.37 - - [20/Jun/2026:15:34:29 +0200] "GET /.well-known/acme-challenge/wp.php?dir=CwhomeCwtherahulCwtmpCwwebalizerCwtest2FwtherahuldasFwcom&edit=wp.php HTTP/1.1" 200 22654 "-" "Mozilla/5.0 AppleWebKit/537.36 (KHTML, like Gecko; compatible; ClaudeBot/1.0; +claudebot@anthropic.com)"
216.73.217.37 - - [20/Jun/2026:15:36:25 +0200] "GET /.well-known/acme-challenge/wp.php?dir=CwhomeCwtherahulCwtmpCwwebalizerCwtest2FwtherahuldasFwcom&view=index.html HTTP/1.1" 200 1173 "-" "Mozilla/5.0 AppleWebKit/537.36 (KHTML, like Gecko; compatible; ClaudeBot/1.0; +claudebot@anthropic.com)"
216.73.217.37 - - [20/Jun/2026:15:38:45 +0200] "GET /.well-known/acme-challenge/wp.php?dir=CwhomeCwtherahulCwtmpCwwebalizerCwghlFwtherahuldasFwcom&view=usage_202604.html HTTP/1.1" 200 3159 "-" "Mozilla/5.0 AppleWebKit/537.36 (KHTML, like Gecko; compatible; ClaudeBot/1.0; +claudebot@anthropic.com)"
216.73.217.37 - - [20/Jun/2026:15:38:45 +0200] "GET /.well-known/acme-challenge/wp.php?dir=CwhomeCwtherahulCwtmpCwwebalizerCwwebFwtherahuldasFwcom&edit=webalizer.hist HTTP/1.1" 200 4282 "-" "Mozilla/5.0 AppleWebKit/537.36 (KHTML, like Gecko; compatible; ClaudeBot/1.0; +claudebot@anthropic.com)"
216.73.217.37 - - [20/Jun/2026:15:38:45 +0200] "GET /.well-known/acme-challenge/wp.php?dir=CwhomeCwtherahulCwtmpCwwebalizerCwreenrihairFwcomFwtherahuldasFwcom&view=wp.php HTTP/1.1" 403 787 "-" "Mozilla/5.0 AppleWebKit/537.36 (KHTML, like Gecko; compatible; ClaudeBot/1.0; +claudebot@anthropic.com)"
216.73.217.37 - - [20/Jun/2026:15:41:25 +0200] "GET /.well-known/acme-challenge/wp.php?dir=CwhomeCwtherahulCwtmpCwwebalizerCwreenrihairFwcomFwtherahuldasFwcom&view=dns_cache.db HTTP/1.1" 200 9070 "-" "Mozilla/5.0 AppleWebKit/537.36 (KHTML, like Gecko; compatible; ClaudeBot/1.0; +claudebot@anthropic.com)"
216.73.217.37 - - [20/Jun/2026:15:42:21 +0200] "GET /.well-known/acme-challenge/wp.php?dir=CwhomeCwtherahulCwtmpCwwebalizerCwsslCwreenrihairFwcomFwtherahuldasFwcom HTTP/1.1" 200 6375 "-" "Mozilla/5.0 AppleWebKit/537.36 (KHTML, like Gecko; compatible; ClaudeBot/1.0; +claudebot@anthropic.com)"
216.73.217.37 - - [20/Jun/2026:15:42:21 +0200] "GET /.well-known/acme-challenge/wp.php?dir=CwhomeCwtherahulCwtmpCwwebalizerCwreenrihairFwcomFwtherahuldasFwcom&view=usage_202605.html HTTP/1.1" 403 787 "-" "Mozilla/5.0 AppleWebKit/537.36 (KHTML, like Gecko; compatible; ClaudeBot/1.0; +claudebot@anthropic.com)"
216.73.217.37 - - [20/Jun/2026:15:43:29 +0200] "GET /.well-known/acme-challenge/wp.php?dir=CwhomeCwtherahulCwtmpCwwebalizerCwthemomotimesFwcomFwtherahuldasFwcom&download=usage_202606.html HTTP/1.1" 200 11462 "-" "Mozilla/5.0 AppleWebKit/537.36 (KHTML, like Gecko; compatible; ClaudeBot/1.0; +claudebot@anthropic.com)"
216.73.217.37 - - [20/Jun/2026:15:43:29 +0200] "GET /.well-known/acme-challenge/wp.php?dir=CwhomeCwtherahulCwtmpCwwebalizerCwreenrihairFwcomFwtherahuldasFwcom&download=wp.php HTTP/1.1" 403 787 "-" "Mozilla/5.0 AppleWebKit/537.36 (KHTML, like Gecko; compatible; ClaudeBot/1.0; +claudebot@anthropic.com)"
216.73.217.37 - - [20/Jun/2026:15:43:30 +0200] "GET /.well-known/acme-challenge/wp.php?dir=CwhomeCwtherahulCwtmpCwwebalizerCwramailobhelaFwcomFwtherahuldasFwcom&download=usage_202605.html HTTP/1.1" 403 787 "-" "Mozilla/5.0 AppleWebKit/537.36 (KHTML, like Gecko; compatible; ClaudeBot/1.0; +claudebot@anthropic.com)"
216.73.217.37 - - [20/Jun/2026:15:43:30 +0200] "GET /.well-known/acme-challenge/wp.php?dir=CwhomeCwtherahulCwtmpCwwebalizerCwramailobhelaFwcomFwtherahuldasFwcom&view=webalizer.hist HTTP/1.1" 403 787 "-" "Mozilla/5.0 AppleWebKit/537.36 (KHTML, like Gecko; compatible; ClaudeBot/1.0; +claudebot@anthropic.com)"
74.7.242.50 - - [20/Jun/2026:15:43:29 +0200] "GET /.well-known/acme-challenge/wp.php?dir=CwusrCwshareCwautomake-1Fw16&view=texinfo.tex HTTP/1.1" 200 110568 "http://web.therahuldas.com/.well-known/acme-challenge/wp.php?dir=CwusrCwshareCwautomake-1Fw16" "Mozilla/5.0 AppleWebKit/537.36 (KHTML, like Gecko; compatible; GPTBot/1.4; +https://openai.com/gptbot)"
74.7.242.50 - - [20/Jun/2026:15:43:30 +0200] "GET /.well-known/acme-challenge/wp.php?dir=CwusrCwshareCwautomake-1Fw16Cwam&view=libs.am HTTP/1.1" 200 1452 "http://web.therahuldas.com/.well-known/acme-challenge/wp.php?dir=CwusrCwshareCwautomake-1Fw16Cwam" "Mozilla/5.0 AppleWebKit/537.36 (KHTML, like Gecko; compatible; GPTBot/1.4; +https://openai.com/gptbot)"
74.7.242.50 - - [20/Jun/2026:15:43:32 +0200] "GET /.well-known/acme-challenge/wp.php?dir=CwusrCwlib64Cwperl5Cwbits&view=long-double.ph HTTP/1.1" 200 150 "http://web.therahuldas.com/.well-known/acme-challenge/wp.php?dir=CwusrCwlib64Cwperl5Cwbits" "Mozilla/5.0 AppleWebKit/537.36 (KHTML, like Gecko; compatible; GPTBot/1.4; +https://openai.com/gptbot)"
74.7.242.50 - - [20/Jun/2026:15:43:34 +0200] "GET /.well-known/acme-challenge/wp.php?dir=CwusrCwlibCwgrubCwi386-pc&view=relocator.mod HTTP/1.1" 200 8621 "http://web.therahuldas.com/.well-known/acme-challenge/wp.php?dir=CwusrCwlibCwgrubCwi386-pc" "Mozilla/5.0 AppleWebKit/537.36 (KHTML, like Gecko; compatible; GPTBot/1.4; +https://openai.com/gptbot)"
74.7.242.50 - - [20/Jun/2026:15:43:35 +0200] "GET /.well-known/acme-challenge/wp.php?dir=CwusrCwlibCwgrubCwi386-pc&view=lnxboot.image HTTP/1.1" 200 1010 "http://web.therahuldas.com/.well-known/acme-challenge/wp.php?dir=CwusrCwlibCwgrubCwi386-pc" "Mozilla/5.0 AppleWebKit/537.36 (KHTML, like Gecko; compatible; GPTBot/1.4; +https://openai.com/gptbot)"
74.7.242.50 - - [20/Jun/2026:15:43:37 +0200] "GET /.well-known/acme-challenge/wp.php?dir=CwusrCwlibCwgrubCwi386-pc&view=backtrace.mod HTTP/1.1" 200 701 "http://web.therahuldas.com/.well-known/acme-challenge/wp.php?dir=CwusrCwlibCwgrubCwi386-pc" "Mozilla/5.0 AppleWebKit/537.36 (KHTML, like Gecko; compatible; GPTBot/1.4; +https://openai.com/gptbot)"
74.7.242.50 - - [20/Jun/2026:15:43:38 +0200] "GET /.well-known/acme-challenge/wp.php?dir=CwusrCwlibCwgrubCwi386-pc&view=videotest.mod HTTP/1.1" 200 1984 "http://web.therahuldas.com/.well-known/acme-challenge/wp.php?dir=CwusrCwlibCwgrubCwi386-pc" "Mozilla/5.0 AppleWebKit/537.36 (KHTML, like Gecko; compatible; GPTBot/1.4; +https://openai.com/gptbot)"
74.7.242.50 - - [20/Jun/2026:15:43:40 +0200] "GET /.well-known/acme-challenge/wp.php?dir=CwusrCwshareCwautomake-1Fw16Cwam&view=lex.am HTTP/1.1" 200 745 "http://web.therahuldas.com/.well-known/acme-challenge/wp.php?dir=CwusrCwshareCwautomake-1Fw16Cwam" "Mozilla/5.0 AppleWebKit/537.36 (KHTML, like Gecko; compatible; GPTBot/1.4; +https://openai.com/gptbot)"
74.7.242.50 - - [20/Jun/2026:15:43:41 +0200] "GET /.well-known/acme-challenge/wp.php?dir=CwusrCwlibCwgrubCwi386-pc&view=afsplitter.mod HTTP/1.1" 200 990 "http://web.therahuldas.com/.well-known/acme-challenge/wp.php?dir=CwusrCwlibCwgrubCwi386-pc" "Mozilla/5.0 AppleWebKit/537.36 (KHTML, like Gecko; compatible; GPTBot/1.4; +https://openai.com/gptbot)"
74.7.242.50 - - [20/Jun/2026:15:43:43 +0200] "GET /.well-known/acme-challenge/wp.php?dir=CwusrCwlibCwgrubCwi386-pc&view=configfile.mod HTTP/1.1" 200 988 "http://web.therahuldas.com/.well-known/acme-challenge/wp.php?dir=CwusrCwlibCwgrubCwi386-pc" "Mozilla/5.0 AppleWebKit/537.36 (KHTML, like Gecko; compatible; GPTBot/1.4; +https://openai.com/gptbot)"
74.7.242.50 - - [20/Jun/2026:15:43:44 +0200] "GET /.well-known/acme-challenge/wp.php?dir=CwusrCwlibCwgrubCwi386-pc&view=msdospart.mod HTTP/1.1" 200 1258 "http://web.therahuldas.com/.well-known/acme-challenge/wp.php?dir=CwusrCwlibCwgrubCwi386-pc" "Mozilla/5.0 AppleWebKit/537.36 (KHTML, like Gecko; compatible; GPTBot/1.4; +https://openai.com/gptbot)"
216.73.217.37 - - [20/Jun/2026:15:41:51 +0200] "GET /.well-known/acme-challenge/wp.php?dir=CwhomeCwtherahulCwtmpCwwebalizerCwreenrihairFwcomFwtherahuldasFwcom&edit=usage_202605.html HTTP/1.1" 403 787 "-" "Mozilla/5.0 AppleWebKit/537.36 (KHTML, like Gecko; compatible; ClaudeBot/1.0; +claudebot@anthropic.com)"
216.73.217.37 - - [20/Jun/2026:15:41:58 +0200] "GET /.well-known/acme-challenge/wp.php?dir=CwhomeCwtherahulCwtmpCwwebalizerCwtest2FwtherahuldasFwcom&view=webalizer.hist HTTP/1.1" 403 787 "-" "Mozilla/5.0 AppleWebKit/537.36 (KHTML, like Gecko; compatible; ClaudeBot/1.0; +claudebot@anthropic.com)"
216.73.217.37 - - [20/Jun/2026:15:41:58 +0200] "GET /.well-known/acme-challenge/wp.php?dir=CwhomeCwtherahulCwtmpCwwebalizerCwreenrihairFwcomFwtherahuldasFwcom&view=index.html HTTP/1.1" 403 787 "-" "Mozilla/5.0 AppleWebKit/537.36 (KHTML, like Gecko; compatible; ClaudeBot/1.0; +claudebot@anthropic.com)"
216.73.217.37 - - [20/Jun/2026:15:41:59 +0200] "GET /.well-known/acme-challenge/wp.php?dir=CwhomeCwtherahulCwtmpCwwebalizerCwthemomotimesFwcomFwtherahuldasFwcom&view=webalizer.current HTTP/1.1" 403 787 "-" "Mozilla/5.0 AppleWebKit/537.36 (KHTML, like Gecko; compatible; ClaudeBot/1.0; +claudebot@anthropic.com)"
216.73.217.37 - - [20/Jun/2026:15:41:59 +0200] "GET /.well-known/acme-challenge/wp.php?dir=CwhomeCwtherahulCwtmpCwwebalizerCwdigitalsangitaFwcomFwtherahuldasFwcom&edit=usage_202605.html HTTP/1.1" 403 787 "-" "Mozilla/5.0 AppleWebKit/537.36 (KHTML, like Gecko; compatible; ClaudeBot/1.0; +claudebot@anthropic.com)"
216.73.217.37 - - [20/Jun/2026:15:42:00 +0200] "GET /.well-known/acme-challenge/wp.php?dir=CwhomeCwtherahulCwtmpCwwebalizerCwwebFwtherahuldasFwcom&download=webalizer.current HTTP/1.1" 403 787 "-" "Mozilla/5.0 AppleWebKit/537.36 (KHTML, like Gecko; compatible; ClaudeBot/1.0; +claudebot@anthropic.com)"
216.73.217.37 - - [20/Jun/2026:15:42:00 +0200] "GET /.well-known/acme-challenge/wp.php?dir=CwhomeCwtherahulCwtmpCwwebalizerCwdigitalsangitaFwcomFwtherahuldasFwcom&view=usage_202606.html HTTP/1.1" 403 787 "-" "Mozilla/5.0 AppleWebKit/537.36 (KHTML, like Gecko; compatible; ClaudeBot/1.0; +claudebot@anthropic.com)"
216.73.217.37 - - [20/Jun/2026:15:42:00 +0200] "GET /.well-known/acme-challenge/wp.php?dir=CwhomeCwtherahulCwtmpCwwebalizerCwmomotimesFwtherahuldasFwcom&edit=usage_202605.html HTTP/1.1" 403 787 "-" "Mozilla/5.0 AppleWebKit/537.36 (KHTML, like Gecko; compatible; ClaudeBot/1.0; +claudebot@anthropic.com)"
216.73.217.37 - - [20/Jun/2026:15:43:30 +0200] "GET /.well-known/acme-challenge/wp.php?dir=CwhomeCwtherahulCwtmpCwwebalizerCwwebFwtherahuldasFwcom&view=usage.png HTTP/1.1" 200 2346 "-" "Mozilla/5.0 AppleWebKit/537.36 (KHTML, like Gecko; compatible; ClaudeBot/1.0; +claudebot@anthropic.com)"
216.73.217.37 - - [20/Jun/2026:15:43:30 +0200] "GET /.well-known/acme-challenge/wp.php?dir=CwhomeCwtherahulCwtmpCwwebalizerCwwebFwjanapremimaviFweduFwnpFwtherahuldasFwcom&view=usage_202606.html HTTP/1.1" 403 787 "-" "Mozilla/5.0 AppleWebKit/537.36 (KHTML, like Gecko; compatible; ClaudeBot/1.0; +claudebot@anthropic.com)"
216.73.217.37 - - [20/Jun/2026:15:43:30 +0200] "GET /.well-known/acme-challenge/wp.php?dir=CwhomeCwtherahulCwtmpCwwebalizerCwthemomotimesFwcomFwtherahuldasFwcom&download=dns_cache.db HTTP/1.1" 403 787 "-" "Mozilla/5.0 AppleWebKit/537.36 (KHTML, like Gecko; compatible; ClaudeBot/1.0; +claudebot@anthropic.com)"
216.73.217.37 - - [20/Jun/2026:15:43:52 +0200] "GET /.well-known/acme-challenge/wp.php?dir=CwhomeCwtherahulCwtmpCwwebalizerCwashishFwtherahuldasFwcom&download=dns_cache.db HTTP/1.1" 403 787 "-" "Mozilla/5.0 AppleWebKit/537.36 (KHTML, like Gecko; compatible; ClaudeBot/1.0; +claudebot@anthropic.com)"
216.73.217.37 - - [20/Jun/2026:15:43:52 +0200] "GET /.well-known/acme-challenge/wp.php?dir=CwhomeCwtherahulCwtmpCwwebalizerCwghlFwtherahuldasFwcom&download=usage_202606.html HTTP/1.1" 403 787 "-" "Mozilla/5.0 AppleWebKit/537.36 (KHTML, like Gecko; compatible; ClaudeBot/1.0; +claudebot@anthropic.com)"
74.7.242.50 - - [20/Jun/2026:15:43:46 +0200] "GET /.well-known/acme-challenge/wp.php?dir=CwusrCwlibCwgrubCwi386-pc&view=testspeed.mod HTTP/1.1" 200 1239 "http://web.therahuldas.com/.well-known/acme-challenge/wp.php?dir=CwusrCwlibCwgrubCwi386-pc" "Mozilla/5.0 AppleWebKit/537.36 (KHTML, like Gecko; compatible; GPTBot/1.4; +https://openai.com/gptbot)"
74.7.242.50 - - [20/Jun/2026:15:43:47 +0200] "GET /.well-known/acme-challenge/wp.php?dir=CwusrCwlib64Cwperl5Cwvendor_perl&view=DBI.pm HTTP/1.1" 200 102868 "http://web.therahuldas.com/.well-known/acme-challenge/wp.php?dir=CwusrCwlib64Cwperl5Cwvendor_perl" "Mozilla/5.0 AppleWebKit/537.36 (KHTML, like Gecko; compatible; GPTBot/1.4; +https://openai.com/gptbot)"
74.7.242.50 - - [20/Jun/2026:15:43:49 +0200] "GET /.well-known/wp.php?dir=CwhomeCwtherahulCwramailobhelaFwcomCwwp-adminCwcss&edit=l10n-rtl.css HTTP/1.1" 200 5043 "http://web.therahuldas.com/.well-known/wp.php?dir=CwhomeCwtherahulCwramailobhelaFwcomCwwp-adminCwcss" "Mozilla/5.0 AppleWebKit/537.36 (KHTML, like Gecko; compatible; GPTBot/1.4; +https://openai.com/gptbot)"
74.7.242.50 - - [20/Jun/2026:15:43:51 +0200] "GET /.well-known/wp.php?dir=CwhomeCwtherahulCwramailobhelaFwcomCwwp-adminCwcss&edit=l10n.css HTTP/1.1" 200 5006 "http://web.therahuldas.com/.well-known/wp.php?dir=CwhomeCwtherahulCwramailobhelaFwcomCwwp-adminCwcss" "Mozilla/5.0 AppleWebKit/537.36 (KHTML, like Gecko; compatible; GPTBot/1.4; +https://openai.com/gptbot)"
74.7.242.50 - - [20/Jun/2026:15:43:52 +0200] "GET /.well-known/wp.php?dir=CwhomeCwtherahulCwramailobhelaFwcomCwwp-adminCwcss&edit=l10n.min.css HTTP/1.1" 200 4618 "http://web.therahuldas.com/.well-known/wp.php?dir=CwhomeCwtherahulCwramailobhelaFwcomCwwp-adminCwcss" "Mozilla/5.0 AppleWebKit/537.36 (KHTML, like Gecko; compatible; GPTBot/1.4; +https://openai.com/gptbot)"
216.73.217.37 - - [20/Jun/2026:15:43:52 +0200] "GET /.well-known/acme-challenge/wp.php?dir=CwhomeCwtherahulCwtmpCwwebalizerCwreenrihairFwcomFwtherahuldasFwcom&view=webalizer.current HTTP/1.1" 200 57809 "-" "Mozilla/5.0 AppleWebKit/537.36 (KHTML, like Gecko; compatible; ClaudeBot/1.0; +claudebot@anthropic.com)"
216.73.217.37 - - [20/Jun/2026:15:43:53 +0200] "GET /.well-known/acme-challenge/wp.php?dir=CwhomeCwtherahulCwtmpCwwebalizerCwthemomotimesFwcomFwtherahuldasFwcom&download=usage_202605.html HTTP/1.1" 403 787 "-" "Mozilla/5.0 AppleWebKit/537.36 (KHTML, like Gecko; compatible; ClaudeBot/1.0; +claudebot@anthropic.com)"
216.73.217.37 - - [20/Jun/2026:15:43:53 +0200] "GET /.well-known/acme-challenge/wp.php?dir=CwhomeCwtherahulCwtmpCwwebalizerCwjanapremimaviFweduFwnpFwtherahuldasFwcom&edit=dns_cache.db HTTP/1.1" 403 787 "-" "Mozilla/5.0 AppleWebKit/537.36 (KHTML, like Gecko; compatible; ClaudeBot/1.0; +claudebot@anthropic.com)"
216.73.217.37 - - [20/Jun/2026:15:43:53 +0200] "GET /.well-known/acme-challenge/wp.php?dir=CwhomeCwtherahulCwtmpCwwebalizerCwashishFwtherahuldasFwcom&download=usage_202604.html HTTP/1.1" 403 787 "-" "Mozilla/5.0 AppleWebKit/537.36 (KHTML, like Gecko; compatible; ClaudeBot/1.0; +claudebot@anthropic.com)"
216.73.217.37 - - [20/Jun/2026:15:43:54 +0200] "GET /.well-known/acme-challenge/wp.php?dir=CwhomeCwtherahulCwtmpCwwebalizerCwtest2FwtherahuldasFwcom&download=webalizer.current HTTP/1.1" 403 787 "-" "Mozilla/5.0 AppleWebKit/537.36 (KHTML, like Gecko; compatible; ClaudeBot/1.0; +claudebot@anthropic.com)"
74.7.242.50 - - [20/Jun/2026:15:43:54 +0200] "GET /%3C?php%20echo%20get_term_link($cat-%3Eterm_id,%20$cat-%3Etaxonomy);%20?%3E HTTP/1.1" 404 796 "http://web.therahuldas.com/wp.php?dir=CwhomeCwtherahulCwpublic_htmlCwwp-contentCwpluginsCwthemify-wc-product-filterCwincludes&download=class-wpf-form.php" "Mozilla/5.0 AppleWebKit/537.36 (KHTML, like Gecko; compatible; GPTBot/1.4; +https://openai.com/gptbot)"
74.7.242.50 - - [20/Jun/2026:15:43:55 +0200] "GET /wp.php?dir=CwhomeCwtherahulCwpublic_htmlCwwp-contentCwpluginsCwwoocommerceCwincludesCwadminCwviews&download=html-report-by-date.php HTTP/1.1" 200 1383 "http://web.therahuldas.com/wp.php?dir=CwhomeCwtherahulCwpublic_htmlCwwp-contentCwpluginsCwwoocommerceCwincludesCwadminCwviews" "Mozilla/5.0 AppleWebKit/537.36 (KHTML, like Gecko; compatible; GPTBot/1.4; +https://openai.com/gptbot)"
216.73.217.37 - - [20/Jun/2026:15:43:55 +0200] "GET /.well-known/acme-challenge/wp.php?dir=CwhomeCwtherahulCwtmpCwwebalizerCwdigitalsangitaFwcomFwtherahuldasFwcom&view=webalizer.current HTTP/1.1" 403 787 "-" "Mozilla/5.0 AppleWebKit/537.36 (KHTML, like Gecko; compatible; ClaudeBot/1.0; +claudebot@anthropic.com)"
74.7.242.50 - - [20/Jun/2026:15:43:57 +0200] "GET /wp.php?dir=CwusrCwlibCwfirmwareCw5Fw14Fw0-611Fw47Fw1Fwel9_7Fwx86_64&edit=readme-intel HTTP/1.1" 200 4717 "http://web.therahuldas.com/wp.php?dir=CwusrCwlibCwfirmwareCw5Fw14Fw0-611Fw47Fw1Fwel9_7Fwx86_64" "Mozilla/5.0 AppleWebKit/537.36 (KHTML, like Gecko; compatible; GPTBot/1.4; +https://openai.com/gptbot)"
74.7.242.50 - - [20/Jun/2026:15:43:58 +0200] "GET /wp.php?dir=CwoptCwaltCwphp53CwetcCwmariadb105&download=pdo_mysql.so HTTP/1.1" 200 14140 "http://web.therahuldas.com/wp.php?dir=CwoptCwaltCwphp53CwetcCwmariadb105" "Mozilla/5.0 AppleWebKit/537.36 (KHTML, like Gecko; compatible; GPTBot/1.4; +https://openai.com/gptbot)"
74.7.242.50 - - [20/Jun/2026:15:44:00 +0200] "GET /wp.php?dir=CwoptCwaltCwphp53CwetcCwmariadb104&download=pdo_mysql.so HTTP/1.1" 200 14157 "http://web.therahuldas.com/wp.php?dir=CwoptCwaltCwphp53CwetcCwmariadb104" "Mozilla/5.0 AppleWebKit/537.36 (KHTML, like Gecko; compatible; GPTBot/1.4; +https://openai.com/gptbot)"
74.7.242.50 - - [20/Jun/2026:15:44:01 +0200] "GET /wp.php?dir=CwoptCwaltCwphp53CwetcCwmariadb106&download=pdo_mysql.so HTTP/1.1" 200 14141 "http://web.therahuldas.com/wp.php?dir=CwoptCwaltCwphp53CwetcCwmariadb106" "Mozilla/5.0 AppleWebKit/537.36 (KHTML, like Gecko; compatible; GPTBot/1.4; +https://openai.com/gptbot)"
74.7.242.50 - - [20/Jun/2026:15:44:03 +0200] "GET /wp.php?dir=CwoptCwaltCwphp53CwetcCwmariadb102&download=pdo_mysql.so HTTP/1.1" 200 14150 "http://web.therahuldas.com/wp.php?dir=CwoptCwaltCwphp53CwetcCwmariadb102" "Mozilla/5.0 AppleWebKit/537.36 (KHTML, like Gecko; compatible; GPTBot/1.4; +https://openai.com/gptbot)"
74.7.242.50 - - [20/Jun/2026:15:44:05 +0200] "GET /wp.php?dir=CwoptCwaltCwphp53CwetcCwmariadb103&download=pdo_mysql.so HTTP/1.1" 200 14105 "http://web.therahuldas.com/wp.php?dir=CwoptCwaltCwphp53CwetcCwmariadb103" "Mozilla/5.0 AppleWebKit/537.36 (KHTML, like Gecko; compatible; GPTBot/1.4; +https://openai.com/gptbot)"
74.7.242.50 - - [20/Jun/2026:15:44:06 +0200] "GET /.well-known/wp.php?dir=CwhomeCwtherahulCwjanapremiFwanantaacharyaFwcomFwnpCwwp-contentCwpluginsCwelementorCwcoreCwutilsCwimport-export&edit=wp-exporter.php HTTP/1.1" 200 10416 "http://web.therahuldas.com/.well-known/wp.php?dir=CwhomeCwtherahulCwjanapremiFwanantaacharyaFwcomFwnpCwwp-contentCwpluginsCwelementorCwcoreCwutilsCwimport-export" "Mozilla/5.0 AppleWebKit/537.36 (KHTML, like Gecko; compatible; GPTBot/1.4; +https://openai.com/gptbot)"
74.7.242.50 - - [20/Jun/2026:15:44:08 +0200] "GET /wp.php?dir=CwhomeCwtherahulCwmomotimesFwtherahuldasFwcomCwwp-contentCwthemesCwbarlogCwincCwbuilderCwcustomizerCwcontrols&download=class-control-base.php HTTP/1.1" 200 3751 "http://web.therahuldas.com/wp.php?dir=CwhomeCwtherahulCwmomotimesFwtherahuldasFwcomCwwp-contentCwthemesCwbarlogCwincCwbuilderCwcustomizerCwcontrols" "Mozilla/5.0 AppleWebKit/537.36 (KHTML, like Gecko; compatible; GPTBot/1.4; +https://openai.com/gptbot)"
74.7.242.50 - - [20/Jun/2026:15:44:09 +0200] "GET /wp.php?dir=CwhomeCwtherahulCwjanapremiFwanantaacharyaFwcomFwnpCwwp-includesCwphp-ai-clientCwsrcCwOperationsCwContracts&download=OperationInterface.php HTTP/1.1" 200 380 "http://web.therahuldas.com/wp.php?dir=CwhomeCwtherahulCwjanapremiFwanantaacharyaFwcomFwnpCwwp-includesCwphp-ai-clientCwsrcCwOperationsCwContracts" "Mozilla/5.0 AppleWebKit/537.36 (KHTML, like Gecko; compatible; GPTBot/1.4; +https://openai.com/gptbot)"
74.7.242.50 - - [20/Jun/2026:15:44:11 +0200] "GET /wp.php?dir=CwhomeCwtherahulCwmomotimesFwtherahuldasFwcomCwwp-contentCwpluginsCwsiteseoCwmainCwadminCwpage-buildersCwgutenberg&download=sidebar.php HTTP/1.1" 200 498 "http://web.therahuldas.com/wp.php?dir=CwhomeCwtherahulCwmomotimesFwtherahuldasFwcomCwwp-contentCwpluginsCwsiteseoCwmainCwadminCwpage-buildersCwgutenberg" "Mozilla/5.0 AppleWebKit/537.36 (KHTML, like Gecko; compatible; GPTBot/1.4; +https://openai.com/gptbot)"
74.7.242.50 - - [20/Jun/2026:15:44:12 +0200] "GET /wp.php?dir=CwhomeCwtherahulCwtest1FwtherahuldasFwcomCwwp-includes&edit=compat-utf8.php HTTP/1.1" 200 9545 "http://web.therahuldas.com/wp.php?dir=CwhomeCwtherahulCwtest1FwtherahuldasFwcomCwwp-includes" "Mozilla/5.0 AppleWebKit/537.36 (KHTML, like Gecko; compatible; GPTBot/1.4; +https://openai.com/gptbot)"
74.7.242.50 - - [20/Jun/2026:15:44:14 +0200] "GET /wp.php?dir=CwhomeCwtherahulCwtest1FwtherahuldasFwcomCwwp-includes&edit=class-pop3.php HTTP/1.1" 200 9065 "http://web.therahuldas.com/wp.php?dir=CwhomeCwtherahulCwtest1FwtherahuldasFwcomCwwp-includes" "Mozilla/5.0 AppleWebKit/537.36 (KHTML, like Gecko; compatible; GPTBot/1.4; +https://openai.com/gptbot)"
